Jan 29 15:20:12 standalone proxy-server[131326]: - - 29/Jan/2026/15/20/12 HEAD /v1/AUTH_99d4e95f41064070a11757847c28d91f/gnocchi.578df4b6-a0ed-458d-bb07-b924ea52dda5%3Fformat%3Djson%26states%3Dlisting HTTP/1.0 204 - Swift - - - - tx1c5a67e682bd436d9045e-00697b7aac - 0.0065 RL - 1769700012.760129690 1769700012.766650915 0
Jan 29 15:20:12 standalone container-server[129508]: 172.20.0.100 - - [29/Jan/2026:15:20:12 +0000] "GET /d1/633/AUTH_99d4e95f41064070a11757847c28d91f/gnocchi.578df4b6-a0ed-458d-bb07-b924ea52dda5" 200 2 "GET http://172.18.0.2:8080/v1/AUTH_99d4e95f41064070a11757847c28d91f/gnocchi.578df4b6-a0ed-458d-bb07-b924ea52dda5?format=json&states=listing" "tx1c5a67e682bd436d9045e-00697b7aac" "proxy-server 20" 0.0035 "-" 23 0
Jan 29 15:20:12 standalone proxy-server[131326]: 172.18.0.2 172.18.0.100 29/Jan/2026/15/20/12 GET /v1/AUTH_99d4e95f41064070a11757847c28d91f/gnocchi.578df4b6-a0ed-458d-bb07-b924ea52dda5%3Fformat%3Djson%26states%3Dlisting HTTP/1.0 200 - python-swiftclient-3.11.1 gAAAAABpe3n4LCGJ... - 2 - tx1c5a67e682bd436d9045e-00697b7aac - 0.0181 - - 1769700012.758891821 1769700012.776954174 0
Jan 29 15:20:12 standalone object-server[129745]: 172.20.0.100 - - [29/Jan/2026:15:20:12 +0000] "GET /d1/275/AUTH_99d4e95f41064070a11757847c28d91f/gnocchi.578df4b6-a0ed-458d-bb07-b924ea52dda5/1769040000.0_mean_300.0_v3" 404 70 "GET http://172.18.0.2:8080/v1/AUTH_99d4e95f41064070a11757847c28d91f/gnocchi.578df4b6-a0ed-458d-bb07-b924ea52dda5/1769040000.0_mean_300.0_v3" "tx6fc042983d02439cbbd9e-00697b7aac" "proxy-server 20" 0.0007 "-" 21 0
Jan 29 15:20:12 standalone proxy-server[131326]: 172.18.0.2 172.18.0.100 29/Jan/2026/15/20/12 GET /v1/AUTH_99d4e95f41064070a11757847c28d91f/gnocchi.578df4b6-a0ed-458d-bb07-b924ea52dda5/1769040000.0_mean_300.0_v3 HTTP/1.0 404 - python-swiftclient-3.11.1 gAAAAABpe3n4LCGJ... - 70 - tx6fc042983d02439cbbd9e-00697b7aac - 0.0081 - - 1769700012.782845020 1769700012.790933847 0
Jan 29 15:20:12 standalone container-server[129475]: 172.20.0.100 - - [29/Jan/2026:15:20:12 +0000] "PUT /d1/633/AUTH_99d4e95f41064070a11757847c28d91f/gnocchi.578df4b6-a0ed-458d-bb07-b924ea52dda5/1769040000.0_mean_300.0_v3" 201 - "PUT http://172.18.0.2:8080/d1/275/AUTH_99d4e95f41064070a11757847c28d91f/gnocchi.578df4b6-a0ed-458d-bb07-b924ea52dda5/1769040000.0_mean_300.0_v3" "tx86f75915fedf430e9bd19-00697b7aac" "object-server 21" 0.0008 "-" 19 0
Jan 29 15:20:12 standalone object-server[129745]: 172.20.0.100 - - [29/Jan/2026:15:20:12 +0000] "PUT /d1/275/AUTH_99d4e95f41064070a11757847c28d91f/gnocchi.578df4b6-a0ed-458d-bb07-b924ea52dda5/1769040000.0_mean_300.0_v3" 201 - "PUT http://172.18.0.2:8080/v1/AUTH_99d4e95f41064070a11757847c28d91f/gnocchi.578df4b6-a0ed-458d-bb07-b924ea52dda5/1769040000.0_mean_300.0_v3" "tx86f75915fedf430e9bd19-00697b7aac" "proxy-server 20" 0.0135 "-" 21 0
Jan 29 15:20:12 standalone proxy-server[131326]: 172.18.0.2 172.18.0.100 29/Jan/2026/15/20/12 PUT /v1/AUTH_99d4e95f41064070a11757847c28d91f/gnocchi.578df4b6-a0ed-458d-bb07-b924ea52dda5/1769040000.0_mean_300.0_v3 HTTP/1.0 201 - python-swiftclient-3.11.1 gAAAAABpe3n4LCGJ... 16 - - tx86f75915fedf430e9bd19-00697b7aac - 0.0204 - - 1769700012.796212673 1769700012.816616774 0
Jan 29 15:20:12 standalone container-server[129508]: 172.20.0.100 - - [29/Jan/2026:15:20:12 +0000] "PUT /d1/633/AUTH_99d4e95f41064070a11757847c28d91f/gnocchi.578df4b6-a0ed-458d-bb07-b924ea52dda5/none_v3" 201 - "PUT http://172.18.0.2:8080/d1/801/AUTH_99d4e95f41064070a11757847c28d91f/gnocchi.578df4b6-a0ed-458d-bb07-b924ea52dda5/none_v3" "tx193b5ad25d7d4b169a414-00697b7aac" "object-server 22" 0.0007 "-" 23 0
Jan 29 15:20:12 standalone object-server[129759]: 172.20.0.100 - - [29/Jan/2026:15:20:12 +0000] "PUT /d1/801/AUTH_99d4e95f41064070a11757847c28d91f/gnocchi.578df4b6-a0ed-458d-bb07-b924ea52dda5/none_v3" 201 - "PUT http://172.18.0.2:8080/v1/AUTH_99d4e95f41064070a11757847c28d91f/gnocchi.578df4b6-a0ed-458d-bb07-b924ea52dda5/none_v3" "tx193b5ad25d7d4b169a414-00697b7aac" "proxy-server 20" 0.0115 "-" 22 0
Jan 29 15:20:12 standalone proxy-server[131326]: 172.18.0.2 172.18.0.100 29/Jan/2026/15/20/12 PUT /v1/AUTH_99d4e95f41064070a11757847c28d91f/gnocchi.578df4b6-a0ed-458d-bb07-b924ea52dda5/none_v3 HTTP/1.0 201 - python-swiftclient-3.11.1 gAAAAABpe3n4LCGJ... 22 - - tx193b5ad25d7d4b169a414-00697b7aac - 0.0190 - - 1769700012.820891142 1769700012.839845896 0
Jan 29 15:20:40 standalone container-server[129491]: 172.20.0.100 - - [29/Jan/2026:15:20:40 +0000] "HEAD /d1/518/AUTH_99d4e95f41064070a11757847c28d91f/gnocchi.3ab28aaf-dc5b-4f10-9584-6a1fb765a7c9" 404 - "HEAD http://172.18.0.2:8080/v1/AUTH_99d4e95f41064070a11757847c28d91f/gnocchi.3ab28aaf-dc5b-4f10-9584-6a1fb765a7c9?format=json&states=listing" "tx5f6de62a8085477188f82-00697b7ac8" "proxy-server 20" 0.0007 "-" 21 0
Jan 29 15:20:40 standalone object-server[129760]: 172.20.0.100 - - [29/Jan/2026:15:20:40 +0000] "GET /d1/848/AUTH_99d4e95f41064070a11757847c28d91f/gnocchi.3ab28aaf-dc5b-4f10-9584-6a1fb765a7c9/none_v3" 404 70 "GET http://172.18.0.2:8080/v1/AUTH_99d4e95f41064070a11757847c28d91f/gnocchi.3ab28aaf-dc5b-4f10-9584-6a1fb765a7c9/none_v3" "tx5f6de62a8085477188f82-00697b7ac8" "proxy-server 20" 0.0006 "-" 23 0
Jan 29 15:20:40 standalone proxy-server[131326]: 172.18.0.2 172.18.0.100 29/Jan/2026/15/20/40 GET /v1/AUTH_99d4e95f41064070a11757847c28d91f/gnocchi.3ab28aaf-dc5b-4f10-9584-6a1fb765a7c9/none_v3 HTTP/1.0 404 - python-swiftclient-3.11.1 gAAAAABpe3n4LCGJ... - 70 - tx5f6de62a8085477188f82-00697b7ac8 - 0.0152 - - 1769700040.929300070 1769700040.944472075 0
Jan 29 15:20:40 standalone account-server[129471]: 172.20.0.100 - - [29/Jan/2026:15:20:40 +0000] "PUT /d1/796/AUTH_99d4e95f41064070a11757847c28d91f/gnocchi.3ab28aaf-dc5b-4f10-9584-6a1fb765a7c9" 201 - "PUT http://172.20.0.100:6001/d1/518/AUTH_99d4e95f41064070a11757847c28d91f/gnocchi.3ab28aaf-dc5b-4f10-9584-6a1fb765a7c9" "tx426a82be40324546979f3-00697b7ac8" "container-server 22" 0.0056 "-" 23 0
Jan 29 15:20:40 standalone container-server[129494]: 172.20.0.100 - - [29/Jan/2026:15:20:40 +0000] "PUT /d1/518/AUTH_99d4e95f41064070a11757847c28d91f/gnocchi.3ab28aaf-dc5b-4f10-9584-6a1fb765a7c9" 201 - "PUT http://172.18.0.2:8080/v1/AUTH_99d4e95f41064070a11757847c28d91f/gnocchi.3ab28aaf-dc5b-4f10-9584-6a1fb765a7c9" "tx426a82be40324546979f3-00697b7ac8" "proxy-server 20" 0.0210 "-" 22 0
Jan 29 15:20:40 standalone proxy-server[131326]: 172.18.0.2 172.18.0.100 29/Jan/2026/15/20/40 PUT /v1/AUTH_99d4e95f41064070a11757847c28d91f/gnocchi.3ab28aaf-dc5b-4f10-9584-6a1fb765a7c9 HTTP/1.0 201 - python-swiftclient-3.11.1 gAAAAABpe3n4LCGJ... - - - tx426a82be40324546979f3-00697b7ac8 - 0.0282 - - 1769700040.947535753 1769700040.975687265 0
Jan 29 15:20:40 standalone container-server[129508]: 172.20.0.100 - - [29/Jan/2026:15:20:40 +0000] "HEAD /d1/518/AUTH_99d4e95f41064070a11757847c28d91f/gnocchi.3ab28aaf-dc5b-4f10-9584-6a1fb765a7c9" 204 - "HEAD http://172.18.0.2:8080/v1/AUTH_99d4e95f41064070a11757847c28d91f/gnocchi.3ab28aaf-dc5b-4f10-9584-6a1fb765a7c9?format=json&states=listing" "txf5ff2b4c6bec4a13bf4f0-00697b7ac8" "proxy-server 20" 0.0028 "-" 23 0
Jan 29 15:20:40 standalone proxy-server[131326]: - - 29/Jan/2026/15/20/40 HEAD /v1/AUTH_99d4e95f41064070a11757847c28d91f/gnocchi.3ab28aaf-dc5b-4f10-9584-6a1fb765a7c9%3Fformat%3Djson%26states%3Dlisting HTTP/1.0 204 - Swift - - - - txf5ff2b4c6bec4a13bf4f0-00697b7ac8 - 0.0087 RL - 1769700040.980701208 1769700040.989375114 0
Jan 29 15:20:41 standalone container-server[129475]: 172.20.0.100 - - [29/Jan/2026:15:20:41 +0000] "GET /d1/518/AUTH_99d4e95f41064070a11757847c28d91f/gnocchi.3ab28aaf-dc5b-4f10-9584-6a1fb765a7c9" 200 2 "GET http://172.18.0.2:8080/v1/AUTH_99d4e95f41064070a11757847c28d91f/gnocchi.3ab28aaf-dc5b-4f10-9584-6a1fb765a7c9?format=json&states=listing" "txf5ff2b4c6bec4a13bf4f0-00697b7ac8" "proxy-server 20" 0.0036 "-" 19 0
Jan 29 15:20:41 standalone proxy-server[131326]: 172.18.0.2 172.18.0.100 29/Jan/2026/15/20/41 GET /v1/AUTH_99d4e95f41064070a11757847c28d91f/gnocchi.3ab28aaf-dc5b-4f10-9584-6a1fb765a7c9%3Fformat%3Djson%26states%3Dlisting HTTP/1.0 200 - python-swiftclient-3.11.1 gAAAAABpe3n4LCGJ... - 2 - txf5ff2b4c6bec4a13bf4f0-00697b7ac8 - 0.0250 - - 1769700040.978777885 1769700041.003728390 0
Jan 29 15:20:41 standalone object-server[129760]: 172.20.0.100 - - [29/Jan/2026:15:20:41 +0000] "GET /d1/698/AUTH_99d4e95f41064070a11757847c28d91f/gnocchi.3ab28aaf-dc5b-4f10-9584-6a1fb765a7c9/1769040000.0_mean_300.0_v3" 404 70 "GET http://172.18.0.2:8080/v1/AUTH_99d4e95f41064070a11757847c28d91f/gnocchi.3ab28aaf-dc5b-4f10-9584-6a1fb765a7c9/1769040000.0_mean_300.0_v3" "tx154d4a712a0e4ee590fea-00697b7ac9" "proxy-server 20" 0.0004 "-" 23 0
Jan 29 15:20:41 standalone proxy-server[131326]: 172.18.0.2 172.18.0.100 29/Jan/2026/15/20/41 GET /v1/AUTH_99d4e95f41064070a11757847c28d91f/gnocchi.3ab28aaf-dc5b-4f10-9584-6a1fb765a7c9/1769040000.0_mean_300.0_v3 HTTP/1.0 404 - python-swiftclient-3.11.1 gAAAAABpe3n4LCGJ... - 70 - tx154d4a712a0e4ee590fea-00697b7ac9 - 0.0083 - - 1769700041.006803513 1769700041.015132666 0
Jan 29 15:20:41 standalone container-server[129491]: 172.20.0.100 - - [29/Jan/2026:15:20:41 +0000] "PUT /d1/518/AUTH_99d4e95f41064070a11757847c28d91f/gnocchi.3ab28aaf-dc5b-4f10-9584-6a1fb765a7c9/1769040000.0_mean_300.0_v3" 201 - "PUT http://172.18.0.2:8080/d1/698/AUTH_99d4e95f41064070a11757847c28d91f/gnocchi.3ab28aaf-dc5b-4f10-9584-6a1fb765a7c9/1769040000.0_mean_300.0_v3" "tx770dd0ecfa4d4bdabea4b-00697b7ac9" "object-server 21" 0.0009 "-" 21 0
Jan 29 15:20:41 standalone object-server[129745]: 172.20.0.100 - - [29/Jan/2026:15:20:41 +0000] "PUT /d1/698/AUTH_99d4e95f41064070a11757847c28d91f/gnocchi.3ab28aaf-dc5b-4f10-9584-6a1fb765a7c9/1769040000.0_mean_300.0_v3" 201 - "PUT http://172.18.0.2:8080/v1/AUTH_99d4e95f41064070a11757847c28d91f/gnocchi.3ab28aaf-dc5b-4f10-9584-6a1fb765a7c9/1769040000.0_mean_300.0_v3" "tx770dd0ecfa4d4bdabea4b-00697b7ac9" "proxy-server 20" 0.0123 "-" 21 0
Jan 29 15:20:41 standalone proxy-server[131326]: 172.18.0.2 172.18.0.100 29/Jan/2026/15/20/41 PUT /v1/AUTH_99d4e95f41064070a11757847c28d91f/gnocchi.3ab28aaf-dc5b-4f10-9584-6a1fb765a7c9/1769040000.0_mean_300.0_v3 HTTP/1.0 201 - python-swiftclient-3.11.1 gAAAAABpe3n4LCGJ... 16 - - tx770dd0ecfa4d4bdabea4b-00697b7ac9 - 0.0214 - - 1769700041.018059015 1769700041.039415836 0
Jan 29 15:20:41 standalone container-server[129491]: 172.20.0.100 - - [29/Jan/2026:15:20:41 +0000] "PUT /d1/518/AUTH_99d4e95f41064070a11757847c28d91f/gnocchi.3ab28aaf-dc5b-4f10-9584-6a1fb765a7c9/none_v3" 201 - "PUT http://172.18.0.2:8080/d1/848/AUTH_99d4e95f41064070a11757847c28d91f/gnocchi.3ab28aaf-dc5b-4f10-9584-6a1fb765a7c9/none_v3" "tx54f3f7aa4003452e8c52d-00697b7ac9" "object-server 21" 0.0005 "-" 21 0
Jan 29 15:20:41 standalone object-server[129745]: 172.20.0.100 - - [29/Jan/2026:15:20:41 +0000] "PUT /d1/848/AUTH_99d4e95f41064070a11757847c28d91f/gnocchi.3ab28aaf-dc5b-4f10-9584-6a1fb765a7c9/none_v3" 201 - "PUT http://172.18.0.2:8080/v1/AUTH_99d4e95f41064070a11757847c28d91f/gnocchi.3ab28aaf-dc5b-4f10-9584-6a1fb765a7c9/none_v3" "tx54f3f7aa4003452e8c52d-00697b7ac9" "proxy-server 20" 0.0123 "-" 21 0
Jan 29 15:20:41 standalone proxy-server[131326]: 172.18.0.2 172.18.0.100 29/Jan/2026/15/20/41 PUT /v1/AUTH_99d4e95f41064070a11757847c28d91f/gnocchi.3ab28aaf-dc5b-4f10-9584-6a1fb765a7c9/none_v3 HTTP/1.0 201 - python-swiftclient-3.11.1 gAAAAABpe3n4LCGJ... 22 - - tx54f3f7aa4003452e8c52d-00697b7ac9 - 0.0211 - - 1769700041.042180300 1769700041.063284874 0
Jan 29 15:21:16 standalone account-server[129469]: 172.20.0.100 - - [29/Jan/2026:15:21:16 +0000] "HEAD /d1/664/.expiring_objects" 404 - "HEAD http://localhost/v1/.expiring_objects?format=json" "tx334b062e5368427682a1e-00697b7aec" "proxy-server 2" 0.0010 "-" 22 -
Jan 29 15:21:16 standalone object-expirer[129488]: Pass completed in 0s; 0 objects expired (txn: tx334b062e5368427682a1e-00697b7aec)
Jan 29 15:22:20 standalone account-server[129471]: 172.20.0.100 - - [29/Jan/2026:15:22:20 +0000] "HEAD /d1/664/.expiring_objects" 404 - "HEAD http://localhost/v1/.expiring_objects?format=json" "txc6c924f347ee4adf89368-00697b7b2c" "proxy-server 2" 0.0010 "-" 23 -
Jan 29 15:22:20 standalone object-expirer[129488]: Pass completed in 0s; 0 objects expired (txn: txc6c924f347ee4adf89368-00697b7b2c)
Jan 29 15:22:58 standalone object-server[129672]: Begin object update sweep
Jan 29 15:22:58 standalone object-server[260407]: Object update sweep starting on /srv/node/d1 (pid: 15)
Jan 29 15:22:58 standalone object-server[260407]: Object update sweep completed on /srv/node/d1 in 0.00s seconds:, 0 successes, 0 failures, 0 quarantines, 0 unlinks, 0 errors, 0 redirects (pid: 15)
Jan 29 15:22:58 standalone object-server[260407]: Object update sweep of d1 completed: 0.00s, 0 successes, 0 failures, 0 quarantines, 0 unlinks, 0 errors, 0 redirects
Jan 29 15:22:58 standalone object-server[129672]: Object update sweep completed: 0.08s
Jan 29 15:23:28 standalone account-server[129454]: 172.20.0.100 - - [29/Jan/2026:15:23:28 +0000] "HEAD /d1/664/.expiring_objects" 404 - "HEAD http://localhost/v1/.expiring_objects?format=json" "txf22a98d4fe044fcca04dc-00697b7b70" "proxy-server 2" 0.0006 "-" 20 -
Jan 29 15:23:28 standalone object-expirer[129488]: Pass completed in 0s; 0 objects expired (txn: txf22a98d4fe044fcca04dc-00697b7b70)
Jan 29 15:24:39 standalone container-server[129323]: Begin container update sweep
Jan 29 15:24:39 standalone account-server[129467]: 172.20.0.100 - - [29/Jan/2026:15:24:39 +0000] "PUT /d1/796/AUTH_99d4e95f41064070a11757847c28d91f/gnocchi.d95d3030-316e-4877-bf32-27d7376e3cd2" 201 - "-" "-" "container-updater 2" 0.0010 "-" 21 0
Jan 29 15:24:40 standalone account-server[129454]: 172.20.0.100 - - [29/Jan/2026:15:24:40 +0000] "PUT /d1/796/AUTH_99d4e95f41064070a11757847c28d91f/gnocchi.c085c272-baff-4849-b949-786322469773" 201 - "-" "-" "container-updater 2" 0.0007 "-" 20 0
Jan 29 15:24:40 standalone account-server[129469]: 172.20.0.100 - - [29/Jan/2026:15:24:40 +0000] "PUT /d1/796/AUTH_99d4e95f41064070a11757847c28d91f/gnocchi.33c6c94a-e2ff-42aa-b26c-41b10753c6e9" 201 - "-" "-" "container-updater 2" 0.0007 "-" 22 0
Jan 29 15:24:40 standalone account-server[129467]: 172.20.0.100 - - [29/Jan/2026:15:24:40 +0000] "PUT /d1/796/AUTH_99d4e95f41064070a11757847c28d91f/gnocchi.37ad1728-634b-4aa6-9838-290b4eec0b4f" 201 - "-" "-" "container-updater 2" 0.0005 "-" 21 0
Jan 29 15:24:40 standalone account-server[129469]: 172.20.0.100 - - [29/Jan/2026:15:24:40 +0000] "PUT /d1/796/AUTH_99d4e95f41064070a11757847c28d91f/gnocchi.6a16deb2-9629-4a05-a6eb-0f381acff62b" 201 - "-" "-" "container-updater 2" 0.0009 "-" 22 0
Jan 29 15:24:40 standalone account-server[129471]: 172.20.0.100 - - [29/Jan/2026:15:24:40 +0000] "PUT /d1/796/AUTH_99d4e95f41064070a11757847c28d91f/gnocchi.6f84381b-eb1e-4e99-9f07-8440650f9563" 201 - "-" "-" "container-updater 2" 0.0007 "-" 23 0
Jan 29 15:24:40 standalone account-server[129471]: 172.20.0.100 - - [29/Jan/2026:15:24:40 +0000] "PUT /d1/796/AUTH_99d4e95f41064070a11757847c28d91f/gnocchi.bfd391bb-2766-41df-a9c3-565dcdd2c493" 201 - "-" "-" "container-updater 2" 0.0005 "-" 23 0
Jan 29 15:24:40 standalone account-server[129471]: 172.20.0.100 - - [29/Jan/2026:15:24:40 +0000] "PUT /d1/796/AUTH_99d4e95f41064070a11757847c28d91f/gnocchi.30f928e5-f3d8-4956-a4b9-6b30df22a73e" 201 - "-" "-" "container-updater 2" 0.0008 "-" 23 0
Jan 29 15:24:41 standalone account-server[129471]: 172.20.0.100 - - [29/Jan/2026:15:24:41 +0000] "PUT /d1/796/AUTH_99d4e95f41064070a11757847c28d91f/gnocchi.c213ac5f-299d-4cd2-84c9-31470961b740" 201 - "-" "-" "container-updater 2" 0.0004 "-" 23 0
Jan 29 15:24:41 standalone account-server[129467]: 172.20.0.100 - - [29/Jan/2026:15:24:41 +0000] "PUT /d1/796/AUTH_99d4e95f41064070a11757847c28d91f/gnocchi.2739aa9e-2142-43d2-a47e-15b501d4cab0" 201 - "-" "-" "container-updater 2" 0.0006 "-" 21 0
Jan 29 15:24:41 standalone account-server[129467]: 172.20.0.100 - - [29/Jan/2026:15:24:41 +0000] "PUT /d1/796/AUTH_99d4e95f41064070a11757847c28d91f/gnocchi.f268e594-008b-4ea9-8a32-f8622c4691ce" 201 - "-" "-" "container-updater 2" 0.0007 "-" 21 0
Jan 29 15:24:41 standalone account-server[129467]: 172.20.0.100 - - [29/Jan/2026:15:24:41 +0000] "PUT /d1/796/AUTH_99d4e95f41064070a11757847c28d91f/gnocchi.4a93d8dc-5e49-43ac-be15-177848bd8657" 201 - "-" "-" "container-updater 2" 0.0004 "-" 21 0
Jan 29 15:24:41 standalone account-server[129471]: 172.20.0.100 - - [29/Jan/2026:15:24:41 +0000] "PUT /d1/796/AUTH_99d4e95f41064070a11757847c28d91f/gnocchi.d2db5a64-7f29-4fbe-8339-79848c034f54" 201 - "-" "-" "container-updater 2" 0.0009 "-" 23 0
Jan 29 15:24:41 standalone account-server[129467]: 172.20.0.100 - - [29/Jan/2026:15:24:41 +0000] "PUT /d1/796/AUTH_99d4e95f41064070a11757847c28d91f/gnocchi.30c713e5-f529-412c-9d5a-7225784aeb61" 201 - "-" "-" "container-updater 2" 0.0005 "-" 21 0
Jan 29 15:24:42 standalone account-server[129471]: 172.20.0.100 - - [29/Jan/2026:15:24:42 +0000] "PUT /d1/796/AUTH_99d4e95f41064070a11757847c28d91f/gnocchi.4f1dfb3c-05d7-42b8-b3f7-ad984f9f4e46" 201 - "-" "-" "container-updater 2" 0.0006 "-" 23 0
Jan 29 15:24:42 standalone account-server[129469]: 172.20.0.100 - - [29/Jan/2026:15:24:42 +0000] "PUT /d1/796/AUTH_99d4e95f41064070a11757847c28d91f/gnocchi.b7a7238c-469c-4794-879c-6dc9d2753c47" 201 - "-" "-" "container-updater 2" 0.0007 "-" 22 0
Jan 29 15:24:42 standalone account-server[129454]: 172.20.0.100 - - [29/Jan/2026:15:24:42 +0000] "PUT /d1/796/AUTH_99d4e95f41064070a11757847c28d91f/gnocchi.622ecce3-bccb-4e65-bfff-e9bdfe25fe5c" 201 - "-" "-" "container-updater 2" 0.0007 "-" 20 0
Jan 29 15:24:42 standalone account-server[129454]: 172.20.0.100 - - [29/Jan/2026:15:24:42 +0000] "PUT /d1/796/AUTH_99d4e95f41064070a11757847c28d91f/gnocchi.a14ef869-4f06-450f-bfe7-49eb410a79c9" 201 - "-" "-" "container-updater 2" 0.0009 "-" 20 0
Jan 29 15:24:42 standalone account-server[129471]: 172.20.0.100 - - [29/Jan/2026:15:24:42 +0000] "PUT /d1/796/AUTH_99d4e95f41064070a11757847c28d91f/gnocchi.7daa3b9d-ef37-49e0-836f-49f75e4cab34" 201 - "-" "-" "container-updater 2" 0.0007 "-" 23 0
Jan 29 15:24:42 standalone account-server[129467]: 172.20.0.100 - - [29/Jan/2026:15:24:42 +0000] "PUT /d1/796/AUTH_99d4e95f41064070a11757847c28d91f/gnocchi.18a6d2fa-3a29-4133-b384-0efb9e52ac4b" 201 - "-" "-" "container-updater 2" 0.0006 "-" 21 0
Jan 29 15:24:43 standalone account-server[129471]: 172.20.0.100 - - [29/Jan/2026:15:24:43 +0000] "PUT /d1/796/AUTH_99d4e95f41064070a11757847c28d91f/gnocchi.2f4a85be-27b9-4527-86e3-c6a789d38970" 201 - "-" "-" "container-updater 2" 0.0007 "-" 23 0
Jan 29 15:24:43 standalone account-server[129467]: 172.20.0.100 - - [29/Jan/2026:15:24:43 +0000] "PUT /d1/796/AUTH_99d4e95f41064070a11757847c28d91f/gnocchi.8f47ee5f-1786-408e-b6a8-58094941a6fb" 201 - "-" "-" "container-updater 2" 0.0005 "-" 21 0
Jan 29 15:24:43 standalone account-server[129469]: 172.20.0.100 - - [29/Jan/2026:15:24:43 +0000] "PUT /d1/796/AUTH_99d4e95f41064070a11757847c28d91f/gnocchi.dc4d5d39-7c2e-4af1-882e-bf85517e9efb" 201 - "-" "-" "container-updater 2" 0.0005 "-" 22 0
Jan 29 15:24:43 standalone account-server[129471]: 172.20.0.100 - - [29/Jan/2026:15:24:43 +0000] "PUT /d1/796/AUTH_99d4e95f41064070a11757847c28d91f/gnocchi.3ab28aaf-dc5b-4f10-9584-6a1fb765a7c9" 201 - "-" "-" "container-updater 2" 0.0004 "-" 23 0
Jan 29 15:24:43 standalone account-server[129469]: 172.20.0.100 - - [29/Jan/2026:15:24:43 +0000] "PUT /d1/796/AUTH_99d4e95f41064070a11757847c28d91f/gnocchi.348b43bd-976e-46bb-8634-1f5cb43804e6" 201 - "-" "-" "container-updater 2" 0.0007 "-" 22 0
Jan 29 15:24:43 standalone account-server[129469]: 172.20.0.100 - - [29/Jan/2026:15:24:43 +0000] "PUT /d1/796/AUTH_99d4e95f41064070a11757847c28d91f/gnocchi.e43f0916-db09-4716-ae10-7a0f6c72eeb2" 201 - "-" "-" "container-updater 2" 0.0005 "-" 22 0
Jan 29 15:24:43 standalone account-server[129454]: 172.20.0.100 - - [29/Jan/2026:15:24:43 +0000] "PUT /d1/796/AUTH_99d4e95f41064070a11757847c28d91f/gnocchi.281ed34d-d096-4ae7-912a-0b69268bc0a0" 201 - "-" "-" "container-updater 2" 0.0009 "-" 20 0
Jan 29 15:24:43 standalone account-server[129471]: 172.20.0.100 - - [29/Jan/2026:15:24:43 +0000] "PUT /d1/796/AUTH_99d4e95f41064070a11757847c28d91f/gnocchi.1485374c-be5e-4b71-ac84-104028f6547a" 201 - "-" "-" "container-updater 2" 0.0007 "-" 23 0
Jan 29 15:24:44 standalone account-server[129469]: 172.20.0.100 - - [29/Jan/2026:15:24:44 +0000] "PUT /d1/796/AUTH_99d4e95f41064070a11757847c28d91f/gnocchi.32fa2f37-0fc8-4420-b9b8-8fa4b73b3239" 201 - "-" "-" "container-updater 2" 0.0008 "-" 22 0
Jan 29 15:24:44 standalone account-server[129471]: 172.20.0.100 - - [29/Jan/2026:15:24:44 +0000] "PUT /d1/796/AUTH_99d4e95f41064070a11757847c28d91f/gnocchi.df423acd-d881-4505-a023-37daa81e15b9" 201 - "-" "-" "container-updater 2" 0.0006 "-" 23 0
Jan 29 15:24:44 standalone account-server[129469]: 172.20.0.100 - - [29/Jan/2026:15:24:44 +0000] "PUT /d1/796/AUTH_99d4e95f41064070a11757847c28d91f/gnocchi.3517bf0c-6a28-43da-9bd5-7432b91c5b42" 201 - "-" "-" "container-updater 2" 0.0008 "-" 22 0
Jan 29 15:24:44 standalone account-server[129467]: 172.20.0.100 - - [29/Jan/2026:15:24:44 +0000] "PUT /d1/796/AUTH_99d4e95f41064070a11757847c28d91f/gnocchi.578df4b6-a0ed-458d-bb07-b924ea52dda5" 201 - "-" "-" "container-updater 2" 0.0004 "-" 21 0
Jan 29 15:24:44 standalone account-server[129469]: 172.20.0.100 - - [29/Jan/2026:15:24:44 +0000] "PUT /d1/796/AUTH_99d4e95f41064070a11757847c28d91f/gnocchi.67e2a031-72da-4182-9aaa-070a8053a84d" 201 - "-" "-" "container-updater 2" 0.0004 "-" 22 0
Jan 29 15:24:44 standalone container-server[129323]: Container update sweep completed: 4.95s
Jan 29 15:27:58 standalone object-server[129672]: Begin object update sweep
Jan 29 15:27:58 standalone object-server[291526]: Object update sweep starting on /srv/node/d1 (pid: 16)
Jan 29 15:27:58 standalone object-server[291526]: Object update sweep completed on /srv/node/d1 in 0.00s seconds:, 0 successes, 0 failures, 0 quarantines, 0 unlinks, 0 errors, 0 redirects (pid: 16)
Jan 29 15:27:58 standalone object-server[291526]: Object update sweep of d1 completed: 0.00s, 0 successes, 0 failures, 0 quarantines, 0 unlinks, 0 errors, 0 redirects
Jan 29 15:27:58 standalone object-server[129672]: Object update sweep completed: 0.08s
Jan 29 15:28:13 standalone account-server[129454]: 172.20.0.100 - - [29/Jan/2026:15:28:13 +0000] "HEAD /d1/664/.expiring_objects" 404 - "HEAD http://localhost/v1/.expiring_objects?format=json" "tx8a31c7a279d14e2d8f041-00697b7c8d" "proxy-server 2" 0.0007 "-" 20 -
Jan 29 15:28:13 standalone object-expirer[129488]: Pass completed in 0s; 0 objects expired (txn: tx8a31c7a279d14e2d8f041-00697b7c8d)
Jan 29 15:29:40 standalone container-server[129323]: Begin container update sweep
Jan 29 15:29:43 standalone container-server[129323]: Container update sweep completed: 3.56s
Jan 29 15:31:04 standalone account-server[129454]: 172.20.0.100 - - [29/Jan/2026:15:31:04 +0000] "HEAD /d1/664/.expiring_objects" 404 - "HEAD http://localhost/v1/.expiring_objects?format=json" "txb66d0779c97b493283485-00697b7d38" "proxy-server 2" 0.0007 "-" 20 -
Jan 29 15:31:04 standalone object-expirer[129488]: Pass completed in 0s; 0 objects expired (txn: txb66d0779c97b493283485-00697b7d38)
Jan 29 15:32:58 standalone object-server[129672]: Begin object update sweep
Jan 29 15:32:58 standalone object-server[313122]: Object update sweep starting on /srv/node/d1 (pid: 17)
Jan 29 15:32:58 standalone object-server[313122]: Object update sweep completed on /srv/node/d1 in 0.00s seconds:, 0 successes, 0 failures, 0 quarantines, 0 unlinks, 0 errors, 0 redirects (pid: 17)
Jan 29 15:32:58 standalone object-server[313122]: Object update sweep of d1 completed: 0.00s, 0 successes, 0 failures, 0 quarantines, 0 unlinks, 0 errors, 0 redirects
Jan 29 15:32:58 standalone object-server[129672]: Object update sweep completed: 0.10s
Jan 29 15:34:40 standalone container-server[129323]: Begin container update sweep
Jan 29 15:34:43 standalone container-server[129323]: Container update sweep completed: 3.30s
Jan 29 15:34:52 standalone account-server[129467]: 172.20.0.100 - - [29/Jan/2026:15:34:52 +0000] "HEAD /d1/664/.expiring_objects" 404 - "HEAD http://localhost/v1/.expiring_objects?format=json" "tx5d5d075ac7d546b78c78a-00697b7e1c" "proxy-server 2" 0.0008 "-" 21 -
Jan 29 15:34:52 standalone object-expirer[129488]: Pass completed in 0s; 0 objects expired (txn: tx5d5d075ac7d546b78c78a-00697b7e1c)
Jan 29 15:37:58 standalone object-server[129672]: Begin object update sweep
Jan 29 15:37:58 standalone object-server[336629]: Object update sweep starting on /srv/node/d1 (pid: 18)
Jan 29 15:37:58 standalone object-server[336629]: Object update sweep completed on /srv/node/d1 in 0.00s seconds:, 0 successes, 0 failures, 0 quarantines, 0 unlinks, 0 errors, 0 redirects (pid: 18)
Jan 29 15:37:58 standalone object-server[336629]: Object update sweep of d1 completed: 0.00s, 0 successes, 0 failures, 0 quarantines, 0 unlinks, 0 errors, 0 redirects
Jan 29 15:37:58 standalone object-server[129672]: Object update sweep completed: 0.10s
Jan 29 15:38:19 standalone account-server[129467]: 172.20.0.100 - - [29/Jan/2026:15:38:19 +0000] "HEAD /d1/664/.expiring_objects" 404 - "HEAD http://localhost/v1/.expiring_objects?format=json" "txdb6e11b6f7a84bcd9a520-00697b7eeb" "proxy-server 2" 0.0005 "-" 21 -
Jan 29 15:38:19 standalone object-expirer[129488]: Pass completed in 0s; 0 objects expired (txn: txdb6e11b6f7a84bcd9a520-00697b7eeb)
Jan 29 15:39:40 standalone container-server[129323]: Begin container update sweep
Jan 29 15:39:43 standalone container-server[129323]: Container update sweep completed: 3.35s
Jan 29 15:42:58 standalone object-server[129672]: Begin object update sweep
Jan 29 15:42:58 standalone object-server[357853]: Object update sweep starting on /srv/node/d1 (pid: 19)
Jan 29 15:42:58 standalone object-server[357853]: Object update sweep completed on /srv/node/d1 in 0.00s seconds:, 0 successes, 0 failures, 0 quarantines, 0 unlinks, 0 errors, 0 redirects (pid: 19)
Jan 29 15:42:58 standalone object-server[357853]: Object update sweep of d1 completed: 0.00s, 0 successes, 0 failures, 0 quarantines, 0 unlinks, 0 errors, 0 redirects
Jan 29 15:42:58 standalone object-server[129672]: Object update sweep completed: 0.08s
Jan 29 15:43:05 standalone account-server[129454]: 172.20.0.100 - - [29/Jan/2026:15:43:05 +0000] "HEAD /d1/664/.expiring_objects" 404 - "HEAD http://localhost/v1/.expiring_objects?format=json" "tx0e07cb676b5e498daa7a0-00697b8009" "proxy-server 2" 0.0005 "-" 20 -
Jan 29 15:43:05 standalone object-expirer[129488]: Pass completed in 0s; 0 objects expired (txn: tx0e07cb676b5e498daa7a0-00697b8009)
Jan 29 15:44:40 standalone container-server[129323]: Begin container update sweep
Jan 29 15:44:43 standalone container-server[129323]: Container update sweep completed: 3.37s
Jan 29 15:46:11 standalone account-server[129471]: 172.20.0.100 - - [29/Jan/2026:15:46:11 +0000] "HEAD /d1/664/.expiring_objects" 404 - "HEAD http://localhost/v1/.expiring_objects?format=json" "txb5faf25c945c4f20aaa36-00697b80c3" "proxy-server 2" 0.0006 "-" 23 -
Jan 29 15:46:11 standalone object-expirer[129488]: Pass completed in 0s; 0 objects expired (txn: txb5faf25c945c4f20aaa36-00697b80c3)
Jan 29 15:47:58 standalone object-server[129672]: Begin object update sweep
Jan 29 15:47:58 standalone object-server[379311]: Object update sweep starting on /srv/node/d1 (pid: 20)
Jan 29 15:47:58 standalone object-server[379311]: Object update sweep completed on /srv/node/d1 in 0.00s seconds:, 0 successes, 0 failures, 0 quarantines, 0 unlinks, 0 errors, 0 redirects (pid: 20)
Jan 29 15:47:58 standalone object-server[379311]: Object update sweep of d1 completed: 0.00s, 0 successes, 0 failures, 0 quarantines, 0 unlinks, 0 errors, 0 redirects
Jan 29 15:47:58 standalone object-server[129672]: Object update sweep completed: 0.09s