Jan 29 15:05:10 standalone account-server[129029]: Starting 2
Jan 29 15:05:11 standalone account-server[129151]: Started child 20 from parent 2
Jan 29 15:05:11 standalone account-server[129151]: Started child 21 from parent 2
Jan 29 15:05:11 standalone account-server[129151]: Started child 22 from parent 2
Jan 29 15:05:11 standalone container-server[129237]: Option allow_versions is deprecated. Configure the versioned_writes middleware in the proxy-server instead. This option will be ignored in a future release.
Jan 29 15:05:11 standalone account-server[129151]: Started child 23 from parent 2
Jan 29 15:05:11 standalone container-server[129475]: Option allow_versions is deprecated. Configure the versioned_writes middleware in the proxy-server instead. This option will be ignored in a future release.
Jan 29 15:05:11 standalone container-server[129237]: Started child 19 from parent 2
Jan 29 15:05:11 standalone container-server[129491]: Option allow_versions is deprecated. Configure the versioned_writes middleware in the proxy-server instead. This option will be ignored in a future release.
Jan 29 15:05:11 standalone container-server[129237]: Started child 21 from parent 2
Jan 29 15:05:11 standalone container-server[129494]: Option allow_versions is deprecated. Configure the versioned_writes middleware in the proxy-server instead. This option will be ignored in a future release.
Jan 29 15:05:11 standalone container-server[129237]: Started child 22 from parent 2
Jan 29 15:05:11 standalone container-server[129508]: Option allow_versions is deprecated. Configure the versioned_writes middleware in the proxy-server instead. This option will be ignored in a future release.
Jan 29 15:05:11 standalone container-server[129237]: Started child 23 from parent 2
Jan 29 15:05:11 standalone container-server[129323]: Starting 2
Jan 29 15:05:12 standalone object-expirer[129488]: Starting 2
Jan 29 15:05:12 standalone object-expirer[129488]: Option auto_create_account_prefix is deprecated. Configure auto_create_account_prefix under the swift-constraints section of swift.conf. This option will be ignored in a future release.
Jan 29 15:05:12 standalone object-server[129592]: Started child 21 from parent 2
Jan 29 15:05:12 standalone object-server[129592]: Started child 22 from parent 2
Jan 29 15:05:12 standalone object-server[129592]: Started child 23 from parent 2
Jan 29 15:05:12 standalone object-server[129592]: Started child 25 from parent 2
Jan 29 15:05:12 standalone object-server[129672]: Starting 2
Jan 29 15:05:18 standalone proxy-server[131122]: Starting Keystone auth_token middleware
Jan 29 15:05:18 standalone proxy-server[131122]: AuthToken middleware is set with keystone_authtoken.service_token_roles_required set to False. This is backwards compatible but deprecated behaviour. Please set this to True.
Jan 29 15:05:18 standalone proxy-server[131326]: Starting Keystone auth_token middleware
Jan 29 15:05:18 standalone proxy-server[131326]: STDERR: The option "bind_port" is not known to keystonemiddleware
Jan 29 15:05:18 standalone proxy-server[131326]: STDERR: The option "workers" is not known to keystonemiddleware
Jan 29 15:05:18 standalone proxy-server[131326]: STDERR: The option "user" is not known to keystonemiddleware
Jan 29 15:05:18 standalone proxy-server[131326]: STDERR: The option "bind_ip" is not known to keystonemiddleware
Jan 29 15:05:18 standalone proxy-server[131326]: STDERR: The option "log_name" is not known to keystonemiddleware
Jan 29 15:05:18 standalone proxy-server[131326]: STDERR: The option "log_facility" is not known to keystonemiddleware
Jan 29 15:05:18 standalone proxy-server[131326]: STDERR: The option "log_level" is not known to keystonemiddleware
Jan 29 15:05:18 standalone proxy-server[131326]: STDERR: The option "log_headers" is not known to keystonemiddleware
Jan 29 15:05:18 standalone proxy-server[131326]: STDERR: The option "log_address" is not known to keystonemiddleware
Jan 29 15:05:18 standalone proxy-server[131326]: STDERR: The option "project_name" is not known to keystonemiddleware
Jan 29 15:05:18 standalone proxy-server[131326]: STDERR: The option "username" is not known to keystonemiddleware
Jan 29 15:05:18 standalone proxy-server[131326]: STDERR: The option "password" is not known to keystonemiddleware
Jan 29 15:05:18 standalone proxy-server[131326]: STDERR: The option "auth_url" is not known to keystonemiddleware
Jan 29 15:05:18 standalone proxy-server[131326]: STDERR: The option "signing_dir" is not known to keystonemiddleware
Jan 29 15:05:18 standalone proxy-server[131326]: STDERR: The option "project_domain_id" is not known to keystonemiddleware
Jan 29 15:05:18 standalone proxy-server[131326]: STDERR: The option "user_domain_id" is not known to keystonemiddleware
Jan 29 15:05:18 standalone proxy-server[131326]: STDERR: The option "__name__" is not known to keystonemiddleware
Jan 29 15:05:18 standalone proxy-server[131326]: AuthToken middleware is set with keystone_authtoken.service_token_roles_required set to False. This is backwards compatible but deprecated behaviour. Please set this to True.
Jan 29 15:05:18 standalone proxy-server[131122]: Started child 20 from parent 2
Jan 29 15:06:42 standalone account-server[129467]: 172.20.0.100 - - [29/Jan/2026:15:06:42 +0000] "HEAD /d1/664/.expiring_objects" 404 - "HEAD http://localhost/v1/.expiring_objects?format=json" "tx1c9c36f7d63b48118f389-00697b7782" "proxy-server 2" 0.0017 "-" 21 -
Jan 29 15:06:42 standalone object-expirer[129488]: Pass completed in 0s; 0 objects expired (txn: tx1c9c36f7d63b48118f389-00697b7782)
Jan 29 15:07:08 standalone account-server[129454]: 172.20.0.100 - - [29/Jan/2026:15:07:08 +0000] "HEAD /d1/664/.expiring_objects" 404 - "HEAD http://localhost/v1/.expiring_objects?format=json" "tx00b599ccd38b416c9fe98-00697b779c" "proxy-server 2" 0.0018 "-" 20 -
Jan 29 15:07:08 standalone object-expirer[129488]: Pass completed in 0s; 0 objects expired (txn: tx00b599ccd38b416c9fe98-00697b779c)
Jan 29 15:07:58 standalone object-server[129672]: Begin object update sweep
Jan 29 15:07:58 standalone object-server[149748]: Object update sweep starting on /srv/node/d1 (pid: 11)
Jan 29 15:07:58 standalone object-server[149748]: Object update sweep completed on /srv/node/d1 in 0.00s seconds:, 0 successes, 0 failures, 0 quarantines, 0 unlinks, 0 errors, 0 redirects (pid: 11)
Jan 29 15:07:58 standalone object-server[149748]: Object update sweep of d1 completed: 0.00s, 0 successes, 0 failures, 0 quarantines, 0 unlinks, 0 errors, 0 redirects
Jan 29 15:07:58 standalone object-server[129672]: Object update sweep completed: 0.08s
Jan 29 15:08:05 standalone account-server[129471]: 172.20.0.100 - - [29/Jan/2026:15:08:05 +0000] "HEAD /d1/664/.expiring_objects" 404 - "HEAD http://localhost/v1/.expiring_objects?format=json" "txa12fadb7ff794601b10b4-00697b77d5" "proxy-server 2" 0.0011 "-" 23 -
Jan 29 15:08:05 standalone object-expirer[129488]: Pass completed in 0s; 0 objects expired (txn: txa12fadb7ff794601b10b4-00697b77d5)
Jan 29 15:09:39 standalone container-server[129323]: Begin container update sweep
Jan 29 15:09:39 standalone container-server[129323]: Container update sweep completed: 0.00s
Jan 29 15:11:40 standalone account-server[129454]: 172.20.0.100 - - [29/Jan/2026:15:11:40 +0000] "HEAD /d1/664/.expiring_objects" 404 - "HEAD http://localhost/v1/.expiring_objects?format=json" "txf68c568035434379a39f2-00697b78ac" "proxy-server 2" 0.0005 "-" 20 -
Jan 29 15:11:40 standalone object-expirer[129488]: Pass completed in 0s; 0 objects expired (txn: txf68c568035434379a39f2-00697b78ac)
Jan 29 15:12:58 standalone object-server[129672]: Begin object update sweep
Jan 29 15:12:58 standalone object-server[189700]: Object update sweep starting on /srv/node/d1 (pid: 13)
Jan 29 15:12:58 standalone object-server[189700]: Object update sweep completed on /srv/node/d1 in 0.00s seconds:, 0 successes, 0 failures, 0 quarantines, 0 unlinks, 0 errors, 0 redirects (pid: 13)
Jan 29 15:12:58 standalone object-server[189700]: Object update sweep of d1 completed: 0.00s, 0 successes, 0 failures, 0 quarantines, 0 unlinks, 0 errors, 0 redirects
Jan 29 15:12:58 standalone object-server[129672]: Object update sweep completed: 0.10s
Jan 29 15:13:42 standalone account-server[129471]: 172.20.0.100 - - [29/Jan/2026:15:13:42 +0000] "HEAD /d1/664/.expiring_objects" 404 - "HEAD http://localhost/v1/.expiring_objects?format=json" "tx6b0b4132bfe54c3ebc283-00697b7926" "proxy-server 2" 0.0005 "-" 23 -
Jan 29 15:13:42 standalone object-expirer[129488]: Pass completed in 0s; 0 objects expired (txn: tx6b0b4132bfe54c3ebc283-00697b7926)
Jan 29 15:14:39 standalone container-server[129323]: Begin container update sweep
Jan 29 15:14:39 standalone container-server[129323]: Container update sweep completed: 0.00s
Jan 29 15:14:53 standalone account-server[129467]: 172.20.0.100 - - [29/Jan/2026:15:14:53 +0000] "HEAD /d1/664/.expiring_objects" 404 - "HEAD http://localhost/v1/.expiring_objects?format=json" "tx9a5852dfad2442d4a86d4-00697b796d" "proxy-server 2" 0.0009 "-" 21 -
Jan 29 15:14:53 standalone object-expirer[129488]: Pass completed in 0s; 0 objects expired (txn: tx9a5852dfad2442d4a86d4-00697b796d)
Jan 29 15:15:49 standalone account-server[129454]: 172.20.0.100 - - [29/Jan/2026:15:15:49 +0000] "HEAD /d1/664/.expiring_objects" 404 - "HEAD http://localhost/v1/.expiring_objects?format=json" "tx6eada9f02da64fbc95525-00697b79a5" "proxy-server 2" 0.0003 "-" 20 -
Jan 29 15:15:49 standalone object-expirer[129488]: Pass completed in 0s; 0 objects expired (txn: tx6eada9f02da64fbc95525-00697b79a5)
Jan 29 15:16:32 standalone account-server[129467]: 172.20.0.100 - - [29/Jan/2026:15:16:32 +0000] "HEAD /d1/664/.expiring_objects" 404 - "HEAD http://localhost/v1/.expiring_objects?format=json" "txd9bf6d6bea5c4ae286c2e-00697b79d0" "proxy-server 2" 0.0008 "-" 21 -
Jan 29 15:16:32 standalone object-expirer[129488]: Pass completed in 0s; 0 objects expired (txn: txd9bf6d6bea5c4ae286c2e-00697b79d0)
Jan 29 15:17:12 standalone account-server[129469]: 172.20.0.100 - - [29/Jan/2026:15:17:12 +0000] "HEAD /d1/796/AUTH_99d4e95f41064070a11757847c28d91f" 404 - "HEAD http://172.18.0.2:8080/v1/AUTH_99d4e95f41064070a11757847c28d91f?format=json" "txb4ead1bdf9364aa698cb1-00697b79f8" "proxy-server 20" 0.0018 "-" 22 -
Jan 29 15:17:12 standalone proxy-server[131326]: - - 29/Jan/2026/15/17/12 HEAD /v1/AUTH_99d4e95f41064070a11757847c28d91f%3Fformat%3Djson HTTP/1.0 200 - Swift - - - - txb4ead1bdf9364aa698cb1-00697b79f8 - 0.0086 RL - 1769699832.169545650 1769699832.178191185 -
Jan 29 15:17:12 standalone object-server[129759]: 172.20.0.100 - - [29/Jan/2026:15:17:12 +0000] "GET /d1/833/AUTH_99d4e95f41064070a11757847c28d91f/gnocchi.d5d5bb38-f759-4002-9e34-8606025cc1c8/none_v3" 404 70 "GET http://172.18.0.2:8080/v1/AUTH_99d4e95f41064070a11757847c28d91f/gnocchi.d5d5bb38-f759-4002-9e34-8606025cc1c8/none_v3" "txb4ead1bdf9364aa698cb1-00697b79f8" "proxy-server 20" 0.0014 "-" 22 0
Jan 29 15:17:12 standalone proxy-server[131326]: 172.18.0.2 172.18.0.100 29/Jan/2026/15/17/12 GET /v1/AUTH_99d4e95f41064070a11757847c28d91f/gnocchi.d5d5bb38-f759-4002-9e34-8606025cc1c8/none_v3 HTTP/1.0 404 - python-swiftclient-3.11.1 gAAAAABpe3n4LCGJ... - 70 - txb4ead1bdf9364aa698cb1-00697b79f8 - 0.4193 - - 1769699832.165710926 1769699832.585032225 0
Jan 29 15:17:12 standalone account-server[129471]: 172.20.0.100 - - [29/Jan/2026:15:17:12 +0000] "PUT /d1/796/AUTH_99d4e95f41064070a11757847c28d91f" 201 - "-" "tx76d0a6c170d14750a52b7-00697b79f8" "-" 0.0177 "-" 23 -
Jan 29 15:17:12 standalone proxy-server[131326]: autocreate account '/AUTH_99d4e95f41064070a11757847c28d91f' (txn: tx76d0a6c170d14750a52b7-00697b79f8)
Jan 29 15:17:12 standalone account-server[129467]: 172.20.0.100 - - [29/Jan/2026:15:17:12 +0000] "HEAD /d1/796/AUTH_99d4e95f41064070a11757847c28d91f" 204 - "HEAD http://172.18.0.2:8080/v1/AUTH_99d4e95f41064070a11757847c28d91f?format=json" "tx76d0a6c170d14750a52b7-00697b79f8" "proxy-server 20" 0.0037 "-" 21 -
Jan 29 15:17:12 standalone account-server[129471]: 172.20.0.100 - - [29/Jan/2026:15:17:12 +0000] "PUT /d1/796/AUTH_99d4e95f41064070a11757847c28d91f/gnocchi.d5d5bb38-f759-4002-9e34-8606025cc1c8" 201 - "PUT http://172.20.0.100:6001/d1/630/AUTH_99d4e95f41064070a11757847c28d91f/gnocchi.d5d5bb38-f759-4002-9e34-8606025cc1c8" "tx76d0a6c170d14750a52b7-00697b79f8" "container-server 19" 0.0019 "-" 23 0
Jan 29 15:17:12 standalone container-server[129475]: 172.20.0.100 - - [29/Jan/2026:15:17:12 +0000] "PUT /d1/630/AUTH_99d4e95f41064070a11757847c28d91f/gnocchi.d5d5bb38-f759-4002-9e34-8606025cc1c8" 201 - "PUT http://172.18.0.2:8080/v1/AUTH_99d4e95f41064070a11757847c28d91f/gnocchi.d5d5bb38-f759-4002-9e34-8606025cc1c8" "tx76d0a6c170d14750a52b7-00697b79f8" "proxy-server 20" 0.0206 "-" 19 0
Jan 29 15:17:12 standalone proxy-server[131326]: 172.18.0.2 172.18.0.100 29/Jan/2026/15/17/12 PUT /v1/AUTH_99d4e95f41064070a11757847c28d91f/gnocchi.d5d5bb38-f759-4002-9e34-8606025cc1c8 HTTP/1.0 201 - python-swiftclient-3.11.1 gAAAAABpe3n4LCGJ... - - - tx76d0a6c170d14750a52b7-00697b79f8 - 0.0631 - - 1769699832.590060472 1769699832.653208494 0
Jan 29 15:17:12 standalone container-server[129494]: 172.20.0.100 - - [29/Jan/2026:15:17:12 +0000] "HEAD /d1/630/AUTH_99d4e95f41064070a11757847c28d91f/gnocchi.d5d5bb38-f759-4002-9e34-8606025cc1c8" 204 - "HEAD http://172.18.0.2:8080/v1/AUTH_99d4e95f41064070a11757847c28d91f/gnocchi.d5d5bb38-f759-4002-9e34-8606025cc1c8?format=json&states=listing" "tx883430fcbb30457995d6a-00697b79f8" "proxy-server 20" 0.0023 "-" 22 0
Jan 29 15:17:12 standalone proxy-server[131326]: - - 29/Jan/2026/15/17/12 HEAD /v1/AUTH_99d4e95f41064070a11757847c28d91f/gnocchi.d5d5bb38-f759-4002-9e34-8606025cc1c8%3Fformat%3Djson%26states%3Dlisting HTTP/1.0 204 - Swift - - - - tx883430fcbb30457995d6a-00697b79f8 - 0.0056 RL - 1769699832.659950495 1769699832.665543795 0
Jan 29 15:17:12 standalone container-server[129494]: 172.20.0.100 - - [29/Jan/2026:15:17:12 +0000] "GET /d1/630/AUTH_99d4e95f41064070a11757847c28d91f/gnocchi.d5d5bb38-f759-4002-9e34-8606025cc1c8" 200 2 "GET http://172.18.0.2:8080/v1/AUTH_99d4e95f41064070a11757847c28d91f/gnocchi.d5d5bb38-f759-4002-9e34-8606025cc1c8?format=json&states=listing" "tx883430fcbb30457995d6a-00697b79f8" "proxy-server 20" 0.0018 "-" 22 0
Jan 29 15:17:12 standalone proxy-server[131326]: 172.18.0.2 172.18.0.100 29/Jan/2026/15/17/12 GET /v1/AUTH_99d4e95f41064070a11757847c28d91f/gnocchi.d5d5bb38-f759-4002-9e34-8606025cc1c8%3Fformat%3Djson%26states%3Dlisting HTTP/1.0 200 - python-swiftclient-3.11.1 gAAAAABpe3n4LCGJ... - 2 - tx883430fcbb30457995d6a-00697b79f8 - 0.0144 - - 1769699832.658469439 1769699832.672876358 0
Jan 29 15:17:12 standalone object-server[129762]: 172.20.0.100 - - [29/Jan/2026:15:17:12 +0000] "GET /d1/572/AUTH_99d4e95f41064070a11757847c28d91f/gnocchi.d5d5bb38-f759-4002-9e34-8606025cc1c8/1769040000.0_mean_300.0_v3" 404 70 "GET http://172.18.0.2:8080/v1/AUTH_99d4e95f41064070a11757847c28d91f/gnocchi.d5d5bb38-f759-4002-9e34-8606025cc1c8/1769040000.0_mean_300.0_v3" "tx162b40f2907b4619a2061-00697b79f8" "proxy-server 20" 0.0006 "-" 25 0
Jan 29 15:17:12 standalone proxy-server[131326]: 172.18.0.2 172.18.0.100 29/Jan/2026/15/17/12 GET /v1/AUTH_99d4e95f41064070a11757847c28d91f/gnocchi.d5d5bb38-f759-4002-9e34-8606025cc1c8/1769040000.0_mean_300.0_v3 HTTP/1.0 404 - python-swiftclient-3.11.1 gAAAAABpe3n4LCGJ... - 70 - tx162b40f2907b4619a2061-00697b79f8 - 0.0062 - - 1769699832.677238941 1769699832.683393240 0
Jan 29 15:17:12 standalone container-server[129491]: 172.20.0.100 - - [29/Jan/2026:15:17:12 +0000] "PUT /d1/630/AUTH_99d4e95f41064070a11757847c28d91f/gnocchi.d5d5bb38-f759-4002-9e34-8606025cc1c8/1769040000.0_mean_300.0_v3" 201 - "PUT http://172.18.0.2:8080/d1/572/AUTH_99d4e95f41064070a11757847c28d91f/gnocchi.d5d5bb38-f759-4002-9e34-8606025cc1c8/1769040000.0_mean_300.0_v3" "tx6bacb15abe7542dbbece5-00697b79f8" "object-server 25" 0.0010 "-" 21 0
Jan 29 15:17:12 standalone object-server[129762]: 172.20.0.100 - - [29/Jan/2026:15:17:12 +0000] "PUT /d1/572/AUTH_99d4e95f41064070a11757847c28d91f/gnocchi.d5d5bb38-f759-4002-9e34-8606025cc1c8/1769040000.0_mean_300.0_v3" 201 - "PUT http://172.18.0.2:8080/v1/AUTH_99d4e95f41064070a11757847c28d91f/gnocchi.d5d5bb38-f759-4002-9e34-8606025cc1c8/1769040000.0_mean_300.0_v3" "tx6bacb15abe7542dbbece5-00697b79f8" "proxy-server 20" 0.0327 "-" 25 0
Jan 29 15:17:12 standalone proxy-server[131326]: 172.18.0.2 172.18.0.100 29/Jan/2026/15/17/12 PUT /v1/AUTH_99d4e95f41064070a11757847c28d91f/gnocchi.d5d5bb38-f759-4002-9e34-8606025cc1c8/1769040000.0_mean_300.0_v3 HTTP/1.0 201 - python-swiftclient-3.11.1 gAAAAABpe3n4LCGJ... 16 - - tx6bacb15abe7542dbbece5-00697b79f8 - 0.0396 - - 1769699832.686420202 1769699832.726055384 0
Jan 29 15:17:12 standalone container-server[129491]: 172.20.0.100 - - [29/Jan/2026:15:17:12 +0000] "PUT /d1/630/AUTH_99d4e95f41064070a11757847c28d91f/gnocchi.d5d5bb38-f759-4002-9e34-8606025cc1c8/none_v3" 201 - "PUT http://172.18.0.2:8080/d1/833/AUTH_99d4e95f41064070a11757847c28d91f/gnocchi.d5d5bb38-f759-4002-9e34-8606025cc1c8/none_v3" "tx4864109f74d34027bd75c-00697b79f8" "object-server 23" 0.0005 "-" 21 0
Jan 29 15:17:12 standalone object-server[129760]: 172.20.0.100 - - [29/Jan/2026:15:17:12 +0000] "PUT /d1/833/AUTH_99d4e95f41064070a11757847c28d91f/gnocchi.d5d5bb38-f759-4002-9e34-8606025cc1c8/none_v3" 201 - "PUT http://172.18.0.2:8080/v1/AUTH_99d4e95f41064070a11757847c28d91f/gnocchi.d5d5bb38-f759-4002-9e34-8606025cc1c8/none_v3" "tx4864109f74d34027bd75c-00697b79f8" "proxy-server 20" 0.0284 "-" 23 0
Jan 29 15:17:12 standalone proxy-server[131326]: 172.18.0.2 172.18.0.100 29/Jan/2026/15/17/12 PUT /v1/AUTH_99d4e95f41064070a11757847c28d91f/gnocchi.d5d5bb38-f759-4002-9e34-8606025cc1c8/none_v3 HTTP/1.0 201 - python-swiftclient-3.11.1 gAAAAABpe3n4LCGJ... 22 - - tx4864109f74d34027bd75c-00697b79f8 - 0.0348 - - 1769699832.729234934 1769699832.764067411 0
Jan 29 15:17:41 standalone object-server[129745]: 172.20.0.100 - - [29/Jan/2026:15:17:41 +0000] "GET /d1/833/AUTH_99d4e95f41064070a11757847c28d91f/gnocchi.d5d5bb38-f759-4002-9e34-8606025cc1c8/none_v3" 200 22 "GET http://172.18.0.2:8080/v1/AUTH_99d4e95f41064070a11757847c28d91f/gnocchi.d5d5bb38-f759-4002-9e34-8606025cc1c8/none_v3" "tx44def67b562b451685245-00697b7a15" "proxy-server 20" 0.0022 "-" 21 0
Jan 29 15:17:41 standalone proxy-server[131326]: 172.18.0.2 172.18.0.100 29/Jan/2026/15/17/41 GET /v1/AUTH_99d4e95f41064070a11757847c28d91f/gnocchi.d5d5bb38-f759-4002-9e34-8606025cc1c8/none_v3 HTTP/1.0 200 - python-swiftclient-3.11.1 gAAAAABpe3n4LCGJ... - 22 - tx44def67b562b451685245-00697b7a15 - 0.0221 - - 1769699861.931672335 1769699861.953753233 0
Jan 29 15:17:41 standalone container-server[129475]: 172.20.0.100 - - [29/Jan/2026:15:17:41 +0000] "GET /d1/630/AUTH_99d4e95f41064070a11757847c28d91f/gnocchi.d5d5bb38-f759-4002-9e34-8606025cc1c8" 200 357 "GET http://172.18.0.2:8080/v1/AUTH_99d4e95f41064070a11757847c28d91f/gnocchi.d5d5bb38-f759-4002-9e34-8606025cc1c8?format=json&states=listing" "tx56656b2d458043cb958f0-00697b7a15" "proxy-server 20" 0.0315 "-" 19 0
Jan 29 15:17:41 standalone proxy-server[131326]: 172.18.0.2 172.18.0.100 29/Jan/2026/15/17/41 GET /v1/AUTH_99d4e95f41064070a11757847c28d91f/gnocchi.d5d5bb38-f759-4002-9e34-8606025cc1c8%3Fformat%3Djson%26states%3Dlisting HTTP/1.0 200 - python-swiftclient-3.11.1 gAAAAABpe3n4LCGJ... - 357 - tx56656b2d458043cb958f0-00697b7a15 - 0.0410 - - 1769699861.958389759 1769699861.999395132 0
Jan 29 15:17:42 standalone container-server[129475]: 172.20.0.100 - - [29/Jan/2026:15:17:42 +0000] "GET /d1/630/AUTH_99d4e95f41064070a11757847c28d91f/gnocchi.d5d5bb38-f759-4002-9e34-8606025cc1c8" 200 2 "GET http://172.18.0.2:8080/v1/AUTH_99d4e95f41064070a11757847c28d91f/gnocchi.d5d5bb38-f759-4002-9e34-8606025cc1c8?format=json&marker=none_v3&states=listing" "txc258a32b5a654a798b5b3-00697b7a16" "proxy-server 20" 0.0022 "-" 19 0
Jan 29 15:17:42 standalone proxy-server[131326]: 172.18.0.2 172.18.0.100 29/Jan/2026/15/17/42 GET /v1/AUTH_99d4e95f41064070a11757847c28d91f/gnocchi.d5d5bb38-f759-4002-9e34-8606025cc1c8%3Fformat%3Djson%26marker%3Dnone_v3%26states%3Dlisting HTTP/1.0 200 - python-swiftclient-3.11.1 gAAAAABpe3n4LCGJ... - 2 - txc258a32b5a654a798b5b3-00697b7a16 - 0.0075 - - 1769699862.002264500 1769699862.009754658 0
Jan 29 15:17:42 standalone object-server[129745]: 172.20.0.100 - - [29/Jan/2026:15:17:42 +0000] "GET /d1/572/AUTH_99d4e95f41064070a11757847c28d91f/gnocchi.d5d5bb38-f759-4002-9e34-8606025cc1c8/1769040000.0_mean_300.0_v3" 200 16 "GET http://172.18.0.2:8080/v1/AUTH_99d4e95f41064070a11757847c28d91f/gnocchi.d5d5bb38-f759-4002-9e34-8606025cc1c8/1769040000.0_mean_300.0_v3" "tx948f06be4841478094e7e-00697b7a16" "proxy-server 20" 0.0009 "-" 21 0
Jan 29 15:17:42 standalone proxy-server[131326]: 172.18.0.2 172.18.0.100 29/Jan/2026/15/17/42 GET /v1/AUTH_99d4e95f41064070a11757847c28d91f/gnocchi.d5d5bb38-f759-4002-9e34-8606025cc1c8/1769040000.0_mean_300.0_v3 HTTP/1.0 200 - python-swiftclient-3.11.1 gAAAAABpe3n4LCGJ... - 16 - tx948f06be4841478094e7e-00697b7a16 - 0.0104 - - 1769699862.012886763 1769699862.023295164 0
Jan 29 15:17:42 standalone container-server[129475]: 172.20.0.100 - - [29/Jan/2026:15:17:42 +0000] "PUT /d1/630/AUTH_99d4e95f41064070a11757847c28d91f/gnocchi.d5d5bb38-f759-4002-9e34-8606025cc1c8/1769040000.0_mean_300.0_v3" 201 - "PUT http://172.18.0.2:8080/d1/572/AUTH_99d4e95f41064070a11757847c28d91f/gnocchi.d5d5bb38-f759-4002-9e34-8606025cc1c8/1769040000.0_mean_300.0_v3" "tx4da0e7414a6a43ea820cf-00697b7a16" "object-server 22" 0.0008 "-" 19 0
Jan 29 15:17:42 standalone object-server[129759]: 172.20.0.100 - - [29/Jan/2026:15:17:42 +0000] "PUT /d1/572/AUTH_99d4e95f41064070a11757847c28d91f/gnocchi.d5d5bb38-f759-4002-9e34-8606025cc1c8/1769040000.0_mean_300.0_v3" 201 - "PUT http://172.18.0.2:8080/v1/AUTH_99d4e95f41064070a11757847c28d91f/gnocchi.d5d5bb38-f759-4002-9e34-8606025cc1c8/1769040000.0_mean_300.0_v3" "tx4da0e7414a6a43ea820cf-00697b7a16" "proxy-server 20" 0.0340 "-" 22 0
Jan 29 15:17:42 standalone proxy-server[131326]: 172.18.0.2 172.18.0.100 29/Jan/2026/15/17/42 PUT /v1/AUTH_99d4e95f41064070a11757847c28d91f/gnocchi.d5d5bb38-f759-4002-9e34-8606025cc1c8/1769040000.0_mean_300.0_v3 HTTP/1.0 201 - python-swiftclient-3.11.1 gAAAAABpe3n4LCGJ... 16 - - tx4da0e7414a6a43ea820cf-00697b7a16 - 0.0392 - - 1769699862.025773287 1769699862.065007210 0
Jan 29 15:17:42 standalone container-server[129491]: 172.20.0.100 - - [29/Jan/2026:15:17:42 +0000] "PUT /d1/630/AUTH_99d4e95f41064070a11757847c28d91f/gnocchi.d5d5bb38-f759-4002-9e34-8606025cc1c8/none_v3" 201 - "PUT http://172.18.0.2:8080/d1/833/AUTH_99d4e95f41064070a11757847c28d91f/gnocchi.d5d5bb38-f759-4002-9e34-8606025cc1c8/none_v3" "tx1cd50f4a9f9c45ffa96be-00697b7a16" "object-server 22" 0.0013 "-" 21 0
Jan 29 15:17:42 standalone object-server[129759]: 172.20.0.100 - - [29/Jan/2026:15:17:42 +0000] "PUT /d1/833/AUTH_99d4e95f41064070a11757847c28d91f/gnocchi.d5d5bb38-f759-4002-9e34-8606025cc1c8/none_v3" 201 - "PUT http://172.18.0.2:8080/v1/AUTH_99d4e95f41064070a11757847c28d91f/gnocchi.d5d5bb38-f759-4002-9e34-8606025cc1c8/none_v3" "tx1cd50f4a9f9c45ffa96be-00697b7a16" "proxy-server 20" 0.0170 "-" 22 0
Jan 29 15:17:42 standalone proxy-server[131326]: 172.18.0.2 172.18.0.100 29/Jan/2026/15/17/42 PUT /v1/AUTH_99d4e95f41064070a11757847c28d91f/gnocchi.d5d5bb38-f759-4002-9e34-8606025cc1c8/none_v3 HTTP/1.0 201 - python-swiftclient-3.11.1 gAAAAABpe3n4LCGJ... 32 - - tx1cd50f4a9f9c45ffa96be-00697b7a16 - 0.0237 - - 1769699862.068099737 1769699862.091837883 0
Jan 29 15:17:58 standalone object-server[129672]: Begin object update sweep
Jan 29 15:17:58 standalone object-server[226977]: Object update sweep starting on /srv/node/d1 (pid: 14)
Jan 29 15:17:58 standalone object-server[226977]: Object update sweep completed on /srv/node/d1 in 0.00s seconds:, 0 successes, 0 failures, 0 quarantines, 0 unlinks, 0 errors, 0 redirects (pid: 14)
Jan 29 15:17:58 standalone object-server[226977]: Object update sweep of d1 completed: 0.00s, 0 successes, 0 failures, 0 quarantines, 0 unlinks, 0 errors, 0 redirects
Jan 29 15:17:58 standalone object-server[129672]: Object update sweep completed: 0.09s
Jan 29 15:18:12 standalone account-server[129454]: 172.20.0.100 - - [29/Jan/2026:15:18:12 +0000] "HEAD /d1/796/AUTH_99d4e95f41064070a11757847c28d91f" 204 - "HEAD http://172.18.0.2:8080/v1/AUTH_99d4e95f41064070a11757847c28d91f?format=json" "tx4b549c90a0e54a788813f-00697b7a34" "proxy-server 20" 0.0149 "-" 20 -
Jan 29 15:18:12 standalone proxy-server[131326]: - - 29/Jan/2026/15/18/12 HEAD /v1/AUTH_99d4e95f41064070a11757847c28d91f%3Fformat%3Djson HTTP/1.0 204 - Swift - - - - tx4b549c90a0e54a788813f-00697b7a34 - 0.0192 RL - 1769699892.788928270 1769699892.808093071 -
Jan 29 15:18:12 standalone container-server[129491]: 172.20.0.100 - - [29/Jan/2026:15:18:12 +0000] "HEAD /d1/339/AUTH_99d4e95f41064070a11757847c28d91f/gnocchi.476a49b1-ef66-4403-92ce-41071424a453" 404 - "HEAD http://172.18.0.2:8080/v1/AUTH_99d4e95f41064070a11757847c28d91f/gnocchi.476a49b1-ef66-4403-92ce-41071424a453?format=json&states=listing" "tx4b549c90a0e54a788813f-00697b7a34" "proxy-server 20" 0.0008 "-" 21 0
Jan 29 15:18:12 standalone object-server[129762]: 172.20.0.100 - - [29/Jan/2026:15:18:12 +0000] "GET /d1/541/AUTH_99d4e95f41064070a11757847c28d91f/gnocchi.476a49b1-ef66-4403-92ce-41071424a453/none_v3" 404 70 "GET http://172.18.0.2:8080/v1/AUTH_99d4e95f41064070a11757847c28d91f/gnocchi.476a49b1-ef66-4403-92ce-41071424a453/none_v3" "tx4b549c90a0e54a788813f-00697b7a34" "proxy-server 20" 0.0006 "-" 25 0
Jan 29 15:18:12 standalone proxy-server[131326]: 172.18.0.2 172.18.0.100 29/Jan/2026/15/18/12 GET /v1/AUTH_99d4e95f41064070a11757847c28d91f/gnocchi.476a49b1-ef66-4403-92ce-41071424a453/none_v3 HTTP/1.0 404 - python-swiftclient-3.11.1 gAAAAABpe3n4LCGJ... - 70 - tx4b549c90a0e54a788813f-00697b7a34 - 0.0323 - - 1769699892.788006067 1769699892.820288658 0
Jan 29 15:18:12 standalone account-server[129467]: 172.20.0.100 - - [29/Jan/2026:15:18:12 +0000] "PUT /d1/796/AUTH_99d4e95f41064070a11757847c28d91f/gnocchi.476a49b1-ef66-4403-92ce-41071424a453" 201 - "PUT http://172.20.0.100:6001/d1/339/AUTH_99d4e95f41064070a11757847c28d91f/gnocchi.476a49b1-ef66-4403-92ce-41071424a453" "txb4787afc534841198b95d-00697b7a34" "container-server 19" 0.0013 "-" 21 0
Jan 29 15:18:12 standalone container-server[129475]: 172.20.0.100 - - [29/Jan/2026:15:18:12 +0000] "PUT /d1/339/AUTH_99d4e95f41064070a11757847c28d91f/gnocchi.476a49b1-ef66-4403-92ce-41071424a453" 201 - "PUT http://172.18.0.2:8080/v1/AUTH_99d4e95f41064070a11757847c28d91f/gnocchi.476a49b1-ef66-4403-92ce-41071424a453" "txb4787afc534841198b95d-00697b7a34" "proxy-server 20" 0.0549 "-" 19 0
Jan 29 15:18:12 standalone proxy-server[131326]: 172.18.0.2 172.18.0.100 29/Jan/2026/15/18/12 PUT /v1/AUTH_99d4e95f41064070a11757847c28d91f/gnocchi.476a49b1-ef66-4403-92ce-41071424a453 HTTP/1.0 201 - python-swiftclient-3.11.1 gAAAAABpe3n4LCGJ... - - - txb4787afc534841198b95d-00697b7a34 - 0.0607 - - 1769699892.823404551 1769699892.884093285 0
Jan 29 15:18:12 standalone container-server[129494]: 172.20.0.100 - - [29/Jan/2026:15:18:12 +0000] "HEAD /d1/339/AUTH_99d4e95f41064070a11757847c28d91f/gnocchi.476a49b1-ef66-4403-92ce-41071424a453" 204 - "HEAD http://172.18.0.2:8080/v1/AUTH_99d4e95f41064070a11757847c28d91f/gnocchi.476a49b1-ef66-4403-92ce-41071424a453?format=json&states=listing" "tx5c11ddd07b1c4327b4fd5-00697b7a34" "proxy-server 20" 0.0026 "-" 22 0
Jan 29 15:18:12 standalone proxy-server[131326]: - - 29/Jan/2026/15/18/12 HEAD /v1/AUTH_99d4e95f41064070a11757847c28d91f/gnocchi.476a49b1-ef66-4403-92ce-41071424a453%3Fformat%3Djson%26states%3Dlisting HTTP/1.0 204 - Swift - - - - tx5c11ddd07b1c4327b4fd5-00697b7a34 - 0.0058 RL - 1769699892.889059067 1769699892.894841194 0
Jan 29 15:18:12 standalone container-server[129494]: 172.20.0.100 - - [29/Jan/2026:15:18:12 +0000] "GET /d1/339/AUTH_99d4e95f41064070a11757847c28d91f/gnocchi.476a49b1-ef66-4403-92ce-41071424a453" 200 2 "GET http://172.18.0.2:8080/v1/AUTH_99d4e95f41064070a11757847c28d91f/gnocchi.476a49b1-ef66-4403-92ce-41071424a453?format=json&states=listing" "tx5c11ddd07b1c4327b4fd5-00697b7a34" "proxy-server 20" 0.0025 "-" 22 0
Jan 29 15:18:12 standalone proxy-server[131326]: 172.18.0.2 172.18.0.100 29/Jan/2026/15/18/12 GET /v1/AUTH_99d4e95f41064070a11757847c28d91f/gnocchi.476a49b1-ef66-4403-92ce-41071424a453%3Fformat%3Djson%26states%3Dlisting HTTP/1.0 200 - python-swiftclient-3.11.1 gAAAAABpe3n4LCGJ... - 2 - tx5c11ddd07b1c4327b4fd5-00697b7a34 - 0.0146 - - 1769699892.888129711 1769699892.902747631 0
Jan 29 15:18:12 standalone object-server[129745]: 172.20.0.100 - - [29/Jan/2026:15:18:12 +0000] "GET /d1/526/AUTH_99d4e95f41064070a11757847c28d91f/gnocchi.476a49b1-ef66-4403-92ce-41071424a453/1769040000.0_mean_300.0_v3" 404 70 "GET http://172.18.0.2:8080/v1/AUTH_99d4e95f41064070a11757847c28d91f/gnocchi.476a49b1-ef66-4403-92ce-41071424a453/1769040000.0_mean_300.0_v3" "tx524ce192e1874810b20d0-00697b7a34" "proxy-server 20" 0.0003 "-" 21 0
Jan 29 15:18:12 standalone proxy-server[131326]: 172.18.0.2 172.18.0.100 29/Jan/2026/15/18/12 GET /v1/AUTH_99d4e95f41064070a11757847c28d91f/gnocchi.476a49b1-ef66-4403-92ce-41071424a453/1769040000.0_mean_300.0_v3 HTTP/1.0 404 - python-swiftclient-3.11.1 gAAAAABpe3n4LCGJ... - 70 - tx524ce192e1874810b20d0-00697b7a34 - 0.0049 - - 1769699892.906687021 1769699892.911625147 0
Jan 29 15:18:12 standalone container-server[129491]: 172.20.0.100 - - [29/Jan/2026:15:18:12 +0000] "PUT /d1/339/AUTH_99d4e95f41064070a11757847c28d91f/gnocchi.476a49b1-ef66-4403-92ce-41071424a453/1769040000.0_mean_300.0_v3" 201 - "PUT http://172.18.0.2:8080/d1/526/AUTH_99d4e95f41064070a11757847c28d91f/gnocchi.476a49b1-ef66-4403-92ce-41071424a453/1769040000.0_mean_300.0_v3" "tx010dea7da28b4279b97c5-00697b7a34" "object-server 22" 0.0008 "-" 21 0
Jan 29 15:18:12 standalone object-server[129759]: 172.20.0.100 - - [29/Jan/2026:15:18:12 +0000] "PUT /d1/526/AUTH_99d4e95f41064070a11757847c28d91f/gnocchi.476a49b1-ef66-4403-92ce-41071424a453/1769040000.0_mean_300.0_v3" 201 - "PUT http://172.18.0.2:8080/v1/AUTH_99d4e95f41064070a11757847c28d91f/gnocchi.476a49b1-ef66-4403-92ce-41071424a453/1769040000.0_mean_300.0_v3" "tx010dea7da28b4279b97c5-00697b7a34" "proxy-server 20" 0.0392 "-" 22 0
Jan 29 15:18:12 standalone proxy-server[131326]: 172.18.0.2 172.18.0.100 29/Jan/2026/15/18/12 PUT /v1/AUTH_99d4e95f41064070a11757847c28d91f/gnocchi.476a49b1-ef66-4403-92ce-41071424a453/1769040000.0_mean_300.0_v3 HTTP/1.0 201 - python-swiftclient-3.11.1 gAAAAABpe3n4LCGJ... 16 - - tx010dea7da28b4279b97c5-00697b7a34 - 0.0470 - - 1769699892.914553404 1769699892.961514711 0
Jan 29 15:18:12 standalone container-server[129475]: 172.20.0.100 - - [29/Jan/2026:15:18:12 +0000] "PUT /d1/339/AUTH_99d4e95f41064070a11757847c28d91f/gnocchi.476a49b1-ef66-4403-92ce-41071424a453/none_v3" 201 - "PUT http://172.18.0.2:8080/d1/541/AUTH_99d4e95f41064070a11757847c28d91f/gnocchi.476a49b1-ef66-4403-92ce-41071424a453/none_v3" "txc34f03b5cfb74b1b8256b-00697b7a34" "object-server 23" 0.0006 "-" 19 0
Jan 29 15:18:12 standalone object-server[129760]: 172.20.0.100 - - [29/Jan/2026:15:18:12 +0000] "PUT /d1/541/AUTH_99d4e95f41064070a11757847c28d91f/gnocchi.476a49b1-ef66-4403-92ce-41071424a453/none_v3" 201 - "PUT http://172.18.0.2:8080/v1/AUTH_99d4e95f41064070a11757847c28d91f/gnocchi.476a49b1-ef66-4403-92ce-41071424a453/none_v3" "txc34f03b5cfb74b1b8256b-00697b7a34" "proxy-server 20" 0.0269 "-" 23 0
Jan 29 15:18:12 standalone proxy-server[131326]: 172.18.0.2 172.18.0.100 29/Jan/2026/15/18/12 PUT /v1/AUTH_99d4e95f41064070a11757847c28d91f/gnocchi.476a49b1-ef66-4403-92ce-41071424a453/none_v3 HTTP/1.0 201 - python-swiftclient-3.11.1 gAAAAABpe3n4LCGJ... 22 - - txc34f03b5cfb74b1b8256b-00697b7a34 - 0.0330 - - 1769699892.965800762 1769699892.998794079 0
Jan 29 15:18:13 standalone container-server[129494]: 172.20.0.100 - - [29/Jan/2026:15:18:13 +0000] "HEAD /d1/623/AUTH_99d4e95f41064070a11757847c28d91f/gnocchi.c24d3f31-0564-4274-8fd7-6008a73e671e" 404 - "HEAD http://172.18.0.2:8080/v1/AUTH_99d4e95f41064070a11757847c28d91f/gnocchi.c24d3f31-0564-4274-8fd7-6008a73e671e?format=json&states=listing" "tx9fa80f32f606494bbc3f5-00697b7a35" "proxy-server 20" 0.0006 "-" 22 0
Jan 29 15:18:13 standalone object-server[129762]: 172.20.0.100 - - [29/Jan/2026:15:18:13 +0000] "GET /d1/306/AUTH_99d4e95f41064070a11757847c28d91f/gnocchi.c24d3f31-0564-4274-8fd7-6008a73e671e/none_v3" 404 70 "GET http://172.18.0.2:8080/v1/AUTH_99d4e95f41064070a11757847c28d91f/gnocchi.c24d3f31-0564-4274-8fd7-6008a73e671e/none_v3" "tx9fa80f32f606494bbc3f5-00697b7a35" "proxy-server 20" 0.0004 "-" 25 0
Jan 29 15:18:13 standalone proxy-server[131326]: 172.18.0.2 172.18.0.100 29/Jan/2026/15/18/13 GET /v1/AUTH_99d4e95f41064070a11757847c28d91f/gnocchi.c24d3f31-0564-4274-8fd7-6008a73e671e/none_v3 HTTP/1.0 404 - python-swiftclient-3.11.1 gAAAAABpe3n4LCGJ... - 70 - tx9fa80f32f606494bbc3f5-00697b7a35 - 0.0109 - - 1769699893.012943983 1769699893.023808718 0
Jan 29 15:18:13 standalone account-server[129469]: 172.20.0.100 - - [29/Jan/2026:15:18:13 +0000] "PUT /d1/796/AUTH_99d4e95f41064070a11757847c28d91f/gnocchi.c24d3f31-0564-4274-8fd7-6008a73e671e" 201 - "PUT http://172.20.0.100:6001/d1/623/AUTH_99d4e95f41064070a11757847c28d91f/gnocchi.c24d3f31-0564-4274-8fd7-6008a73e671e" "tx58d7ca80bf8b4ca09a9cf-00697b7a35" "container-server 21" 0.0165 "-" 22 0
Jan 29 15:18:13 standalone container-server[129491]: 172.20.0.100 - - [29/Jan/2026:15:18:13 +0000] "PUT /d1/623/AUTH_99d4e95f41064070a11757847c28d91f/gnocchi.c24d3f31-0564-4274-8fd7-6008a73e671e" 201 - "PUT http://172.18.0.2:8080/v1/AUTH_99d4e95f41064070a11757847c28d91f/gnocchi.c24d3f31-0564-4274-8fd7-6008a73e671e" "tx58d7ca80bf8b4ca09a9cf-00697b7a35" "proxy-server 20" 0.0401 "-" 21 0
Jan 29 15:18:13 standalone proxy-server[131326]: 172.18.0.2 172.18.0.100 29/Jan/2026/15/18/13 PUT /v1/AUTH_99d4e95f41064070a11757847c28d91f/gnocchi.c24d3f31-0564-4274-8fd7-6008a73e671e HTTP/1.0 201 - python-swiftclient-3.11.1 gAAAAABpe3n4LCGJ... - - - tx58d7ca80bf8b4ca09a9cf-00697b7a35 - 0.0457 - - 1769699893.027235270 1769699893.072913408 0
Jan 29 15:18:13 standalone container-server[129491]: 172.20.0.100 - - [29/Jan/2026:15:18:13 +0000] "HEAD /d1/623/AUTH_99d4e95f41064070a11757847c28d91f/gnocchi.c24d3f31-0564-4274-8fd7-6008a73e671e" 204 - "HEAD http://172.18.0.2:8080/v1/AUTH_99d4e95f41064070a11757847c28d91f/gnocchi.c24d3f31-0564-4274-8fd7-6008a73e671e?format=json&states=listing" "tx2cfa99bdb8474746a765d-00697b7a35" "proxy-server 20" 0.0017 "-" 21 0
Jan 29 15:18:13 standalone proxy-server[131326]: - - 29/Jan/2026/15/18/13 HEAD /v1/AUTH_99d4e95f41064070a11757847c28d91f/gnocchi.c24d3f31-0564-4274-8fd7-6008a73e671e%3Fformat%3Djson%26states%3Dlisting HTTP/1.0 204 - Swift - - - - tx2cfa99bdb8474746a765d-00697b7a35 - 0.0050 RL - 1769699893.078680038 1769699893.083697557 0
Jan 29 15:18:13 standalone container-server[129494]: 172.20.0.100 - - [29/Jan/2026:15:18:13 +0000] "GET /d1/623/AUTH_99d4e95f41064070a11757847c28d91f/gnocchi.c24d3f31-0564-4274-8fd7-6008a73e671e" 200 2 "GET http://172.18.0.2:8080/v1/AUTH_99d4e95f41064070a11757847c28d91f/gnocchi.c24d3f31-0564-4274-8fd7-6008a73e671e?format=json&states=listing" "tx2cfa99bdb8474746a765d-00697b7a35" "proxy-server 20" 0.0039 "-" 22 0
Jan 29 15:18:13 standalone proxy-server[131326]: 172.18.0.2 172.18.0.100 29/Jan/2026/15/18/13 GET /v1/AUTH_99d4e95f41064070a11757847c28d91f/gnocchi.c24d3f31-0564-4274-8fd7-6008a73e671e%3Fformat%3Djson%26states%3Dlisting HTTP/1.0 200 - python-swiftclient-3.11.1 gAAAAABpe3n4LCGJ... - 2 - tx2cfa99bdb8474746a765d-00697b7a35 - 0.0164 - - 1769699893.077466011 1769699893.093891144 0
Jan 29 15:18:13 standalone object-server[129760]: 172.20.0.100 - - [29/Jan/2026:15:18:13 +0000] "GET /d1/453/AUTH_99d4e95f41064070a11757847c28d91f/gnocchi.c24d3f31-0564-4274-8fd7-6008a73e671e/1769040000.0_mean_300.0_v3" 404 70 "GET http://172.18.0.2:8080/v1/AUTH_99d4e95f41064070a11757847c28d91f/gnocchi.c24d3f31-0564-4274-8fd7-6008a73e671e/1769040000.0_mean_300.0_v3" "tx7a41fa21276546e58655c-00697b7a35" "proxy-server 20" 0.0004 "-" 23 0
Jan 29 15:18:13 standalone proxy-server[131326]: 172.18.0.2 172.18.0.100 29/Jan/2026/15/18/13 GET /v1/AUTH_99d4e95f41064070a11757847c28d91f/gnocchi.c24d3f31-0564-4274-8fd7-6008a73e671e/1769040000.0_mean_300.0_v3 HTTP/1.0 404 - python-swiftclient-3.11.1 gAAAAABpe3n4LCGJ... - 70 - tx7a41fa21276546e58655c-00697b7a35 - 0.0055 - - 1769699893.098422050 1769699893.103896618 0
Jan 29 15:18:13 standalone container-server[129494]: 172.20.0.100 - - [29/Jan/2026:15:18:13 +0000] "PUT /d1/623/AUTH_99d4e95f41064070a11757847c28d91f/gnocchi.c24d3f31-0564-4274-8fd7-6008a73e671e/1769040000.0_mean_300.0_v3" 201 - "PUT http://172.18.0.2:8080/d1/453/AUTH_99d4e95f41064070a11757847c28d91f/gnocchi.c24d3f31-0564-4274-8fd7-6008a73e671e/1769040000.0_mean_300.0_v3" "txa2f6ea18fb4248b596506-00697b7a35" "object-server 22" 0.0010 "-" 22 0
Jan 29 15:18:13 standalone object-server[129759]: 172.20.0.100 - - [29/Jan/2026:15:18:13 +0000] "PUT /d1/453/AUTH_99d4e95f41064070a11757847c28d91f/gnocchi.c24d3f31-0564-4274-8fd7-6008a73e671e/1769040000.0_mean_300.0_v3" 201 - "PUT http://172.18.0.2:8080/v1/AUTH_99d4e95f41064070a11757847c28d91f/gnocchi.c24d3f31-0564-4274-8fd7-6008a73e671e/1769040000.0_mean_300.0_v3" "txa2f6ea18fb4248b596506-00697b7a35" "proxy-server 20" 0.0106 "-" 22 0
Jan 29 15:18:13 standalone proxy-server[131326]: 172.18.0.2 172.18.0.100 29/Jan/2026/15/18/13 PUT /v1/AUTH_99d4e95f41064070a11757847c28d91f/gnocchi.c24d3f31-0564-4274-8fd7-6008a73e671e/1769040000.0_mean_300.0_v3 HTTP/1.0 201 - python-swiftclient-3.11.1 gAAAAABpe3n4LCGJ... 16 - - txa2f6ea18fb4248b596506-00697b7a35 - 0.0155 - - 1769699893.108789206 1769699893.124248981 0
Jan 29 15:18:13 standalone container-server[129508]: 172.20.0.100 - - [29/Jan/2026:15:18:13 +0000] "PUT /d1/623/AUTH_99d4e95f41064070a11757847c28d91f/gnocchi.c24d3f31-0564-4274-8fd7-6008a73e671e/none_v3" 201 - "PUT http://172.18.0.2:8080/d1/306/AUTH_99d4e95f41064070a11757847c28d91f/gnocchi.c24d3f31-0564-4274-8fd7-6008a73e671e/none_v3" "tx4072b260d481436da86f0-00697b7a35" "object-server 23" 0.0010 "-" 23 0
Jan 29 15:18:13 standalone object-server[129760]: 172.20.0.100 - - [29/Jan/2026:15:18:13 +0000] "PUT /d1/306/AUTH_99d4e95f41064070a11757847c28d91f/gnocchi.c24d3f31-0564-4274-8fd7-6008a73e671e/none_v3" 201 - "PUT http://172.18.0.2:8080/v1/AUTH_99d4e95f41064070a11757847c28d91f/gnocchi.c24d3f31-0564-4274-8fd7-6008a73e671e/none_v3" "tx4072b260d481436da86f0-00697b7a35" "proxy-server 20" 0.0193 "-" 23 0
Jan 29 15:18:13 standalone proxy-server[131326]: 172.18.0.2 172.18.0.100 29/Jan/2026/15/18/13 PUT /v1/AUTH_99d4e95f41064070a11757847c28d91f/gnocchi.c24d3f31-0564-4274-8fd7-6008a73e671e/none_v3 HTTP/1.0 201 - python-swiftclient-3.11.1 gAAAAABpe3n4LCGJ... 22 - - tx4072b260d481436da86f0-00697b7a35 - 0.0243 - - 1769699893.127684355 1769699893.151970387 0
Jan 29 15:18:20 standalone container-server[129494]: 172.20.0.100 - - [29/Jan/2026:15:18:20 +0000] "HEAD /d1/321/AUTH_99d4e95f41064070a11757847c28d91f/gnocchi.3611bc29-b14c-40aa-a652-1c91a2fca1df" 404 - "HEAD http://172.18.0.2:8080/v1/AUTH_99d4e95f41064070a11757847c28d91f/gnocchi.3611bc29-b14c-40aa-a652-1c91a2fca1df?format=json&states=listing" "tx1a92350fb09346d49e86f-00697b7a3c" "proxy-server 20" 0.0010 "-" 22 0
Jan 29 15:18:20 standalone object-server[129745]: 172.20.0.100 - - [29/Jan/2026:15:18:20 +0000] "GET /d1/330/AUTH_99d4e95f41064070a11757847c28d91f/gnocchi.3611bc29-b14c-40aa-a652-1c91a2fca1df/none_v3" 404 70 "GET http://172.18.0.2:8080/v1/AUTH_99d4e95f41064070a11757847c28d91f/gnocchi.3611bc29-b14c-40aa-a652-1c91a2fca1df/none_v3" "tx1a92350fb09346d49e86f-00697b7a3c" "proxy-server 20" 0.0010 "-" 21 0
Jan 29 15:18:20 standalone proxy-server[131326]: 172.18.0.2 172.18.0.100 29/Jan/2026/15/18/20 GET /v1/AUTH_99d4e95f41064070a11757847c28d91f/gnocchi.3611bc29-b14c-40aa-a652-1c91a2fca1df/none_v3 HTTP/1.0 404 - python-swiftclient-3.11.1 gAAAAABpe3n4LCGJ... - 70 - tx1a92350fb09346d49e86f-00697b7a3c - 0.0230 - - 1769699900.510896683 1769699900.533912420 0
Jan 29 15:18:20 standalone account-server[129469]: 172.20.0.100 - - [29/Jan/2026:15:18:20 +0000] "PUT /d1/796/AUTH_99d4e95f41064070a11757847c28d91f/gnocchi.3611bc29-b14c-40aa-a652-1c91a2fca1df" 201 - "PUT http://172.20.0.100:6001/d1/321/AUTH_99d4e95f41064070a11757847c28d91f/gnocchi.3611bc29-b14c-40aa-a652-1c91a2fca1df" "txd4bf05c90d494216866dd-00697b7a3c" "container-server 23" 0.0046 "-" 22 0
Jan 29 15:18:20 standalone container-server[129508]: 172.20.0.100 - - [29/Jan/2026:15:18:20 +0000] "PUT /d1/321/AUTH_99d4e95f41064070a11757847c28d91f/gnocchi.3611bc29-b14c-40aa-a652-1c91a2fca1df" 201 - "PUT http://172.18.0.2:8080/v1/AUTH_99d4e95f41064070a11757847c28d91f/gnocchi.3611bc29-b14c-40aa-a652-1c91a2fca1df" "txd4bf05c90d494216866dd-00697b7a3c" "proxy-server 20" 0.0262 "-" 23 0
Jan 29 15:18:20 standalone proxy-server[131326]: 172.18.0.2 172.18.0.100 29/Jan/2026/15/18/20 PUT /v1/AUTH_99d4e95f41064070a11757847c28d91f/gnocchi.3611bc29-b14c-40aa-a652-1c91a2fca1df HTTP/1.0 201 - python-swiftclient-3.11.1 gAAAAABpe3n4LCGJ... - - - txd4bf05c90d494216866dd-00697b7a3c - 0.0397 - - 1769699900.539539099 1769699900.579250574 0
Jan 29 15:18:20 standalone container-server[129494]: 172.20.0.100 - - [29/Jan/2026:15:18:20 +0000] "HEAD /d1/321/AUTH_99d4e95f41064070a11757847c28d91f/gnocchi.3611bc29-b14c-40aa-a652-1c91a2fca1df" 204 - "HEAD http://172.18.0.2:8080/v1/AUTH_99d4e95f41064070a11757847c28d91f/gnocchi.3611bc29-b14c-40aa-a652-1c91a2fca1df?format=json&states=listing" "tx73a94541f6794f749fee2-00697b7a3c" "proxy-server 20" 0.0028 "-" 22 0
Jan 29 15:18:20 standalone proxy-server[131326]: - - 29/Jan/2026/15/18/20 HEAD /v1/AUTH_99d4e95f41064070a11757847c28d91f/gnocchi.3611bc29-b14c-40aa-a652-1c91a2fca1df%3Fformat%3Djson%26states%3Dlisting HTTP/1.0 204 - Swift - - - - tx73a94541f6794f749fee2-00697b7a3c - 0.0087 RL - 1769699900.594202518 1769699900.602899551 0
Jan 29 15:18:20 standalone container-server[129475]: 172.20.0.100 - - [29/Jan/2026:15:18:20 +0000] "GET /d1/321/AUTH_99d4e95f41064070a11757847c28d91f/gnocchi.3611bc29-b14c-40aa-a652-1c91a2fca1df" 200 2 "GET http://172.18.0.2:8080/v1/AUTH_99d4e95f41064070a11757847c28d91f/gnocchi.3611bc29-b14c-40aa-a652-1c91a2fca1df?format=json&states=listing" "tx73a94541f6794f749fee2-00697b7a3c" "proxy-server 20" 0.0036 "-" 19 0
Jan 29 15:18:20 standalone proxy-server[131326]: 172.18.0.2 172.18.0.100 29/Jan/2026/15/18/20 GET /v1/AUTH_99d4e95f41064070a11757847c28d91f/gnocchi.3611bc29-b14c-40aa-a652-1c91a2fca1df%3Fformat%3Djson%26states%3Dlisting HTTP/1.0 200 - python-swiftclient-3.11.1 gAAAAABpe3n4LCGJ... - 2 - tx73a94541f6794f749fee2-00697b7a3c - 0.0249 - - 1769699900.591252804 1769699900.616156816 0
Jan 29 15:18:20 standalone object-server[129762]: 172.20.0.100 - - [29/Jan/2026:15:18:20 +0000] "GET /d1/342/AUTH_99d4e95f41064070a11757847c28d91f/gnocchi.3611bc29-b14c-40aa-a652-1c91a2fca1df/1769040000.0_mean_300.0_v3" 404 70 "GET http://172.18.0.2:8080/v1/AUTH_99d4e95f41064070a11757847c28d91f/gnocchi.3611bc29-b14c-40aa-a652-1c91a2fca1df/1769040000.0_mean_300.0_v3" "tx7e61223f935542bb94058-00697b7a3c" "proxy-server 20" 0.0012 "-" 25 0
Jan 29 15:18:20 standalone proxy-server[131326]: 172.18.0.2 172.18.0.100 29/Jan/2026/15/18/20 GET /v1/AUTH_99d4e95f41064070a11757847c28d91f/gnocchi.3611bc29-b14c-40aa-a652-1c91a2fca1df/1769040000.0_mean_300.0_v3 HTTP/1.0 404 - python-swiftclient-3.11.1 gAAAAABpe3n4LCGJ... - 70 - tx7e61223f935542bb94058-00697b7a3c - 0.0155 - - 1769699900.621937990 1769699900.637432337 0
Jan 29 15:18:20 standalone container-server[129508]: 172.20.0.100 - - [29/Jan/2026:15:18:20 +0000] "PUT /d1/321/AUTH_99d4e95f41064070a11757847c28d91f/gnocchi.3611bc29-b14c-40aa-a652-1c91a2fca1df/1769040000.0_mean_300.0_v3" 201 - "PUT http://172.18.0.2:8080/d1/342/AUTH_99d4e95f41064070a11757847c28d91f/gnocchi.3611bc29-b14c-40aa-a652-1c91a2fca1df/1769040000.0_mean_300.0_v3" "txbb531e984b5f45d8a1563-00697b7a3c" "object-server 22" 0.0079 "-" 23 0
Jan 29 15:18:20 standalone object-server[129759]: 172.20.0.100 - - [29/Jan/2026:15:18:20 +0000] "PUT /d1/342/AUTH_99d4e95f41064070a11757847c28d91f/gnocchi.3611bc29-b14c-40aa-a652-1c91a2fca1df/1769040000.0_mean_300.0_v3" 201 - "PUT http://172.18.0.2:8080/v1/AUTH_99d4e95f41064070a11757847c28d91f/gnocchi.3611bc29-b14c-40aa-a652-1c91a2fca1df/1769040000.0_mean_300.0_v3" "txbb531e984b5f45d8a1563-00697b7a3c" "proxy-server 20" 0.0615 "-" 22 0
Jan 29 15:18:20 standalone proxy-server[131326]: 172.18.0.2 172.18.0.100 29/Jan/2026/15/18/20 PUT /v1/AUTH_99d4e95f41064070a11757847c28d91f/gnocchi.3611bc29-b14c-40aa-a652-1c91a2fca1df/1769040000.0_mean_300.0_v3 HTTP/1.0 201 - python-swiftclient-3.11.1 gAAAAABpe3n4LCGJ... 16 - - txbb531e984b5f45d8a1563-00697b7a3c - 0.0711 - - 1769699900.643669844 1769699900.714759827 0
Jan 29 15:18:20 standalone container-server[129491]: 172.20.0.100 - - [29/Jan/2026:15:18:20 +0000] "PUT /d1/321/AUTH_99d4e95f41064070a11757847c28d91f/gnocchi.3611bc29-b14c-40aa-a652-1c91a2fca1df/none_v3" 201 - "PUT http://172.18.0.2:8080/d1/330/AUTH_99d4e95f41064070a11757847c28d91f/gnocchi.3611bc29-b14c-40aa-a652-1c91a2fca1df/none_v3" "txab23aef159e9476aa6d9c-00697b7a3c" "object-server 23" 0.0005 "-" 21 0
Jan 29 15:18:20 standalone object-server[129760]: 172.20.0.100 - - [29/Jan/2026:15:18:20 +0000] "PUT /d1/330/AUTH_99d4e95f41064070a11757847c28d91f/gnocchi.3611bc29-b14c-40aa-a652-1c91a2fca1df/none_v3" 201 - "PUT http://172.18.0.2:8080/v1/AUTH_99d4e95f41064070a11757847c28d91f/gnocchi.3611bc29-b14c-40aa-a652-1c91a2fca1df/none_v3" "txab23aef159e9476aa6d9c-00697b7a3c" "proxy-server 20" 0.0209 "-" 23 0
Jan 29 15:18:20 standalone proxy-server[131326]: 172.18.0.2 172.18.0.100 29/Jan/2026/15/18/20 PUT /v1/AUTH_99d4e95f41064070a11757847c28d91f/gnocchi.3611bc29-b14c-40aa-a652-1c91a2fca1df/none_v3 HTTP/1.0 201 - python-swiftclient-3.11.1 gAAAAABpe3n4LCGJ... 22 - - txab23aef159e9476aa6d9c-00697b7a3c - 0.0358 - - 1769699900.719087124 1769699900.754930258 0
Jan 29 15:18:20 standalone container-server[129491]: 172.20.0.100 - - [29/Jan/2026:15:18:20 +0000] "HEAD /d1/449/AUTH_99d4e95f41064070a11757847c28d91f/gnocchi.456664c6-d779-43ed-a4e9-112955f6e012" 404 - "HEAD http://172.18.0.2:8080/v1/AUTH_99d4e95f41064070a11757847c28d91f/gnocchi.456664c6-d779-43ed-a4e9-112955f6e012?format=json&states=listing" "txe15947551534465db120e-00697b7a3c" "proxy-server 20" 0.0005 "-" 21 0
Jan 29 15:18:20 standalone object-server[129759]: 172.20.0.100 - - [29/Jan/2026:15:18:20 +0000] "GET /d1/232/AUTH_99d4e95f41064070a11757847c28d91f/gnocchi.456664c6-d779-43ed-a4e9-112955f6e012/none_v3" 404 70 "GET http://172.18.0.2:8080/v1/AUTH_99d4e95f41064070a11757847c28d91f/gnocchi.456664c6-d779-43ed-a4e9-112955f6e012/none_v3" "txe15947551534465db120e-00697b7a3c" "proxy-server 20" 0.0004 "-" 22 0
Jan 29 15:18:20 standalone proxy-server[131326]: 172.18.0.2 172.18.0.100 29/Jan/2026/15/18/20 GET /v1/AUTH_99d4e95f41064070a11757847c28d91f/gnocchi.456664c6-d779-43ed-a4e9-112955f6e012/none_v3 HTTP/1.0 404 - python-swiftclient-3.11.1 gAAAAABpe3n4LCGJ... - 70 - txe15947551534465db120e-00697b7a3c - 0.0137 - - 1769699900.782276154 1769699900.795952559 0
Jan 29 15:18:20 standalone account-server[129467]: 172.20.0.100 - - [29/Jan/2026:15:18:20 +0000] "PUT /d1/796/AUTH_99d4e95f41064070a11757847c28d91f/gnocchi.456664c6-d779-43ed-a4e9-112955f6e012" 201 - "PUT http://172.20.0.100:6001/d1/449/AUTH_99d4e95f41064070a11757847c28d91f/gnocchi.456664c6-d779-43ed-a4e9-112955f6e012" "txc8672c59152e4683afa30-00697b7a3c" "container-server 22" 0.0079 "-" 21 0
Jan 29 15:18:20 standalone container-server[129494]: 172.20.0.100 - - [29/Jan/2026:15:18:20 +0000] "PUT /d1/449/AUTH_99d4e95f41064070a11757847c28d91f/gnocchi.456664c6-d779-43ed-a4e9-112955f6e012" 201 - "PUT http://172.18.0.2:8080/v1/AUTH_99d4e95f41064070a11757847c28d91f/gnocchi.456664c6-d779-43ed-a4e9-112955f6e012" "txc8672c59152e4683afa30-00697b7a3c" "proxy-server 20" 0.0230 "-" 22 0
Jan 29 15:18:20 standalone proxy-server[131326]: 172.18.0.2 172.18.0.100 29/Jan/2026/15/18/20 PUT /v1/AUTH_99d4e95f41064070a11757847c28d91f/gnocchi.456664c6-d779-43ed-a4e9-112955f6e012 HTTP/1.0 201 - python-swiftclient-3.11.1 gAAAAABpe3n4LCGJ... - - - txc8672c59152e4683afa30-00697b7a3c - 0.0310 - - 1769699900.801499844 1769699900.832507133 0
Jan 29 15:18:20 standalone container-server[129491]: 172.20.0.100 - - [29/Jan/2026:15:18:20 +0000] "HEAD /d1/449/AUTH_99d4e95f41064070a11757847c28d91f/gnocchi.456664c6-d779-43ed-a4e9-112955f6e012" 204 - "HEAD http://172.18.0.2:8080/v1/AUTH_99d4e95f41064070a11757847c28d91f/gnocchi.456664c6-d779-43ed-a4e9-112955f6e012?format=json&states=listing" "tx9a95d2682af74660abdf4-00697b7a3c" "proxy-server 20" 0.0016 "-" 21 0
Jan 29 15:18:20 standalone proxy-server[131326]: - - 29/Jan/2026/15/18/20 HEAD /v1/AUTH_99d4e95f41064070a11757847c28d91f/gnocchi.456664c6-d779-43ed-a4e9-112955f6e012%3Fformat%3Djson%26states%3Dlisting HTTP/1.0 204 - Swift - - - - tx9a95d2682af74660abdf4-00697b7a3c - 0.0072 RL - 1769699900.840592623 1769699900.847748041 0
Jan 29 15:18:20 standalone container-server[129491]: 172.20.0.100 - - [29/Jan/2026:15:18:20 +0000] "GET /d1/449/AUTH_99d4e95f41064070a11757847c28d91f/gnocchi.456664c6-d779-43ed-a4e9-112955f6e012" 200 2 "GET http://172.18.0.2:8080/v1/AUTH_99d4e95f41064070a11757847c28d91f/gnocchi.456664c6-d779-43ed-a4e9-112955f6e012?format=json&states=listing" "tx9a95d2682af74660abdf4-00697b7a3c" "proxy-server 20" 0.0028 "-" 21 0
Jan 29 15:18:20 standalone proxy-server[131326]: 172.18.0.2 172.18.0.100 29/Jan/2026/15/18/20 GET /v1/AUTH_99d4e95f41064070a11757847c28d91f/gnocchi.456664c6-d779-43ed-a4e9-112955f6e012%3Fformat%3Djson%26states%3Dlisting HTTP/1.0 200 - python-swiftclient-3.11.1 gAAAAABpe3n4LCGJ... - 2 - tx9a95d2682af74660abdf4-00697b7a3c - 0.0177 - - 1769699900.838967562 1769699900.856710196 0
