Jan 29 15:19:31 standalone proxy-server[131326]: 172.18.0.2 172.18.0.100 29/Jan/2026/15/19/31 GET /v1/AUTH_99d4e95f41064070a11757847c28d91f/gnocchi.76680dcd-54c4-41bd-af14-c94a50d4b744/1769040000.0_mean_300.0_v3 HTTP/1.0 404 - python-swiftclient-3.11.1 gAAAAABpe3n4LCGJ... - 70 - tx5dfdf65b60904e2893fc6-00697b7a83 - 0.0112 - - 1769699971.803746462 1769699971.814943790 0
Jan 29 15:19:31 standalone container-server[129494]: 172.20.0.100 - - [29/Jan/2026:15:19:31 +0000] "PUT /d1/455/AUTH_99d4e95f41064070a11757847c28d91f/gnocchi.76680dcd-54c4-41bd-af14-c94a50d4b744/1769040000.0_mean_300.0_v3" 201 - "PUT http://172.18.0.2:8080/d1/642/AUTH_99d4e95f41064070a11757847c28d91f/gnocchi.76680dcd-54c4-41bd-af14-c94a50d4b744/1769040000.0_mean_300.0_v3" "txcc5428e902e34ef0bda17-00697b7a83" "object-server 22" 0.0005 "-" 22 0
Jan 29 15:19:31 standalone object-server[129759]: 172.20.0.100 - - [29/Jan/2026:15:19:31 +0000] "PUT /d1/642/AUTH_99d4e95f41064070a11757847c28d91f/gnocchi.76680dcd-54c4-41bd-af14-c94a50d4b744/1769040000.0_mean_300.0_v3" 201 - "PUT http://172.18.0.2:8080/v1/AUTH_99d4e95f41064070a11757847c28d91f/gnocchi.76680dcd-54c4-41bd-af14-c94a50d4b744/1769040000.0_mean_300.0_v3" "txcc5428e902e34ef0bda17-00697b7a83" "proxy-server 20" 0.0121 "-" 22 0
Jan 29 15:19:31 standalone proxy-server[131326]: 172.18.0.2 172.18.0.100 29/Jan/2026/15/19/31 PUT /v1/AUTH_99d4e95f41064070a11757847c28d91f/gnocchi.76680dcd-54c4-41bd-af14-c94a50d4b744/1769040000.0_mean_300.0_v3 HTTP/1.0 201 - python-swiftclient-3.11.1 gAAAAABpe3n4LCGJ... 16 - - txcc5428e902e34ef0bda17-00697b7a83 - 0.0228 - - 1769699971.818658113 1769699971.841488838 0
Jan 29 15:19:31 standalone container-server[129508]: 172.20.0.100 - - [29/Jan/2026:15:19:31 +0000] "PUT /d1/455/AUTH_99d4e95f41064070a11757847c28d91f/gnocchi.76680dcd-54c4-41bd-af14-c94a50d4b744/none_v3" 201 - "PUT http://172.18.0.2:8080/d1/648/AUTH_99d4e95f41064070a11757847c28d91f/gnocchi.76680dcd-54c4-41bd-af14-c94a50d4b744/none_v3" "txe9692a7947014ff58db57-00697b7a83" "object-server 23" 0.0028 "-" 23 0
Jan 29 15:19:31 standalone object-server[129760]: 172.20.0.100 - - [29/Jan/2026:15:19:31 +0000] "PUT /d1/648/AUTH_99d4e95f41064070a11757847c28d91f/gnocchi.76680dcd-54c4-41bd-af14-c94a50d4b744/none_v3" 201 - "PUT http://172.18.0.2:8080/v1/AUTH_99d4e95f41064070a11757847c28d91f/gnocchi.76680dcd-54c4-41bd-af14-c94a50d4b744/none_v3" "txe9692a7947014ff58db57-00697b7a83" "proxy-server 20" 0.0202 "-" 23 0
Jan 29 15:19:31 standalone proxy-server[131326]: 172.18.0.2 172.18.0.100 29/Jan/2026/15/19/31 PUT /v1/AUTH_99d4e95f41064070a11757847c28d91f/gnocchi.76680dcd-54c4-41bd-af14-c94a50d4b744/none_v3 HTTP/1.0 201 - python-swiftclient-3.11.1 gAAAAABpe3n4LCGJ... 22 - - txe9692a7947014ff58db57-00697b7a83 - 0.0289 - - 1769699971.847742558 1769699971.876642704 0
Jan 29 15:19:31 standalone container-server[129494]: 172.20.0.100 - - [29/Jan/2026:15:19:31 +0000] "HEAD /d1/990/AUTH_99d4e95f41064070a11757847c28d91f/gnocchi.f66cbbe2-71b5-436e-81fd-a35ae378b306" 404 - "HEAD http://172.18.0.2:8080/v1/AUTH_99d4e95f41064070a11757847c28d91f/gnocchi.f66cbbe2-71b5-436e-81fd-a35ae378b306?format=json&states=listing" "txb68fc5d3970646e28dcf1-00697b7a83" "proxy-server 20" 0.0004 "-" 22 0
Jan 29 15:19:31 standalone object-server[129762]: 172.20.0.100 - - [29/Jan/2026:15:19:31 +0000] "GET /d1/162/AUTH_99d4e95f41064070a11757847c28d91f/gnocchi.f66cbbe2-71b5-436e-81fd-a35ae378b306/none_v3" 404 70 "GET http://172.18.0.2:8080/v1/AUTH_99d4e95f41064070a11757847c28d91f/gnocchi.f66cbbe2-71b5-436e-81fd-a35ae378b306/none_v3" "txb68fc5d3970646e28dcf1-00697b7a83" "proxy-server 20" 0.0004 "-" 25 0
Jan 29 15:19:31 standalone proxy-server[131326]: 172.18.0.2 172.18.0.100 29/Jan/2026/15/19/31 GET /v1/AUTH_99d4e95f41064070a11757847c28d91f/gnocchi.f66cbbe2-71b5-436e-81fd-a35ae378b306/none_v3 HTTP/1.0 404 - python-swiftclient-3.11.1 gAAAAABpe3n4LCGJ... - 70 - txb68fc5d3970646e28dcf1-00697b7a83 - 0.0110 - - 1769699971.906935692 1769699971.917981863 0
Jan 29 15:19:31 standalone account-server[129469]: 172.20.0.100 - - [29/Jan/2026:15:19:31 +0000] "PUT /d1/796/AUTH_99d4e95f41064070a11757847c28d91f/gnocchi.f66cbbe2-71b5-436e-81fd-a35ae378b306" 201 - "PUT http://172.20.0.100:6001/d1/990/AUTH_99d4e95f41064070a11757847c28d91f/gnocchi.f66cbbe2-71b5-436e-81fd-a35ae378b306" "tx82f4f1f4360d495abf0b1-00697b7a83" "container-server 22" 0.0043 "-" 22 0
Jan 29 15:19:31 standalone container-server[129494]: 172.20.0.100 - - [29/Jan/2026:15:19:31 +0000] "PUT /d1/990/AUTH_99d4e95f41064070a11757847c28d91f/gnocchi.f66cbbe2-71b5-436e-81fd-a35ae378b306" 201 - "PUT http://172.18.0.2:8080/v1/AUTH_99d4e95f41064070a11757847c28d91f/gnocchi.f66cbbe2-71b5-436e-81fd-a35ae378b306" "tx82f4f1f4360d495abf0b1-00697b7a83" "proxy-server 20" 0.0166 "-" 22 0
Jan 29 15:19:31 standalone proxy-server[131326]: 172.18.0.2 172.18.0.100 29/Jan/2026/15/19/31 PUT /v1/AUTH_99d4e95f41064070a11757847c28d91f/gnocchi.f66cbbe2-71b5-436e-81fd-a35ae378b306 HTTP/1.0 201 - python-swiftclient-3.11.1 gAAAAABpe3n4LCGJ... - - - tx82f4f1f4360d495abf0b1-00697b7a83 - 0.0216 - - 1769699971.922265768 1769699971.943909883 0
Jan 29 15:19:31 standalone container-server[129491]: 172.20.0.100 - - [29/Jan/2026:15:19:31 +0000] "HEAD /d1/990/AUTH_99d4e95f41064070a11757847c28d91f/gnocchi.f66cbbe2-71b5-436e-81fd-a35ae378b306" 204 - "HEAD http://172.18.0.2:8080/v1/AUTH_99d4e95f41064070a11757847c28d91f/gnocchi.f66cbbe2-71b5-436e-81fd-a35ae378b306?format=json&states=listing" "tx112f8b5a7de94cdf9ca86-00697b7a83" "proxy-server 20" 0.0015 "-" 21 0
Jan 29 15:19:31 standalone proxy-server[131326]: - - 29/Jan/2026/15/19/31 HEAD /v1/AUTH_99d4e95f41064070a11757847c28d91f/gnocchi.f66cbbe2-71b5-436e-81fd-a35ae378b306%3Fformat%3Djson%26states%3Dlisting HTTP/1.0 204 - Swift - - - - tx112f8b5a7de94cdf9ca86-00697b7a83 - 0.0052 RL - 1769699971.950594664 1769699971.955830336 0
Jan 29 15:19:31 standalone container-server[129475]: 172.20.0.100 - - [29/Jan/2026:15:19:31 +0000] "GET /d1/990/AUTH_99d4e95f41064070a11757847c28d91f/gnocchi.f66cbbe2-71b5-436e-81fd-a35ae378b306" 200 2 "GET http://172.18.0.2:8080/v1/AUTH_99d4e95f41064070a11757847c28d91f/gnocchi.f66cbbe2-71b5-436e-81fd-a35ae378b306?format=json&states=listing" "tx112f8b5a7de94cdf9ca86-00697b7a83" "proxy-server 20" 0.0030 "-" 19 0
Jan 29 15:19:31 standalone proxy-server[131326]: 172.18.0.2 172.18.0.100 29/Jan/2026/15/19/31 GET /v1/AUTH_99d4e95f41064070a11757847c28d91f/gnocchi.f66cbbe2-71b5-436e-81fd-a35ae378b306%3Fformat%3Djson%26states%3Dlisting HTTP/1.0 200 - python-swiftclient-3.11.1 gAAAAABpe3n4LCGJ... - 2 - tx112f8b5a7de94cdf9ca86-00697b7a83 - 0.0173 - - 1769699971.949152708 1769699971.966456652 0
Jan 29 15:19:31 standalone object-server[129745]: 172.20.0.100 - - [29/Jan/2026:15:19:31 +0000] "GET /d1/283/AUTH_99d4e95f41064070a11757847c28d91f/gnocchi.f66cbbe2-71b5-436e-81fd-a35ae378b306/1769040000.0_mean_300.0_v3" 404 70 "GET http://172.18.0.2:8080/v1/AUTH_99d4e95f41064070a11757847c28d91f/gnocchi.f66cbbe2-71b5-436e-81fd-a35ae378b306/1769040000.0_mean_300.0_v3" "txaec90a95780140698e131-00697b7a83" "proxy-server 20" 0.0004 "-" 21 0
Jan 29 15:19:31 standalone proxy-server[131326]: 172.18.0.2 172.18.0.100 29/Jan/2026/15/19/31 GET /v1/AUTH_99d4e95f41064070a11757847c28d91f/gnocchi.f66cbbe2-71b5-436e-81fd-a35ae378b306/1769040000.0_mean_300.0_v3 HTTP/1.0 404 - python-swiftclient-3.11.1 gAAAAABpe3n4LCGJ... - 70 - txaec90a95780140698e131-00697b7a83 - 0.0062 - - 1769699971.976095915 1769699971.982275248 0
Jan 29 15:19:32 standalone container-server[129491]: 172.20.0.100 - - [29/Jan/2026:15:19:32 +0000] "PUT /d1/990/AUTH_99d4e95f41064070a11757847c28d91f/gnocchi.f66cbbe2-71b5-436e-81fd-a35ae378b306/1769040000.0_mean_300.0_v3" 201 - "PUT http://172.18.0.2:8080/d1/283/AUTH_99d4e95f41064070a11757847c28d91f/gnocchi.f66cbbe2-71b5-436e-81fd-a35ae378b306/1769040000.0_mean_300.0_v3" "tx3e08540ef655467ea65fb-00697b7a83" "object-server 21" 0.0007 "-" 21 0
Jan 29 15:19:32 standalone object-server[129745]: 172.20.0.100 - - [29/Jan/2026:15:19:32 +0000] "PUT /d1/283/AUTH_99d4e95f41064070a11757847c28d91f/gnocchi.f66cbbe2-71b5-436e-81fd-a35ae378b306/1769040000.0_mean_300.0_v3" 201 - "PUT http://172.18.0.2:8080/v1/AUTH_99d4e95f41064070a11757847c28d91f/gnocchi.f66cbbe2-71b5-436e-81fd-a35ae378b306/1769040000.0_mean_300.0_v3" "tx3e08540ef655467ea65fb-00697b7a83" "proxy-server 20" 0.0116 "-" 21 0
Jan 29 15:19:32 standalone proxy-server[131326]: 172.18.0.2 172.18.0.100 29/Jan/2026/15/19/32 PUT /v1/AUTH_99d4e95f41064070a11757847c28d91f/gnocchi.f66cbbe2-71b5-436e-81fd-a35ae378b306/1769040000.0_mean_300.0_v3 HTTP/1.0 201 - python-swiftclient-3.11.1 gAAAAABpe3n4LCGJ... 16 - - tx3e08540ef655467ea65fb-00697b7a83 - 0.0181 - - 1769699971.990458727 1769699972.008553982 0
Jan 29 15:19:32 standalone container-server[129491]: 172.20.0.100 - - [29/Jan/2026:15:19:32 +0000] "PUT /d1/990/AUTH_99d4e95f41064070a11757847c28d91f/gnocchi.f66cbbe2-71b5-436e-81fd-a35ae378b306/none_v3" 201 - "PUT http://172.18.0.2:8080/d1/162/AUTH_99d4e95f41064070a11757847c28d91f/gnocchi.f66cbbe2-71b5-436e-81fd-a35ae378b306/none_v3" "tx438e0f900a95450797b30-00697b7a84" "object-server 22" 0.0015 "-" 21 0
Jan 29 15:19:32 standalone object-server[129759]: 172.20.0.100 - - [29/Jan/2026:15:19:32 +0000] "PUT /d1/162/AUTH_99d4e95f41064070a11757847c28d91f/gnocchi.f66cbbe2-71b5-436e-81fd-a35ae378b306/none_v3" 201 - "PUT http://172.18.0.2:8080/v1/AUTH_99d4e95f41064070a11757847c28d91f/gnocchi.f66cbbe2-71b5-436e-81fd-a35ae378b306/none_v3" "tx438e0f900a95450797b30-00697b7a84" "proxy-server 20" 0.0169 "-" 22 0
Jan 29 15:19:32 standalone proxy-server[131326]: 172.18.0.2 172.18.0.100 29/Jan/2026/15/19/32 PUT /v1/AUTH_99d4e95f41064070a11757847c28d91f/gnocchi.f66cbbe2-71b5-436e-81fd-a35ae378b306/none_v3 HTTP/1.0 201 - python-swiftclient-3.11.1 gAAAAABpe3n4LCGJ... 22 - - tx438e0f900a95450797b30-00697b7a84 - 0.0248 - - 1769699972.013197899 1769699972.038041115 0
Jan 29 15:19:32 standalone container-server[129475]: 172.20.0.100 - - [29/Jan/2026:15:19:32 +0000] "HEAD /d1/574/AUTH_99d4e95f41064070a11757847c28d91f/gnocchi.da6261b3-f2e4-49de-931f-fb859f963d5b" 404 - "HEAD http://172.18.0.2:8080/v1/AUTH_99d4e95f41064070a11757847c28d91f/gnocchi.da6261b3-f2e4-49de-931f-fb859f963d5b?format=json&states=listing" "txd8101a81c8a44dc59412a-00697b7a84" "proxy-server 20" 0.0015 "-" 19 0
Jan 29 15:19:32 standalone object-server[129762]: 172.20.0.100 - - [29/Jan/2026:15:19:32 +0000] "GET /d1/70/AUTH_99d4e95f41064070a11757847c28d91f/gnocchi.da6261b3-f2e4-49de-931f-fb859f963d5b/none_v3" 404 70 "GET http://172.18.0.2:8080/v1/AUTH_99d4e95f41064070a11757847c28d91f/gnocchi.da6261b3-f2e4-49de-931f-fb859f963d5b/none_v3" "txd8101a81c8a44dc59412a-00697b7a84" "proxy-server 20" 0.0005 "-" 25 0
Jan 29 15:19:32 standalone proxy-server[131326]: 172.18.0.2 172.18.0.100 29/Jan/2026/15/19/32 GET /v1/AUTH_99d4e95f41064070a11757847c28d91f/gnocchi.da6261b3-f2e4-49de-931f-fb859f963d5b/none_v3 HTTP/1.0 404 - python-swiftclient-3.11.1 gAAAAABpe3n4LCGJ... - 70 - txd8101a81c8a44dc59412a-00697b7a84 - 0.0209 - - 1769699972.055781364 1769699972.076711655 0
Jan 29 15:19:32 standalone account-server[129469]: 172.20.0.100 - - [29/Jan/2026:15:19:32 +0000] "PUT /d1/796/AUTH_99d4e95f41064070a11757847c28d91f/gnocchi.da6261b3-f2e4-49de-931f-fb859f963d5b" 201 - "PUT http://172.20.0.100:6001/d1/574/AUTH_99d4e95f41064070a11757847c28d91f/gnocchi.da6261b3-f2e4-49de-931f-fb859f963d5b" "tx885fdecfef594849b6148-00697b7a84" "container-server 23" 0.0076 "-" 22 0
Jan 29 15:19:32 standalone container-server[129508]: 172.20.0.100 - - [29/Jan/2026:15:19:32 +0000] "PUT /d1/574/AUTH_99d4e95f41064070a11757847c28d91f/gnocchi.da6261b3-f2e4-49de-931f-fb859f963d5b" 201 - "PUT http://172.18.0.2:8080/v1/AUTH_99d4e95f41064070a11757847c28d91f/gnocchi.da6261b3-f2e4-49de-931f-fb859f963d5b" "tx885fdecfef594849b6148-00697b7a84" "proxy-server 20" 0.0291 "-" 23 0
Jan 29 15:19:32 standalone proxy-server[131326]: 172.18.0.2 172.18.0.100 29/Jan/2026/15/19/32 PUT /v1/AUTH_99d4e95f41064070a11757847c28d91f/gnocchi.da6261b3-f2e4-49de-931f-fb859f963d5b HTTP/1.0 201 - python-swiftclient-3.11.1 gAAAAABpe3n4LCGJ... - - - tx885fdecfef594849b6148-00697b7a84 - 0.0389 - - 1769699972.084123611 1769699972.123034716 0
Jan 29 15:19:32 standalone container-server[129491]: 172.20.0.100 - - [29/Jan/2026:15:19:32 +0000] "HEAD /d1/574/AUTH_99d4e95f41064070a11757847c28d91f/gnocchi.da6261b3-f2e4-49de-931f-fb859f963d5b" 204 - "HEAD http://172.18.0.2:8080/v1/AUTH_99d4e95f41064070a11757847c28d91f/gnocchi.da6261b3-f2e4-49de-931f-fb859f963d5b?format=json&states=listing" "txb1b8740887654cd99fb69-00697b7a84" "proxy-server 20" 0.0023 "-" 21 0
Jan 29 15:19:32 standalone proxy-server[131326]: - - 29/Jan/2026/15/19/32 HEAD /v1/AUTH_99d4e95f41064070a11757847c28d91f/gnocchi.da6261b3-f2e4-49de-931f-fb859f963d5b%3Fformat%3Djson%26states%3Dlisting HTTP/1.0 204 - Swift - - - - txb1b8740887654cd99fb69-00697b7a84 - 0.0082 RL - 1769699972.131459951 1769699972.139654875 0
Jan 29 15:19:32 standalone container-server[129508]: 172.20.0.100 - - [29/Jan/2026:15:19:32 +0000] "GET /d1/574/AUTH_99d4e95f41064070a11757847c28d91f/gnocchi.da6261b3-f2e4-49de-931f-fb859f963d5b" 200 2 "GET http://172.18.0.2:8080/v1/AUTH_99d4e95f41064070a11757847c28d91f/gnocchi.da6261b3-f2e4-49de-931f-fb859f963d5b?format=json&states=listing" "txb1b8740887654cd99fb69-00697b7a84" "proxy-server 20" 0.0039 "-" 23 0
Jan 29 15:19:32 standalone proxy-server[131326]: 172.18.0.2 172.18.0.100 29/Jan/2026/15/19/32 GET /v1/AUTH_99d4e95f41064070a11757847c28d91f/gnocchi.da6261b3-f2e4-49de-931f-fb859f963d5b%3Fformat%3Djson%26states%3Dlisting HTTP/1.0 200 - python-swiftclient-3.11.1 gAAAAABpe3n4LCGJ... - 2 - txb1b8740887654cd99fb69-00697b7a84 - 0.0270 - - 1769699972.129440546 1769699972.156461477 0
Jan 29 15:19:32 standalone object-server[129759]: 172.20.0.100 - - [29/Jan/2026:15:19:32 +0000] "GET /d1/722/AUTH_99d4e95f41064070a11757847c28d91f/gnocchi.da6261b3-f2e4-49de-931f-fb859f963d5b/1769040000.0_mean_300.0_v3" 404 70 "GET http://172.18.0.2:8080/v1/AUTH_99d4e95f41064070a11757847c28d91f/gnocchi.da6261b3-f2e4-49de-931f-fb859f963d5b/1769040000.0_mean_300.0_v3" "tx350ca6ded12545c8b7120-00697b7a84" "proxy-server 20" 0.0005 "-" 22 0
Jan 29 15:19:32 standalone proxy-server[131326]: 172.18.0.2 172.18.0.100 29/Jan/2026/15/19/32 GET /v1/AUTH_99d4e95f41064070a11757847c28d91f/gnocchi.da6261b3-f2e4-49de-931f-fb859f963d5b/1769040000.0_mean_300.0_v3 HTTP/1.0 404 - python-swiftclient-3.11.1 gAAAAABpe3n4LCGJ... - 70 - tx350ca6ded12545c8b7120-00697b7a84 - 0.0080 - - 1769699972.163621664 1769699972.171603680 0
Jan 29 15:19:32 standalone container-server[129508]: 172.20.0.100 - - [29/Jan/2026:15:19:32 +0000] "PUT /d1/574/AUTH_99d4e95f41064070a11757847c28d91f/gnocchi.da6261b3-f2e4-49de-931f-fb859f963d5b/1769040000.0_mean_300.0_v3" 201 - "PUT http://172.18.0.2:8080/d1/722/AUTH_99d4e95f41064070a11757847c28d91f/gnocchi.da6261b3-f2e4-49de-931f-fb859f963d5b/1769040000.0_mean_300.0_v3" "tx43fbbf645e12482ea8c11-00697b7a84" "object-server 23" 0.0016 "-" 23 0
Jan 29 15:19:32 standalone object-server[129760]: 172.20.0.100 - - [29/Jan/2026:15:19:32 +0000] "PUT /d1/722/AUTH_99d4e95f41064070a11757847c28d91f/gnocchi.da6261b3-f2e4-49de-931f-fb859f963d5b/1769040000.0_mean_300.0_v3" 201 - "PUT http://172.18.0.2:8080/v1/AUTH_99d4e95f41064070a11757847c28d91f/gnocchi.da6261b3-f2e4-49de-931f-fb859f963d5b/1769040000.0_mean_300.0_v3" "tx43fbbf645e12482ea8c11-00697b7a84" "proxy-server 20" 0.0146 "-" 23 0
Jan 29 15:19:32 standalone proxy-server[131326]: 172.18.0.2 172.18.0.100 29/Jan/2026/15/19/32 PUT /v1/AUTH_99d4e95f41064070a11757847c28d91f/gnocchi.da6261b3-f2e4-49de-931f-fb859f963d5b/1769040000.0_mean_300.0_v3 HTTP/1.0 201 - python-swiftclient-3.11.1 gAAAAABpe3n4LCGJ... 16 - - tx43fbbf645e12482ea8c11-00697b7a84 - 0.0235 - - 1769699972.176416874 1769699972.199958324 0
Jan 29 15:19:32 standalone container-server[129508]: 172.20.0.100 - - [29/Jan/2026:15:19:32 +0000] "PUT /d1/574/AUTH_99d4e95f41064070a11757847c28d91f/gnocchi.da6261b3-f2e4-49de-931f-fb859f963d5b/none_v3" 201 - "PUT http://172.18.0.2:8080/d1/70/AUTH_99d4e95f41064070a11757847c28d91f/gnocchi.da6261b3-f2e4-49de-931f-fb859f963d5b/none_v3" "tx22904a27613b4131a2a36-00697b7a84" "object-server 21" 0.0015 "-" 23 0
Jan 29 15:19:32 standalone object-server[129745]: 172.20.0.100 - - [29/Jan/2026:15:19:32 +0000] "PUT /d1/70/AUTH_99d4e95f41064070a11757847c28d91f/gnocchi.da6261b3-f2e4-49de-931f-fb859f963d5b/none_v3" 201 - "PUT http://172.18.0.2:8080/v1/AUTH_99d4e95f41064070a11757847c28d91f/gnocchi.da6261b3-f2e4-49de-931f-fb859f963d5b/none_v3" "tx22904a27613b4131a2a36-00697b7a84" "proxy-server 20" 0.0207 "-" 21 0
Jan 29 15:19:32 standalone proxy-server[131326]: 172.18.0.2 172.18.0.100 29/Jan/2026/15/19/32 PUT /v1/AUTH_99d4e95f41064070a11757847c28d91f/gnocchi.da6261b3-f2e4-49de-931f-fb859f963d5b/none_v3 HTTP/1.0 201 - python-swiftclient-3.11.1 gAAAAABpe3n4LCGJ... 22 - - tx22904a27613b4131a2a36-00697b7a84 - 0.0311 - - 1769699972.205478907 1769699972.236543417 0
Jan 29 15:19:39 standalone container-server[129323]: Begin container update sweep
Jan 29 15:19:39 standalone account-server[129454]: 172.20.0.100 - - [29/Jan/2026:15:19:39 +0000] "PUT /d1/796/AUTH_99d4e95f41064070a11757847c28d91f/gnocchi.d5d5bb38-f759-4002-9e34-8606025cc1c8" 201 - "-" "-" "container-updater 2" 0.0010 "-" 20 0
Jan 29 15:19:39 standalone account-server[129467]: 172.20.0.100 - - [29/Jan/2026:15:19:39 +0000] "PUT /d1/796/AUTH_99d4e95f41064070a11757847c28d91f/gnocchi.e4118470-6a48-41f9-8b28-2ce5453c82f9" 201 - "-" "-" "container-updater 2" 0.0004 "-" 21 0
Jan 29 15:19:40 standalone account-server[129454]: 172.20.0.100 - - [29/Jan/2026:15:19:40 +0000] "PUT /d1/796/AUTH_99d4e95f41064070a11757847c28d91f/gnocchi.c24d3f31-0564-4274-8fd7-6008a73e671e" 201 - "-" "-" "container-updater 2" 0.0005 "-" 20 0
Jan 29 15:19:40 standalone account-server[129469]: 172.20.0.100 - - [29/Jan/2026:15:19:40 +0000] "PUT /d1/796/AUTH_99d4e95f41064070a11757847c28d91f/gnocchi.bb245050-1ad3-4b17-a950-295616fafb64" 201 - "-" "-" "container-updater 2" 0.0010 "-" 22 0
Jan 29 15:19:40 standalone account-server[129467]: 172.20.0.100 - - [29/Jan/2026:15:19:40 +0000] "PUT /d1/796/AUTH_99d4e95f41064070a11757847c28d91f/gnocchi.5dcc6373-309e-45ea-aaf2-6617cb6abe0d" 201 - "-" "-" "container-updater 2" 0.0010 "-" 21 0
Jan 29 15:19:40 standalone account-server[129471]: 172.20.0.100 - - [29/Jan/2026:15:19:40 +0000] "PUT /d1/796/AUTH_99d4e95f41064070a11757847c28d91f/gnocchi.2e337fee-068d-43b8-9c32-4fcb22df95f8" 201 - "-" "-" "container-updater 2" 0.0008 "-" 23 0
Jan 29 15:19:40 standalone account-server[129469]: 172.20.0.100 - - [29/Jan/2026:15:19:40 +0000] "PUT /d1/796/AUTH_99d4e95f41064070a11757847c28d91f/gnocchi.456664c6-d779-43ed-a4e9-112955f6e012" 201 - "-" "-" "container-updater 2" 0.0010 "-" 22 0
Jan 29 15:19:40 standalone account-server[129469]: 172.20.0.100 - - [29/Jan/2026:15:19:40 +0000] "PUT /d1/796/AUTH_99d4e95f41064070a11757847c28d91f/gnocchi.da6261b3-f2e4-49de-931f-fb859f963d5b" 201 - "-" "-" "container-updater 2" 0.0007 "-" 22 0
Jan 29 15:19:40 standalone account-server[129454]: 172.20.0.100 - - [29/Jan/2026:15:19:40 +0000] "PUT /d1/796/AUTH_99d4e95f41064070a11757847c28d91f/gnocchi.223dd32c-f58a-492f-8999-45979554cac6" 201 - "-" "-" "container-updater 2" 0.0006 "-" 20 0
Jan 29 15:19:40 standalone account-server[129471]: 172.20.0.100 - - [29/Jan/2026:15:19:40 +0000] "PUT /d1/796/AUTH_99d4e95f41064070a11757847c28d91f/gnocchi.34a1562a-7eef-470f-a26c-ec66b0f7890c" 201 - "-" "-" "container-updater 2" 0.0011 "-" 23 0
Jan 29 15:19:40 standalone account-server[129467]: 172.20.0.100 - - [29/Jan/2026:15:19:40 +0000] "PUT /d1/796/AUTH_99d4e95f41064070a11757847c28d91f/gnocchi.476a49b1-ef66-4403-92ce-41071424a453" 201 - "-" "-" "container-updater 2" 0.0010 "-" 21 0
Jan 29 15:19:41 standalone account-server[129471]: 172.20.0.100 - - [29/Jan/2026:15:19:41 +0000] "PUT /d1/796/AUTH_99d4e95f41064070a11757847c28d91f/gnocchi.76680dcd-54c4-41bd-af14-c94a50d4b744" 201 - "-" "-" "container-updater 2" 0.0006 "-" 23 0
Jan 29 15:19:41 standalone account-server[129467]: 172.20.0.100 - - [29/Jan/2026:15:19:41 +0000] "PUT /d1/796/AUTH_99d4e95f41064070a11757847c28d91f/gnocchi.f66cbbe2-71b5-436e-81fd-a35ae378b306" 201 - "-" "-" "container-updater 2" 0.0005 "-" 21 0
Jan 29 15:19:41 standalone account-server[129471]: 172.20.0.100 - - [29/Jan/2026:15:19:41 +0000] "PUT /d1/796/AUTH_99d4e95f41064070a11757847c28d91f/gnocchi.3611bc29-b14c-40aa-a652-1c91a2fca1df" 201 - "-" "-" "container-updater 2" 0.0004 "-" 23 0
Jan 29 15:19:41 standalone account-server[129471]: 172.20.0.100 - - [29/Jan/2026:15:19:41 +0000] "PUT /d1/796/AUTH_99d4e95f41064070a11757847c28d91f/gnocchi.9ac3b172-bce7-46ab-8e37-5b90d87483eb" 201 - "-" "-" "container-updater 2" 0.0003 "-" 23 0
Jan 29 15:19:41 standalone account-server[129454]: 172.20.0.100 - - [29/Jan/2026:15:19:41 +0000] "PUT /d1/796/AUTH_99d4e95f41064070a11757847c28d91f/gnocchi.6ec33f45-f687-488d-b8b3-eaaf86ee6245" 201 - "-" "-" "container-updater 2" 0.0005 "-" 20 0
Jan 29 15:19:41 standalone container-server[129323]: Container update sweep completed: 1.64s
Jan 29 15:19:42 standalone container-server[129475]: 172.20.0.100 - - [29/Jan/2026:15:19:42 +0000] "HEAD /d1/535/AUTH_99d4e95f41064070a11757847c28d91f/gnocchi.622ecce3-bccb-4e65-bfff-e9bdfe25fe5c" 404 - "HEAD http://172.18.0.2:8080/v1/AUTH_99d4e95f41064070a11757847c28d91f/gnocchi.622ecce3-bccb-4e65-bfff-e9bdfe25fe5c?format=json&states=listing" "txfc612e97661045e2a804e-00697b7a8e" "proxy-server 20" 0.0005 "-" 19 0
Jan 29 15:19:42 standalone object-server[129745]: 172.20.0.100 - - [29/Jan/2026:15:19:42 +0000] "GET /d1/128/AUTH_99d4e95f41064070a11757847c28d91f/gnocchi.622ecce3-bccb-4e65-bfff-e9bdfe25fe5c/none_v3" 404 70 "GET http://172.18.0.2:8080/v1/AUTH_99d4e95f41064070a11757847c28d91f/gnocchi.622ecce3-bccb-4e65-bfff-e9bdfe25fe5c/none_v3" "txfc612e97661045e2a804e-00697b7a8e" "proxy-server 20" 0.0004 "-" 21 0
Jan 29 15:19:42 standalone proxy-server[131326]: 172.18.0.2 172.18.0.100 29/Jan/2026/15/19/42 GET /v1/AUTH_99d4e95f41064070a11757847c28d91f/gnocchi.622ecce3-bccb-4e65-bfff-e9bdfe25fe5c/none_v3 HTTP/1.0 404 - python-swiftclient-3.11.1 gAAAAABpe3n4LCGJ... - 70 - txfc612e97661045e2a804e-00697b7a8e - 0.0116 - - 1769699982.016252756 1769699982.027857304 0
Jan 29 15:19:42 standalone account-server[129471]: 172.20.0.100 - - [29/Jan/2026:15:19:42 +0000] "PUT /d1/796/AUTH_99d4e95f41064070a11757847c28d91f/gnocchi.622ecce3-bccb-4e65-bfff-e9bdfe25fe5c" 201 - "PUT http://172.20.0.100:6001/d1/535/AUTH_99d4e95f41064070a11757847c28d91f/gnocchi.622ecce3-bccb-4e65-bfff-e9bdfe25fe5c" "tx950b860d903e4f02aede1-00697b7a8e" "container-server 19" 0.0078 "-" 23 0
Jan 29 15:19:42 standalone container-server[129475]: 172.20.0.100 - - [29/Jan/2026:15:19:42 +0000] "PUT /d1/535/AUTH_99d4e95f41064070a11757847c28d91f/gnocchi.622ecce3-bccb-4e65-bfff-e9bdfe25fe5c" 201 - "PUT http://172.18.0.2:8080/v1/AUTH_99d4e95f41064070a11757847c28d91f/gnocchi.622ecce3-bccb-4e65-bfff-e9bdfe25fe5c" "tx950b860d903e4f02aede1-00697b7a8e" "proxy-server 20" 0.0191 "-" 19 0
Jan 29 15:19:42 standalone proxy-server[131326]: 172.18.0.2 172.18.0.100 29/Jan/2026/15/19/42 PUT /v1/AUTH_99d4e95f41064070a11757847c28d91f/gnocchi.622ecce3-bccb-4e65-bfff-e9bdfe25fe5c HTTP/1.0 201 - python-swiftclient-3.11.1 gAAAAABpe3n4LCGJ... - - - tx950b860d903e4f02aede1-00697b7a8e - 0.0245 - - 1769699982.031469584 1769699982.055978060 0
Jan 29 15:19:42 standalone container-server[129475]: 172.20.0.100 - - [29/Jan/2026:15:19:42 +0000] "HEAD /d1/535/AUTH_99d4e95f41064070a11757847c28d91f/gnocchi.622ecce3-bccb-4e65-bfff-e9bdfe25fe5c" 204 - "HEAD http://172.18.0.2:8080/v1/AUTH_99d4e95f41064070a11757847c28d91f/gnocchi.622ecce3-bccb-4e65-bfff-e9bdfe25fe5c?format=json&states=listing" "tx1f98fa6210e4451fb9327-00697b7a8e" "proxy-server 20" 0.0016 "-" 19 0
Jan 29 15:19:42 standalone proxy-server[131326]: - - 29/Jan/2026/15/19/42 HEAD /v1/AUTH_99d4e95f41064070a11757847c28d91f/gnocchi.622ecce3-bccb-4e65-bfff-e9bdfe25fe5c%3Fformat%3Djson%26states%3Dlisting HTTP/1.0 204 - Swift - - - - tx1f98fa6210e4451fb9327-00697b7a8e - 0.0050 RL - 1769699982.061715603 1769699982.066695929 0
Jan 29 15:19:42 standalone container-server[129508]: 172.20.0.100 - - [29/Jan/2026:15:19:42 +0000] "GET /d1/535/AUTH_99d4e95f41064070a11757847c28d91f/gnocchi.622ecce3-bccb-4e65-bfff-e9bdfe25fe5c" 200 2 "GET http://172.18.0.2:8080/v1/AUTH_99d4e95f41064070a11757847c28d91f/gnocchi.622ecce3-bccb-4e65-bfff-e9bdfe25fe5c?format=json&states=listing" "tx1f98fa6210e4451fb9327-00697b7a8e" "proxy-server 20" 0.0023 "-" 23 0
Jan 29 15:19:42 standalone proxy-server[131326]: 172.18.0.2 172.18.0.100 29/Jan/2026/15/19/42 GET /v1/AUTH_99d4e95f41064070a11757847c28d91f/gnocchi.622ecce3-bccb-4e65-bfff-e9bdfe25fe5c%3Fformat%3Djson%26states%3Dlisting HTTP/1.0 200 - python-swiftclient-3.11.1 gAAAAABpe3n4LCGJ... - 2 - tx1f98fa6210e4451fb9327-00697b7a8e - 0.0179 - - 1769699982.059435606 1769699982.077385187 0
Jan 29 15:19:42 standalone object-server[129760]: 172.20.0.100 - - [29/Jan/2026:15:19:42 +0000] "GET /d1/184/AUTH_99d4e95f41064070a11757847c28d91f/gnocchi.622ecce3-bccb-4e65-bfff-e9bdfe25fe5c/1769040000.0_mean_300.0_v3" 404 70 "GET http://172.18.0.2:8080/v1/AUTH_99d4e95f41064070a11757847c28d91f/gnocchi.622ecce3-bccb-4e65-bfff-e9bdfe25fe5c/1769040000.0_mean_300.0_v3" "tx640a5d70eeca4112981f0-00697b7a8e" "proxy-server 20" 0.0003 "-" 23 0
Jan 29 15:19:42 standalone proxy-server[131326]: 172.18.0.2 172.18.0.100 29/Jan/2026/15/19/42 GET /v1/AUTH_99d4e95f41064070a11757847c28d91f/gnocchi.622ecce3-bccb-4e65-bfff-e9bdfe25fe5c/1769040000.0_mean_300.0_v3 HTTP/1.0 404 - python-swiftclient-3.11.1 gAAAAABpe3n4LCGJ... - 70 - tx640a5d70eeca4112981f0-00697b7a8e - 0.0052 - - 1769699982.081322432 1769699982.086525440 0
Jan 29 15:19:42 standalone container-server[129491]: 172.20.0.100 - - [29/Jan/2026:15:19:42 +0000] "PUT /d1/535/AUTH_99d4e95f41064070a11757847c28d91f/gnocchi.622ecce3-bccb-4e65-bfff-e9bdfe25fe5c/1769040000.0_mean_300.0_v3" 201 - "PUT http://172.18.0.2:8080/d1/184/AUTH_99d4e95f41064070a11757847c28d91f/gnocchi.622ecce3-bccb-4e65-bfff-e9bdfe25fe5c/1769040000.0_mean_300.0_v3" "tx99a47f49828b4f728eafc-00697b7a8e" "object-server 21" 0.0005 "-" 21 0
Jan 29 15:19:42 standalone object-server[129745]: 172.20.0.100 - - [29/Jan/2026:15:19:42 +0000] "PUT /d1/184/AUTH_99d4e95f41064070a11757847c28d91f/gnocchi.622ecce3-bccb-4e65-bfff-e9bdfe25fe5c/1769040000.0_mean_300.0_v3" 201 - "PUT http://172.18.0.2:8080/v1/AUTH_99d4e95f41064070a11757847c28d91f/gnocchi.622ecce3-bccb-4e65-bfff-e9bdfe25fe5c/1769040000.0_mean_300.0_v3" "tx99a47f49828b4f728eafc-00697b7a8e" "proxy-server 20" 0.0099 "-" 21 0
Jan 29 15:19:42 standalone proxy-server[131326]: 172.18.0.2 172.18.0.100 29/Jan/2026/15/19/42 PUT /v1/AUTH_99d4e95f41064070a11757847c28d91f/gnocchi.622ecce3-bccb-4e65-bfff-e9bdfe25fe5c/1769040000.0_mean_300.0_v3 HTTP/1.0 201 - python-swiftclient-3.11.1 gAAAAABpe3n4LCGJ... 16 - - tx99a47f49828b4f728eafc-00697b7a8e - 0.0192 - - 1769699982.089881420 1769699982.109096289 0
Jan 29 15:19:42 standalone container-server[129491]: 172.20.0.100 - - [29/Jan/2026:15:19:42 +0000] "PUT /d1/535/AUTH_99d4e95f41064070a11757847c28d91f/gnocchi.622ecce3-bccb-4e65-bfff-e9bdfe25fe5c/none_v3" 201 - "PUT http://172.18.0.2:8080/d1/128/AUTH_99d4e95f41064070a11757847c28d91f/gnocchi.622ecce3-bccb-4e65-bfff-e9bdfe25fe5c/none_v3" "txc96a96476fa84d13ab3b1-00697b7a8e" "object-server 23" 0.0003 "-" 21 0
Jan 29 15:19:42 standalone object-server[129760]: 172.20.0.100 - - [29/Jan/2026:15:19:42 +0000] "PUT /d1/128/AUTH_99d4e95f41064070a11757847c28d91f/gnocchi.622ecce3-bccb-4e65-bfff-e9bdfe25fe5c/none_v3" 201 - "PUT http://172.18.0.2:8080/v1/AUTH_99d4e95f41064070a11757847c28d91f/gnocchi.622ecce3-bccb-4e65-bfff-e9bdfe25fe5c/none_v3" "txc96a96476fa84d13ab3b1-00697b7a8e" "proxy-server 20" 0.0082 "-" 23 0
Jan 29 15:19:42 standalone proxy-server[131326]: 172.18.0.2 172.18.0.100 29/Jan/2026/15/19/42 PUT /v1/AUTH_99d4e95f41064070a11757847c28d91f/gnocchi.622ecce3-bccb-4e65-bfff-e9bdfe25fe5c/none_v3 HTTP/1.0 201 - python-swiftclient-3.11.1 gAAAAABpe3n4LCGJ... 22 - - txc96a96476fa84d13ab3b1-00697b7a8e - 0.0137 - - 1769699982.111967325 1769699982.125622511 0
Jan 29 15:19:48 standalone object-server[129745]: 172.20.0.100 - - [29/Jan/2026:15:19:48 +0000] "GET /d1/128/AUTH_99d4e95f41064070a11757847c28d91f/gnocchi.622ecce3-bccb-4e65-bfff-e9bdfe25fe5c/none_v3" 200 22 "GET http://172.18.0.2:8080/v1/AUTH_99d4e95f41064070a11757847c28d91f/gnocchi.622ecce3-bccb-4e65-bfff-e9bdfe25fe5c/none_v3" "txab09021a942c4365a1bd9-00697b7a94" "proxy-server 20" 0.0012 "-" 21 0
Jan 29 15:19:48 standalone proxy-server[131326]: 172.18.0.2 172.18.0.100 29/Jan/2026/15/19/48 GET /v1/AUTH_99d4e95f41064070a11757847c28d91f/gnocchi.622ecce3-bccb-4e65-bfff-e9bdfe25fe5c/none_v3 HTTP/1.0 200 - python-swiftclient-3.11.1 gAAAAABpe3n4LCGJ... - 22 - txab09021a942c4365a1bd9-00697b7a94 - 0.0088 - - 1769699988.031518698 1769699988.040355444 0
Jan 29 15:19:48 standalone container-server[129491]: 172.20.0.100 - - [29/Jan/2026:15:19:48 +0000] "GET /d1/535/AUTH_99d4e95f41064070a11757847c28d91f/gnocchi.622ecce3-bccb-4e65-bfff-e9bdfe25fe5c" 200 357 "GET http://172.18.0.2:8080/v1/AUTH_99d4e95f41064070a11757847c28d91f/gnocchi.622ecce3-bccb-4e65-bfff-e9bdfe25fe5c?format=json&states=listing" "txc4bf317dcc2d4d1b84ebd-00697b7a94" "proxy-server 20" 0.0089 "-" 21 0
Jan 29 15:19:48 standalone proxy-server[131326]: 172.18.0.2 172.18.0.100 29/Jan/2026/15/19/48 GET /v1/AUTH_99d4e95f41064070a11757847c28d91f/gnocchi.622ecce3-bccb-4e65-bfff-e9bdfe25fe5c%3Fformat%3Djson%26states%3Dlisting HTTP/1.0 200 - python-swiftclient-3.11.1 gAAAAABpe3n4LCGJ... - 357 - txc4bf317dcc2d4d1b84ebd-00697b7a94 - 0.0153 - - 1769699988.043950081 1769699988.059262514 0
Jan 29 15:19:48 standalone container-server[129491]: 172.20.0.100 - - [29/Jan/2026:15:19:48 +0000] "GET /d1/535/AUTH_99d4e95f41064070a11757847c28d91f/gnocchi.622ecce3-bccb-4e65-bfff-e9bdfe25fe5c" 200 2 "GET http://172.18.0.2:8080/v1/AUTH_99d4e95f41064070a11757847c28d91f/gnocchi.622ecce3-bccb-4e65-bfff-e9bdfe25fe5c?format=json&marker=none_v3&states=listing" "tx7d6790334d0342b3bfb3e-00697b7a94" "proxy-server 20" 0.0021 "-" 21 0
Jan 29 15:19:48 standalone proxy-server[131326]: 172.18.0.2 172.18.0.100 29/Jan/2026/15/19/48 GET /v1/AUTH_99d4e95f41064070a11757847c28d91f/gnocchi.622ecce3-bccb-4e65-bfff-e9bdfe25fe5c%3Fformat%3Djson%26marker%3Dnone_v3%26states%3Dlisting HTTP/1.0 200 - python-swiftclient-3.11.1 gAAAAABpe3n4LCGJ... - 2 - tx7d6790334d0342b3bfb3e-00697b7a94 - 0.0089 - - 1769699988.062067986 1769699988.070950747 0
Jan 29 15:19:48 standalone object-server[129745]: 172.20.0.100 - - [29/Jan/2026:15:19:48 +0000] "GET /d1/184/AUTH_99d4e95f41064070a11757847c28d91f/gnocchi.622ecce3-bccb-4e65-bfff-e9bdfe25fe5c/1769040000.0_mean_300.0_v3" 200 16 "GET http://172.18.0.2:8080/v1/AUTH_99d4e95f41064070a11757847c28d91f/gnocchi.622ecce3-bccb-4e65-bfff-e9bdfe25fe5c/1769040000.0_mean_300.0_v3" "tx584ee256b422410d96090-00697b7a94" "proxy-server 20" 0.0008 "-" 21 0
Jan 29 15:19:48 standalone proxy-server[131326]: 172.18.0.2 172.18.0.100 29/Jan/2026/15/19/48 GET /v1/AUTH_99d4e95f41064070a11757847c28d91f/gnocchi.622ecce3-bccb-4e65-bfff-e9bdfe25fe5c/1769040000.0_mean_300.0_v3 HTTP/1.0 200 - python-swiftclient-3.11.1 gAAAAABpe3n4LCGJ... - 16 - tx584ee256b422410d96090-00697b7a94 - 0.0070 - - 1769699988.078003168 1769699988.084955215 0
Jan 29 15:19:48 standalone container-server[129475]: 172.20.0.100 - - [29/Jan/2026:15:19:48 +0000] "PUT /d1/535/AUTH_99d4e95f41064070a11757847c28d91f/gnocchi.622ecce3-bccb-4e65-bfff-e9bdfe25fe5c/1769040000.0_mean_300.0_v3" 201 - "PUT http://172.18.0.2:8080/d1/184/AUTH_99d4e95f41064070a11757847c28d91f/gnocchi.622ecce3-bccb-4e65-bfff-e9bdfe25fe5c/1769040000.0_mean_300.0_v3" "tx740ef6f24afa4cfe9fb64-00697b7a94" "object-server 21" 0.0006 "-" 19 0
Jan 29 15:19:48 standalone object-server[129745]: 172.20.0.100 - - [29/Jan/2026:15:19:48 +0000] "PUT /d1/184/AUTH_99d4e95f41064070a11757847c28d91f/gnocchi.622ecce3-bccb-4e65-bfff-e9bdfe25fe5c/1769040000.0_mean_300.0_v3" 201 - "PUT http://172.18.0.2:8080/v1/AUTH_99d4e95f41064070a11757847c28d91f/gnocchi.622ecce3-bccb-4e65-bfff-e9bdfe25fe5c/1769040000.0_mean_300.0_v3" "tx740ef6f24afa4cfe9fb64-00697b7a94" "proxy-server 20" 0.0111 "-" 21 0
Jan 29 15:19:48 standalone proxy-server[131326]: 172.18.0.2 172.18.0.100 29/Jan/2026/15/19/48 PUT /v1/AUTH_99d4e95f41064070a11757847c28d91f/gnocchi.622ecce3-bccb-4e65-bfff-e9bdfe25fe5c/1769040000.0_mean_300.0_v3 HTTP/1.0 201 - python-swiftclient-3.11.1 gAAAAABpe3n4LCGJ... 16 - - tx740ef6f24afa4cfe9fb64-00697b7a94 - 0.0167 - - 1769699988.088172197 1769699988.104843378 0
Jan 29 15:19:48 standalone container-server[129491]: 172.20.0.100 - - [29/Jan/2026:15:19:48 +0000] "PUT /d1/535/AUTH_99d4e95f41064070a11757847c28d91f/gnocchi.622ecce3-bccb-4e65-bfff-e9bdfe25fe5c/none_v3" 201 - "PUT http://172.18.0.2:8080/d1/128/AUTH_99d4e95f41064070a11757847c28d91f/gnocchi.622ecce3-bccb-4e65-bfff-e9bdfe25fe5c/none_v3" "txe8eccc800c084a9681096-00697b7a94" "object-server 22" 0.0011 "-" 21 0
Jan 29 15:19:48 standalone object-server[129759]: 172.20.0.100 - - [29/Jan/2026:15:19:48 +0000] "PUT /d1/128/AUTH_99d4e95f41064070a11757847c28d91f/gnocchi.622ecce3-bccb-4e65-bfff-e9bdfe25fe5c/none_v3" 201 - "PUT http://172.18.0.2:8080/v1/AUTH_99d4e95f41064070a11757847c28d91f/gnocchi.622ecce3-bccb-4e65-bfff-e9bdfe25fe5c/none_v3" "txe8eccc800c084a9681096-00697b7a94" "proxy-server 20" 0.0148 "-" 22 0
Jan 29 15:19:48 standalone proxy-server[131326]: 172.18.0.2 172.18.0.100 29/Jan/2026/15/19/48 PUT /v1/AUTH_99d4e95f41064070a11757847c28d91f/gnocchi.622ecce3-bccb-4e65-bfff-e9bdfe25fe5c/none_v3 HTTP/1.0 201 - python-swiftclient-3.11.1 gAAAAABpe3n4LCGJ... 32 - - txe8eccc800c084a9681096-00697b7a94 - 0.0221 - - 1769699988.110049963 1769699988.132107019 0
Jan 29 15:20:08 standalone container-server[129494]: 172.20.0.100 - - [29/Jan/2026:15:20:08 +0000] "HEAD /d1/286/AUTH_99d4e95f41064070a11757847c28d91f/gnocchi.3517bf0c-6a28-43da-9bd5-7432b91c5b42" 404 - "HEAD http://172.18.0.2:8080/v1/AUTH_99d4e95f41064070a11757847c28d91f/gnocchi.3517bf0c-6a28-43da-9bd5-7432b91c5b42?format=json&states=listing" "tx9681c633e87844a0b4874-00697b7aa8" "proxy-server 20" 0.0010 "-" 22 0
Jan 29 15:20:08 standalone object-server[129759]: 172.20.0.100 - - [29/Jan/2026:15:20:08 +0000] "GET /d1/806/AUTH_99d4e95f41064070a11757847c28d91f/gnocchi.3517bf0c-6a28-43da-9bd5-7432b91c5b42/none_v3" 404 70 "GET http://172.18.0.2:8080/v1/AUTH_99d4e95f41064070a11757847c28d91f/gnocchi.3517bf0c-6a28-43da-9bd5-7432b91c5b42/none_v3" "tx9681c633e87844a0b4874-00697b7aa8" "proxy-server 20" 0.0006 "-" 22 0
Jan 29 15:20:08 standalone proxy-server[131326]: 172.18.0.2 172.18.0.100 29/Jan/2026/15/20/08 GET /v1/AUTH_99d4e95f41064070a11757847c28d91f/gnocchi.3517bf0c-6a28-43da-9bd5-7432b91c5b42/none_v3 HTTP/1.0 404 - python-swiftclient-3.11.1 gAAAAABpe3n4LCGJ... - 70 - tx9681c633e87844a0b4874-00697b7aa8 - 0.0121 - - 1769700008.414201498 1769700008.426345110 0
Jan 29 15:20:08 standalone account-server[129454]: 172.20.0.100 - - [29/Jan/2026:15:20:08 +0000] "PUT /d1/796/AUTH_99d4e95f41064070a11757847c28d91f/gnocchi.3517bf0c-6a28-43da-9bd5-7432b91c5b42" 201 - "PUT http://172.20.0.100:6001/d1/286/AUTH_99d4e95f41064070a11757847c28d91f/gnocchi.3517bf0c-6a28-43da-9bd5-7432b91c5b42" "tx6498f58997044d359cc1f-00697b7aa8" "container-server 22" 0.0049 "-" 20 0
Jan 29 15:20:08 standalone container-server[129494]: 172.20.0.100 - - [29/Jan/2026:15:20:08 +0000] "PUT /d1/286/AUTH_99d4e95f41064070a11757847c28d91f/gnocchi.3517bf0c-6a28-43da-9bd5-7432b91c5b42" 201 - "PUT http://172.18.0.2:8080/v1/AUTH_99d4e95f41064070a11757847c28d91f/gnocchi.3517bf0c-6a28-43da-9bd5-7432b91c5b42" "tx6498f58997044d359cc1f-00697b7aa8" "proxy-server 20" 0.0180 "-" 22 0
Jan 29 15:20:08 standalone proxy-server[131326]: 172.18.0.2 172.18.0.100 29/Jan/2026/15/20/08 PUT /v1/AUTH_99d4e95f41064070a11757847c28d91f/gnocchi.3517bf0c-6a28-43da-9bd5-7432b91c5b42 HTTP/1.0 201 - python-swiftclient-3.11.1 gAAAAABpe3n4LCGJ... - - - tx6498f58997044d359cc1f-00697b7aa8 - 0.0235 - - 1769700008.429416895 1769700008.452902794 0
Jan 29 15:20:08 standalone container-server[129494]: 172.20.0.100 - - [29/Jan/2026:15:20:08 +0000] "HEAD /d1/286/AUTH_99d4e95f41064070a11757847c28d91f/gnocchi.3517bf0c-6a28-43da-9bd5-7432b91c5b42" 204 - "HEAD http://172.18.0.2:8080/v1/AUTH_99d4e95f41064070a11757847c28d91f/gnocchi.3517bf0c-6a28-43da-9bd5-7432b91c5b42?format=json&states=listing" "tx5b84c1dce8de456d80927-00697b7aa8" "proxy-server 20" 0.0019 "-" 22 0
Jan 29 15:20:08 standalone proxy-server[131326]: - - 29/Jan/2026/15/20/08 HEAD /v1/AUTH_99d4e95f41064070a11757847c28d91f/gnocchi.3517bf0c-6a28-43da-9bd5-7432b91c5b42%3Fformat%3Djson%26states%3Dlisting HTTP/1.0 204 - Swift - - - - tx5b84c1dce8de456d80927-00697b7aa8 - 0.0058 RL - 1769700008.457649469 1769700008.463459492 0
Jan 29 15:20:08 standalone container-server[129508]: 172.20.0.100 - - [29/Jan/2026:15:20:08 +0000] "GET /d1/286/AUTH_99d4e95f41064070a11757847c28d91f/gnocchi.3517bf0c-6a28-43da-9bd5-7432b91c5b42" 200 2 "GET http://172.18.0.2:8080/v1/AUTH_99d4e95f41064070a11757847c28d91f/gnocchi.3517bf0c-6a28-43da-9bd5-7432b91c5b42?format=json&states=listing" "tx5b84c1dce8de456d80927-00697b7aa8" "proxy-server 20" 0.0021 "-" 23 0
Jan 29 15:20:08 standalone proxy-server[131326]: 172.18.0.2 172.18.0.100 29/Jan/2026/15/20/08 GET /v1/AUTH_99d4e95f41064070a11757847c28d91f/gnocchi.3517bf0c-6a28-43da-9bd5-7432b91c5b42%3Fformat%3Djson%26states%3Dlisting HTTP/1.0 200 - python-swiftclient-3.11.1 gAAAAABpe3n4LCGJ... - 2 - tx5b84c1dce8de456d80927-00697b7aa8 - 0.0159 - - 1769700008.456164360 1769700008.472087860 0
Jan 29 15:20:08 standalone object-server[129745]: 172.20.0.100 - - [29/Jan/2026:15:20:08 +0000] "GET /d1/600/AUTH_99d4e95f41064070a11757847c28d91f/gnocchi.3517bf0c-6a28-43da-9bd5-7432b91c5b42/1769040000.0_mean_300.0_v3" 404 70 "GET http://172.18.0.2:8080/v1/AUTH_99d4e95f41064070a11757847c28d91f/gnocchi.3517bf0c-6a28-43da-9bd5-7432b91c5b42/1769040000.0_mean_300.0_v3" "tx5b743f288bbf4e05bfc2b-00697b7aa8" "proxy-server 20" 0.0007 "-" 21 0
Jan 29 15:20:08 standalone proxy-server[131326]: 172.18.0.2 172.18.0.100 29/Jan/2026/15/20/08 GET /v1/AUTH_99d4e95f41064070a11757847c28d91f/gnocchi.3517bf0c-6a28-43da-9bd5-7432b91c5b42/1769040000.0_mean_300.0_v3 HTTP/1.0 404 - python-swiftclient-3.11.1 gAAAAABpe3n4LCGJ... - 70 - tx5b743f288bbf4e05bfc2b-00697b7aa8 - 0.0116 - - 1769700008.476403475 1769700008.488038301 0
Jan 29 15:20:08 standalone container-server[129508]: 172.20.0.100 - - [29/Jan/2026:15:20:08 +0000] "PUT /d1/286/AUTH_99d4e95f41064070a11757847c28d91f/gnocchi.3517bf0c-6a28-43da-9bd5-7432b91c5b42/1769040000.0_mean_300.0_v3" 201 - "PUT http://172.18.0.2:8080/d1/600/AUTH_99d4e95f41064070a11757847c28d91f/gnocchi.3517bf0c-6a28-43da-9bd5-7432b91c5b42/1769040000.0_mean_300.0_v3" "txafa8fe64b3014a04bfa32-00697b7aa8" "object-server 21" 0.0005 "-" 23 0
Jan 29 15:20:08 standalone object-server[129745]: 172.20.0.100 - - [29/Jan/2026:15:20:08 +0000] "PUT /d1/600/AUTH_99d4e95f41064070a11757847c28d91f/gnocchi.3517bf0c-6a28-43da-9bd5-7432b91c5b42/1769040000.0_mean_300.0_v3" 201 - "PUT http://172.18.0.2:8080/v1/AUTH_99d4e95f41064070a11757847c28d91f/gnocchi.3517bf0c-6a28-43da-9bd5-7432b91c5b42/1769040000.0_mean_300.0_v3" "txafa8fe64b3014a04bfa32-00697b7aa8" "proxy-server 20" 0.0111 "-" 21 0
Jan 29 15:20:08 standalone proxy-server[131326]: 172.18.0.2 172.18.0.100 29/Jan/2026/15/20/08 PUT /v1/AUTH_99d4e95f41064070a11757847c28d91f/gnocchi.3517bf0c-6a28-43da-9bd5-7432b91c5b42/1769040000.0_mean_300.0_v3 HTTP/1.0 201 - python-swiftclient-3.11.1 gAAAAABpe3n4LCGJ... 16 - - txafa8fe64b3014a04bfa32-00697b7aa8 - 0.0177 - - 1769700008.492292881 1769700008.509994030 0
Jan 29 15:20:08 standalone container-server[129475]: 172.20.0.100 - - [29/Jan/2026:15:20:08 +0000] "PUT /d1/286/AUTH_99d4e95f41064070a11757847c28d91f/gnocchi.3517bf0c-6a28-43da-9bd5-7432b91c5b42/none_v3" 201 - "PUT http://172.18.0.2:8080/d1/806/AUTH_99d4e95f41064070a11757847c28d91f/gnocchi.3517bf0c-6a28-43da-9bd5-7432b91c5b42/none_v3" "txaf9fdeaf03a34f44855ee-00697b7aa8" "object-server 22" 0.0006 "-" 19 0
Jan 29 15:20:08 standalone object-server[129759]: 172.20.0.100 - - [29/Jan/2026:15:20:08 +0000] "PUT /d1/806/AUTH_99d4e95f41064070a11757847c28d91f/gnocchi.3517bf0c-6a28-43da-9bd5-7432b91c5b42/none_v3" 201 - "PUT http://172.18.0.2:8080/v1/AUTH_99d4e95f41064070a11757847c28d91f/gnocchi.3517bf0c-6a28-43da-9bd5-7432b91c5b42/none_v3" "txaf9fdeaf03a34f44855ee-00697b7aa8" "proxy-server 20" 0.0110 "-" 22 0
Jan 29 15:20:08 standalone proxy-server[131326]: 172.18.0.2 172.18.0.100 29/Jan/2026/15/20/08 PUT /v1/AUTH_99d4e95f41064070a11757847c28d91f/gnocchi.3517bf0c-6a28-43da-9bd5-7432b91c5b42/none_v3 HTTP/1.0 201 - python-swiftclient-3.11.1 gAAAAABpe3n4LCGJ... 22 - - txaf9fdeaf03a34f44855ee-00697b7aa8 - 0.0184 - - 1769700008.512497663 1769700008.530917406 0
Jan 29 15:20:08 standalone container-server[129494]: 172.20.0.100 - - [29/Jan/2026:15:20:08 +0000] "HEAD /d1/672/AUTH_99d4e95f41064070a11757847c28d91f/gnocchi.a14ef869-4f06-450f-bfe7-49eb410a79c9" 404 - "HEAD http://172.18.0.2:8080/v1/AUTH_99d4e95f41064070a11757847c28d91f/gnocchi.a14ef869-4f06-450f-bfe7-49eb410a79c9?format=json&states=listing" "tx5ac0fc4969a849abb918f-00697b7aa8" "proxy-server 20" 0.0005 "-" 22 0
Jan 29 15:20:08 standalone object-server[129759]: 172.20.0.100 - - [29/Jan/2026:15:20:08 +0000] "GET /d1/129/AUTH_99d4e95f41064070a11757847c28d91f/gnocchi.a14ef869-4f06-450f-bfe7-49eb410a79c9/none_v3" 404 70 "GET http://172.18.0.2:8080/v1/AUTH_99d4e95f41064070a11757847c28d91f/gnocchi.a14ef869-4f06-450f-bfe7-49eb410a79c9/none_v3" "tx5ac0fc4969a849abb918f-00697b7aa8" "proxy-server 20" 0.0003 "-" 22 0
Jan 29 15:20:08 standalone proxy-server[131326]: 172.18.0.2 172.18.0.100 29/Jan/2026/15/20/08 GET /v1/AUTH_99d4e95f41064070a11757847c28d91f/gnocchi.a14ef869-4f06-450f-bfe7-49eb410a79c9/none_v3 HTTP/1.0 404 - python-swiftclient-3.11.1 gAAAAABpe3n4LCGJ... - 70 - tx5ac0fc4969a849abb918f-00697b7aa8 - 0.0092 - - 1769700008.545622110 1769700008.554837942 0
Jan 29 15:20:08 standalone account-server[129471]: 172.20.0.100 - - [29/Jan/2026:15:20:08 +0000] "PUT /d1/796/AUTH_99d4e95f41064070a11757847c28d91f/gnocchi.a14ef869-4f06-450f-bfe7-49eb410a79c9" 201 - "PUT http://172.20.0.100:6001/d1/672/AUTH_99d4e95f41064070a11757847c28d91f/gnocchi.a14ef869-4f06-450f-bfe7-49eb410a79c9" "tx30c45991cbd94dddbee14-00697b7aa8" "container-server 22" 0.0173 "-" 23 0
Jan 29 15:20:08 standalone container-server[129494]: 172.20.0.100 - - [29/Jan/2026:15:20:08 +0000] "PUT /d1/672/AUTH_99d4e95f41064070a11757847c28d91f/gnocchi.a14ef869-4f06-450f-bfe7-49eb410a79c9" 201 - "PUT http://172.18.0.2:8080/v1/AUTH_99d4e95f41064070a11757847c28d91f/gnocchi.a14ef869-4f06-450f-bfe7-49eb410a79c9" "tx30c45991cbd94dddbee14-00697b7aa8" "proxy-server 20" 0.0286 "-" 22 0
Jan 29 15:20:08 standalone proxy-server[131326]: 172.18.0.2 172.18.0.100 29/Jan/2026/15/20/08 PUT /v1/AUTH_99d4e95f41064070a11757847c28d91f/gnocchi.a14ef869-4f06-450f-bfe7-49eb410a79c9 HTTP/1.0 201 - python-swiftclient-3.11.1 gAAAAABpe3n4LCGJ... - - - tx30c45991cbd94dddbee14-00697b7aa8 - 0.0329 - - 1769700008.556885719 1769700008.589768648 0
Jan 29 15:20:08 standalone container-server[129494]: 172.20.0.100 - - [29/Jan/2026:15:20:08 +0000] "HEAD /d1/672/AUTH_99d4e95f41064070a11757847c28d91f/gnocchi.a14ef869-4f06-450f-bfe7-49eb410a79c9" 204 - "HEAD http://172.18.0.2:8080/v1/AUTH_99d4e95f41064070a11757847c28d91f/gnocchi.a14ef869-4f06-450f-bfe7-49eb410a79c9?format=json&states=listing" "txd2ca963aae8442109c18e-00697b7aa8" "proxy-server 20" 0.0017 "-" 22 0
Jan 29 15:20:08 standalone proxy-server[131326]: - - 29/Jan/2026/15/20/08 HEAD /v1/AUTH_99d4e95f41064070a11757847c28d91f/gnocchi.a14ef869-4f06-450f-bfe7-49eb410a79c9%3Fformat%3Djson%26states%3Dlisting HTTP/1.0 204 - Swift - - - - txd2ca963aae8442109c18e-00697b7aa8 - 0.0046 RL - 1769700008.595756292 1769700008.600324631 0
Jan 29 15:20:08 standalone container-server[129494]: 172.20.0.100 - - [29/Jan/2026:15:20:08 +0000] "GET /d1/672/AUTH_99d4e95f41064070a11757847c28d91f/gnocchi.a14ef869-4f06-450f-bfe7-49eb410a79c9" 200 2 "GET http://172.18.0.2:8080/v1/AUTH_99d4e95f41064070a11757847c28d91f/gnocchi.a14ef869-4f06-450f-bfe7-49eb410a79c9?format=json&states=listing" "txd2ca963aae8442109c18e-00697b7aa8" "proxy-server 20" 0.0014 "-" 22 0
Jan 29 15:20:08 standalone proxy-server[131326]: 172.18.0.2 172.18.0.100 29/Jan/2026/15/20/08 GET /v1/AUTH_99d4e95f41064070a11757847c28d91f/gnocchi.a14ef869-4f06-450f-bfe7-49eb410a79c9%3Fformat%3Djson%26states%3Dlisting HTTP/1.0 200 - python-swiftclient-3.11.1 gAAAAABpe3n4LCGJ... - 2 - txd2ca963aae8442109c18e-00697b7aa8 - 0.0109 - - 1769700008.594840050 1769700008.605712175 0
Jan 29 15:20:08 standalone object-server[129745]: 172.20.0.100 - - [29/Jan/2026:15:20:08 +0000] "GET /d1/344/AUTH_99d4e95f41064070a11757847c28d91f/gnocchi.a14ef869-4f06-450f-bfe7-49eb410a79c9/1769040000.0_mean_300.0_v3" 404 70 "GET http://172.18.0.2:8080/v1/AUTH_99d4e95f41064070a11757847c28d91f/gnocchi.a14ef869-4f06-450f-bfe7-49eb410a79c9/1769040000.0_mean_300.0_v3" "txee0d70893b9b4c648ed1e-00697b7aa8" "proxy-server 20" 0.0003 "-" 21 0
Jan 29 15:20:08 standalone proxy-server[131326]: 172.18.0.2 172.18.0.100 29/Jan/2026/15/20/08 GET /v1/AUTH_99d4e95f41064070a11757847c28d91f/gnocchi.a14ef869-4f06-450f-bfe7-49eb410a79c9/1769040000.0_mean_300.0_v3 HTTP/1.0 404 - python-swiftclient-3.11.1 gAAAAABpe3n4LCGJ... - 70 - txee0d70893b9b4c648ed1e-00697b7aa8 - 0.0038 - - 1769700008.608704567 1769700008.612512589 0
Jan 29 15:20:08 standalone container-server[129508]: 172.20.0.100 - - [29/Jan/2026:15:20:08 +0000] "PUT /d1/672/AUTH_99d4e95f41064070a11757847c28d91f/gnocchi.a14ef869-4f06-450f-bfe7-49eb410a79c9/1769040000.0_mean_300.0_v3" 201 - "PUT http://172.18.0.2:8080/d1/344/AUTH_99d4e95f41064070a11757847c28d91f/gnocchi.a14ef869-4f06-450f-bfe7-49eb410a79c9/1769040000.0_mean_300.0_v3" "txe94f93faff224a6e96e31-00697b7aa8" "object-server 22" 0.0005 "-" 23 0
Jan 29 15:20:08 standalone object-server[129759]: 172.20.0.100 - - [29/Jan/2026:15:20:08 +0000] "PUT /d1/344/AUTH_99d4e95f41064070a11757847c28d91f/gnocchi.a14ef869-4f06-450f-bfe7-49eb410a79c9/1769040000.0_mean_300.0_v3" 201 - "PUT http://172.18.0.2:8080/v1/AUTH_99d4e95f41064070a11757847c28d91f/gnocchi.a14ef869-4f06-450f-bfe7-49eb410a79c9/1769040000.0_mean_300.0_v3" "txe94f93faff224a6e96e31-00697b7aa8" "proxy-server 20" 0.0094 "-" 22 0
Jan 29 15:20:08 standalone proxy-server[131326]: 172.18.0.2 172.18.0.100 29/Jan/2026/15/20/08 PUT /v1/AUTH_99d4e95f41064070a11757847c28d91f/gnocchi.a14ef869-4f06-450f-bfe7-49eb410a79c9/1769040000.0_mean_300.0_v3 HTTP/1.0 201 - python-swiftclient-3.11.1 gAAAAABpe3n4LCGJ... 16 - - txe94f93faff224a6e96e31-00697b7aa8 - 0.0140 - - 1769700008.615252256 1769700008.629278421 0
Jan 29 15:20:08 standalone container-server[129508]: 172.20.0.100 - - [29/Jan/2026:15:20:08 +0000] "PUT /d1/672/AUTH_99d4e95f41064070a11757847c28d91f/gnocchi.a14ef869-4f06-450f-bfe7-49eb410a79c9/none_v3" 201 - "PUT http://172.18.0.2:8080/d1/129/AUTH_99d4e95f41064070a11757847c28d91f/gnocchi.a14ef869-4f06-450f-bfe7-49eb410a79c9/none_v3" "txd278aea5f51d463fbe962-00697b7aa8" "object-server 23" 0.0006 "-" 23 0
Jan 29 15:20:08 standalone object-server[129760]: 172.20.0.100 - - [29/Jan/2026:15:20:08 +0000] "PUT /d1/129/AUTH_99d4e95f41064070a11757847c28d91f/gnocchi.a14ef869-4f06-450f-bfe7-49eb410a79c9/none_v3" 201 - "PUT http://172.18.0.2:8080/v1/AUTH_99d4e95f41064070a11757847c28d91f/gnocchi.a14ef869-4f06-450f-bfe7-49eb410a79c9/none_v3" "txd278aea5f51d463fbe962-00697b7aa8" "proxy-server 20" 0.0071 "-" 23 0
Jan 29 15:20:08 standalone proxy-server[131326]: 172.18.0.2 172.18.0.100 29/Jan/2026/15/20/08 PUT /v1/AUTH_99d4e95f41064070a11757847c28d91f/gnocchi.a14ef869-4f06-450f-bfe7-49eb410a79c9/none_v3 HTTP/1.0 201 - python-swiftclient-3.11.1 gAAAAABpe3n4LCGJ... 22 - - txd278aea5f51d463fbe962-00697b7aa8 - 0.0120 - - 1769700008.631694555 1769700008.643707275 0
Jan 29 15:20:08 standalone container-server[129475]: 172.20.0.100 - - [29/Jan/2026:15:20:08 +0000] "HEAD /d1/109/AUTH_99d4e95f41064070a11757847c28d91f/gnocchi.18a6d2fa-3a29-4133-b384-0efb9e52ac4b" 404 - "HEAD http://172.18.0.2:8080/v1/AUTH_99d4e95f41064070a11757847c28d91f/gnocchi.18a6d2fa-3a29-4133-b384-0efb9e52ac4b?format=json&states=listing" "tx0eeb9dc07ccf4c63bd22e-00697b7aa8" "proxy-server 20" 0.0003 "-" 19 0
Jan 29 15:20:08 standalone object-server[129760]: 172.20.0.100 - - [29/Jan/2026:15:20:08 +0000] "GET /d1/459/AUTH_99d4e95f41064070a11757847c28d91f/gnocchi.18a6d2fa-3a29-4133-b384-0efb9e52ac4b/none_v3" 404 70 "GET http://172.18.0.2:8080/v1/AUTH_99d4e95f41064070a11757847c28d91f/gnocchi.18a6d2fa-3a29-4133-b384-0efb9e52ac4b/none_v3" "tx0eeb9dc07ccf4c63bd22e-00697b7aa8" "proxy-server 20" 0.0003 "-" 23 0
Jan 29 15:20:08 standalone proxy-server[131326]: 172.18.0.2 172.18.0.100 29/Jan/2026/15/20/08 GET /v1/AUTH_99d4e95f41064070a11757847c28d91f/gnocchi.18a6d2fa-3a29-4133-b384-0efb9e52ac4b/none_v3 HTTP/1.0 404 - python-swiftclient-3.11.1 gAAAAABpe3n4LCGJ... - 70 - tx0eeb9dc07ccf4c63bd22e-00697b7aa8 - 0.0082 - - 1769700008.652207613 1769700008.660362482 0
Jan 29 15:20:08 standalone account-server[129469]: 172.20.0.100 - - [29/Jan/2026:15:20:08 +0000] "PUT /d1/796/AUTH_99d4e95f41064070a11757847c28d91f/gnocchi.18a6d2fa-3a29-4133-b384-0efb9e52ac4b" 201 - "PUT http://172.20.0.100:6001/d1/109/AUTH_99d4e95f41064070a11757847c28d91f/gnocchi.18a6d2fa-3a29-4133-b384-0efb9e52ac4b" "tx4a9636ffd57d42649cdb9-00697b7aa8" "container-server 23" 0.0051 "-" 22 0
Jan 29 15:20:08 standalone container-server[129508]: 172.20.0.100 - - [29/Jan/2026:15:20:08 +0000] "PUT /d1/109/AUTH_99d4e95f41064070a11757847c28d91f/gnocchi.18a6d2fa-3a29-4133-b384-0efb9e52ac4b" 201 - "PUT http://172.18.0.2:8080/v1/AUTH_99d4e95f41064070a11757847c28d91f/gnocchi.18a6d2fa-3a29-4133-b384-0efb9e52ac4b" "tx4a9636ffd57d42649cdb9-00697b7aa8" "proxy-server 20" 0.0149 "-" 23 0
