Jan 29 15:19:02 standalone container-server[129475]: 172.20.0.100 - - [29/Jan/2026:15:19:02 +0000] "PUT /d1/766/AUTH_99d4e95f41064070a11757847c28d91f/gnocchi.9ac3b172-bce7-46ab-8e37-5b90d87483eb" 201 - "PUT http://172.18.0.2:8080/v1/AUTH_99d4e95f41064070a11757847c28d91f/gnocchi.9ac3b172-bce7-46ab-8e37-5b90d87483eb" "txf73cac79c7f9456183bba-00697b7a66" "proxy-server 20" 0.0187 "-" 19 0
Jan 29 15:19:02 standalone proxy-server[131326]: 172.18.0.2 172.18.0.100 29/Jan/2026/15/19/02 PUT /v1/AUTH_99d4e95f41064070a11757847c28d91f/gnocchi.9ac3b172-bce7-46ab-8e37-5b90d87483eb HTTP/1.0 201 - python-swiftclient-3.11.1 gAAAAABpe3n4LCGJ... - - - txf73cac79c7f9456183bba-00697b7a66 - 0.0260 - - 1769699942.574616671 1769699942.600661278 0
Jan 29 15:19:02 standalone container-server[129508]: 172.20.0.100 - - [29/Jan/2026:15:19:02 +0000] "HEAD /d1/766/AUTH_99d4e95f41064070a11757847c28d91f/gnocchi.9ac3b172-bce7-46ab-8e37-5b90d87483eb" 204 - "HEAD http://172.18.0.2:8080/v1/AUTH_99d4e95f41064070a11757847c28d91f/gnocchi.9ac3b172-bce7-46ab-8e37-5b90d87483eb?format=json&states=listing" "tx98b55ec04d18474eacca1-00697b7a66" "proxy-server 20" 0.0012 "-" 23 0
Jan 29 15:19:02 standalone proxy-server[131326]: - - 29/Jan/2026/15/19/02 HEAD /v1/AUTH_99d4e95f41064070a11757847c28d91f/gnocchi.9ac3b172-bce7-46ab-8e37-5b90d87483eb%3Fformat%3Djson%26states%3Dlisting HTTP/1.0 204 - Swift - - - - tx98b55ec04d18474eacca1-00697b7a66 - 0.0053 RL - 1769699942.607384682 1769699942.612649918 0
Jan 29 15:19:02 standalone container-server[129475]: 172.20.0.100 - - [29/Jan/2026:15:19:02 +0000] "GET /d1/766/AUTH_99d4e95f41064070a11757847c28d91f/gnocchi.9ac3b172-bce7-46ab-8e37-5b90d87483eb" 200 2 "GET http://172.18.0.2:8080/v1/AUTH_99d4e95f41064070a11757847c28d91f/gnocchi.9ac3b172-bce7-46ab-8e37-5b90d87483eb?format=json&states=listing" "tx98b55ec04d18474eacca1-00697b7a66" "proxy-server 20" 0.0031 "-" 19 0
Jan 29 15:19:02 standalone proxy-server[131326]: 172.18.0.2 172.18.0.100 29/Jan/2026/15/19/02 GET /v1/AUTH_99d4e95f41064070a11757847c28d91f/gnocchi.9ac3b172-bce7-46ab-8e37-5b90d87483eb%3Fformat%3Djson%26states%3Dlisting HTTP/1.0 200 - python-swiftclient-3.11.1 gAAAAABpe3n4LCGJ... - 2 - tx98b55ec04d18474eacca1-00697b7a66 - 0.0185 - - 1769699942.605922222 1769699942.624452353 0
Jan 29 15:19:02 standalone object-server[129760]: 172.20.0.100 - - [29/Jan/2026:15:19:02 +0000] "GET /d1/1020/AUTH_99d4e95f41064070a11757847c28d91f/gnocchi.9ac3b172-bce7-46ab-8e37-5b90d87483eb/1769040000.0_mean_300.0_v3" 404 70 "GET http://172.18.0.2:8080/v1/AUTH_99d4e95f41064070a11757847c28d91f/gnocchi.9ac3b172-bce7-46ab-8e37-5b90d87483eb/1769040000.0_mean_300.0_v3" "txbd241e15f6f54fbc9830c-00697b7a66" "proxy-server 20" 0.0007 "-" 23 0
Jan 29 15:19:02 standalone proxy-server[131326]: 172.18.0.2 172.18.0.100 29/Jan/2026/15/19/02 GET /v1/AUTH_99d4e95f41064070a11757847c28d91f/gnocchi.9ac3b172-bce7-46ab-8e37-5b90d87483eb/1769040000.0_mean_300.0_v3 HTTP/1.0 404 - python-swiftclient-3.11.1 gAAAAABpe3n4LCGJ... - 70 - txbd241e15f6f54fbc9830c-00697b7a66 - 0.0095 - - 1769699942.629333258 1769699942.638801336 0
Jan 29 15:19:02 standalone container-server[129508]: 172.20.0.100 - - [29/Jan/2026:15:19:02 +0000] "PUT /d1/766/AUTH_99d4e95f41064070a11757847c28d91f/gnocchi.9ac3b172-bce7-46ab-8e37-5b90d87483eb/1769040000.0_mean_300.0_v3" 201 - "PUT http://172.18.0.2:8080/d1/1020/AUTH_99d4e95f41064070a11757847c28d91f/gnocchi.9ac3b172-bce7-46ab-8e37-5b90d87483eb/1769040000.0_mean_300.0_v3" "tx8292623822aa44818c485-00697b7a66" "object-server 21" 0.0013 "-" 23 0
Jan 29 15:19:02 standalone object-server[129745]: 172.20.0.100 - - [29/Jan/2026:15:19:02 +0000] "PUT /d1/1020/AUTH_99d4e95f41064070a11757847c28d91f/gnocchi.9ac3b172-bce7-46ab-8e37-5b90d87483eb/1769040000.0_mean_300.0_v3" 201 - "PUT http://172.18.0.2:8080/v1/AUTH_99d4e95f41064070a11757847c28d91f/gnocchi.9ac3b172-bce7-46ab-8e37-5b90d87483eb/1769040000.0_mean_300.0_v3" "tx8292623822aa44818c485-00697b7a66" "proxy-server 20" 0.0121 "-" 21 0
Jan 29 15:19:02 standalone proxy-server[131326]: 172.18.0.2 172.18.0.100 29/Jan/2026/15/19/02 PUT /v1/AUTH_99d4e95f41064070a11757847c28d91f/gnocchi.9ac3b172-bce7-46ab-8e37-5b90d87483eb/1769040000.0_mean_300.0_v3 HTTP/1.0 201 - python-swiftclient-3.11.1 gAAAAABpe3n4LCGJ... 16 - - tx8292623822aa44818c485-00697b7a66 - 0.0193 - - 1769699942.641879320 1769699942.661182404 0
Jan 29 15:19:02 standalone container-server[129491]: 172.20.0.100 - - [29/Jan/2026:15:19:02 +0000] "PUT /d1/766/AUTH_99d4e95f41064070a11757847c28d91f/gnocchi.9ac3b172-bce7-46ab-8e37-5b90d87483eb/none_v3" 201 - "PUT http://172.18.0.2:8080/d1/773/AUTH_99d4e95f41064070a11757847c28d91f/gnocchi.9ac3b172-bce7-46ab-8e37-5b90d87483eb/none_v3" "txa9f3bd49a7bb46bea030c-00697b7a66" "object-server 22" 0.0008 "-" 21 0
Jan 29 15:19:02 standalone object-server[129759]: 172.20.0.100 - - [29/Jan/2026:15:19:02 +0000] "PUT /d1/773/AUTH_99d4e95f41064070a11757847c28d91f/gnocchi.9ac3b172-bce7-46ab-8e37-5b90d87483eb/none_v3" 201 - "PUT http://172.18.0.2:8080/v1/AUTH_99d4e95f41064070a11757847c28d91f/gnocchi.9ac3b172-bce7-46ab-8e37-5b90d87483eb/none_v3" "txa9f3bd49a7bb46bea030c-00697b7a66" "proxy-server 20" 0.0120 "-" 22 0
Jan 29 15:19:02 standalone proxy-server[131326]: 172.18.0.2 172.18.0.100 29/Jan/2026/15/19/02 PUT /v1/AUTH_99d4e95f41064070a11757847c28d91f/gnocchi.9ac3b172-bce7-46ab-8e37-5b90d87483eb/none_v3 HTTP/1.0 201 - python-swiftclient-3.11.1 gAAAAABpe3n4LCGJ... 22 - - txa9f3bd49a7bb46bea030c-00697b7a66 - 0.0198 - - 1769699942.664880753 1769699942.684711218 0
Jan 29 15:19:03 standalone object-server[129760]: 172.20.0.100 - - [29/Jan/2026:15:19:03 +0000] "GET /d1/773/AUTH_99d4e95f41064070a11757847c28d91f/gnocchi.9ac3b172-bce7-46ab-8e37-5b90d87483eb/none_v3" 200 22 "GET http://172.18.0.2:8080/v1/AUTH_99d4e95f41064070a11757847c28d91f/gnocchi.9ac3b172-bce7-46ab-8e37-5b90d87483eb/none_v3" "tx055741300b604624b5912-00697b7a67" "proxy-server 20" 0.0011 "-" 23 0
Jan 29 15:19:03 standalone proxy-server[131326]: 172.18.0.2 172.18.0.100 29/Jan/2026/15/19/03 GET /v1/AUTH_99d4e95f41064070a11757847c28d91f/gnocchi.9ac3b172-bce7-46ab-8e37-5b90d87483eb/none_v3 HTTP/1.0 200 - python-swiftclient-3.11.1 gAAAAABpe3n4LCGJ... - 22 - tx055741300b604624b5912-00697b7a67 - 0.0125 - - 1769699943.548325062 1769699943.560832500 0
Jan 29 15:19:03 standalone container-server[129494]: 172.20.0.100 - - [29/Jan/2026:15:19:03 +0000] "GET /d1/766/AUTH_99d4e95f41064070a11757847c28d91f/gnocchi.9ac3b172-bce7-46ab-8e37-5b90d87483eb" 200 357 "GET http://172.18.0.2:8080/v1/AUTH_99d4e95f41064070a11757847c28d91f/gnocchi.9ac3b172-bce7-46ab-8e37-5b90d87483eb?format=json&states=listing" "txffc397b18e4f46bba4e0c-00697b7a67" "proxy-server 20" 0.0086 "-" 22 0
Jan 29 15:19:03 standalone proxy-server[131326]: 172.18.0.2 172.18.0.100 29/Jan/2026/15/19/03 GET /v1/AUTH_99d4e95f41064070a11757847c28d91f/gnocchi.9ac3b172-bce7-46ab-8e37-5b90d87483eb%3Fformat%3Djson%26states%3Dlisting HTTP/1.0 200 - python-swiftclient-3.11.1 gAAAAABpe3n4LCGJ... - 357 - txffc397b18e4f46bba4e0c-00697b7a67 - 0.0148 - - 1769699943.564388514 1769699943.579152107 0
Jan 29 15:19:03 standalone container-server[129475]: 172.20.0.100 - - [29/Jan/2026:15:19:03 +0000] "GET /d1/766/AUTH_99d4e95f41064070a11757847c28d91f/gnocchi.9ac3b172-bce7-46ab-8e37-5b90d87483eb" 200 2 "GET http://172.18.0.2:8080/v1/AUTH_99d4e95f41064070a11757847c28d91f/gnocchi.9ac3b172-bce7-46ab-8e37-5b90d87483eb?format=json&marker=none_v3&states=listing" "tx931b277dcb004729ac185-00697b7a67" "proxy-server 20" 0.0019 "-" 19 0
Jan 29 15:19:03 standalone proxy-server[131326]: 172.18.0.2 172.18.0.100 29/Jan/2026/15/19/03 GET /v1/AUTH_99d4e95f41064070a11757847c28d91f/gnocchi.9ac3b172-bce7-46ab-8e37-5b90d87483eb%3Fformat%3Djson%26marker%3Dnone_v3%26states%3Dlisting HTTP/1.0 200 - python-swiftclient-3.11.1 gAAAAABpe3n4LCGJ... - 2 - tx931b277dcb004729ac185-00697b7a67 - 0.0092 - - 1769699943.581598043 1769699943.590798855 0
Jan 29 15:19:03 standalone object-server[129745]: 172.20.0.100 - - [29/Jan/2026:15:19:03 +0000] "GET /d1/1020/AUTH_99d4e95f41064070a11757847c28d91f/gnocchi.9ac3b172-bce7-46ab-8e37-5b90d87483eb/1769040000.0_mean_300.0_v3" 200 16 "GET http://172.18.0.2:8080/v1/AUTH_99d4e95f41064070a11757847c28d91f/gnocchi.9ac3b172-bce7-46ab-8e37-5b90d87483eb/1769040000.0_mean_300.0_v3" "tx364edf1ddc2649a99629e-00697b7a67" "proxy-server 20" 0.0011 "-" 21 0
Jan 29 15:19:03 standalone proxy-server[131326]: 172.18.0.2 172.18.0.100 29/Jan/2026/15/19/03 GET /v1/AUTH_99d4e95f41064070a11757847c28d91f/gnocchi.9ac3b172-bce7-46ab-8e37-5b90d87483eb/1769040000.0_mean_300.0_v3 HTTP/1.0 200 - python-swiftclient-3.11.1 gAAAAABpe3n4LCGJ... - 16 - tx364edf1ddc2649a99629e-00697b7a67 - 0.0098 - - 1769699943.594081640 1769699943.603836060 0
Jan 29 15:19:03 standalone container-server[129491]: 172.20.0.100 - - [29/Jan/2026:15:19:03 +0000] "PUT /d1/766/AUTH_99d4e95f41064070a11757847c28d91f/gnocchi.9ac3b172-bce7-46ab-8e37-5b90d87483eb/1769040000.0_mean_300.0_v3" 201 - "PUT http://172.18.0.2:8080/d1/1020/AUTH_99d4e95f41064070a11757847c28d91f/gnocchi.9ac3b172-bce7-46ab-8e37-5b90d87483eb/1769040000.0_mean_300.0_v3" "tx1d75d53888ab49dc81d2d-00697b7a67" "object-server 23" 0.0006 "-" 21 0
Jan 29 15:19:03 standalone object-server[129760]: 172.20.0.100 - - [29/Jan/2026:15:19:03 +0000] "PUT /d1/1020/AUTH_99d4e95f41064070a11757847c28d91f/gnocchi.9ac3b172-bce7-46ab-8e37-5b90d87483eb/1769040000.0_mean_300.0_v3" 201 - "PUT http://172.18.0.2:8080/v1/AUTH_99d4e95f41064070a11757847c28d91f/gnocchi.9ac3b172-bce7-46ab-8e37-5b90d87483eb/1769040000.0_mean_300.0_v3" "tx1d75d53888ab49dc81d2d-00697b7a67" "proxy-server 20" 0.0105 "-" 23 0
Jan 29 15:19:03 standalone proxy-server[131326]: 172.18.0.2 172.18.0.100 29/Jan/2026/15/19/03 PUT /v1/AUTH_99d4e95f41064070a11757847c28d91f/gnocchi.9ac3b172-bce7-46ab-8e37-5b90d87483eb/1769040000.0_mean_300.0_v3 HTTP/1.0 201 - python-swiftclient-3.11.1 gAAAAABpe3n4LCGJ... 16 - - tx1d75d53888ab49dc81d2d-00697b7a67 - 0.0192 - - 1769699943.608012199 1769699943.627210855 0
Jan 29 15:19:03 standalone container-server[129508]: 172.20.0.100 - - [29/Jan/2026:15:19:03 +0000] "PUT /d1/766/AUTH_99d4e95f41064070a11757847c28d91f/gnocchi.9ac3b172-bce7-46ab-8e37-5b90d87483eb/none_v3" 201 - "PUT http://172.18.0.2:8080/d1/773/AUTH_99d4e95f41064070a11757847c28d91f/gnocchi.9ac3b172-bce7-46ab-8e37-5b90d87483eb/none_v3" "tx356fe3156b87431da9003-00697b7a67" "object-server 21" 0.0008 "-" 23 0
Jan 29 15:19:03 standalone object-server[129745]: 172.20.0.100 - - [29/Jan/2026:15:19:03 +0000] "PUT /d1/773/AUTH_99d4e95f41064070a11757847c28d91f/gnocchi.9ac3b172-bce7-46ab-8e37-5b90d87483eb/none_v3" 201 - "PUT http://172.18.0.2:8080/v1/AUTH_99d4e95f41064070a11757847c28d91f/gnocchi.9ac3b172-bce7-46ab-8e37-5b90d87483eb/none_v3" "tx356fe3156b87431da9003-00697b7a67" "proxy-server 20" 0.0120 "-" 21 0
Jan 29 15:19:03 standalone proxy-server[131326]: 172.18.0.2 172.18.0.100 29/Jan/2026/15/19/03 PUT /v1/AUTH_99d4e95f41064070a11757847c28d91f/gnocchi.9ac3b172-bce7-46ab-8e37-5b90d87483eb/none_v3 HTTP/1.0 201 - python-swiftclient-3.11.1 gAAAAABpe3n4LCGJ... 31 - - tx356fe3156b87431da9003-00697b7a67 - 0.0222 - - 1769699943.632122993 1769699943.654349089 0
Jan 29 15:19:09 standalone account-server[129454]: 172.20.0.100 - - [29/Jan/2026:15:19:09 +0000] "HEAD /d1/664/.expiring_objects" 404 - "HEAD http://localhost/v1/.expiring_objects?format=json" "tx7c26e5619f764e58ad08d-00697b7a6d" "proxy-server 2" 0.0005 "-" 20 -
Jan 29 15:19:09 standalone object-expirer[129488]: Pass completed in 0s; 0 objects expired (txn: tx7c26e5619f764e58ad08d-00697b7a6d)
Jan 29 15:19:12 standalone account-server[129467]: 172.20.0.100 - - [29/Jan/2026:15:19:12 +0000] "HEAD /d1/796/AUTH_99d4e95f41064070a11757847c28d91f" 204 - "HEAD http://172.18.0.2:8080/v1/AUTH_99d4e95f41064070a11757847c28d91f?format=json" "tx4595267f2f5c42aba7133-00697b7a70" "proxy-server 20" 0.0070 "-" 21 -
Jan 29 15:19:12 standalone proxy-server[131326]: - - 29/Jan/2026/15/19/12 HEAD /v1/AUTH_99d4e95f41064070a11757847c28d91f%3Fformat%3Djson HTTP/1.0 204 - Swift - - - - tx4595267f2f5c42aba7133-00697b7a70 - 0.0127 RL - 1769699952.612514734 1769699952.625220299 -
Jan 29 15:19:12 standalone object-server[129760]: 172.20.0.100 - - [29/Jan/2026:15:19:12 +0000] "GET /d1/179/AUTH_99d4e95f41064070a11757847c28d91f/gnocchi.6ec33f45-f687-488d-b8b3-eaaf86ee6245/none_v3" 200 32 "GET http://172.18.0.2:8080/v1/AUTH_99d4e95f41064070a11757847c28d91f/gnocchi.6ec33f45-f687-488d-b8b3-eaaf86ee6245/none_v3" "tx4595267f2f5c42aba7133-00697b7a70" "proxy-server 20" 0.0015 "-" 23 0
Jan 29 15:19:12 standalone proxy-server[131326]: 172.18.0.2 172.18.0.100 29/Jan/2026/15/19/12 GET /v1/AUTH_99d4e95f41064070a11757847c28d91f/gnocchi.6ec33f45-f687-488d-b8b3-eaaf86ee6245/none_v3 HTTP/1.0 200 - python-swiftclient-3.11.1 gAAAAABpe3n4LCGJ... - 32 - tx4595267f2f5c42aba7133-00697b7a70 - 0.0259 - - 1769699952.611111164 1769699952.637053728 0
Jan 29 15:19:12 standalone container-server[129491]: 172.20.0.100 - - [29/Jan/2026:15:19:12 +0000] "GET /d1/150/AUTH_99d4e95f41064070a11757847c28d91f/gnocchi.6ec33f45-f687-488d-b8b3-eaaf86ee6245" 200 357 "GET http://172.18.0.2:8080/v1/AUTH_99d4e95f41064070a11757847c28d91f/gnocchi.6ec33f45-f687-488d-b8b3-eaaf86ee6245?format=json&states=listing" "tx94d3ac8edd9c4903b7bd2-00697b7a70" "proxy-server 20" 0.0102 "-" 21 0
Jan 29 15:19:12 standalone proxy-server[131326]: 172.18.0.2 172.18.0.100 29/Jan/2026/15/19/12 GET /v1/AUTH_99d4e95f41064070a11757847c28d91f/gnocchi.6ec33f45-f687-488d-b8b3-eaaf86ee6245%3Fformat%3Djson%26states%3Dlisting HTTP/1.0 200 - python-swiftclient-3.11.1 gAAAAABpe3n4LCGJ... - 357 - tx94d3ac8edd9c4903b7bd2-00697b7a70 - 0.0219 - - 1769699952.641912222 1769699952.663841248 0
Jan 29 15:19:12 standalone container-server[129491]: 172.20.0.100 - - [29/Jan/2026:15:19:12 +0000] "GET /d1/150/AUTH_99d4e95f41064070a11757847c28d91f/gnocchi.6ec33f45-f687-488d-b8b3-eaaf86ee6245" 200 2 "GET http://172.18.0.2:8080/v1/AUTH_99d4e95f41064070a11757847c28d91f/gnocchi.6ec33f45-f687-488d-b8b3-eaaf86ee6245?format=json&marker=none_v3&states=listing" "tx18239b6e071944bfa9023-00697b7a70" "proxy-server 20" 0.0049 "-" 21 0
Jan 29 15:19:12 standalone proxy-server[131326]: 172.18.0.2 172.18.0.100 29/Jan/2026/15/19/12 GET /v1/AUTH_99d4e95f41064070a11757847c28d91f/gnocchi.6ec33f45-f687-488d-b8b3-eaaf86ee6245%3Fformat%3Djson%26marker%3Dnone_v3%26states%3Dlisting HTTP/1.0 200 - python-swiftclient-3.11.1 gAAAAABpe3n4LCGJ... - 2 - tx18239b6e071944bfa9023-00697b7a70 - 0.0158 - - 1769699952.668086529 1769699952.683853626 0
Jan 29 15:19:12 standalone object-server[129760]: 172.20.0.100 - - [29/Jan/2026:15:19:12 +0000] "GET /d1/469/AUTH_99d4e95f41064070a11757847c28d91f/gnocchi.6ec33f45-f687-488d-b8b3-eaaf86ee6245/1769040000.0_mean_300.0_v3" 200 16 "GET http://172.18.0.2:8080/v1/AUTH_99d4e95f41064070a11757847c28d91f/gnocchi.6ec33f45-f687-488d-b8b3-eaaf86ee6245/1769040000.0_mean_300.0_v3" "tx0e20916881eb42a3a20b3-00697b7a70" "proxy-server 20" 0.0006 "-" 23 0
Jan 29 15:19:12 standalone proxy-server[131326]: 172.18.0.2 172.18.0.100 29/Jan/2026/15/19/12 GET /v1/AUTH_99d4e95f41064070a11757847c28d91f/gnocchi.6ec33f45-f687-488d-b8b3-eaaf86ee6245/1769040000.0_mean_300.0_v3 HTTP/1.0 200 - python-swiftclient-3.11.1 gAAAAABpe3n4LCGJ... - 16 - tx0e20916881eb42a3a20b3-00697b7a70 - 0.0086 - - 1769699952.689205170 1769699952.697807550 0
Jan 29 15:19:12 standalone container-server[129508]: 172.20.0.100 - - [29/Jan/2026:15:19:12 +0000] "PUT /d1/150/AUTH_99d4e95f41064070a11757847c28d91f/gnocchi.6ec33f45-f687-488d-b8b3-eaaf86ee6245/1769040000.0_mean_300.0_v3" 201 - "PUT http://172.18.0.2:8080/d1/469/AUTH_99d4e95f41064070a11757847c28d91f/gnocchi.6ec33f45-f687-488d-b8b3-eaaf86ee6245/1769040000.0_mean_300.0_v3" "txd1fe8bb213584621838e8-00697b7a70" "object-server 21" 0.0008 "-" 23 0
Jan 29 15:19:12 standalone object-server[129745]: 172.20.0.100 - - [29/Jan/2026:15:19:12 +0000] "PUT /d1/469/AUTH_99d4e95f41064070a11757847c28d91f/gnocchi.6ec33f45-f687-488d-b8b3-eaaf86ee6245/1769040000.0_mean_300.0_v3" 201 - "PUT http://172.18.0.2:8080/v1/AUTH_99d4e95f41064070a11757847c28d91f/gnocchi.6ec33f45-f687-488d-b8b3-eaaf86ee6245/1769040000.0_mean_300.0_v3" "txd1fe8bb213584621838e8-00697b7a70" "proxy-server 20" 0.0102 "-" 21 0
Jan 29 15:19:12 standalone proxy-server[131326]: 172.18.0.2 172.18.0.100 29/Jan/2026/15/19/12 PUT /v1/AUTH_99d4e95f41064070a11757847c28d91f/gnocchi.6ec33f45-f687-488d-b8b3-eaaf86ee6245/1769040000.0_mean_300.0_v3 HTTP/1.0 201 - python-swiftclient-3.11.1 gAAAAABpe3n4LCGJ... 16 - - txd1fe8bb213584621838e8-00697b7a70 - 0.0175 - - 1769699952.702715874 1769699952.720250368 0
Jan 29 15:19:12 standalone container-server[129491]: 172.20.0.100 - - [29/Jan/2026:15:19:12 +0000] "PUT /d1/150/AUTH_99d4e95f41064070a11757847c28d91f/gnocchi.6ec33f45-f687-488d-b8b3-eaaf86ee6245/none_v3" 201 - "PUT http://172.18.0.2:8080/d1/179/AUTH_99d4e95f41064070a11757847c28d91f/gnocchi.6ec33f45-f687-488d-b8b3-eaaf86ee6245/none_v3" "txe0d164512db64ca79be47-00697b7a70" "object-server 21" 0.0006 "-" 21 0
Jan 29 15:19:12 standalone object-server[129745]: 172.20.0.100 - - [29/Jan/2026:15:19:12 +0000] "PUT /d1/179/AUTH_99d4e95f41064070a11757847c28d91f/gnocchi.6ec33f45-f687-488d-b8b3-eaaf86ee6245/none_v3" 201 - "PUT http://172.18.0.2:8080/v1/AUTH_99d4e95f41064070a11757847c28d91f/gnocchi.6ec33f45-f687-488d-b8b3-eaaf86ee6245/none_v3" "txe0d164512db64ca79be47-00697b7a70" "proxy-server 20" 0.0104 "-" 21 0
Jan 29 15:19:12 standalone proxy-server[131326]: 172.18.0.2 172.18.0.100 29/Jan/2026/15/19/12 PUT /v1/AUTH_99d4e95f41064070a11757847c28d91f/gnocchi.6ec33f45-f687-488d-b8b3-eaaf86ee6245/none_v3 HTTP/1.0 201 - python-swiftclient-3.11.1 gAAAAABpe3n4LCGJ... 46 - - txe0d164512db64ca79be47-00697b7a70 - 0.0172 - - 1769699952.724103451 1769699952.741285324 0
Jan 29 15:19:13 standalone object-server[129760]: 172.20.0.100 - - [29/Jan/2026:15:19:13 +0000] "GET /d1/179/AUTH_99d4e95f41064070a11757847c28d91f/gnocchi.6ec33f45-f687-488d-b8b3-eaaf86ee6245/none_v3" 200 46 "GET http://172.18.0.2:8080/v1/AUTH_99d4e95f41064070a11757847c28d91f/gnocchi.6ec33f45-f687-488d-b8b3-eaaf86ee6245/none_v3" "tx5979bd409e544f1c9f799-00697b7a71" "proxy-server 20" 0.0012 "-" 23 0
Jan 29 15:19:13 standalone proxy-server[131326]: 172.18.0.2 172.18.0.100 29/Jan/2026/15/19/13 GET /v1/AUTH_99d4e95f41064070a11757847c28d91f/gnocchi.6ec33f45-f687-488d-b8b3-eaaf86ee6245/none_v3 HTTP/1.0 200 - python-swiftclient-3.11.1 gAAAAABpe3n4LCGJ... - 46 - tx5979bd409e544f1c9f799-00697b7a71 - 0.0114 - - 1769699953.526097775 1769699953.537520647 0
Jan 29 15:19:13 standalone container-server[129475]: 172.20.0.100 - - [29/Jan/2026:15:19:13 +0000] "GET /d1/150/AUTH_99d4e95f41064070a11757847c28d91f/gnocchi.6ec33f45-f687-488d-b8b3-eaaf86ee6245" 200 357 "GET http://172.18.0.2:8080/v1/AUTH_99d4e95f41064070a11757847c28d91f/gnocchi.6ec33f45-f687-488d-b8b3-eaaf86ee6245?format=json&states=listing" "tx3d09d4c9af2d48fcb1c96-00697b7a71" "proxy-server 20" 0.0092 "-" 19 0
Jan 29 15:19:13 standalone proxy-server[131326]: 172.18.0.2 172.18.0.100 29/Jan/2026/15/19/13 GET /v1/AUTH_99d4e95f41064070a11757847c28d91f/gnocchi.6ec33f45-f687-488d-b8b3-eaaf86ee6245%3Fformat%3Djson%26states%3Dlisting HTTP/1.0 200 - python-swiftclient-3.11.1 gAAAAABpe3n4LCGJ... - 357 - tx3d09d4c9af2d48fcb1c96-00697b7a71 - 0.0183 - - 1769699953.541145086 1769699953.559466600 0
Jan 29 15:19:13 standalone container-server[129508]: 172.20.0.100 - - [29/Jan/2026:15:19:13 +0000] "GET /d1/150/AUTH_99d4e95f41064070a11757847c28d91f/gnocchi.6ec33f45-f687-488d-b8b3-eaaf86ee6245" 200 2 "GET http://172.18.0.2:8080/v1/AUTH_99d4e95f41064070a11757847c28d91f/gnocchi.6ec33f45-f687-488d-b8b3-eaaf86ee6245?format=json&marker=none_v3&states=listing" "tx8f8024c3c58147c18297f-00697b7a71" "proxy-server 20" 0.0042 "-" 23 0
Jan 29 15:19:13 standalone proxy-server[131326]: 172.18.0.2 172.18.0.100 29/Jan/2026/15/19/13 GET /v1/AUTH_99d4e95f41064070a11757847c28d91f/gnocchi.6ec33f45-f687-488d-b8b3-eaaf86ee6245%3Fformat%3Djson%26marker%3Dnone_v3%26states%3Dlisting HTTP/1.0 200 - python-swiftclient-3.11.1 gAAAAABpe3n4LCGJ... - 2 - tx8f8024c3c58147c18297f-00697b7a71 - 0.0160 - - 1769699953.563098669 1769699953.579115629 0
Jan 29 15:19:13 standalone object-server[129745]: 172.20.0.100 - - [29/Jan/2026:15:19:13 +0000] "GET /d1/469/AUTH_99d4e95f41064070a11757847c28d91f/gnocchi.6ec33f45-f687-488d-b8b3-eaaf86ee6245/1769040000.0_mean_300.0_v3" 200 16 "GET http://172.18.0.2:8080/v1/AUTH_99d4e95f41064070a11757847c28d91f/gnocchi.6ec33f45-f687-488d-b8b3-eaaf86ee6245/1769040000.0_mean_300.0_v3" "tx4c301ea24b8446baa1edf-00697b7a71" "proxy-server 20" 0.0011 "-" 21 0
Jan 29 15:19:13 standalone proxy-server[131326]: 172.18.0.2 172.18.0.100 29/Jan/2026/15/19/13 GET /v1/AUTH_99d4e95f41064070a11757847c28d91f/gnocchi.6ec33f45-f687-488d-b8b3-eaaf86ee6245/1769040000.0_mean_300.0_v3 HTTP/1.0 200 - python-swiftclient-3.11.1 gAAAAABpe3n4LCGJ... - 16 - tx4c301ea24b8446baa1edf-00697b7a71 - 0.0134 - - 1769699953.584763765 1769699953.598184347 0
Jan 29 15:19:13 standalone container-server[129475]: 172.20.0.100 - - [29/Jan/2026:15:19:13 +0000] "PUT /d1/150/AUTH_99d4e95f41064070a11757847c28d91f/gnocchi.6ec33f45-f687-488d-b8b3-eaaf86ee6245/1769040000.0_mean_300.0_v3" 201 - "PUT http://172.18.0.2:8080/d1/469/AUTH_99d4e95f41064070a11757847c28d91f/gnocchi.6ec33f45-f687-488d-b8b3-eaaf86ee6245/1769040000.0_mean_300.0_v3" "txfc2b224417734adc8e879-00697b7a71" "object-server 25" 0.0004 "-" 19 0
Jan 29 15:19:13 standalone object-server[129762]: 172.20.0.100 - - [29/Jan/2026:15:19:13 +0000] "PUT /d1/469/AUTH_99d4e95f41064070a11757847c28d91f/gnocchi.6ec33f45-f687-488d-b8b3-eaaf86ee6245/1769040000.0_mean_300.0_v3" 201 - "PUT http://172.18.0.2:8080/v1/AUTH_99d4e95f41064070a11757847c28d91f/gnocchi.6ec33f45-f687-488d-b8b3-eaaf86ee6245/1769040000.0_mean_300.0_v3" "txfc2b224417734adc8e879-00697b7a71" "proxy-server 20" 0.0099 "-" 25 0
Jan 29 15:19:13 standalone proxy-server[131326]: 172.18.0.2 172.18.0.100 29/Jan/2026/15/19/13 PUT /v1/AUTH_99d4e95f41064070a11757847c28d91f/gnocchi.6ec33f45-f687-488d-b8b3-eaaf86ee6245/1769040000.0_mean_300.0_v3 HTTP/1.0 201 - python-swiftclient-3.11.1 gAAAAABpe3n4LCGJ... 16 - - txfc2b224417734adc8e879-00697b7a71 - 0.0193 - - 1769699953.601625919 1769699953.620907307 0
Jan 29 15:19:13 standalone container-server[129475]: 172.20.0.100 - - [29/Jan/2026:15:19:13 +0000] "PUT /d1/150/AUTH_99d4e95f41064070a11757847c28d91f/gnocchi.6ec33f45-f687-488d-b8b3-eaaf86ee6245/none_v3" 201 - "PUT http://172.18.0.2:8080/d1/179/AUTH_99d4e95f41064070a11757847c28d91f/gnocchi.6ec33f45-f687-488d-b8b3-eaaf86ee6245/none_v3" "tx3bed8b23bd4a409bbf8d4-00697b7a71" "object-server 23" 0.0003 "-" 19 0
Jan 29 15:19:13 standalone object-server[129760]: 172.20.0.100 - - [29/Jan/2026:15:19:13 +0000] "PUT /d1/179/AUTH_99d4e95f41064070a11757847c28d91f/gnocchi.6ec33f45-f687-488d-b8b3-eaaf86ee6245/none_v3" 201 - "PUT http://172.18.0.2:8080/v1/AUTH_99d4e95f41064070a11757847c28d91f/gnocchi.6ec33f45-f687-488d-b8b3-eaaf86ee6245/none_v3" "tx3bed8b23bd4a409bbf8d4-00697b7a71" "proxy-server 20" 0.0103 "-" 23 0
Jan 29 15:19:13 standalone proxy-server[131326]: 172.18.0.2 172.18.0.100 29/Jan/2026/15/19/13 PUT /v1/AUTH_99d4e95f41064070a11757847c28d91f/gnocchi.6ec33f45-f687-488d-b8b3-eaaf86ee6245/none_v3 HTTP/1.0 201 - python-swiftclient-3.11.1 gAAAAABpe3n4LCGJ... 51 - - tx3bed8b23bd4a409bbf8d4-00697b7a71 - 0.0192 - - 1769699953.624066830 1769699953.643266201 0
Jan 29 15:19:13 standalone object-server[129762]: 172.20.0.100 - - [29/Jan/2026:15:19:13 +0000] "GET /d1/232/AUTH_99d4e95f41064070a11757847c28d91f/gnocchi.456664c6-d779-43ed-a4e9-112955f6e012/none_v3" 200 22 "GET http://172.18.0.2:8080/v1/AUTH_99d4e95f41064070a11757847c28d91f/gnocchi.456664c6-d779-43ed-a4e9-112955f6e012/none_v3" "tx2c4496eec0e04ed6b2f9a-00697b7a71" "proxy-server 20" 0.0012 "-" 25 0
Jan 29 15:19:13 standalone proxy-server[131326]: 172.18.0.2 172.18.0.100 29/Jan/2026/15/19/13 GET /v1/AUTH_99d4e95f41064070a11757847c28d91f/gnocchi.456664c6-d779-43ed-a4e9-112955f6e012/none_v3 HTTP/1.0 200 - python-swiftclient-3.11.1 gAAAAABpe3n4LCGJ... - 22 - tx2c4496eec0e04ed6b2f9a-00697b7a71 - 0.0097 - - 1769699953.651748657 1769699953.661466360 0
Jan 29 15:19:13 standalone container-server[129491]: 172.20.0.100 - - [29/Jan/2026:15:19:13 +0000] "GET /d1/449/AUTH_99d4e95f41064070a11757847c28d91f/gnocchi.456664c6-d779-43ed-a4e9-112955f6e012" 200 357 "GET http://172.18.0.2:8080/v1/AUTH_99d4e95f41064070a11757847c28d91f/gnocchi.456664c6-d779-43ed-a4e9-112955f6e012?format=json&states=listing" "tx61b8e4fa2ed84efdacd05-00697b7a71" "proxy-server 20" 0.0082 "-" 21 0
Jan 29 15:19:13 standalone proxy-server[131326]: 172.18.0.2 172.18.0.100 29/Jan/2026/15/19/13 GET /v1/AUTH_99d4e95f41064070a11757847c28d91f/gnocchi.456664c6-d779-43ed-a4e9-112955f6e012%3Fformat%3Djson%26states%3Dlisting HTTP/1.0 200 - python-swiftclient-3.11.1 gAAAAABpe3n4LCGJ... - 357 - tx61b8e4fa2ed84efdacd05-00697b7a71 - 0.0196 - - 1769699953.664329767 1769699953.683930159 0
Jan 29 15:19:13 standalone container-server[129508]: 172.20.0.100 - - [29/Jan/2026:15:19:13 +0000] "GET /d1/449/AUTH_99d4e95f41064070a11757847c28d91f/gnocchi.456664c6-d779-43ed-a4e9-112955f6e012" 200 2 "GET http://172.18.0.2:8080/v1/AUTH_99d4e95f41064070a11757847c28d91f/gnocchi.456664c6-d779-43ed-a4e9-112955f6e012?format=json&marker=none_v3&states=listing" "tx437bd97a82b54a04bd474-00697b7a71" "proxy-server 20" 0.0044 "-" 23 0
Jan 29 15:19:13 standalone proxy-server[131326]: 172.18.0.2 172.18.0.100 29/Jan/2026/15/19/13 GET /v1/AUTH_99d4e95f41064070a11757847c28d91f/gnocchi.456664c6-d779-43ed-a4e9-112955f6e012%3Fformat%3Djson%26marker%3Dnone_v3%26states%3Dlisting HTTP/1.0 200 - python-swiftclient-3.11.1 gAAAAABpe3n4LCGJ... - 2 - tx437bd97a82b54a04bd474-00697b7a71 - 0.0139 - - 1769699953.686485767 1769699953.700377703 0
Jan 29 15:19:13 standalone object-server[129760]: 172.20.0.100 - - [29/Jan/2026:15:19:13 +0000] "GET /d1/296/AUTH_99d4e95f41064070a11757847c28d91f/gnocchi.456664c6-d779-43ed-a4e9-112955f6e012/1769040000.0_mean_300.0_v3" 200 16 "GET http://172.18.0.2:8080/v1/AUTH_99d4e95f41064070a11757847c28d91f/gnocchi.456664c6-d779-43ed-a4e9-112955f6e012/1769040000.0_mean_300.0_v3" "tx0f818e9ad7ba4bb198b84-00697b7a71" "proxy-server 20" 0.0012 "-" 23 0
Jan 29 15:19:13 standalone proxy-server[131326]: 172.18.0.2 172.18.0.100 29/Jan/2026/15/19/13 GET /v1/AUTH_99d4e95f41064070a11757847c28d91f/gnocchi.456664c6-d779-43ed-a4e9-112955f6e012/1769040000.0_mean_300.0_v3 HTTP/1.0 200 - python-swiftclient-3.11.1 gAAAAABpe3n4LCGJ... - 16 - tx0f818e9ad7ba4bb198b84-00697b7a71 - 0.0122 - - 1769699953.704136848 1769699953.716304064 0
Jan 29 15:19:13 standalone container-server[129491]: 172.20.0.100 - - [29/Jan/2026:15:19:13 +0000] "PUT /d1/449/AUTH_99d4e95f41064070a11757847c28d91f/gnocchi.456664c6-d779-43ed-a4e9-112955f6e012/1769040000.0_mean_300.0_v3" 201 - "PUT http://172.18.0.2:8080/d1/296/AUTH_99d4e95f41064070a11757847c28d91f/gnocchi.456664c6-d779-43ed-a4e9-112955f6e012/1769040000.0_mean_300.0_v3" "tx8f38cc04be9143cb82939-00697b7a71" "object-server 21" 0.0011 "-" 21 0
Jan 29 15:19:13 standalone object-server[129745]: 172.20.0.100 - - [29/Jan/2026:15:19:13 +0000] "PUT /d1/296/AUTH_99d4e95f41064070a11757847c28d91f/gnocchi.456664c6-d779-43ed-a4e9-112955f6e012/1769040000.0_mean_300.0_v3" 201 - "PUT http://172.18.0.2:8080/v1/AUTH_99d4e95f41064070a11757847c28d91f/gnocchi.456664c6-d779-43ed-a4e9-112955f6e012/1769040000.0_mean_300.0_v3" "tx8f38cc04be9143cb82939-00697b7a71" "proxy-server 20" 0.0117 "-" 21 0
Jan 29 15:19:13 standalone proxy-server[131326]: 172.18.0.2 172.18.0.100 29/Jan/2026/15/19/13 PUT /v1/AUTH_99d4e95f41064070a11757847c28d91f/gnocchi.456664c6-d779-43ed-a4e9-112955f6e012/1769040000.0_mean_300.0_v3 HTTP/1.0 201 - python-swiftclient-3.11.1 gAAAAABpe3n4LCGJ... 16 - - tx8f38cc04be9143cb82939-00697b7a71 - 0.0204 - - 1769699953.720155478 1769699953.740523815 0
Jan 29 15:19:13 standalone container-server[129475]: 172.20.0.100 - - [29/Jan/2026:15:19:13 +0000] "PUT /d1/449/AUTH_99d4e95f41064070a11757847c28d91f/gnocchi.456664c6-d779-43ed-a4e9-112955f6e012/none_v3" 201 - "PUT http://172.18.0.2:8080/d1/232/AUTH_99d4e95f41064070a11757847c28d91f/gnocchi.456664c6-d779-43ed-a4e9-112955f6e012/none_v3" "tx05a964e2513040519f17c-00697b7a71" "object-server 23" 0.0005 "-" 19 0
Jan 29 15:19:13 standalone object-server[129760]: 172.20.0.100 - - [29/Jan/2026:15:19:13 +0000] "PUT /d1/232/AUTH_99d4e95f41064070a11757847c28d91f/gnocchi.456664c6-d779-43ed-a4e9-112955f6e012/none_v3" 201 - "PUT http://172.18.0.2:8080/v1/AUTH_99d4e95f41064070a11757847c28d91f/gnocchi.456664c6-d779-43ed-a4e9-112955f6e012/none_v3" "tx05a964e2513040519f17c-00697b7a71" "proxy-server 20" 0.0105 "-" 23 0
Jan 29 15:19:13 standalone proxy-server[131326]: 172.18.0.2 172.18.0.100 29/Jan/2026/15/19/13 PUT /v1/AUTH_99d4e95f41064070a11757847c28d91f/gnocchi.456664c6-d779-43ed-a4e9-112955f6e012/none_v3 HTTP/1.0 201 - python-swiftclient-3.11.1 gAAAAABpe3n4LCGJ... 32 - - tx05a964e2513040519f17c-00697b7a71 - 0.0198 - - 1769699953.743618488 1769699953.763385534 0
Jan 29 15:19:13 standalone object-server[129759]: 172.20.0.100 - - [29/Jan/2026:15:19:13 +0000] "GET /d1/962/AUTH_99d4e95f41064070a11757847c28d91f/gnocchi.bb245050-1ad3-4b17-a950-295616fafb64/none_v3" 200 22 "GET http://172.18.0.2:8080/v1/AUTH_99d4e95f41064070a11757847c28d91f/gnocchi.bb245050-1ad3-4b17-a950-295616fafb64/none_v3" "txed0bfa68e47141cba6bd1-00697b7a71" "proxy-server 20" 0.0012 "-" 22 0
Jan 29 15:19:13 standalone proxy-server[131326]: 172.18.0.2 172.18.0.100 29/Jan/2026/15/19/13 GET /v1/AUTH_99d4e95f41064070a11757847c28d91f/gnocchi.bb245050-1ad3-4b17-a950-295616fafb64/none_v3 HTTP/1.0 200 - python-swiftclient-3.11.1 gAAAAABpe3n4LCGJ... - 22 - txed0bfa68e47141cba6bd1-00697b7a71 - 0.0098 - - 1769699953.771709442 1769699953.781546593 0
Jan 29 15:19:13 standalone container-server[129508]: 172.20.0.100 - - [29/Jan/2026:15:19:13 +0000] "GET /d1/330/AUTH_99d4e95f41064070a11757847c28d91f/gnocchi.bb245050-1ad3-4b17-a950-295616fafb64" 200 357 "GET http://172.18.0.2:8080/v1/AUTH_99d4e95f41064070a11757847c28d91f/gnocchi.bb245050-1ad3-4b17-a950-295616fafb64?format=json&states=listing" "txf87ddcdf6ca745649976b-00697b7a71" "proxy-server 20" 0.0183 "-" 23 0
Jan 29 15:19:13 standalone proxy-server[131326]: 172.18.0.2 172.18.0.100 29/Jan/2026/15/19/13 GET /v1/AUTH_99d4e95f41064070a11757847c28d91f/gnocchi.bb245050-1ad3-4b17-a950-295616fafb64%3Fformat%3Djson%26states%3Dlisting HTTP/1.0 200 - python-swiftclient-3.11.1 gAAAAABpe3n4LCGJ... - 357 - txf87ddcdf6ca745649976b-00697b7a71 - 0.0287 - - 1769699953.786257744 1769699953.814973593 0
Jan 29 15:19:13 standalone container-server[129475]: 172.20.0.100 - - [29/Jan/2026:15:19:13 +0000] "GET /d1/330/AUTH_99d4e95f41064070a11757847c28d91f/gnocchi.bb245050-1ad3-4b17-a950-295616fafb64" 200 2 "GET http://172.18.0.2:8080/v1/AUTH_99d4e95f41064070a11757847c28d91f/gnocchi.bb245050-1ad3-4b17-a950-295616fafb64?format=json&marker=none_v3&states=listing" "txf494b060bbad428d9a2f5-00697b7a71" "proxy-server 20" 0.0044 "-" 19 0
Jan 29 15:19:13 standalone proxy-server[131326]: 172.18.0.2 172.18.0.100 29/Jan/2026/15/19/13 GET /v1/AUTH_99d4e95f41064070a11757847c28d91f/gnocchi.bb245050-1ad3-4b17-a950-295616fafb64%3Fformat%3Djson%26marker%3Dnone_v3%26states%3Dlisting HTTP/1.0 200 - python-swiftclient-3.11.1 gAAAAABpe3n4LCGJ... - 2 - txf494b060bbad428d9a2f5-00697b7a71 - 0.0135 - - 1769699953.818336964 1769699953.831864357 0
Jan 29 15:19:13 standalone object-server[129760]: 172.20.0.100 - - [29/Jan/2026:15:19:13 +0000] "GET /d1/980/AUTH_99d4e95f41064070a11757847c28d91f/gnocchi.bb245050-1ad3-4b17-a950-295616fafb64/1769040000.0_mean_300.0_v3" 200 16 "GET http://172.18.0.2:8080/v1/AUTH_99d4e95f41064070a11757847c28d91f/gnocchi.bb245050-1ad3-4b17-a950-295616fafb64/1769040000.0_mean_300.0_v3" "txe8f787b7215d40d29d753-00697b7a71" "proxy-server 20" 0.0011 "-" 23 0
Jan 29 15:19:13 standalone proxy-server[131326]: 172.18.0.2 172.18.0.100 29/Jan/2026/15/19/13 GET /v1/AUTH_99d4e95f41064070a11757847c28d91f/gnocchi.bb245050-1ad3-4b17-a950-295616fafb64/1769040000.0_mean_300.0_v3 HTTP/1.0 200 - python-swiftclient-3.11.1 gAAAAABpe3n4LCGJ... - 16 - txe8f787b7215d40d29d753-00697b7a71 - 0.0124 - - 1769699953.837635040 1769699953.850057364 0
Jan 29 15:19:13 standalone container-server[129475]: 172.20.0.100 - - [29/Jan/2026:15:19:13 +0000] "PUT /d1/330/AUTH_99d4e95f41064070a11757847c28d91f/gnocchi.bb245050-1ad3-4b17-a950-295616fafb64/1769040000.0_mean_300.0_v3" 201 - "PUT http://172.18.0.2:8080/d1/980/AUTH_99d4e95f41064070a11757847c28d91f/gnocchi.bb245050-1ad3-4b17-a950-295616fafb64/1769040000.0_mean_300.0_v3" "txdb49f9fe26694c9daf49f-00697b7a71" "object-server 25" 0.0008 "-" 19 0
Jan 29 15:19:13 standalone object-server[129762]: 172.20.0.100 - - [29/Jan/2026:15:19:13 +0000] "PUT /d1/980/AUTH_99d4e95f41064070a11757847c28d91f/gnocchi.bb245050-1ad3-4b17-a950-295616fafb64/1769040000.0_mean_300.0_v3" 201 - "PUT http://172.18.0.2:8080/v1/AUTH_99d4e95f41064070a11757847c28d91f/gnocchi.bb245050-1ad3-4b17-a950-295616fafb64/1769040000.0_mean_300.0_v3" "txdb49f9fe26694c9daf49f-00697b7a71" "proxy-server 20" 0.0204 "-" 25 0
Jan 29 15:19:13 standalone proxy-server[131326]: 172.18.0.2 172.18.0.100 29/Jan/2026/15/19/13 PUT /v1/AUTH_99d4e95f41064070a11757847c28d91f/gnocchi.bb245050-1ad3-4b17-a950-295616fafb64/1769040000.0_mean_300.0_v3 HTTP/1.0 201 - python-swiftclient-3.11.1 gAAAAABpe3n4LCGJ... 16 - - txdb49f9fe26694c9daf49f-00697b7a71 - 0.0269 - - 1769699953.855263710 1769699953.882133722 0
Jan 29 15:19:13 standalone container-server[129494]: 172.20.0.100 - - [29/Jan/2026:15:19:13 +0000] "PUT /d1/330/AUTH_99d4e95f41064070a11757847c28d91f/gnocchi.bb245050-1ad3-4b17-a950-295616fafb64/none_v3" 201 - "PUT http://172.18.0.2:8080/d1/962/AUTH_99d4e95f41064070a11757847c28d91f/gnocchi.bb245050-1ad3-4b17-a950-295616fafb64/none_v3" "txbfac38402ba74bc68a5d9-00697b7a71" "object-server 22" 0.0008 "-" 22 0
Jan 29 15:19:13 standalone object-server[129759]: 172.20.0.100 - - [29/Jan/2026:15:19:13 +0000] "PUT /d1/962/AUTH_99d4e95f41064070a11757847c28d91f/gnocchi.bb245050-1ad3-4b17-a950-295616fafb64/none_v3" 201 - "PUT http://172.18.0.2:8080/v1/AUTH_99d4e95f41064070a11757847c28d91f/gnocchi.bb245050-1ad3-4b17-a950-295616fafb64/none_v3" "txbfac38402ba74bc68a5d9-00697b7a71" "proxy-server 20" 0.0120 "-" 22 0
Jan 29 15:19:13 standalone proxy-server[131326]: 172.18.0.2 172.18.0.100 29/Jan/2026/15/19/13 PUT /v1/AUTH_99d4e95f41064070a11757847c28d91f/gnocchi.bb245050-1ad3-4b17-a950-295616fafb64/none_v3 HTTP/1.0 201 - python-swiftclient-3.11.1 gAAAAABpe3n4LCGJ... 32 - - txbfac38402ba74bc68a5d9-00697b7a71 - 0.0182 - - 1769699953.885462761 1769699953.903639555 0
Jan 29 15:19:13 standalone object-server[129759]: 172.20.0.100 - - [29/Jan/2026:15:19:13 +0000] "GET /d1/537/AUTH_99d4e95f41064070a11757847c28d91f/gnocchi.5dcc6373-309e-45ea-aaf2-6617cb6abe0d/none_v3" 200 22 "GET http://172.18.0.2:8080/v1/AUTH_99d4e95f41064070a11757847c28d91f/gnocchi.5dcc6373-309e-45ea-aaf2-6617cb6abe0d/none_v3" "txd39383442b51430c9c343-00697b7a71" "proxy-server 20" 0.0012 "-" 22 0
Jan 29 15:19:13 standalone proxy-server[131326]: 172.18.0.2 172.18.0.100 29/Jan/2026/15/19/13 GET /v1/AUTH_99d4e95f41064070a11757847c28d91f/gnocchi.5dcc6373-309e-45ea-aaf2-6617cb6abe0d/none_v3 HTTP/1.0 200 - python-swiftclient-3.11.1 gAAAAABpe3n4LCGJ... - 22 - txd39383442b51430c9c343-00697b7a71 - 0.0076 - - 1769699953.915872812 1769699953.923515320 0
Jan 29 15:19:13 standalone container-server[129475]: 172.20.0.100 - - [29/Jan/2026:15:19:13 +0000] "GET /d1/522/AUTH_99d4e95f41064070a11757847c28d91f/gnocchi.5dcc6373-309e-45ea-aaf2-6617cb6abe0d" 200 357 "GET http://172.18.0.2:8080/v1/AUTH_99d4e95f41064070a11757847c28d91f/gnocchi.5dcc6373-309e-45ea-aaf2-6617cb6abe0d?format=json&states=listing" "tx4735aaa421d140a197794-00697b7a71" "proxy-server 20" 0.0108 "-" 19 0
Jan 29 15:19:13 standalone proxy-server[131326]: 172.18.0.2 172.18.0.100 29/Jan/2026/15/19/13 GET /v1/AUTH_99d4e95f41064070a11757847c28d91f/gnocchi.5dcc6373-309e-45ea-aaf2-6617cb6abe0d%3Fformat%3Djson%26states%3Dlisting HTTP/1.0 200 - python-swiftclient-3.11.1 gAAAAABpe3n4LCGJ... - 357 - tx4735aaa421d140a197794-00697b7a71 - 0.0183 - - 1769699953.927869797 1769699953.946145058 0
Jan 29 15:19:13 standalone container-server[129475]: 172.20.0.100 - - [29/Jan/2026:15:19:13 +0000] "GET /d1/522/AUTH_99d4e95f41064070a11757847c28d91f/gnocchi.5dcc6373-309e-45ea-aaf2-6617cb6abe0d" 200 2 "GET http://172.18.0.2:8080/v1/AUTH_99d4e95f41064070a11757847c28d91f/gnocchi.5dcc6373-309e-45ea-aaf2-6617cb6abe0d?format=json&marker=none_v3&states=listing" "txe48bc89afa0e4e5a86e57-00697b7a71" "proxy-server 20" 0.0032 "-" 19 0
Jan 29 15:19:13 standalone proxy-server[131326]: 172.18.0.2 172.18.0.100 29/Jan/2026/15/19/13 GET /v1/AUTH_99d4e95f41064070a11757847c28d91f/gnocchi.5dcc6373-309e-45ea-aaf2-6617cb6abe0d%3Fformat%3Djson%26marker%3Dnone_v3%26states%3Dlisting HTTP/1.0 200 - python-swiftclient-3.11.1 gAAAAABpe3n4LCGJ... - 2 - txe48bc89afa0e4e5a86e57-00697b7a71 - 0.0116 - - 1769699953.982060432 1769699953.993700266 0
Jan 29 15:19:14 standalone object-server[129762]: 172.20.0.100 - - [29/Jan/2026:15:19:14 +0000] "GET /d1/1020/AUTH_99d4e95f41064070a11757847c28d91f/gnocchi.5dcc6373-309e-45ea-aaf2-6617cb6abe0d/1769040000.0_mean_300.0_v3" 200 16 "GET http://172.18.0.2:8080/v1/AUTH_99d4e95f41064070a11757847c28d91f/gnocchi.5dcc6373-309e-45ea-aaf2-6617cb6abe0d/1769040000.0_mean_300.0_v3" "txb199230eb4a74bf5946c3-00697b7a71" "proxy-server 20" 0.0014 "-" 25 0
Jan 29 15:19:14 standalone proxy-server[131326]: 172.18.0.2 172.18.0.100 29/Jan/2026/15/19/14 GET /v1/AUTH_99d4e95f41064070a11757847c28d91f/gnocchi.5dcc6373-309e-45ea-aaf2-6617cb6abe0d/1769040000.0_mean_300.0_v3 HTTP/1.0 200 - python-swiftclient-3.11.1 gAAAAABpe3n4LCGJ... - 16 - txb199230eb4a74bf5946c3-00697b7a71 - 0.0100 - - 1769699953.998760700 1769699954.008734703 0
Jan 29 15:19:14 standalone container-server[129508]: 172.20.0.100 - - [29/Jan/2026:15:19:14 +0000] "PUT /d1/522/AUTH_99d4e95f41064070a11757847c28d91f/gnocchi.5dcc6373-309e-45ea-aaf2-6617cb6abe0d/1769040000.0_mean_300.0_v3" 201 - "PUT http://172.18.0.2:8080/d1/1020/AUTH_99d4e95f41064070a11757847c28d91f/gnocchi.5dcc6373-309e-45ea-aaf2-6617cb6abe0d/1769040000.0_mean_300.0_v3" "tx1ab39cba4d37438a82325-00697b7a72" "object-server 23" 0.0010 "-" 23 0
Jan 29 15:19:14 standalone object-server[129760]: 172.20.0.100 - - [29/Jan/2026:15:19:14 +0000] "PUT /d1/1020/AUTH_99d4e95f41064070a11757847c28d91f/gnocchi.5dcc6373-309e-45ea-aaf2-6617cb6abe0d/1769040000.0_mean_300.0_v3" 201 - "PUT http://172.18.0.2:8080/v1/AUTH_99d4e95f41064070a11757847c28d91f/gnocchi.5dcc6373-309e-45ea-aaf2-6617cb6abe0d/1769040000.0_mean_300.0_v3" "tx1ab39cba4d37438a82325-00697b7a72" "proxy-server 20" 0.0177 "-" 23 0
Jan 29 15:19:14 standalone proxy-server[131326]: 172.18.0.2 172.18.0.100 29/Jan/2026/15/19/14 PUT /v1/AUTH_99d4e95f41064070a11757847c28d91f/gnocchi.5dcc6373-309e-45ea-aaf2-6617cb6abe0d/1769040000.0_mean_300.0_v3 HTTP/1.0 201 - python-swiftclient-3.11.1 gAAAAABpe3n4LCGJ... 16 - - tx1ab39cba4d37438a82325-00697b7a72 - 0.0254 - - 1769699954.012698412 1769699954.038145304 0
Jan 29 15:19:14 standalone container-server[129508]: 172.20.0.100 - - [29/Jan/2026:15:19:14 +0000] "PUT /d1/522/AUTH_99d4e95f41064070a11757847c28d91f/gnocchi.5dcc6373-309e-45ea-aaf2-6617cb6abe0d/none_v3" 201 - "PUT http://172.18.0.2:8080/d1/537/AUTH_99d4e95f41064070a11757847c28d91f/gnocchi.5dcc6373-309e-45ea-aaf2-6617cb6abe0d/none_v3" "txa63de0aa3f6f4de195b13-00697b7a72" "object-server 21" 0.0009 "-" 23 0
Jan 29 15:19:14 standalone object-server[129745]: 172.20.0.100 - - [29/Jan/2026:15:19:14 +0000] "PUT /d1/537/AUTH_99d4e95f41064070a11757847c28d91f/gnocchi.5dcc6373-309e-45ea-aaf2-6617cb6abe0d/none_v3" 201 - "PUT http://172.18.0.2:8080/v1/AUTH_99d4e95f41064070a11757847c28d91f/gnocchi.5dcc6373-309e-45ea-aaf2-6617cb6abe0d/none_v3" "txa63de0aa3f6f4de195b13-00697b7a72" "proxy-server 20" 0.0118 "-" 21 0
Jan 29 15:19:14 standalone proxy-server[131326]: 172.18.0.2 172.18.0.100 29/Jan/2026/15/19/14 PUT /v1/AUTH_99d4e95f41064070a11757847c28d91f/gnocchi.5dcc6373-309e-45ea-aaf2-6617cb6abe0d/none_v3 HTTP/1.0 201 - python-swiftclient-3.11.1 gAAAAABpe3n4LCGJ... 32 - - txa63de0aa3f6f4de195b13-00697b7a72 - 0.0199 - - 1769699954.043189526 1769699954.063078403 0
Jan 29 15:19:14 standalone object-server[129759]: 172.20.0.100 - - [29/Jan/2026:15:19:14 +0000] "GET /d1/826/AUTH_99d4e95f41064070a11757847c28d91f/gnocchi.2e337fee-068d-43b8-9c32-4fcb22df95f8/none_v3" 200 22 "GET http://172.18.0.2:8080/v1/AUTH_99d4e95f41064070a11757847c28d91f/gnocchi.2e337fee-068d-43b8-9c32-4fcb22df95f8/none_v3" "tx01210507b6a94c95a5a58-00697b7a72" "proxy-server 20" 0.0010 "-" 22 0
Jan 29 15:19:14 standalone proxy-server[131326]: 172.18.0.2 172.18.0.100 29/Jan/2026/15/19/14 GET /v1/AUTH_99d4e95f41064070a11757847c28d91f/gnocchi.2e337fee-068d-43b8-9c32-4fcb22df95f8/none_v3 HTTP/1.0 200 - python-swiftclient-3.11.1 gAAAAABpe3n4LCGJ... - 22 - tx01210507b6a94c95a5a58-00697b7a72 - 0.0098 - - 1769699954.078598261 1769699954.088423491 0
Jan 29 15:19:14 standalone container-server[129491]: 172.20.0.100 - - [29/Jan/2026:15:19:14 +0000] "GET /d1/854/AUTH_99d4e95f41064070a11757847c28d91f/gnocchi.2e337fee-068d-43b8-9c32-4fcb22df95f8" 200 357 "GET http://172.18.0.2:8080/v1/AUTH_99d4e95f41064070a11757847c28d91f/gnocchi.2e337fee-068d-43b8-9c32-4fcb22df95f8?format=json&states=listing" "txb9bfa9ff5d364938be441-00697b7a72" "proxy-server 20" 0.0120 "-" 21 0
Jan 29 15:19:14 standalone proxy-server[131326]: 172.18.0.2 172.18.0.100 29/Jan/2026/15/19/14 GET /v1/AUTH_99d4e95f41064070a11757847c28d91f/gnocchi.2e337fee-068d-43b8-9c32-4fcb22df95f8%3Fformat%3Djson%26states%3Dlisting HTTP/1.0 200 - python-swiftclient-3.11.1 gAAAAABpe3n4LCGJ... - 357 - txb9bfa9ff5d364938be441-00697b7a72 - 0.0231 - - 1769699954.093343019 1769699954.116450787 0
Jan 29 15:19:14 standalone container-server[129491]: 172.20.0.100 - - [29/Jan/2026:15:19:14 +0000] "GET /d1/854/AUTH_99d4e95f41064070a11757847c28d91f/gnocchi.2e337fee-068d-43b8-9c32-4fcb22df95f8" 200 2 "GET http://172.18.0.2:8080/v1/AUTH_99d4e95f41064070a11757847c28d91f/gnocchi.2e337fee-068d-43b8-9c32-4fcb22df95f8?format=json&marker=none_v3&states=listing" "txde71c7076f38484ba76b0-00697b7a72" "proxy-server 20" 0.0038 "-" 21 0
Jan 29 15:19:14 standalone proxy-server[131326]: 172.18.0.2 172.18.0.100 29/Jan/2026/15/19/14 GET /v1/AUTH_99d4e95f41064070a11757847c28d91f/gnocchi.2e337fee-068d-43b8-9c32-4fcb22df95f8%3Fformat%3Djson%26marker%3Dnone_v3%26states%3Dlisting HTTP/1.0 200 - python-swiftclient-3.11.1 gAAAAABpe3n4LCGJ... - 2 - txde71c7076f38484ba76b0-00697b7a72 - 0.0141 - - 1769699954.120666265 1769699954.134805679 0
Jan 29 15:19:14 standalone object-server[129745]: 172.20.0.100 - - [29/Jan/2026:15:19:14 +0000] "GET /d1/714/AUTH_99d4e95f41064070a11757847c28d91f/gnocchi.2e337fee-068d-43b8-9c32-4fcb22df95f8/1769040000.0_mean_300.0_v3" 200 16 "GET http://172.18.0.2:8080/v1/AUTH_99d4e95f41064070a11757847c28d91f/gnocchi.2e337fee-068d-43b8-9c32-4fcb22df95f8/1769040000.0_mean_300.0_v3" "tx8939012dd9d148baa45de-00697b7a72" "proxy-server 20" 0.0011 "-" 21 0
Jan 29 15:19:14 standalone proxy-server[131326]: 172.18.0.2 172.18.0.100 29/Jan/2026/15/19/14 GET /v1/AUTH_99d4e95f41064070a11757847c28d91f/gnocchi.2e337fee-068d-43b8-9c32-4fcb22df95f8/1769040000.0_mean_300.0_v3 HTTP/1.0 200 - python-swiftclient-3.11.1 gAAAAABpe3n4LCGJ... - 16 - tx8939012dd9d148baa45de-00697b7a72 - 0.0095 - - 1769699954.139799833 1769699954.149263144 0
Jan 29 15:19:14 standalone container-server[129491]: 172.20.0.100 - - [29/Jan/2026:15:19:14 +0000] "PUT /d1/854/AUTH_99d4e95f41064070a11757847c28d91f/gnocchi.2e337fee-068d-43b8-9c32-4fcb22df95f8/1769040000.0_mean_300.0_v3" 201 - "PUT http://172.18.0.2:8080/d1/714/AUTH_99d4e95f41064070a11757847c28d91f/gnocchi.2e337fee-068d-43b8-9c32-4fcb22df95f8/1769040000.0_mean_300.0_v3" "txd2a00b0069da4a8190a33-00697b7a72" "object-server 22" 0.0009 "-" 21 0
Jan 29 15:19:14 standalone object-server[129759]: 172.20.0.100 - - [29/Jan/2026:15:19:14 +0000] "PUT /d1/714/AUTH_99d4e95f41064070a11757847c28d91f/gnocchi.2e337fee-068d-43b8-9c32-4fcb22df95f8/1769040000.0_mean_300.0_v3" 201 - "PUT http://172.18.0.2:8080/v1/AUTH_99d4e95f41064070a11757847c28d91f/gnocchi.2e337fee-068d-43b8-9c32-4fcb22df95f8/1769040000.0_mean_300.0_v3" "txd2a00b0069da4a8190a33-00697b7a72" "proxy-server 20" 0.0112 "-" 22 0
Jan 29 15:19:14 standalone proxy-server[131326]: 172.18.0.2 172.18.0.100 29/Jan/2026/15/19/14 PUT /v1/AUTH_99d4e95f41064070a11757847c28d91f/gnocchi.2e337fee-068d-43b8-9c32-4fcb22df95f8/1769040000.0_mean_300.0_v3 HTTP/1.0 201 - python-swiftclient-3.11.1 gAAAAABpe3n4LCGJ... 16 - - txd2a00b0069da4a8190a33-00697b7a72 - 0.0187 - - 1769699954.154020309 1769699954.172682524 0
Jan 29 15:19:14 standalone container-server[129475]: 172.20.0.100 - - [29/Jan/2026:15:19:14 +0000] "PUT /d1/854/AUTH_99d4e95f41064070a11757847c28d91f/gnocchi.2e337fee-068d-43b8-9c32-4fcb22df95f8/none_v3" 201 - "PUT http://172.18.0.2:8080/d1/826/AUTH_99d4e95f41064070a11757847c28d91f/gnocchi.2e337fee-068d-43b8-9c32-4fcb22df95f8/none_v3" "txf34b9df5d1f44b06a7745-00697b7a72" "object-server 21" 0.0008 "-" 19 0
Jan 29 15:19:14 standalone object-server[129745]: 172.20.0.100 - - [29/Jan/2026:15:19:14 +0000] "PUT /d1/826/AUTH_99d4e95f41064070a11757847c28d91f/gnocchi.2e337fee-068d-43b8-9c32-4fcb22df95f8/none_v3" 201 - "PUT http://172.18.0.2:8080/v1/AUTH_99d4e95f41064070a11757847c28d91f/gnocchi.2e337fee-068d-43b8-9c32-4fcb22df95f8/none_v3" "txf34b9df5d1f44b06a7745-00697b7a72" "proxy-server 20" 0.0113 "-" 21 0
Jan 29 15:19:14 standalone proxy-server[131326]: 172.18.0.2 172.18.0.100 29/Jan/2026/15/19/14 PUT /v1/AUTH_99d4e95f41064070a11757847c28d91f/gnocchi.2e337fee-068d-43b8-9c32-4fcb22df95f8/none_v3 HTTP/1.0 201 - python-swiftclient-3.11.1 gAAAAABpe3n4LCGJ... 32 - - txf34b9df5d1f44b06a7745-00697b7a72 - 0.0185 - - 1769699954.176668644 1769699954.195207119 0
Jan 29 15:19:17 standalone container-server[129475]: 172.20.0.100 - - [29/Jan/2026:15:19:17 +0000] "HEAD /d1/359/AUTH_99d4e95f41064070a11757847c28d91f/gnocchi.e4118470-6a48-41f9-8b28-2ce5453c82f9" 404 - "HEAD http://172.18.0.2:8080/v1/AUTH_99d4e95f41064070a11757847c28d91f/gnocchi.e4118470-6a48-41f9-8b28-2ce5453c82f9?format=json&states=listing" "txfb2e37b472004697b9272-00697b7a75" "proxy-server 20" 0.0010 "-" 19 0
Jan 29 15:19:17 standalone object-server[129762]: 172.20.0.100 - - [29/Jan/2026:15:19:17 +0000] "GET /d1/980/AUTH_99d4e95f41064070a11757847c28d91f/gnocchi.e4118470-6a48-41f9-8b28-2ce5453c82f9/none_v3" 404 70 "GET http://172.18.0.2:8080/v1/AUTH_99d4e95f41064070a11757847c28d91f/gnocchi.e4118470-6a48-41f9-8b28-2ce5453c82f9/none_v3" "txfb2e37b472004697b9272-00697b7a75" "proxy-server 20" 0.0008 "-" 25 0
Jan 29 15:19:17 standalone proxy-server[131326]: 172.18.0.2 172.18.0.100 29/Jan/2026/15/19/17 GET /v1/AUTH_99d4e95f41064070a11757847c28d91f/gnocchi.e4118470-6a48-41f9-8b28-2ce5453c82f9/none_v3 HTTP/1.0 404 - python-swiftclient-3.11.1 gAAAAABpe3n4LCGJ... - 70 - txfb2e37b472004697b9272-00697b7a75 - 0.0120 - - 1769699957.205809593 1769699957.217786312 0
Jan 29 15:19:17 standalone account-server[129469]: 172.20.0.100 - - [29/Jan/2026:15:19:17 +0000] "PUT /d1/796/AUTH_99d4e95f41064070a11757847c28d91f/gnocchi.e4118470-6a48-41f9-8b28-2ce5453c82f9" 201 - "PUT http://172.20.0.100:6001/d1/359/AUTH_99d4e95f41064070a11757847c28d91f/gnocchi.e4118470-6a48-41f9-8b28-2ce5453c82f9" "tx47e0d37093b444f09b805-00697b7a75" "container-server 21" 0.0017 "-" 22 0
Jan 29 15:19:17 standalone container-server[129491]: 172.20.0.100 - - [29/Jan/2026:15:19:17 +0000] "PUT /d1/359/AUTH_99d4e95f41064070a11757847c28d91f/gnocchi.e4118470-6a48-41f9-8b28-2ce5453c82f9" 201 - "PUT http://172.18.0.2:8080/v1/AUTH_99d4e95f41064070a11757847c28d91f/gnocchi.e4118470-6a48-41f9-8b28-2ce5453c82f9" "tx47e0d37093b444f09b805-00697b7a75" "proxy-server 20" 0.0147 "-" 21 0
Jan 29 15:19:17 standalone proxy-server[131326]: 172.18.0.2 172.18.0.100 29/Jan/2026/15/19/17 PUT /v1/AUTH_99d4e95f41064070a11757847c28d91f/gnocchi.e4118470-6a48-41f9-8b28-2ce5453c82f9 HTTP/1.0 201 - python-swiftclient-3.11.1 gAAAAABpe3n4LCGJ... - - - tx47e0d37093b444f09b805-00697b7a75 - 0.0202 - - 1769699957.220965147 1769699957.241181135 0
Jan 29 15:19:17 standalone container-server[129491]: 172.20.0.100 - - [29/Jan/2026:15:19:17 +0000] "HEAD /d1/359/AUTH_99d4e95f41064070a11757847c28d91f/gnocchi.e4118470-6a48-41f9-8b28-2ce5453c82f9" 204 - "HEAD http://172.18.0.2:8080/v1/AUTH_99d4e95f41064070a11757847c28d91f/gnocchi.e4118470-6a48-41f9-8b28-2ce5453c82f9?format=json&states=listing" "txd2dbe36ad2f24af49bf9f-00697b7a75" "proxy-server 20" 0.0016 "-" 21 0
Jan 29 15:19:17 standalone proxy-server[131326]: - - 29/Jan/2026/15/19/17 HEAD /v1/AUTH_99d4e95f41064070a11757847c28d91f/gnocchi.e4118470-6a48-41f9-8b28-2ce5453c82f9%3Fformat%3Djson%26states%3Dlisting HTTP/1.0 204 - Swift - - - - txd2dbe36ad2f24af49bf9f-00697b7a75 - 0.0070 RL - 1769699957.245701075 1769699957.252665997 0
Jan 29 15:19:17 standalone container-server[129508]: 172.20.0.100 - - [29/Jan/2026:15:19:17 +0000] "GET /d1/359/AUTH_99d4e95f41064070a11757847c28d91f/gnocchi.e4118470-6a48-41f9-8b28-2ce5453c82f9" 200 2 "GET http://172.18.0.2:8080/v1/AUTH_99d4e95f41064070a11757847c28d91f/gnocchi.e4118470-6a48-41f9-8b28-2ce5453c82f9?format=json&states=listing" "txd2dbe36ad2f24af49bf9f-00697b7a75" "proxy-server 20" 0.0024 "-" 23 0
Jan 29 15:19:17 standalone proxy-server[131326]: 172.18.0.2 172.18.0.100 29/Jan/2026/15/19/17 GET /v1/AUTH_99d4e95f41064070a11757847c28d91f/gnocchi.e4118470-6a48-41f9-8b28-2ce5453c82f9%3Fformat%3Djson%26states%3Dlisting HTTP/1.0 200 - python-swiftclient-3.11.1 gAAAAABpe3n4LCGJ... - 2 - txd2dbe36ad2f24af49bf9f-00697b7a75 - 0.0183 - - 1769699957.244610548 1769699957.262867451 0
