Jan 29 15:20:09 standalone container-server[129494]: 172.20.0.100 - - [29/Jan/2026:15:20:09 +0000] "HEAD /d1/327/AUTH_99d4e95f41064070a11757847c28d91f/gnocchi.30c713e5-f529-412c-9d5a-7225784aeb61" 204 - "HEAD http://172.18.0.2:8080/v1/AUTH_99d4e95f41064070a11757847c28d91f/gnocchi.30c713e5-f529-412c-9d5a-7225784aeb61?format=json&states=listing" "txdf3b424622c64bdeb2b60-00697b7aa9" "proxy-server 20" 0.0025 "-" 22 0
Jan 29 15:20:09 standalone proxy-server[131326]: - - 29/Jan/2026/15/20/09 HEAD /v1/AUTH_99d4e95f41064070a11757847c28d91f/gnocchi.30c713e5-f529-412c-9d5a-7225784aeb61%3Fformat%3Djson%26states%3Dlisting HTTP/1.0 204 - Swift - - - - txdf3b424622c64bdeb2b60-00697b7aa9 - 0.0098 RL - 1769700009.655287504 1769700009.665123940 0
Jan 29 15:20:09 standalone container-server[129475]: 172.20.0.100 - - [29/Jan/2026:15:20:09 +0000] "GET /d1/327/AUTH_99d4e95f41064070a11757847c28d91f/gnocchi.30c713e5-f529-412c-9d5a-7225784aeb61" 200 2 "GET http://172.18.0.2:8080/v1/AUTH_99d4e95f41064070a11757847c28d91f/gnocchi.30c713e5-f529-412c-9d5a-7225784aeb61?format=json&states=listing" "txdf3b424622c64bdeb2b60-00697b7aa9" "proxy-server 20" 0.0024 "-" 19 0
Jan 29 15:20:09 standalone proxy-server[131326]: 172.18.0.2 172.18.0.100 29/Jan/2026/15/20/09 GET /v1/AUTH_99d4e95f41064070a11757847c28d91f/gnocchi.30c713e5-f529-412c-9d5a-7225784aeb61%3Fformat%3Djson%26states%3Dlisting HTTP/1.0 200 - python-swiftclient-3.11.1 gAAAAABpe3n4LCGJ... - 2 - txdf3b424622c64bdeb2b60-00697b7aa9 - 0.0187 - - 1769700009.654444456 1769700009.673194170 0
Jan 29 15:20:09 standalone object-server[129759]: 172.20.0.100 - - [29/Jan/2026:15:20:09 +0000] "GET /d1/928/AUTH_99d4e95f41064070a11757847c28d91f/gnocchi.30c713e5-f529-412c-9d5a-7225784aeb61/1769040000.0_mean_300.0_v3" 404 70 "GET http://172.18.0.2:8080/v1/AUTH_99d4e95f41064070a11757847c28d91f/gnocchi.30c713e5-f529-412c-9d5a-7225784aeb61/1769040000.0_mean_300.0_v3" "txf6441c1c6a3948e192c7b-00697b7aa9" "proxy-server 20" 0.0005 "-" 22 0
Jan 29 15:20:09 standalone proxy-server[131326]: 172.18.0.2 172.18.0.100 29/Jan/2026/15/20/09 GET /v1/AUTH_99d4e95f41064070a11757847c28d91f/gnocchi.30c713e5-f529-412c-9d5a-7225784aeb61/1769040000.0_mean_300.0_v3 HTTP/1.0 404 - python-swiftclient-3.11.1 gAAAAABpe3n4LCGJ... - 70 - txf6441c1c6a3948e192c7b-00697b7aa9 - 0.0066 - - 1769700009.678230047 1769700009.684781551 0
Jan 29 15:20:09 standalone container-server[129508]: 172.20.0.100 - - [29/Jan/2026:15:20:09 +0000] "PUT /d1/327/AUTH_99d4e95f41064070a11757847c28d91f/gnocchi.30c713e5-f529-412c-9d5a-7225784aeb61/1769040000.0_mean_300.0_v3" 201 - "PUT http://172.18.0.2:8080/d1/928/AUTH_99d4e95f41064070a11757847c28d91f/gnocchi.30c713e5-f529-412c-9d5a-7225784aeb61/1769040000.0_mean_300.0_v3" "txe61286c0f9f2460facd9a-00697b7aa9" "object-server 23" 0.0005 "-" 23 0
Jan 29 15:20:09 standalone object-server[129760]: 172.20.0.100 - - [29/Jan/2026:15:20:09 +0000] "PUT /d1/928/AUTH_99d4e95f41064070a11757847c28d91f/gnocchi.30c713e5-f529-412c-9d5a-7225784aeb61/1769040000.0_mean_300.0_v3" 201 - "PUT http://172.18.0.2:8080/v1/AUTH_99d4e95f41064070a11757847c28d91f/gnocchi.30c713e5-f529-412c-9d5a-7225784aeb61/1769040000.0_mean_300.0_v3" "txe61286c0f9f2460facd9a-00697b7aa9" "proxy-server 20" 0.0085 "-" 23 0
Jan 29 15:20:09 standalone proxy-server[131326]: 172.18.0.2 172.18.0.100 29/Jan/2026/15/20/09 PUT /v1/AUTH_99d4e95f41064070a11757847c28d91f/gnocchi.30c713e5-f529-412c-9d5a-7225784aeb61/1769040000.0_mean_300.0_v3 HTTP/1.0 201 - python-swiftclient-3.11.1 gAAAAABpe3n4LCGJ... 16 - - txe61286c0f9f2460facd9a-00697b7aa9 - 0.0137 - - 1769700009.689970732 1769700009.703657389 0
Jan 29 15:20:09 standalone container-server[129494]: 172.20.0.100 - - [29/Jan/2026:15:20:09 +0000] "PUT /d1/327/AUTH_99d4e95f41064070a11757847c28d91f/gnocchi.30c713e5-f529-412c-9d5a-7225784aeb61/none_v3" 201 - "PUT http://172.18.0.2:8080/d1/1022/AUTH_99d4e95f41064070a11757847c28d91f/gnocchi.30c713e5-f529-412c-9d5a-7225784aeb61/none_v3" "txad04d9cb70194ccea1890-00697b7aa9" "object-server 22" 0.0005 "-" 22 0
Jan 29 15:20:09 standalone object-server[129759]: 172.20.0.100 - - [29/Jan/2026:15:20:09 +0000] "PUT /d1/1022/AUTH_99d4e95f41064070a11757847c28d91f/gnocchi.30c713e5-f529-412c-9d5a-7225784aeb61/none_v3" 201 - "PUT http://172.18.0.2:8080/v1/AUTH_99d4e95f41064070a11757847c28d91f/gnocchi.30c713e5-f529-412c-9d5a-7225784aeb61/none_v3" "txad04d9cb70194ccea1890-00697b7aa9" "proxy-server 20" 0.0104 "-" 22 0
Jan 29 15:20:09 standalone proxy-server[131326]: 172.18.0.2 172.18.0.100 29/Jan/2026/15/20/09 PUT /v1/AUTH_99d4e95f41064070a11757847c28d91f/gnocchi.30c713e5-f529-412c-9d5a-7225784aeb61/none_v3 HTTP/1.0 201 - python-swiftclient-3.11.1 gAAAAABpe3n4LCGJ... 22 - - txad04d9cb70194ccea1890-00697b7aa9 - 0.0173 - - 1769700009.707537174 1769700009.724817038 0
Jan 29 15:20:09 standalone container-server[129491]: 172.20.0.100 - - [29/Jan/2026:15:20:09 +0000] "HEAD /d1/743/AUTH_99d4e95f41064070a11757847c28d91f/gnocchi.6f84381b-eb1e-4e99-9f07-8440650f9563" 404 - "HEAD http://172.18.0.2:8080/v1/AUTH_99d4e95f41064070a11757847c28d91f/gnocchi.6f84381b-eb1e-4e99-9f07-8440650f9563?format=json&states=listing" "tx4dbf375893164aa2aaadb-00697b7aa9" "proxy-server 20" 0.0003 "-" 21 0
Jan 29 15:20:09 standalone object-server[129759]: 172.20.0.100 - - [29/Jan/2026:15:20:09 +0000] "GET /d1/161/AUTH_99d4e95f41064070a11757847c28d91f/gnocchi.6f84381b-eb1e-4e99-9f07-8440650f9563/none_v3" 404 70 "GET http://172.18.0.2:8080/v1/AUTH_99d4e95f41064070a11757847c28d91f/gnocchi.6f84381b-eb1e-4e99-9f07-8440650f9563/none_v3" "tx4dbf375893164aa2aaadb-00697b7aa9" "proxy-server 20" 0.0004 "-" 22 0
Jan 29 15:20:09 standalone proxy-server[131326]: 172.18.0.2 172.18.0.100 29/Jan/2026/15/20/09 GET /v1/AUTH_99d4e95f41064070a11757847c28d91f/gnocchi.6f84381b-eb1e-4e99-9f07-8440650f9563/none_v3 HTTP/1.0 404 - python-swiftclient-3.11.1 gAAAAABpe3n4LCGJ... - 70 - tx4dbf375893164aa2aaadb-00697b7aa9 - 0.0141 - - 1769700009.741823435 1769700009.755919933 0
Jan 29 15:20:09 standalone account-server[129471]: 172.20.0.100 - - [29/Jan/2026:15:20:09 +0000] "PUT /d1/796/AUTH_99d4e95f41064070a11757847c28d91f/gnocchi.6f84381b-eb1e-4e99-9f07-8440650f9563" 201 - "PUT http://172.20.0.100:6001/d1/743/AUTH_99d4e95f41064070a11757847c28d91f/gnocchi.6f84381b-eb1e-4e99-9f07-8440650f9563" "txbbaf417621f04ad9bebd0-00697b7aa9" "container-server 21" 0.0063 "-" 23 0
Jan 29 15:20:09 standalone container-server[129491]: 172.20.0.100 - - [29/Jan/2026:15:20:09 +0000] "PUT /d1/743/AUTH_99d4e95f41064070a11757847c28d91f/gnocchi.6f84381b-eb1e-4e99-9f07-8440650f9563" 201 - "PUT http://172.18.0.2:8080/v1/AUTH_99d4e95f41064070a11757847c28d91f/gnocchi.6f84381b-eb1e-4e99-9f07-8440650f9563" "txbbaf417621f04ad9bebd0-00697b7aa9" "proxy-server 20" 0.0168 "-" 21 0
Jan 29 15:20:09 standalone proxy-server[131326]: 172.18.0.2 172.18.0.100 29/Jan/2026/15/20/09 PUT /v1/AUTH_99d4e95f41064070a11757847c28d91f/gnocchi.6f84381b-eb1e-4e99-9f07-8440650f9563 HTTP/1.0 201 - python-swiftclient-3.11.1 gAAAAABpe3n4LCGJ... - - - txbbaf417621f04ad9bebd0-00697b7aa9 - 0.0236 - - 1769700009.762781143 1769700009.786400795 0
Jan 29 15:20:09 standalone container-server[129475]: 172.20.0.100 - - [29/Jan/2026:15:20:09 +0000] "HEAD /d1/743/AUTH_99d4e95f41064070a11757847c28d91f/gnocchi.6f84381b-eb1e-4e99-9f07-8440650f9563" 204 - "HEAD http://172.18.0.2:8080/v1/AUTH_99d4e95f41064070a11757847c28d91f/gnocchi.6f84381b-eb1e-4e99-9f07-8440650f9563?format=json&states=listing" "txe151cf0c8d0342499058f-00697b7aa9" "proxy-server 20" 0.0016 "-" 19 0
Jan 29 15:20:09 standalone proxy-server[131326]: - - 29/Jan/2026/15/20/09 HEAD /v1/AUTH_99d4e95f41064070a11757847c28d91f/gnocchi.6f84381b-eb1e-4e99-9f07-8440650f9563%3Fformat%3Djson%26states%3Dlisting HTTP/1.0 204 - Swift - - - - txe151cf0c8d0342499058f-00697b7aa9 - 0.0104 RL - 1769700009.795127392 1769700009.805484772 0
Jan 29 15:20:09 standalone container-server[129491]: 172.20.0.100 - - [29/Jan/2026:15:20:09 +0000] "GET /d1/743/AUTH_99d4e95f41064070a11757847c28d91f/gnocchi.6f84381b-eb1e-4e99-9f07-8440650f9563" 200 2 "GET http://172.18.0.2:8080/v1/AUTH_99d4e95f41064070a11757847c28d91f/gnocchi.6f84381b-eb1e-4e99-9f07-8440650f9563?format=json&states=listing" "txe151cf0c8d0342499058f-00697b7aa9" "proxy-server 20" 0.0016 "-" 21 0
Jan 29 15:20:09 standalone proxy-server[131326]: 172.18.0.2 172.18.0.100 29/Jan/2026/15/20/09 GET /v1/AUTH_99d4e95f41064070a11757847c28d91f/gnocchi.6f84381b-eb1e-4e99-9f07-8440650f9563%3Fformat%3Djson%26states%3Dlisting HTTP/1.0 200 - python-swiftclient-3.11.1 gAAAAABpe3n4LCGJ... - 2 - txe151cf0c8d0342499058f-00697b7aa9 - 0.0237 - - 1769700009.791804790 1769700009.815469265 0
Jan 29 15:20:09 standalone object-server[129760]: 172.20.0.100 - - [29/Jan/2026:15:20:09 +0000] "GET /d1/766/AUTH_99d4e95f41064070a11757847c28d91f/gnocchi.6f84381b-eb1e-4e99-9f07-8440650f9563/1769040000.0_mean_300.0_v3" 404 70 "GET http://172.18.0.2:8080/v1/AUTH_99d4e95f41064070a11757847c28d91f/gnocchi.6f84381b-eb1e-4e99-9f07-8440650f9563/1769040000.0_mean_300.0_v3" "tx79221341e5c24fc881007-00697b7aa9" "proxy-server 20" 0.0003 "-" 23 0
Jan 29 15:20:09 standalone proxy-server[131326]: 172.18.0.2 172.18.0.100 29/Jan/2026/15/20/09 GET /v1/AUTH_99d4e95f41064070a11757847c28d91f/gnocchi.6f84381b-eb1e-4e99-9f07-8440650f9563/1769040000.0_mean_300.0_v3 HTTP/1.0 404 - python-swiftclient-3.11.1 gAAAAABpe3n4LCGJ... - 70 - tx79221341e5c24fc881007-00697b7aa9 - 0.0066 - - 1769700009.819956779 1769700009.826545715 0
Jan 29 15:20:09 standalone container-server[129508]: 172.20.0.100 - - [29/Jan/2026:15:20:09 +0000] "PUT /d1/743/AUTH_99d4e95f41064070a11757847c28d91f/gnocchi.6f84381b-eb1e-4e99-9f07-8440650f9563/1769040000.0_mean_300.0_v3" 201 - "PUT http://172.18.0.2:8080/d1/766/AUTH_99d4e95f41064070a11757847c28d91f/gnocchi.6f84381b-eb1e-4e99-9f07-8440650f9563/1769040000.0_mean_300.0_v3" "tx3210539cd7694e8781d37-00697b7aa9" "object-server 25" 0.0009 "-" 23 0
Jan 29 15:20:09 standalone object-server[129762]: 172.20.0.100 - - [29/Jan/2026:15:20:09 +0000] "PUT /d1/766/AUTH_99d4e95f41064070a11757847c28d91f/gnocchi.6f84381b-eb1e-4e99-9f07-8440650f9563/1769040000.0_mean_300.0_v3" 201 - "PUT http://172.18.0.2:8080/v1/AUTH_99d4e95f41064070a11757847c28d91f/gnocchi.6f84381b-eb1e-4e99-9f07-8440650f9563/1769040000.0_mean_300.0_v3" "tx3210539cd7694e8781d37-00697b7aa9" "proxy-server 20" 0.0107 "-" 25 0
Jan 29 15:20:09 standalone proxy-server[131326]: 172.18.0.2 172.18.0.100 29/Jan/2026/15/20/09 PUT /v1/AUTH_99d4e95f41064070a11757847c28d91f/gnocchi.6f84381b-eb1e-4e99-9f07-8440650f9563/1769040000.0_mean_300.0_v3 HTTP/1.0 201 - python-swiftclient-3.11.1 gAAAAABpe3n4LCGJ... 16 - - tx3210539cd7694e8781d37-00697b7aa9 - 0.0180 - - 1769700009.829771280 1769700009.847728014 0
Jan 29 15:20:09 standalone container-server[129491]: 172.20.0.100 - - [29/Jan/2026:15:20:09 +0000] "PUT /d1/743/AUTH_99d4e95f41064070a11757847c28d91f/gnocchi.6f84381b-eb1e-4e99-9f07-8440650f9563/none_v3" 201 - "PUT http://172.18.0.2:8080/d1/161/AUTH_99d4e95f41064070a11757847c28d91f/gnocchi.6f84381b-eb1e-4e99-9f07-8440650f9563/none_v3" "tx24df20e6b8a146fdae7ff-00697b7aa9" "object-server 25" 0.0008 "-" 21 0
Jan 29 15:20:09 standalone object-server[129762]: 172.20.0.100 - - [29/Jan/2026:15:20:09 +0000] "PUT /d1/161/AUTH_99d4e95f41064070a11757847c28d91f/gnocchi.6f84381b-eb1e-4e99-9f07-8440650f9563/none_v3" 201 - "PUT http://172.18.0.2:8080/v1/AUTH_99d4e95f41064070a11757847c28d91f/gnocchi.6f84381b-eb1e-4e99-9f07-8440650f9563/none_v3" "tx24df20e6b8a146fdae7ff-00697b7aa9" "proxy-server 20" 0.0088 "-" 25 0
Jan 29 15:20:09 standalone proxy-server[131326]: 172.18.0.2 172.18.0.100 29/Jan/2026/15/20/09 PUT /v1/AUTH_99d4e95f41064070a11757847c28d91f/gnocchi.6f84381b-eb1e-4e99-9f07-8440650f9563/none_v3 HTTP/1.0 201 - python-swiftclient-3.11.1 gAAAAABpe3n4LCGJ... 22 - - tx24df20e6b8a146fdae7ff-00697b7aa9 - 0.0153 - - 1769700009.850721121 1769700009.866056919 0
Jan 29 15:20:09 standalone container-server[129475]: 172.20.0.100 - - [29/Jan/2026:15:20:09 +0000] "HEAD /d1/25/AUTH_99d4e95f41064070a11757847c28d91f/gnocchi.348b43bd-976e-46bb-8634-1f5cb43804e6" 404 - "HEAD http://172.18.0.2:8080/v1/AUTH_99d4e95f41064070a11757847c28d91f/gnocchi.348b43bd-976e-46bb-8634-1f5cb43804e6?format=json&states=listing" "tx1f316d1fbea046879925b-00697b7aa9" "proxy-server 20" 0.0007 "-" 19 0
Jan 29 15:20:09 standalone object-server[129760]: 172.20.0.100 - - [29/Jan/2026:15:20:09 +0000] "GET /d1/936/AUTH_99d4e95f41064070a11757847c28d91f/gnocchi.348b43bd-976e-46bb-8634-1f5cb43804e6/none_v3" 404 70 "GET http://172.18.0.2:8080/v1/AUTH_99d4e95f41064070a11757847c28d91f/gnocchi.348b43bd-976e-46bb-8634-1f5cb43804e6/none_v3" "tx1f316d1fbea046879925b-00697b7aa9" "proxy-server 20" 0.0007 "-" 23 0
Jan 29 15:20:09 standalone proxy-server[131326]: 172.18.0.2 172.18.0.100 29/Jan/2026/15/20/09 GET /v1/AUTH_99d4e95f41064070a11757847c28d91f/gnocchi.348b43bd-976e-46bb-8634-1f5cb43804e6/none_v3 HTTP/1.0 404 - python-swiftclient-3.11.1 gAAAAABpe3n4LCGJ... - 70 - tx1f316d1fbea046879925b-00697b7aa9 - 0.0136 - - 1769700009.876392126 1769700009.889997244 0
Jan 29 15:20:09 standalone account-server[129467]: 172.20.0.100 - - [29/Jan/2026:15:20:09 +0000] "PUT /d1/796/AUTH_99d4e95f41064070a11757847c28d91f/gnocchi.348b43bd-976e-46bb-8634-1f5cb43804e6" 201 - "PUT http://172.20.0.100:6001/d1/25/AUTH_99d4e95f41064070a11757847c28d91f/gnocchi.348b43bd-976e-46bb-8634-1f5cb43804e6" "tx355f004053dc441f9a259-00697b7aa9" "container-server 21" 0.0045 "-" 21 0
Jan 29 15:20:09 standalone container-server[129491]: 172.20.0.100 - - [29/Jan/2026:15:20:09 +0000] "PUT /d1/25/AUTH_99d4e95f41064070a11757847c28d91f/gnocchi.348b43bd-976e-46bb-8634-1f5cb43804e6" 201 - "PUT http://172.18.0.2:8080/v1/AUTH_99d4e95f41064070a11757847c28d91f/gnocchi.348b43bd-976e-46bb-8634-1f5cb43804e6" "tx355f004053dc441f9a259-00697b7aa9" "proxy-server 20" 0.0175 "-" 21 0
Jan 29 15:20:09 standalone proxy-server[131326]: 172.18.0.2 172.18.0.100 29/Jan/2026/15/20/09 PUT /v1/AUTH_99d4e95f41064070a11757847c28d91f/gnocchi.348b43bd-976e-46bb-8634-1f5cb43804e6 HTTP/1.0 201 - python-swiftclient-3.11.1 gAAAAABpe3n4LCGJ... - - - tx355f004053dc441f9a259-00697b7aa9 - 0.0238 - - 1769700009.892858267 1769700009.916651487 0
Jan 29 15:20:09 standalone container-server[129491]: 172.20.0.100 - - [29/Jan/2026:15:20:09 +0000] "HEAD /d1/25/AUTH_99d4e95f41064070a11757847c28d91f/gnocchi.348b43bd-976e-46bb-8634-1f5cb43804e6" 204 - "HEAD http://172.18.0.2:8080/v1/AUTH_99d4e95f41064070a11757847c28d91f/gnocchi.348b43bd-976e-46bb-8634-1f5cb43804e6?format=json&states=listing" "tx569fb26baa02401f9d1fa-00697b7aa9" "proxy-server 20" 0.0022 "-" 21 0
Jan 29 15:20:09 standalone proxy-server[131326]: - - 29/Jan/2026/15/20/09 HEAD /v1/AUTH_99d4e95f41064070a11757847c28d91f/gnocchi.348b43bd-976e-46bb-8634-1f5cb43804e6%3Fformat%3Djson%26states%3Dlisting HTTP/1.0 204 - Swift - - - - tx569fb26baa02401f9d1fa-00697b7aa9 - 0.0066 RL - 1769700009.921220541 1769700009.927862167 0
Jan 29 15:20:09 standalone container-server[129494]: 172.20.0.100 - - [29/Jan/2026:15:20:09 +0000] "GET /d1/25/AUTH_99d4e95f41064070a11757847c28d91f/gnocchi.348b43bd-976e-46bb-8634-1f5cb43804e6" 200 2 "GET http://172.18.0.2:8080/v1/AUTH_99d4e95f41064070a11757847c28d91f/gnocchi.348b43bd-976e-46bb-8634-1f5cb43804e6?format=json&states=listing" "tx569fb26baa02401f9d1fa-00697b7aa9" "proxy-server 20" 0.0047 "-" 22 0
Jan 29 15:20:09 standalone proxy-server[131326]: 172.18.0.2 172.18.0.100 29/Jan/2026/15/20/09 GET /v1/AUTH_99d4e95f41064070a11757847c28d91f/gnocchi.348b43bd-976e-46bb-8634-1f5cb43804e6%3Fformat%3Djson%26states%3Dlisting HTTP/1.0 200 - python-swiftclient-3.11.1 gAAAAABpe3n4LCGJ... - 2 - tx569fb26baa02401f9d1fa-00697b7aa9 - 0.0209 - - 1769700009.919898987 1769700009.940787792 0
Jan 29 15:20:09 standalone object-server[129760]: 172.20.0.100 - - [29/Jan/2026:15:20:09 +0000] "GET /d1/576/AUTH_99d4e95f41064070a11757847c28d91f/gnocchi.348b43bd-976e-46bb-8634-1f5cb43804e6/1769040000.0_mean_300.0_v3" 404 70 "GET http://172.18.0.2:8080/v1/AUTH_99d4e95f41064070a11757847c28d91f/gnocchi.348b43bd-976e-46bb-8634-1f5cb43804e6/1769040000.0_mean_300.0_v3" "txcccaeddd921340e1b0221-00697b7aa9" "proxy-server 20" 0.0006 "-" 23 0
Jan 29 15:20:09 standalone proxy-server[131326]: 172.18.0.2 172.18.0.100 29/Jan/2026/15/20/09 GET /v1/AUTH_99d4e95f41064070a11757847c28d91f/gnocchi.348b43bd-976e-46bb-8634-1f5cb43804e6/1769040000.0_mean_300.0_v3 HTTP/1.0 404 - python-swiftclient-3.11.1 gAAAAABpe3n4LCGJ... - 70 - txcccaeddd921340e1b0221-00697b7aa9 - 0.0078 - - 1769700009.946135998 1769700009.953911781 0
Jan 29 15:20:09 standalone container-server[129491]: 172.20.0.100 - - [29/Jan/2026:15:20:09 +0000] "PUT /d1/25/AUTH_99d4e95f41064070a11757847c28d91f/gnocchi.348b43bd-976e-46bb-8634-1f5cb43804e6/1769040000.0_mean_300.0_v3" 201 - "PUT http://172.18.0.2:8080/d1/576/AUTH_99d4e95f41064070a11757847c28d91f/gnocchi.348b43bd-976e-46bb-8634-1f5cb43804e6/1769040000.0_mean_300.0_v3" "txdbcd5b096db64389b3527-00697b7aa9" "object-server 22" 0.0007 "-" 21 0
Jan 29 15:20:09 standalone object-server[129759]: 172.20.0.100 - - [29/Jan/2026:15:20:09 +0000] "PUT /d1/576/AUTH_99d4e95f41064070a11757847c28d91f/gnocchi.348b43bd-976e-46bb-8634-1f5cb43804e6/1769040000.0_mean_300.0_v3" 201 - "PUT http://172.18.0.2:8080/v1/AUTH_99d4e95f41064070a11757847c28d91f/gnocchi.348b43bd-976e-46bb-8634-1f5cb43804e6/1769040000.0_mean_300.0_v3" "txdbcd5b096db64389b3527-00697b7aa9" "proxy-server 20" 0.0086 "-" 22 0
Jan 29 15:20:09 standalone proxy-server[131326]: 172.18.0.2 172.18.0.100 29/Jan/2026/15/20/09 PUT /v1/AUTH_99d4e95f41064070a11757847c28d91f/gnocchi.348b43bd-976e-46bb-8634-1f5cb43804e6/1769040000.0_mean_300.0_v3 HTTP/1.0 201 - python-swiftclient-3.11.1 gAAAAABpe3n4LCGJ... 16 - - txdbcd5b096db64389b3527-00697b7aa9 - 0.0155 - - 1769700009.957951784 1769700009.973489046 0
Jan 29 15:20:09 standalone container-server[129491]: 172.20.0.100 - - [29/Jan/2026:15:20:09 +0000] "PUT /d1/25/AUTH_99d4e95f41064070a11757847c28d91f/gnocchi.348b43bd-976e-46bb-8634-1f5cb43804e6/none_v3" 201 - "PUT http://172.18.0.2:8080/d1/936/AUTH_99d4e95f41064070a11757847c28d91f/gnocchi.348b43bd-976e-46bb-8634-1f5cb43804e6/none_v3" "txbd21eb3c6db64cc9984d7-00697b7aa9" "object-server 23" 0.0005 "-" 21 0
Jan 29 15:20:09 standalone object-server[129760]: 172.20.0.100 - - [29/Jan/2026:15:20:09 +0000] "PUT /d1/936/AUTH_99d4e95f41064070a11757847c28d91f/gnocchi.348b43bd-976e-46bb-8634-1f5cb43804e6/none_v3" 201 - "PUT http://172.18.0.2:8080/v1/AUTH_99d4e95f41064070a11757847c28d91f/gnocchi.348b43bd-976e-46bb-8634-1f5cb43804e6/none_v3" "txbd21eb3c6db64cc9984d7-00697b7aa9" "proxy-server 20" 0.0105 "-" 23 0
Jan 29 15:20:09 standalone proxy-server[131326]: 172.18.0.2 172.18.0.100 29/Jan/2026/15/20/09 PUT /v1/AUTH_99d4e95f41064070a11757847c28d91f/gnocchi.348b43bd-976e-46bb-8634-1f5cb43804e6/none_v3 HTTP/1.0 201 - python-swiftclient-3.11.1 gAAAAABpe3n4LCGJ... 22 - - txbd21eb3c6db64cc9984d7-00697b7aa9 - 0.0181 - - 1769700009.977205276 1769700009.995273590 0
Jan 29 15:20:10 standalone container-server[129494]: 172.20.0.100 - - [29/Jan/2026:15:20:10 +0000] "HEAD /d1/872/AUTH_99d4e95f41064070a11757847c28d91f/gnocchi.33c6c94a-e2ff-42aa-b26c-41b10753c6e9" 404 - "HEAD http://172.18.0.2:8080/v1/AUTH_99d4e95f41064070a11757847c28d91f/gnocchi.33c6c94a-e2ff-42aa-b26c-41b10753c6e9?format=json&states=listing" "tx41c678c77cce4ab0b2bf3-00697b7aaa" "proxy-server 20" 0.0005 "-" 22 0
Jan 29 15:20:10 standalone object-server[129759]: 172.20.0.100 - - [29/Jan/2026:15:20:10 +0000] "GET /d1/368/AUTH_99d4e95f41064070a11757847c28d91f/gnocchi.33c6c94a-e2ff-42aa-b26c-41b10753c6e9/none_v3" 404 70 "GET http://172.18.0.2:8080/v1/AUTH_99d4e95f41064070a11757847c28d91f/gnocchi.33c6c94a-e2ff-42aa-b26c-41b10753c6e9/none_v3" "tx41c678c77cce4ab0b2bf3-00697b7aaa" "proxy-server 20" 0.0005 "-" 22 0
Jan 29 15:20:10 standalone proxy-server[131326]: 172.18.0.2 172.18.0.100 29/Jan/2026/15/20/10 GET /v1/AUTH_99d4e95f41064070a11757847c28d91f/gnocchi.33c6c94a-e2ff-42aa-b26c-41b10753c6e9/none_v3 HTTP/1.0 404 - python-swiftclient-3.11.1 gAAAAABpe3n4LCGJ... - 70 - tx41c678c77cce4ab0b2bf3-00697b7aaa - 0.0256 - - 1769700010.020220518 1769700010.045856714 0
Jan 29 15:20:10 standalone account-server[129471]: 172.20.0.100 - - [29/Jan/2026:15:20:10 +0000] "PUT /d1/796/AUTH_99d4e95f41064070a11757847c28d91f/gnocchi.33c6c94a-e2ff-42aa-b26c-41b10753c6e9" 201 - "PUT http://172.20.0.100:6001/d1/872/AUTH_99d4e95f41064070a11757847c28d91f/gnocchi.33c6c94a-e2ff-42aa-b26c-41b10753c6e9" "tx2249bf210d94442f9ba20-00697b7aaa" "container-server 23" 0.0040 "-" 23 0
Jan 29 15:20:10 standalone container-server[129508]: 172.20.0.100 - - [29/Jan/2026:15:20:10 +0000] "PUT /d1/872/AUTH_99d4e95f41064070a11757847c28d91f/gnocchi.33c6c94a-e2ff-42aa-b26c-41b10753c6e9" 201 - "PUT http://172.18.0.2:8080/v1/AUTH_99d4e95f41064070a11757847c28d91f/gnocchi.33c6c94a-e2ff-42aa-b26c-41b10753c6e9" "tx2249bf210d94442f9ba20-00697b7aaa" "proxy-server 20" 0.0161 "-" 23 0
Jan 29 15:20:10 standalone proxy-server[131326]: 172.18.0.2 172.18.0.100 29/Jan/2026/15/20/10 PUT /v1/AUTH_99d4e95f41064070a11757847c28d91f/gnocchi.33c6c94a-e2ff-42aa-b26c-41b10753c6e9 HTTP/1.0 201 - python-swiftclient-3.11.1 gAAAAABpe3n4LCGJ... - - - tx2249bf210d94442f9ba20-00697b7aaa - 0.0207 - - 1769700010.048735380 1769700010.069425106 0
Jan 29 15:20:10 standalone container-server[129491]: 172.20.0.100 - - [29/Jan/2026:15:20:10 +0000] "HEAD /d1/872/AUTH_99d4e95f41064070a11757847c28d91f/gnocchi.33c6c94a-e2ff-42aa-b26c-41b10753c6e9" 204 - "HEAD http://172.18.0.2:8080/v1/AUTH_99d4e95f41064070a11757847c28d91f/gnocchi.33c6c94a-e2ff-42aa-b26c-41b10753c6e9?format=json&states=listing" "txb58d3ad323fb4b14a6fd9-00697b7aaa" "proxy-server 20" 0.0013 "-" 21 0
Jan 29 15:20:10 standalone proxy-server[131326]: - - 29/Jan/2026/15/20/10 HEAD /v1/AUTH_99d4e95f41064070a11757847c28d91f/gnocchi.33c6c94a-e2ff-42aa-b26c-41b10753c6e9%3Fformat%3Djson%26states%3Dlisting HTTP/1.0 204 - Swift - - - - txb58d3ad323fb4b14a6fd9-00697b7aaa - 0.0043 RL - 1769700010.072964430 1769700010.077256680 0
Jan 29 15:20:10 standalone container-server[129494]: 172.20.0.100 - - [29/Jan/2026:15:20:10 +0000] "GET /d1/872/AUTH_99d4e95f41064070a11757847c28d91f/gnocchi.33c6c94a-e2ff-42aa-b26c-41b10753c6e9" 200 2 "GET http://172.18.0.2:8080/v1/AUTH_99d4e95f41064070a11757847c28d91f/gnocchi.33c6c94a-e2ff-42aa-b26c-41b10753c6e9?format=json&states=listing" "txb58d3ad323fb4b14a6fd9-00697b7aaa" "proxy-server 20" 0.0023 "-" 22 0
Jan 29 15:20:10 standalone proxy-server[131326]: 172.18.0.2 172.18.0.100 29/Jan/2026/15/20/10 GET /v1/AUTH_99d4e95f41064070a11757847c28d91f/gnocchi.33c6c94a-e2ff-42aa-b26c-41b10753c6e9%3Fformat%3Djson%26states%3Dlisting HTTP/1.0 200 - python-swiftclient-3.11.1 gAAAAABpe3n4LCGJ... - 2 - txb58d3ad323fb4b14a6fd9-00697b7aaa - 0.0121 - - 1769700010.072122335 1769700010.084270954 0
Jan 29 15:20:10 standalone object-server[129745]: 172.20.0.100 - - [29/Jan/2026:15:20:10 +0000] "GET /d1/624/AUTH_99d4e95f41064070a11757847c28d91f/gnocchi.33c6c94a-e2ff-42aa-b26c-41b10753c6e9/1769040000.0_mean_300.0_v3" 404 70 "GET http://172.18.0.2:8080/v1/AUTH_99d4e95f41064070a11757847c28d91f/gnocchi.33c6c94a-e2ff-42aa-b26c-41b10753c6e9/1769040000.0_mean_300.0_v3" "txe006c89349e949bb9cbbb-00697b7aaa" "proxy-server 20" 0.0005 "-" 21 0
Jan 29 15:20:10 standalone proxy-server[131326]: 172.18.0.2 172.18.0.100 29/Jan/2026/15/20/10 GET /v1/AUTH_99d4e95f41064070a11757847c28d91f/gnocchi.33c6c94a-e2ff-42aa-b26c-41b10753c6e9/1769040000.0_mean_300.0_v3 HTTP/1.0 404 - python-swiftclient-3.11.1 gAAAAABpe3n4LCGJ... - 70 - txe006c89349e949bb9cbbb-00697b7aaa - 0.0096 - - 1769700010.088263988 1769700010.097837210 0
Jan 29 15:20:10 standalone container-server[129508]: 172.20.0.100 - - [29/Jan/2026:15:20:10 +0000] "PUT /d1/872/AUTH_99d4e95f41064070a11757847c28d91f/gnocchi.33c6c94a-e2ff-42aa-b26c-41b10753c6e9/1769040000.0_mean_300.0_v3" 201 - "PUT http://172.18.0.2:8080/d1/624/AUTH_99d4e95f41064070a11757847c28d91f/gnocchi.33c6c94a-e2ff-42aa-b26c-41b10753c6e9/1769040000.0_mean_300.0_v3" "txd078b9c0831a43ce8f984-00697b7aaa" "object-server 23" 0.0008 "-" 23 0
Jan 29 15:20:10 standalone object-server[129760]: 172.20.0.100 - - [29/Jan/2026:15:20:10 +0000] "PUT /d1/624/AUTH_99d4e95f41064070a11757847c28d91f/gnocchi.33c6c94a-e2ff-42aa-b26c-41b10753c6e9/1769040000.0_mean_300.0_v3" 201 - "PUT http://172.18.0.2:8080/v1/AUTH_99d4e95f41064070a11757847c28d91f/gnocchi.33c6c94a-e2ff-42aa-b26c-41b10753c6e9/1769040000.0_mean_300.0_v3" "txd078b9c0831a43ce8f984-00697b7aaa" "proxy-server 20" 0.0111 "-" 23 0
Jan 29 15:20:10 standalone proxy-server[131326]: 172.18.0.2 172.18.0.100 29/Jan/2026/15/20/10 PUT /v1/AUTH_99d4e95f41064070a11757847c28d91f/gnocchi.33c6c94a-e2ff-42aa-b26c-41b10753c6e9/1769040000.0_mean_300.0_v3 HTTP/1.0 201 - python-swiftclient-3.11.1 gAAAAABpe3n4LCGJ... 16 - - txd078b9c0831a43ce8f984-00697b7aaa - 0.0169 - - 1769700010.101838589 1769700010.118771315 0
Jan 29 15:20:10 standalone container-server[129494]: 172.20.0.100 - - [29/Jan/2026:15:20:10 +0000] "PUT /d1/872/AUTH_99d4e95f41064070a11757847c28d91f/gnocchi.33c6c94a-e2ff-42aa-b26c-41b10753c6e9/none_v3" 201 - "PUT http://172.18.0.2:8080/d1/368/AUTH_99d4e95f41064070a11757847c28d91f/gnocchi.33c6c94a-e2ff-42aa-b26c-41b10753c6e9/none_v3" "tx028cae56e7d641328d9fd-00697b7aaa" "object-server 23" 0.0007 "-" 22 0
Jan 29 15:20:10 standalone object-server[129760]: 172.20.0.100 - - [29/Jan/2026:15:20:10 +0000] "PUT /d1/368/AUTH_99d4e95f41064070a11757847c28d91f/gnocchi.33c6c94a-e2ff-42aa-b26c-41b10753c6e9/none_v3" 201 - "PUT http://172.18.0.2:8080/v1/AUTH_99d4e95f41064070a11757847c28d91f/gnocchi.33c6c94a-e2ff-42aa-b26c-41b10753c6e9/none_v3" "tx028cae56e7d641328d9fd-00697b7aaa" "proxy-server 20" 0.0091 "-" 23 0
Jan 29 15:20:10 standalone proxy-server[131326]: 172.18.0.2 172.18.0.100 29/Jan/2026/15/20/10 PUT /v1/AUTH_99d4e95f41064070a11757847c28d91f/gnocchi.33c6c94a-e2ff-42aa-b26c-41b10753c6e9/none_v3 HTTP/1.0 201 - python-swiftclient-3.11.1 gAAAAABpe3n4LCGJ... 22 - - tx028cae56e7d641328d9fd-00697b7aaa - 0.0142 - - 1769700010.121351957 1769700010.135539293 0
Jan 29 15:20:10 standalone container-server[129491]: 172.20.0.100 - - [29/Jan/2026:15:20:10 +0000] "HEAD /d1/942/AUTH_99d4e95f41064070a11757847c28d91f/gnocchi.2f4a85be-27b9-4527-86e3-c6a789d38970" 404 - "HEAD http://172.18.0.2:8080/v1/AUTH_99d4e95f41064070a11757847c28d91f/gnocchi.2f4a85be-27b9-4527-86e3-c6a789d38970?format=json&states=listing" "tx1426a3ab91c841a298902-00697b7aaa" "proxy-server 20" 0.0007 "-" 21 0
Jan 29 15:20:10 standalone object-server[129759]: 172.20.0.100 - - [29/Jan/2026:15:20:10 +0000] "GET /d1/598/AUTH_99d4e95f41064070a11757847c28d91f/gnocchi.2f4a85be-27b9-4527-86e3-c6a789d38970/none_v3" 404 70 "GET http://172.18.0.2:8080/v1/AUTH_99d4e95f41064070a11757847c28d91f/gnocchi.2f4a85be-27b9-4527-86e3-c6a789d38970/none_v3" "tx1426a3ab91c841a298902-00697b7aaa" "proxy-server 20" 0.0005 "-" 22 0
Jan 29 15:20:10 standalone proxy-server[131326]: 172.18.0.2 172.18.0.100 29/Jan/2026/15/20/10 GET /v1/AUTH_99d4e95f41064070a11757847c28d91f/gnocchi.2f4a85be-27b9-4527-86e3-c6a789d38970/none_v3 HTTP/1.0 404 - python-swiftclient-3.11.1 gAAAAABpe3n4LCGJ... - 70 - tx1426a3ab91c841a298902-00697b7aaa - 0.0114 - - 1769700010.152489185 1769700010.163861990 0
Jan 29 15:20:10 standalone account-server[129454]: 172.20.0.100 - - [29/Jan/2026:15:20:10 +0000] "PUT /d1/796/AUTH_99d4e95f41064070a11757847c28d91f/gnocchi.2f4a85be-27b9-4527-86e3-c6a789d38970" 201 - "PUT http://172.20.0.100:6001/d1/942/AUTH_99d4e95f41064070a11757847c28d91f/gnocchi.2f4a85be-27b9-4527-86e3-c6a789d38970" "txb2d088c770c84e8096778-00697b7aaa" "container-server 23" 0.0055 "-" 20 0
Jan 29 15:20:10 standalone container-server[129508]: 172.20.0.100 - - [29/Jan/2026:15:20:10 +0000] "PUT /d1/942/AUTH_99d4e95f41064070a11757847c28d91f/gnocchi.2f4a85be-27b9-4527-86e3-c6a789d38970" 201 - "PUT http://172.18.0.2:8080/v1/AUTH_99d4e95f41064070a11757847c28d91f/gnocchi.2f4a85be-27b9-4527-86e3-c6a789d38970" "txb2d088c770c84e8096778-00697b7aaa" "proxy-server 20" 0.0139 "-" 23 0
Jan 29 15:20:10 standalone proxy-server[131326]: 172.18.0.2 172.18.0.100 29/Jan/2026/15/20/10 PUT /v1/AUTH_99d4e95f41064070a11757847c28d91f/gnocchi.2f4a85be-27b9-4527-86e3-c6a789d38970 HTTP/1.0 201 - python-swiftclient-3.11.1 gAAAAABpe3n4LCGJ... - - - txb2d088c770c84e8096778-00697b7aaa - 0.0187 - - 1769700010.166071415 1769700010.184737682 0
Jan 29 15:20:10 standalone container-server[129508]: 172.20.0.100 - - [29/Jan/2026:15:20:10 +0000] "HEAD /d1/942/AUTH_99d4e95f41064070a11757847c28d91f/gnocchi.2f4a85be-27b9-4527-86e3-c6a789d38970" 204 - "HEAD http://172.18.0.2:8080/v1/AUTH_99d4e95f41064070a11757847c28d91f/gnocchi.2f4a85be-27b9-4527-86e3-c6a789d38970?format=json&states=listing" "tx75f7433356d24578a137c-00697b7aaa" "proxy-server 20" 0.0022 "-" 23 0
Jan 29 15:20:10 standalone proxy-server[131326]: - - 29/Jan/2026/15/20/10 HEAD /v1/AUTH_99d4e95f41064070a11757847c28d91f/gnocchi.2f4a85be-27b9-4527-86e3-c6a789d38970%3Fformat%3Djson%26states%3Dlisting HTTP/1.0 204 - Swift - - - - tx75f7433356d24578a137c-00697b7aaa - 0.0168 RL - 1769700010.189285994 1769700010.206047297 0
Jan 29 15:20:10 standalone container-server[129475]: 172.20.0.100 - - [29/Jan/2026:15:20:10 +0000] "GET /d1/942/AUTH_99d4e95f41064070a11757847c28d91f/gnocchi.2f4a85be-27b9-4527-86e3-c6a789d38970" 200 2 "GET http://172.18.0.2:8080/v1/AUTH_99d4e95f41064070a11757847c28d91f/gnocchi.2f4a85be-27b9-4527-86e3-c6a789d38970?format=json&states=listing" "tx75f7433356d24578a137c-00697b7aaa" "proxy-server 20" 0.0036 "-" 19 0
Jan 29 15:20:10 standalone proxy-server[131326]: 172.18.0.2 172.18.0.100 29/Jan/2026/15/20/10 GET /v1/AUTH_99d4e95f41064070a11757847c28d91f/gnocchi.2f4a85be-27b9-4527-86e3-c6a789d38970%3Fformat%3Djson%26states%3Dlisting HTTP/1.0 200 - python-swiftclient-3.11.1 gAAAAABpe3n4LCGJ... - 2 - tx75f7433356d24578a137c-00697b7aaa - 0.0291 - - 1769700010.187821150 1769700010.216924906 0
Jan 29 15:20:10 standalone object-server[129760]: 172.20.0.100 - - [29/Jan/2026:15:20:10 +0000] "GET /d1/888/AUTH_99d4e95f41064070a11757847c28d91f/gnocchi.2f4a85be-27b9-4527-86e3-c6a789d38970/1769040000.0_mean_300.0_v3" 404 70 "GET http://172.18.0.2:8080/v1/AUTH_99d4e95f41064070a11757847c28d91f/gnocchi.2f4a85be-27b9-4527-86e3-c6a789d38970/1769040000.0_mean_300.0_v3" "txdbf4762ef4c44801882c4-00697b7aaa" "proxy-server 20" 0.0004 "-" 23 0
Jan 29 15:20:10 standalone proxy-server[131326]: 172.18.0.2 172.18.0.100 29/Jan/2026/15/20/10 GET /v1/AUTH_99d4e95f41064070a11757847c28d91f/gnocchi.2f4a85be-27b9-4527-86e3-c6a789d38970/1769040000.0_mean_300.0_v3 HTTP/1.0 404 - python-swiftclient-3.11.1 gAAAAABpe3n4LCGJ... - 70 - txdbf4762ef4c44801882c4-00697b7aaa - 0.0061 - - 1769700010.222403526 1769700010.228523731 0
Jan 29 15:20:10 standalone container-server[129494]: 172.20.0.100 - - [29/Jan/2026:15:20:10 +0000] "PUT /d1/942/AUTH_99d4e95f41064070a11757847c28d91f/gnocchi.2f4a85be-27b9-4527-86e3-c6a789d38970/1769040000.0_mean_300.0_v3" 201 - "PUT http://172.18.0.2:8080/d1/888/AUTH_99d4e95f41064070a11757847c28d91f/gnocchi.2f4a85be-27b9-4527-86e3-c6a789d38970/1769040000.0_mean_300.0_v3" "txccdfafa762eb4d2ea5fa2-00697b7aaa" "object-server 21" 0.0010 "-" 22 0
Jan 29 15:20:10 standalone object-server[129745]: 172.20.0.100 - - [29/Jan/2026:15:20:10 +0000] "PUT /d1/888/AUTH_99d4e95f41064070a11757847c28d91f/gnocchi.2f4a85be-27b9-4527-86e3-c6a789d38970/1769040000.0_mean_300.0_v3" 201 - "PUT http://172.18.0.2:8080/v1/AUTH_99d4e95f41064070a11757847c28d91f/gnocchi.2f4a85be-27b9-4527-86e3-c6a789d38970/1769040000.0_mean_300.0_v3" "txccdfafa762eb4d2ea5fa2-00697b7aaa" "proxy-server 20" 0.0107 "-" 21 0
Jan 29 15:20:10 standalone proxy-server[131326]: 172.18.0.2 172.18.0.100 29/Jan/2026/15/20/10 PUT /v1/AUTH_99d4e95f41064070a11757847c28d91f/gnocchi.2f4a85be-27b9-4527-86e3-c6a789d38970/1769040000.0_mean_300.0_v3 HTTP/1.0 201 - python-swiftclient-3.11.1 gAAAAABpe3n4LCGJ... 16 - - txccdfafa762eb4d2ea5fa2-00697b7aaa - 0.0173 - - 1769700010.232916117 1769700010.250171185 0
Jan 29 15:20:10 standalone container-server[129494]: 172.20.0.100 - - [29/Jan/2026:15:20:10 +0000] "PUT /d1/942/AUTH_99d4e95f41064070a11757847c28d91f/gnocchi.2f4a85be-27b9-4527-86e3-c6a789d38970/none_v3" 201 - "PUT http://172.18.0.2:8080/d1/598/AUTH_99d4e95f41064070a11757847c28d91f/gnocchi.2f4a85be-27b9-4527-86e3-c6a789d38970/none_v3" "txde07549763ad44f185740-00697b7aaa" "object-server 25" 0.0008 "-" 22 0
Jan 29 15:20:10 standalone object-server[129762]: 172.20.0.100 - - [29/Jan/2026:15:20:10 +0000] "PUT /d1/598/AUTH_99d4e95f41064070a11757847c28d91f/gnocchi.2f4a85be-27b9-4527-86e3-c6a789d38970/none_v3" 201 - "PUT http://172.18.0.2:8080/v1/AUTH_99d4e95f41064070a11757847c28d91f/gnocchi.2f4a85be-27b9-4527-86e3-c6a789d38970/none_v3" "txde07549763ad44f185740-00697b7aaa" "proxy-server 20" 0.0090 "-" 25 0
Jan 29 15:20:10 standalone proxy-server[131326]: 172.18.0.2 172.18.0.100 29/Jan/2026/15/20/10 PUT /v1/AUTH_99d4e95f41064070a11757847c28d91f/gnocchi.2f4a85be-27b9-4527-86e3-c6a789d38970/none_v3 HTTP/1.0 201 - python-swiftclient-3.11.1 gAAAAABpe3n4LCGJ... 22 - - txde07549763ad44f185740-00697b7aaa - 0.0151 - - 1769700010.254158497 1769700010.269268990 0
Jan 29 15:20:10 standalone container-server[129491]: 172.20.0.100 - - [29/Jan/2026:15:20:10 +0000] "HEAD /d1/507/AUTH_99d4e95f41064070a11757847c28d91f/gnocchi.c085c272-baff-4849-b949-786322469773" 404 - "HEAD http://172.18.0.2:8080/v1/AUTH_99d4e95f41064070a11757847c28d91f/gnocchi.c085c272-baff-4849-b949-786322469773?format=json&states=listing" "tx5ff9a457bd17446484e1c-00697b7aaa" "proxy-server 20" 0.0004 "-" 21 0
Jan 29 15:20:10 standalone object-server[129762]: 172.20.0.100 - - [29/Jan/2026:15:20:10 +0000] "GET /d1/8/AUTH_99d4e95f41064070a11757847c28d91f/gnocchi.c085c272-baff-4849-b949-786322469773/none_v3" 404 70 "GET http://172.18.0.2:8080/v1/AUTH_99d4e95f41064070a11757847c28d91f/gnocchi.c085c272-baff-4849-b949-786322469773/none_v3" "tx5ff9a457bd17446484e1c-00697b7aaa" "proxy-server 20" 0.0005 "-" 25 0
Jan 29 15:20:10 standalone proxy-server[131326]: 172.18.0.2 172.18.0.100 29/Jan/2026/15/20/10 GET /v1/AUTH_99d4e95f41064070a11757847c28d91f/gnocchi.c085c272-baff-4849-b949-786322469773/none_v3 HTTP/1.0 404 - python-swiftclient-3.11.1 gAAAAABpe3n4LCGJ... - 70 - tx5ff9a457bd17446484e1c-00697b7aaa - 0.0176 - - 1769700010.287741423 1769700010.305338860 0
Jan 29 15:20:10 standalone account-server[129454]: 172.20.0.100 - - [29/Jan/2026:15:20:10 +0000] "PUT /d1/796/AUTH_99d4e95f41064070a11757847c28d91f/gnocchi.c085c272-baff-4849-b949-786322469773" 201 - "PUT http://172.20.0.100:6001/d1/507/AUTH_99d4e95f41064070a11757847c28d91f/gnocchi.c085c272-baff-4849-b949-786322469773" "txc63be4484ac148c4a046c-00697b7aaa" "container-server 22" 0.0053 "-" 20 0
Jan 29 15:20:10 standalone container-server[129494]: 172.20.0.100 - - [29/Jan/2026:15:20:10 +0000] "PUT /d1/507/AUTH_99d4e95f41064070a11757847c28d91f/gnocchi.c085c272-baff-4849-b949-786322469773" 201 - "PUT http://172.18.0.2:8080/v1/AUTH_99d4e95f41064070a11757847c28d91f/gnocchi.c085c272-baff-4849-b949-786322469773" "txc63be4484ac148c4a046c-00697b7aaa" "proxy-server 20" 0.0190 "-" 22 0
Jan 29 15:20:10 standalone proxy-server[131326]: 172.18.0.2 172.18.0.100 29/Jan/2026/15/20/10 PUT /v1/AUTH_99d4e95f41064070a11757847c28d91f/gnocchi.c085c272-baff-4849-b949-786322469773 HTTP/1.0 201 - python-swiftclient-3.11.1 gAAAAABpe3n4LCGJ... - - - txc63be4484ac148c4a046c-00697b7aaa - 0.0272 - - 1769700010.309700012 1769700010.336854696 0
Jan 29 15:20:10 standalone container-server[129491]: 172.20.0.100 - - [29/Jan/2026:15:20:10 +0000] "HEAD /d1/507/AUTH_99d4e95f41064070a11757847c28d91f/gnocchi.c085c272-baff-4849-b949-786322469773" 204 - "HEAD http://172.18.0.2:8080/v1/AUTH_99d4e95f41064070a11757847c28d91f/gnocchi.c085c272-baff-4849-b949-786322469773?format=json&states=listing" "tx5d2c95201f0747f485e66-00697b7aaa" "proxy-server 20" 0.0016 "-" 21 0
Jan 29 15:20:10 standalone proxy-server[131326]: - - 29/Jan/2026/15/20/10 HEAD /v1/AUTH_99d4e95f41064070a11757847c28d91f/gnocchi.c085c272-baff-4849-b949-786322469773%3Fformat%3Djson%26states%3Dlisting HTTP/1.0 204 - Swift - - - - tx5d2c95201f0747f485e66-00697b7aaa - 0.0065 RL - 1769700010.345326662 1769700010.351778984 0
Jan 29 15:20:10 standalone container-server[129475]: 172.20.0.100 - - [29/Jan/2026:15:20:10 +0000] "GET /d1/507/AUTH_99d4e95f41064070a11757847c28d91f/gnocchi.c085c272-baff-4849-b949-786322469773" 200 2 "GET http://172.18.0.2:8080/v1/AUTH_99d4e95f41064070a11757847c28d91f/gnocchi.c085c272-baff-4849-b949-786322469773?format=json&states=listing" "tx5d2c95201f0747f485e66-00697b7aaa" "proxy-server 20" 0.0037 "-" 19 0
Jan 29 15:20:10 standalone proxy-server[131326]: 172.18.0.2 172.18.0.100 29/Jan/2026/15/20/10 GET /v1/AUTH_99d4e95f41064070a11757847c28d91f/gnocchi.c085c272-baff-4849-b949-786322469773%3Fformat%3Djson%26states%3Dlisting HTTP/1.0 200 - python-swiftclient-3.11.1 gAAAAABpe3n4LCGJ... - 2 - tx5d2c95201f0747f485e66-00697b7aaa - 0.0210 - - 1769700010.342629671 1769700010.363644361 0
Jan 29 15:20:10 standalone object-server[129762]: 172.20.0.100 - - [29/Jan/2026:15:20:10 +0000] "GET /d1/394/AUTH_99d4e95f41064070a11757847c28d91f/gnocchi.c085c272-baff-4849-b949-786322469773/1769040000.0_mean_300.0_v3" 404 70 "GET http://172.18.0.2:8080/v1/AUTH_99d4e95f41064070a11757847c28d91f/gnocchi.c085c272-baff-4849-b949-786322469773/1769040000.0_mean_300.0_v3" "tx9e1a4936af8042fc98c07-00697b7aaa" "proxy-server 20" 0.0005 "-" 25 0
Jan 29 15:20:10 standalone proxy-server[131326]: 172.18.0.2 172.18.0.100 29/Jan/2026/15/20/10 GET /v1/AUTH_99d4e95f41064070a11757847c28d91f/gnocchi.c085c272-baff-4849-b949-786322469773/1769040000.0_mean_300.0_v3 HTTP/1.0 404 - python-swiftclient-3.11.1 gAAAAABpe3n4LCGJ... - 70 - tx9e1a4936af8042fc98c07-00697b7aaa - 0.0068 - - 1769700010.367654562 1769700010.374415159 0
Jan 29 15:20:10 standalone container-server[129508]: 172.20.0.100 - - [29/Jan/2026:15:20:10 +0000] "PUT /d1/507/AUTH_99d4e95f41064070a11757847c28d91f/gnocchi.c085c272-baff-4849-b949-786322469773/1769040000.0_mean_300.0_v3" 201 - "PUT http://172.18.0.2:8080/d1/394/AUTH_99d4e95f41064070a11757847c28d91f/gnocchi.c085c272-baff-4849-b949-786322469773/1769040000.0_mean_300.0_v3" "txbce319a17eb94ce09e0c0-00697b7aaa" "object-server 21" 0.0008 "-" 23 0
Jan 29 15:20:10 standalone object-server[129745]: 172.20.0.100 - - [29/Jan/2026:15:20:10 +0000] "PUT /d1/394/AUTH_99d4e95f41064070a11757847c28d91f/gnocchi.c085c272-baff-4849-b949-786322469773/1769040000.0_mean_300.0_v3" 201 - "PUT http://172.18.0.2:8080/v1/AUTH_99d4e95f41064070a11757847c28d91f/gnocchi.c085c272-baff-4849-b949-786322469773/1769040000.0_mean_300.0_v3" "txbce319a17eb94ce09e0c0-00697b7aaa" "proxy-server 20" 0.0090 "-" 21 0
Jan 29 15:20:10 standalone proxy-server[131326]: 172.18.0.2 172.18.0.100 29/Jan/2026/15/20/10 PUT /v1/AUTH_99d4e95f41064070a11757847c28d91f/gnocchi.c085c272-baff-4849-b949-786322469773/1769040000.0_mean_300.0_v3 HTTP/1.0 201 - python-swiftclient-3.11.1 gAAAAABpe3n4LCGJ... 16 - - txbce319a17eb94ce09e0c0-00697b7aaa - 0.0150 - - 1769700010.377218723 1769700010.392196178 0
Jan 29 15:20:10 standalone container-server[129491]: 172.20.0.100 - - [29/Jan/2026:15:20:10 +0000] "PUT /d1/507/AUTH_99d4e95f41064070a11757847c28d91f/gnocchi.c085c272-baff-4849-b949-786322469773/none_v3" 201 - "PUT http://172.18.0.2:8080/d1/8/AUTH_99d4e95f41064070a11757847c28d91f/gnocchi.c085c272-baff-4849-b949-786322469773/none_v3" "tx3dbc65f246364f93a4bb8-00697b7aaa" "object-server 21" 0.0006 "-" 21 0
Jan 29 15:20:10 standalone object-server[129745]: 172.20.0.100 - - [29/Jan/2026:15:20:10 +0000] "PUT /d1/8/AUTH_99d4e95f41064070a11757847c28d91f/gnocchi.c085c272-baff-4849-b949-786322469773/none_v3" 201 - "PUT http://172.18.0.2:8080/v1/AUTH_99d4e95f41064070a11757847c28d91f/gnocchi.c085c272-baff-4849-b949-786322469773/none_v3" "tx3dbc65f246364f93a4bb8-00697b7aaa" "proxy-server 20" 0.0111 "-" 21 0
Jan 29 15:20:10 standalone proxy-server[131326]: 172.18.0.2 172.18.0.100 29/Jan/2026/15/20/10 PUT /v1/AUTH_99d4e95f41064070a11757847c28d91f/gnocchi.c085c272-baff-4849-b949-786322469773/none_v3 HTTP/1.0 201 - python-swiftclient-3.11.1 gAAAAABpe3n4LCGJ... 22 - - tx3dbc65f246364f93a4bb8-00697b7aaa - 0.0178 - - 1769700010.395242214 1769700010.413025618 0
Jan 29 15:20:10 standalone container-server[129494]: 172.20.0.100 - - [29/Jan/2026:15:20:10 +0000] "HEAD /d1/762/AUTH_99d4e95f41064070a11757847c28d91f/gnocchi.1485374c-be5e-4b71-ac84-104028f6547a" 404 - "HEAD http://172.18.0.2:8080/v1/AUTH_99d4e95f41064070a11757847c28d91f/gnocchi.1485374c-be5e-4b71-ac84-104028f6547a?format=json&states=listing" "txac04aca899d54f0d95a93-00697b7aaa" "proxy-server 20" 0.0006 "-" 22 0
Jan 29 15:20:10 standalone object-server[129760]: 172.20.0.100 - - [29/Jan/2026:15:20:10 +0000] "GET /d1/779/AUTH_99d4e95f41064070a11757847c28d91f/gnocchi.1485374c-be5e-4b71-ac84-104028f6547a/none_v3" 404 70 "GET http://172.18.0.2:8080/v1/AUTH_99d4e95f41064070a11757847c28d91f/gnocchi.1485374c-be5e-4b71-ac84-104028f6547a/none_v3" "txac04aca899d54f0d95a93-00697b7aaa" "proxy-server 20" 0.0005 "-" 23 0
Jan 29 15:20:10 standalone proxy-server[131326]: 172.18.0.2 172.18.0.100 29/Jan/2026/15/20/10 GET /v1/AUTH_99d4e95f41064070a11757847c28d91f/gnocchi.1485374c-be5e-4b71-ac84-104028f6547a/none_v3 HTTP/1.0 404 - python-swiftclient-3.11.1 gAAAAABpe3n4LCGJ... - 70 - txac04aca899d54f0d95a93-00697b7aaa - 0.0119 - - 1769700010.430579662 1769700010.442484379 0
Jan 29 15:20:10 standalone account-server[129471]: 172.20.0.100 - - [29/Jan/2026:15:20:10 +0000] "PUT /d1/796/AUTH_99d4e95f41064070a11757847c28d91f/gnocchi.1485374c-be5e-4b71-ac84-104028f6547a" 201 - "PUT http://172.20.0.100:6001/d1/762/AUTH_99d4e95f41064070a11757847c28d91f/gnocchi.1485374c-be5e-4b71-ac84-104028f6547a" "tx7c98f628356d450784e85-00697b7aaa" "container-server 23" 0.0047 "-" 23 0
Jan 29 15:20:10 standalone container-server[129508]: 172.20.0.100 - - [29/Jan/2026:15:20:10 +0000] "PUT /d1/762/AUTH_99d4e95f41064070a11757847c28d91f/gnocchi.1485374c-be5e-4b71-ac84-104028f6547a" 201 - "PUT http://172.18.0.2:8080/v1/AUTH_99d4e95f41064070a11757847c28d91f/gnocchi.1485374c-be5e-4b71-ac84-104028f6547a" "tx7c98f628356d450784e85-00697b7aaa" "proxy-server 20" 0.0150 "-" 23 0
Jan 29 15:20:10 standalone proxy-server[131326]: 172.18.0.2 172.18.0.100 29/Jan/2026/15/20/10 PUT /v1/AUTH_99d4e95f41064070a11757847c28d91f/gnocchi.1485374c-be5e-4b71-ac84-104028f6547a HTTP/1.0 201 - python-swiftclient-3.11.1 gAAAAABpe3n4LCGJ... - - - tx7c98f628356d450784e85-00697b7aaa - 0.0211 - - 1769700010.445204973 1769700010.466335058 0
Jan 29 15:20:10 standalone container-server[129491]: 172.20.0.100 - - [29/Jan/2026:15:20:10 +0000] "HEAD /d1/762/AUTH_99d4e95f41064070a11757847c28d91f/gnocchi.1485374c-be5e-4b71-ac84-104028f6547a" 204 - "HEAD http://172.18.0.2:8080/v1/AUTH_99d4e95f41064070a11757847c28d91f/gnocchi.1485374c-be5e-4b71-ac84-104028f6547a?format=json&states=listing" "tx01ea1e1b1af54e1d85ccd-00697b7aaa" "proxy-server 20" 0.0015 "-" 21 0
Jan 29 15:20:10 standalone proxy-server[131326]: - - 29/Jan/2026/15/20/10 HEAD /v1/AUTH_99d4e95f41064070a11757847c28d91f/gnocchi.1485374c-be5e-4b71-ac84-104028f6547a%3Fformat%3Djson%26states%3Dlisting HTTP/1.0 204 - Swift - - - - tx01ea1e1b1af54e1d85ccd-00697b7aaa - 0.0049 RL - 1769700010.472124338 1769700010.476982117 0
Jan 29 15:20:10 standalone container-server[129494]: 172.20.0.100 - - [29/Jan/2026:15:20:10 +0000] "GET /d1/762/AUTH_99d4e95f41064070a11757847c28d91f/gnocchi.1485374c-be5e-4b71-ac84-104028f6547a" 200 2 "GET http://172.18.0.2:8080/v1/AUTH_99d4e95f41064070a11757847c28d91f/gnocchi.1485374c-be5e-4b71-ac84-104028f6547a?format=json&states=listing" "tx01ea1e1b1af54e1d85ccd-00697b7aaa" "proxy-server 20" 0.0035 "-" 22 0
Jan 29 15:20:10 standalone proxy-server[131326]: 172.18.0.2 172.18.0.100 29/Jan/2026/15/20/10 GET /v1/AUTH_99d4e95f41064070a11757847c28d91f/gnocchi.1485374c-be5e-4b71-ac84-104028f6547a%3Fformat%3Djson%26states%3Dlisting HTTP/1.0 200 - python-swiftclient-3.11.1 gAAAAABpe3n4LCGJ... - 2 - tx01ea1e1b1af54e1d85ccd-00697b7aaa - 0.0158 - - 1769700010.470973969 1769700010.486746550 0
Jan 29 15:20:10 standalone object-server[129760]: 172.20.0.100 - - [29/Jan/2026:15:20:10 +0000] "GET /d1/731/AUTH_99d4e95f41064070a11757847c28d91f/gnocchi.1485374c-be5e-4b71-ac84-104028f6547a/1769040000.0_mean_300.0_v3" 404 70 "GET http://172.18.0.2:8080/v1/AUTH_99d4e95f41064070a11757847c28d91f/gnocchi.1485374c-be5e-4b71-ac84-104028f6547a/1769040000.0_mean_300.0_v3" "txe96268a12df6476a9e2d0-00697b7aaa" "proxy-server 20" 0.0005 "-" 23 0
Jan 29 15:20:10 standalone proxy-server[131326]: 172.18.0.2 172.18.0.100 29/Jan/2026/15/20/10 GET /v1/AUTH_99d4e95f41064070a11757847c28d91f/gnocchi.1485374c-be5e-4b71-ac84-104028f6547a/1769040000.0_mean_300.0_v3 HTTP/1.0 404 - python-swiftclient-3.11.1 gAAAAABpe3n4LCGJ... - 70 - txe96268a12df6476a9e2d0-00697b7aaa - 0.0054 - - 1769700010.490076780 1769700010.495500565 0
Jan 29 15:20:10 standalone container-server[129494]: 172.20.0.100 - - [29/Jan/2026:15:20:10 +0000] "PUT /d1/762/AUTH_99d4e95f41064070a11757847c28d91f/gnocchi.1485374c-be5e-4b71-ac84-104028f6547a/1769040000.0_mean_300.0_v3" 201 - "PUT http://172.18.0.2:8080/d1/731/AUTH_99d4e95f41064070a11757847c28d91f/gnocchi.1485374c-be5e-4b71-ac84-104028f6547a/1769040000.0_mean_300.0_v3" "tx9557a6355c364933a33b2-00697b7aaa" "object-server 23" 0.0008 "-" 22 0
Jan 29 15:20:10 standalone object-server[129760]: 172.20.0.100 - - [29/Jan/2026:15:20:10 +0000] "PUT /d1/731/AUTH_99d4e95f41064070a11757847c28d91f/gnocchi.1485374c-be5e-4b71-ac84-104028f6547a/1769040000.0_mean_300.0_v3" 201 - "PUT http://172.18.0.2:8080/v1/AUTH_99d4e95f41064070a11757847c28d91f/gnocchi.1485374c-be5e-4b71-ac84-104028f6547a/1769040000.0_mean_300.0_v3" "tx9557a6355c364933a33b2-00697b7aaa" "proxy-server 20" 0.0107 "-" 23 0
Jan 29 15:20:10 standalone proxy-server[131326]: 172.18.0.2 172.18.0.100 29/Jan/2026/15/20/10 PUT /v1/AUTH_99d4e95f41064070a11757847c28d91f/gnocchi.1485374c-be5e-4b71-ac84-104028f6547a/1769040000.0_mean_300.0_v3 HTTP/1.0 201 - python-swiftclient-3.11.1 gAAAAABpe3n4LCGJ... 16 - - tx9557a6355c364933a33b2-00697b7aaa - 0.0157 - - 1769700010.498117685 1769700010.513769388 0
Jan 29 15:20:10 standalone container-server[129508]: 172.20.0.100 - - [29/Jan/2026:15:20:10 +0000] "PUT /d1/762/AUTH_99d4e95f41064070a11757847c28d91f/gnocchi.1485374c-be5e-4b71-ac84-104028f6547a/none_v3" 201 - "PUT http://172.18.0.2:8080/d1/779/AUTH_99d4e95f41064070a11757847c28d91f/gnocchi.1485374c-be5e-4b71-ac84-104028f6547a/none_v3" "tx9c2df7b0a40d4657a2d66-00697b7aaa" "object-server 23" 0.0007 "-" 23 0
Jan 29 15:20:10 standalone object-server[129760]: 172.20.0.100 - - [29/Jan/2026:15:20:10 +0000] "PUT /d1/779/AUTH_99d4e95f41064070a11757847c28d91f/gnocchi.1485374c-be5e-4b71-ac84-104028f6547a/none_v3" 201 - "PUT http://172.18.0.2:8080/v1/AUTH_99d4e95f41064070a11757847c28d91f/gnocchi.1485374c-be5e-4b71-ac84-104028f6547a/none_v3" "tx9c2df7b0a40d4657a2d66-00697b7aaa" "proxy-server 20" 0.0104 "-" 23 0
Jan 29 15:20:10 standalone proxy-server[131326]: 172.18.0.2 172.18.0.100 29/Jan/2026/15/20/10 PUT /v1/AUTH_99d4e95f41064070a11757847c28d91f/gnocchi.1485374c-be5e-4b71-ac84-104028f6547a/none_v3 HTTP/1.0 201 - python-swiftclient-3.11.1 gAAAAABpe3n4LCGJ... 22 - - tx9c2df7b0a40d4657a2d66-00697b7aaa - 0.0155 - - 1769700010.517464399 1769700010.532931805 0
Jan 29 15:20:10 standalone container-server[129491]: 172.20.0.100 - - [29/Jan/2026:15:20:10 +0000] "HEAD /d1/558/AUTH_99d4e95f41064070a11757847c28d91f/gnocchi.8f47ee5f-1786-408e-b6a8-58094941a6fb" 404 - "HEAD http://172.18.0.2:8080/v1/AUTH_99d4e95f41064070a11757847c28d91f/gnocchi.8f47ee5f-1786-408e-b6a8-58094941a6fb?format=json&states=listing" "tx2bdf83f3293b42d3991e1-00697b7aaa" "proxy-server 20" 0.0004 "-" 21 0
Jan 29 15:20:10 standalone object-server[129759]: 172.20.0.100 - - [29/Jan/2026:15:20:10 +0000] "GET /d1/490/AUTH_99d4e95f41064070a11757847c28d91f/gnocchi.8f47ee5f-1786-408e-b6a8-58094941a6fb/none_v3" 404 70 "GET http://172.18.0.2:8080/v1/AUTH_99d4e95f41064070a11757847c28d91f/gnocchi.8f47ee5f-1786-408e-b6a8-58094941a6fb/none_v3" "tx2bdf83f3293b42d3991e1-00697b7aaa" "proxy-server 20" 0.0005 "-" 22 0
Jan 29 15:20:10 standalone proxy-server[131326]: 172.18.0.2 172.18.0.100 29/Jan/2026/15/20/10 GET /v1/AUTH_99d4e95f41064070a11757847c28d91f/gnocchi.8f47ee5f-1786-408e-b6a8-58094941a6fb/none_v3 HTTP/1.0 404 - python-swiftclient-3.11.1 gAAAAABpe3n4LCGJ... - 70 - tx2bdf83f3293b42d3991e1-00697b7aaa - 0.0103 - - 1769700010.591724396 1769700010.602053165 0
Jan 29 15:20:10 standalone account-server[129454]: 172.20.0.100 - - [29/Jan/2026:15:20:10 +0000] "PUT /d1/796/AUTH_99d4e95f41064070a11757847c28d91f/gnocchi.8f47ee5f-1786-408e-b6a8-58094941a6fb" 201 - "PUT http://172.20.0.100:6001/d1/558/AUTH_99d4e95f41064070a11757847c28d91f/gnocchi.8f47ee5f-1786-408e-b6a8-58094941a6fb" "tx98016812d92f4273ae0f5-00697b7aaa" "container-server 22" 0.0063 "-" 20 0
Jan 29 15:20:10 standalone container-server[129494]: 172.20.0.100 - - [29/Jan/2026:15:20:10 +0000] "PUT /d1/558/AUTH_99d4e95f41064070a11757847c28d91f/gnocchi.8f47ee5f-1786-408e-b6a8-58094941a6fb" 201 - "PUT http://172.18.0.2:8080/v1/AUTH_99d4e95f41064070a11757847c28d91f/gnocchi.8f47ee5f-1786-408e-b6a8-58094941a6fb" "tx98016812d92f4273ae0f5-00697b7aaa" "proxy-server 20" 0.0178 "-" 22 0
Jan 29 15:20:10 standalone proxy-server[131326]: 172.18.0.2 172.18.0.100 29/Jan/2026/15/20/10 PUT /v1/AUTH_99d4e95f41064070a11757847c28d91f/gnocchi.8f47ee5f-1786-408e-b6a8-58094941a6fb HTTP/1.0 201 - python-swiftclient-3.11.1 gAAAAABpe3n4LCGJ... - - - tx98016812d92f4273ae0f5-00697b7aaa - 0.0230 - - 1769700010.605063200 1769700010.628025532 0
Jan 29 15:20:10 standalone container-server[129494]: 172.20.0.100 - - [29/Jan/2026:15:20:10 +0000] "HEAD /d1/164/AUTH_99d4e95f41064070a11757847c28d91f/gnocchi.dc4d5d39-7c2e-4af1-882e-bf85517e9efb" 404 - "HEAD http://172.18.0.2:8080/v1/AUTH_99d4e95f41064070a11757847c28d91f/gnocchi.dc4d5d39-7c2e-4af1-882e-bf85517e9efb?format=json&states=listing" "txde5f533c539842078cace-00697b7aaa" "proxy-server 20" 0.0004 "-" 22 0
