Jan 29 15:20:11 standalone container-server[129475]: 172.20.0.100 - - [29/Jan/2026:15:20:11 +0000] "GET /d1/962/AUTH_99d4e95f41064070a11757847c28d91f/gnocchi.30f928e5-f3d8-4956-a4b9-6b30df22a73e" 200 2 "GET http://172.18.0.2:8080/v1/AUTH_99d4e95f41064070a11757847c28d91f/gnocchi.30f928e5-f3d8-4956-a4b9-6b30df22a73e?format=json&states=listing" "txa65179cb36de485c88d69-00697b7aab" "proxy-server 20" 0.0050 "-" 19 0
Jan 29 15:20:11 standalone proxy-server[131326]: 172.18.0.2 172.18.0.100 29/Jan/2026/15/20/11 GET /v1/AUTH_99d4e95f41064070a11757847c28d91f/gnocchi.30f928e5-f3d8-4956-a4b9-6b30df22a73e%3Fformat%3Djson%26states%3Dlisting HTTP/1.0 200 - python-swiftclient-3.11.1 gAAAAABpe3n4LCGJ... - 2 - txa65179cb36de485c88d69-00697b7aab - 0.0360 - - 1769700011.667442083 1769700011.703433752 0
Jan 29 15:20:11 standalone object-server[129760]: 172.20.0.100 - - [29/Jan/2026:15:20:11 +0000] "GET /d1/487/AUTH_99d4e95f41064070a11757847c28d91f/gnocchi.30f928e5-f3d8-4956-a4b9-6b30df22a73e/1769040000.0_mean_300.0_v3" 404 70 "GET http://172.18.0.2:8080/v1/AUTH_99d4e95f41064070a11757847c28d91f/gnocchi.30f928e5-f3d8-4956-a4b9-6b30df22a73e/1769040000.0_mean_300.0_v3" "txfc5a5699d286482e9b171-00697b7aab" "proxy-server 20" 0.0004 "-" 23 0
Jan 29 15:20:11 standalone proxy-server[131326]: 172.18.0.2 172.18.0.100 29/Jan/2026/15/20/11 GET /v1/AUTH_99d4e95f41064070a11757847c28d91f/gnocchi.30f928e5-f3d8-4956-a4b9-6b30df22a73e/1769040000.0_mean_300.0_v3 HTTP/1.0 404 - python-swiftclient-3.11.1 gAAAAABpe3n4LCGJ... - 70 - txfc5a5699d286482e9b171-00697b7aab - 0.0081 - - 1769700011.709843874 1769700011.717947483 0
Jan 29 15:20:11 standalone container-server[129508]: 172.20.0.100 - - [29/Jan/2026:15:20:11 +0000] "PUT /d1/962/AUTH_99d4e95f41064070a11757847c28d91f/gnocchi.30f928e5-f3d8-4956-a4b9-6b30df22a73e/1769040000.0_mean_300.0_v3" 201 - "PUT http://172.18.0.2:8080/d1/487/AUTH_99d4e95f41064070a11757847c28d91f/gnocchi.30f928e5-f3d8-4956-a4b9-6b30df22a73e/1769040000.0_mean_300.0_v3" "txbfd19c959cb24d48bcf7b-00697b7aab" "object-server 22" 0.0010 "-" 23 0
Jan 29 15:20:11 standalone object-server[129759]: 172.20.0.100 - - [29/Jan/2026:15:20:11 +0000] "PUT /d1/487/AUTH_99d4e95f41064070a11757847c28d91f/gnocchi.30f928e5-f3d8-4956-a4b9-6b30df22a73e/1769040000.0_mean_300.0_v3" 201 - "PUT http://172.18.0.2:8080/v1/AUTH_99d4e95f41064070a11757847c28d91f/gnocchi.30f928e5-f3d8-4956-a4b9-6b30df22a73e/1769040000.0_mean_300.0_v3" "txbfd19c959cb24d48bcf7b-00697b7aab" "proxy-server 20" 0.0647 "-" 22 0
Jan 29 15:20:11 standalone proxy-server[131326]: 172.18.0.2 172.18.0.100 29/Jan/2026/15/20/11 PUT /v1/AUTH_99d4e95f41064070a11757847c28d91f/gnocchi.30f928e5-f3d8-4956-a4b9-6b30df22a73e/1769040000.0_mean_300.0_v3 HTTP/1.0 201 - python-swiftclient-3.11.1 gAAAAABpe3n4LCGJ... 16 - - txbfd19c959cb24d48bcf7b-00697b7aab - 0.0765 - - 1769700011.722146034 1769700011.798663378 0
Jan 29 15:20:11 standalone container-server[129508]: 172.20.0.100 - - [29/Jan/2026:15:20:11 +0000] "PUT /d1/962/AUTH_99d4e95f41064070a11757847c28d91f/gnocchi.30f928e5-f3d8-4956-a4b9-6b30df22a73e/none_v3" 201 - "PUT http://172.18.0.2:8080/d1/73/AUTH_99d4e95f41064070a11757847c28d91f/gnocchi.30f928e5-f3d8-4956-a4b9-6b30df22a73e/none_v3" "txb95d3238f289474d8e556-00697b7aab" "object-server 23" 0.0006 "-" 23 0
Jan 29 15:20:11 standalone object-server[129760]: 172.20.0.100 - - [29/Jan/2026:15:20:11 +0000] "PUT /d1/73/AUTH_99d4e95f41064070a11757847c28d91f/gnocchi.30f928e5-f3d8-4956-a4b9-6b30df22a73e/none_v3" 201 - "PUT http://172.18.0.2:8080/v1/AUTH_99d4e95f41064070a11757847c28d91f/gnocchi.30f928e5-f3d8-4956-a4b9-6b30df22a73e/none_v3" "txb95d3238f289474d8e556-00697b7aab" "proxy-server 20" 0.0129 "-" 23 0
Jan 29 15:20:11 standalone proxy-server[131326]: 172.18.0.2 172.18.0.100 29/Jan/2026/15/20/11 PUT /v1/AUTH_99d4e95f41064070a11757847c28d91f/gnocchi.30f928e5-f3d8-4956-a4b9-6b30df22a73e/none_v3 HTTP/1.0 201 - python-swiftclient-3.11.1 gAAAAABpe3n4LCGJ... 22 - - txb95d3238f289474d8e556-00697b7aab - 0.0196 - - 1769700011.803460121 1769700011.823021412 0
Jan 29 15:20:11 standalone container-server[129491]: 172.20.0.100 - - [29/Jan/2026:15:20:11 +0000] "HEAD /d1/158/AUTH_99d4e95f41064070a11757847c28d91f/gnocchi.e43f0916-db09-4716-ae10-7a0f6c72eeb2" 404 - "HEAD http://172.18.0.2:8080/v1/AUTH_99d4e95f41064070a11757847c28d91f/gnocchi.e43f0916-db09-4716-ae10-7a0f6c72eeb2?format=json&states=listing" "tx110ec752ff754bfb8a4b7-00697b7aab" "proxy-server 20" 0.0006 "-" 21 0
Jan 29 15:20:11 standalone object-server[129759]: 172.20.0.100 - - [29/Jan/2026:15:20:11 +0000] "GET /d1/358/AUTH_99d4e95f41064070a11757847c28d91f/gnocchi.e43f0916-db09-4716-ae10-7a0f6c72eeb2/none_v3" 404 70 "GET http://172.18.0.2:8080/v1/AUTH_99d4e95f41064070a11757847c28d91f/gnocchi.e43f0916-db09-4716-ae10-7a0f6c72eeb2/none_v3" "tx110ec752ff754bfb8a4b7-00697b7aab" "proxy-server 20" 0.0004 "-" 22 0
Jan 29 15:20:11 standalone proxy-server[131326]: 172.18.0.2 172.18.0.100 29/Jan/2026/15/20/11 GET /v1/AUTH_99d4e95f41064070a11757847c28d91f/gnocchi.e43f0916-db09-4716-ae10-7a0f6c72eeb2/none_v3 HTTP/1.0 404 - python-swiftclient-3.11.1 gAAAAABpe3n4LCGJ... - 70 - tx110ec752ff754bfb8a4b7-00697b7aab - 0.0118 - - 1769700011.836330414 1769700011.848125219 0
Jan 29 15:20:11 standalone account-server[129454]: 172.20.0.100 - - [29/Jan/2026:15:20:11 +0000] "PUT /d1/796/AUTH_99d4e95f41064070a11757847c28d91f/gnocchi.e43f0916-db09-4716-ae10-7a0f6c72eeb2" 201 - "PUT http://172.20.0.100:6001/d1/158/AUTH_99d4e95f41064070a11757847c28d91f/gnocchi.e43f0916-db09-4716-ae10-7a0f6c72eeb2" "tx617a8e0be9084ddc93020-00697b7aab" "container-server 19" 0.0063 "-" 20 0
Jan 29 15:20:11 standalone container-server[129475]: 172.20.0.100 - - [29/Jan/2026:15:20:11 +0000] "PUT /d1/158/AUTH_99d4e95f41064070a11757847c28d91f/gnocchi.e43f0916-db09-4716-ae10-7a0f6c72eeb2" 201 - "PUT http://172.18.0.2:8080/v1/AUTH_99d4e95f41064070a11757847c28d91f/gnocchi.e43f0916-db09-4716-ae10-7a0f6c72eeb2" "tx617a8e0be9084ddc93020-00697b7aab" "proxy-server 20" 0.0236 "-" 19 0
Jan 29 15:20:11 standalone proxy-server[131326]: 172.18.0.2 172.18.0.100 29/Jan/2026/15/20/11 PUT /v1/AUTH_99d4e95f41064070a11757847c28d91f/gnocchi.e43f0916-db09-4716-ae10-7a0f6c72eeb2 HTTP/1.0 201 - python-swiftclient-3.11.1 gAAAAABpe3n4LCGJ... - - - tx617a8e0be9084ddc93020-00697b7aab - 0.0303 - - 1769700011.851510525 1769700011.881778479 0
Jan 29 15:20:11 standalone container-server[129491]: 172.20.0.100 - - [29/Jan/2026:15:20:11 +0000] "HEAD /d1/158/AUTH_99d4e95f41064070a11757847c28d91f/gnocchi.e43f0916-db09-4716-ae10-7a0f6c72eeb2" 204 - "HEAD http://172.18.0.2:8080/v1/AUTH_99d4e95f41064070a11757847c28d91f/gnocchi.e43f0916-db09-4716-ae10-7a0f6c72eeb2?format=json&states=listing" "tx45931238a375476299385-00697b7aab" "proxy-server 20" 0.0025 "-" 21 0
Jan 29 15:20:11 standalone proxy-server[131326]: - - 29/Jan/2026/15/20/11 HEAD /v1/AUTH_99d4e95f41064070a11757847c28d91f/gnocchi.e43f0916-db09-4716-ae10-7a0f6c72eeb2%3Fformat%3Djson%26states%3Dlisting HTTP/1.0 204 - Swift - - - - tx45931238a375476299385-00697b7aab - 0.0065 RL - 1769700011.886986256 1769700011.893463135 0
Jan 29 15:20:11 standalone container-server[129475]: 172.20.0.100 - - [29/Jan/2026:15:20:11 +0000] "GET /d1/158/AUTH_99d4e95f41064070a11757847c28d91f/gnocchi.e43f0916-db09-4716-ae10-7a0f6c72eeb2" 200 2 "GET http://172.18.0.2:8080/v1/AUTH_99d4e95f41064070a11757847c28d91f/gnocchi.e43f0916-db09-4716-ae10-7a0f6c72eeb2?format=json&states=listing" "tx45931238a375476299385-00697b7aab" "proxy-server 20" 0.0036 "-" 19 0
Jan 29 15:20:11 standalone proxy-server[131326]: 172.18.0.2 172.18.0.100 29/Jan/2026/15/20/11 GET /v1/AUTH_99d4e95f41064070a11757847c28d91f/gnocchi.e43f0916-db09-4716-ae10-7a0f6c72eeb2%3Fformat%3Djson%26states%3Dlisting HTTP/1.0 200 - python-swiftclient-3.11.1 gAAAAABpe3n4LCGJ... - 2 - tx45931238a375476299385-00697b7aab - 0.0192 - - 1769700011.885750055 1769700011.904983997 0
Jan 29 15:20:11 standalone object-server[129760]: 172.20.0.100 - - [29/Jan/2026:15:20:11 +0000] "GET /d1/770/AUTH_99d4e95f41064070a11757847c28d91f/gnocchi.e43f0916-db09-4716-ae10-7a0f6c72eeb2/1769040000.0_mean_300.0_v3" 404 70 "GET http://172.18.0.2:8080/v1/AUTH_99d4e95f41064070a11757847c28d91f/gnocchi.e43f0916-db09-4716-ae10-7a0f6c72eeb2/1769040000.0_mean_300.0_v3" "txd5b2af5eaaef4b4e9e3d4-00697b7aab" "proxy-server 20" 0.0004 "-" 23 0
Jan 29 15:20:11 standalone proxy-server[131326]: 172.18.0.2 172.18.0.100 29/Jan/2026/15/20/11 GET /v1/AUTH_99d4e95f41064070a11757847c28d91f/gnocchi.e43f0916-db09-4716-ae10-7a0f6c72eeb2/1769040000.0_mean_300.0_v3 HTTP/1.0 404 - python-swiftclient-3.11.1 gAAAAABpe3n4LCGJ... - 70 - txd5b2af5eaaef4b4e9e3d4-00697b7aab - 0.0071 - - 1769700011.909649849 1769700011.916790724 0
Jan 29 15:20:11 standalone container-server[129494]: 172.20.0.100 - - [29/Jan/2026:15:20:11 +0000] "PUT /d1/158/AUTH_99d4e95f41064070a11757847c28d91f/gnocchi.e43f0916-db09-4716-ae10-7a0f6c72eeb2/1769040000.0_mean_300.0_v3" 201 - "PUT http://172.18.0.2:8080/d1/770/AUTH_99d4e95f41064070a11757847c28d91f/gnocchi.e43f0916-db09-4716-ae10-7a0f6c72eeb2/1769040000.0_mean_300.0_v3" "tx4713b6717f164e9fbd9e7-00697b7aab" "object-server 23" 0.0006 "-" 22 0
Jan 29 15:20:11 standalone object-server[129760]: 172.20.0.100 - - [29/Jan/2026:15:20:11 +0000] "PUT /d1/770/AUTH_99d4e95f41064070a11757847c28d91f/gnocchi.e43f0916-db09-4716-ae10-7a0f6c72eeb2/1769040000.0_mean_300.0_v3" 201 - "PUT http://172.18.0.2:8080/v1/AUTH_99d4e95f41064070a11757847c28d91f/gnocchi.e43f0916-db09-4716-ae10-7a0f6c72eeb2/1769040000.0_mean_300.0_v3" "tx4713b6717f164e9fbd9e7-00697b7aab" "proxy-server 20" 0.0101 "-" 23 0
Jan 29 15:20:11 standalone proxy-server[131326]: 172.18.0.2 172.18.0.100 29/Jan/2026/15/20/11 PUT /v1/AUTH_99d4e95f41064070a11757847c28d91f/gnocchi.e43f0916-db09-4716-ae10-7a0f6c72eeb2/1769040000.0_mean_300.0_v3 HTTP/1.0 201 - python-swiftclient-3.11.1 gAAAAABpe3n4LCGJ... 16 - - tx4713b6717f164e9fbd9e7-00697b7aab - 0.0171 - - 1769700011.921314478 1769700011.938459873 0
Jan 29 15:20:11 standalone container-server[129494]: 172.20.0.100 - - [29/Jan/2026:15:20:11 +0000] "PUT /d1/158/AUTH_99d4e95f41064070a11757847c28d91f/gnocchi.e43f0916-db09-4716-ae10-7a0f6c72eeb2/none_v3" 201 - "PUT http://172.18.0.2:8080/d1/358/AUTH_99d4e95f41064070a11757847c28d91f/gnocchi.e43f0916-db09-4716-ae10-7a0f6c72eeb2/none_v3" "tx57b43b835f764b2d9e3bf-00697b7aab" "object-server 25" 0.0005 "-" 22 0
Jan 29 15:20:11 standalone object-server[129762]: 172.20.0.100 - - [29/Jan/2026:15:20:11 +0000] "PUT /d1/358/AUTH_99d4e95f41064070a11757847c28d91f/gnocchi.e43f0916-db09-4716-ae10-7a0f6c72eeb2/none_v3" 201 - "PUT http://172.18.0.2:8080/v1/AUTH_99d4e95f41064070a11757847c28d91f/gnocchi.e43f0916-db09-4716-ae10-7a0f6c72eeb2/none_v3" "tx57b43b835f764b2d9e3bf-00697b7aab" "proxy-server 20" 0.0165 "-" 25 0
Jan 29 15:20:11 standalone proxy-server[131326]: 172.18.0.2 172.18.0.100 29/Jan/2026/15/20/11 PUT /v1/AUTH_99d4e95f41064070a11757847c28d91f/gnocchi.e43f0916-db09-4716-ae10-7a0f6c72eeb2/none_v3 HTTP/1.0 201 - python-swiftclient-3.11.1 gAAAAABpe3n4LCGJ... 22 - - tx57b43b835f764b2d9e3bf-00697b7aab - 0.0258 - - 1769700011.942844868 1769700011.968626976 0
Jan 29 15:20:11 standalone container-server[129475]: 172.20.0.100 - - [29/Jan/2026:15:20:11 +0000] "HEAD /d1/486/AUTH_99d4e95f41064070a11757847c28d91f/gnocchi.c213ac5f-299d-4cd2-84c9-31470961b740" 404 - "HEAD http://172.18.0.2:8080/v1/AUTH_99d4e95f41064070a11757847c28d91f/gnocchi.c213ac5f-299d-4cd2-84c9-31470961b740?format=json&states=listing" "tx92cb8643df884dc9ac023-00697b7aab" "proxy-server 20" 0.0004 "-" 19 0
Jan 29 15:20:11 standalone object-server[129745]: 172.20.0.100 - - [29/Jan/2026:15:20:11 +0000] "GET /d1/733/AUTH_99d4e95f41064070a11757847c28d91f/gnocchi.c213ac5f-299d-4cd2-84c9-31470961b740/none_v3" 404 70 "GET http://172.18.0.2:8080/v1/AUTH_99d4e95f41064070a11757847c28d91f/gnocchi.c213ac5f-299d-4cd2-84c9-31470961b740/none_v3" "tx92cb8643df884dc9ac023-00697b7aab" "proxy-server 20" 0.0004 "-" 21 0
Jan 29 15:20:11 standalone proxy-server[131326]: 172.18.0.2 172.18.0.100 29/Jan/2026/15/20/11 GET /v1/AUTH_99d4e95f41064070a11757847c28d91f/gnocchi.c213ac5f-299d-4cd2-84c9-31470961b740/none_v3 HTTP/1.0 404 - python-swiftclient-3.11.1 gAAAAABpe3n4LCGJ... - 70 - tx92cb8643df884dc9ac023-00697b7aab - 0.0105 - - 1769700011.981934786 1769700011.992478371 0
Jan 29 15:20:12 standalone account-server[129454]: 172.20.0.100 - - [29/Jan/2026:15:20:12 +0000] "PUT /d1/796/AUTH_99d4e95f41064070a11757847c28d91f/gnocchi.c213ac5f-299d-4cd2-84c9-31470961b740" 201 - "PUT http://172.20.0.100:6001/d1/486/AUTH_99d4e95f41064070a11757847c28d91f/gnocchi.c213ac5f-299d-4cd2-84c9-31470961b740" "txbf9ff85cc0494361ace04-00697b7aab" "container-server 22" 0.0094 "-" 20 0
Jan 29 15:20:12 standalone container-server[129494]: 172.20.0.100 - - [29/Jan/2026:15:20:12 +0000] "PUT /d1/486/AUTH_99d4e95f41064070a11757847c28d91f/gnocchi.c213ac5f-299d-4cd2-84c9-31470961b740" 201 - "PUT http://172.18.0.2:8080/v1/AUTH_99d4e95f41064070a11757847c28d91f/gnocchi.c213ac5f-299d-4cd2-84c9-31470961b740" "txbf9ff85cc0494361ace04-00697b7aab" "proxy-server 20" 0.0277 "-" 22 0
Jan 29 15:20:12 standalone proxy-server[131326]: 172.18.0.2 172.18.0.100 29/Jan/2026/15/20/12 PUT /v1/AUTH_99d4e95f41064070a11757847c28d91f/gnocchi.c213ac5f-299d-4cd2-84c9-31470961b740 HTTP/1.0 201 - python-swiftclient-3.11.1 gAAAAABpe3n4LCGJ... - - - txbf9ff85cc0494361ace04-00697b7aab - 0.0329 - - 1769700011.995299339 1769700012.028195143 0
Jan 29 15:20:12 standalone container-server[129491]: 172.20.0.100 - - [29/Jan/2026:15:20:12 +0000] "HEAD /d1/486/AUTH_99d4e95f41064070a11757847c28d91f/gnocchi.c213ac5f-299d-4cd2-84c9-31470961b740" 204 - "HEAD http://172.18.0.2:8080/v1/AUTH_99d4e95f41064070a11757847c28d91f/gnocchi.c213ac5f-299d-4cd2-84c9-31470961b740?format=json&states=listing" "tx75316989566247caabccc-00697b7aac" "proxy-server 20" 0.0015 "-" 21 0
Jan 29 15:20:12 standalone proxy-server[131326]: - - 29/Jan/2026/15/20/12 HEAD /v1/AUTH_99d4e95f41064070a11757847c28d91f/gnocchi.c213ac5f-299d-4cd2-84c9-31470961b740%3Fformat%3Djson%26states%3Dlisting HTTP/1.0 204 - Swift - - - - tx75316989566247caabccc-00697b7aac - 0.0094 RL - 1769700012.035317659 1769700012.044688463 0
Jan 29 15:20:12 standalone container-server[129494]: 172.20.0.100 - - [29/Jan/2026:15:20:12 +0000] "GET /d1/486/AUTH_99d4e95f41064070a11757847c28d91f/gnocchi.c213ac5f-299d-4cd2-84c9-31470961b740" 200 2 "GET http://172.18.0.2:8080/v1/AUTH_99d4e95f41064070a11757847c28d91f/gnocchi.c213ac5f-299d-4cd2-84c9-31470961b740?format=json&states=listing" "tx75316989566247caabccc-00697b7aac" "proxy-server 20" 0.0019 "-" 22 0
Jan 29 15:20:12 standalone proxy-server[131326]: 172.18.0.2 172.18.0.100 29/Jan/2026/15/20/12 GET /v1/AUTH_99d4e95f41064070a11757847c28d91f/gnocchi.c213ac5f-299d-4cd2-84c9-31470961b740%3Fformat%3Djson%26states%3Dlisting HTTP/1.0 200 - python-swiftclient-3.11.1 gAAAAABpe3n4LCGJ... - 2 - tx75316989566247caabccc-00697b7aac - 0.0178 - - 1769700012.034465790 1769700012.052315474 0
Jan 29 15:20:12 standalone object-server[129745]: 172.20.0.100 - - [29/Jan/2026:15:20:12 +0000] "GET /d1/198/AUTH_99d4e95f41064070a11757847c28d91f/gnocchi.c213ac5f-299d-4cd2-84c9-31470961b740/1769040000.0_mean_300.0_v3" 404 70 "GET http://172.18.0.2:8080/v1/AUTH_99d4e95f41064070a11757847c28d91f/gnocchi.c213ac5f-299d-4cd2-84c9-31470961b740/1769040000.0_mean_300.0_v3" "tx53f53a5f82c145cba9038-00697b7aac" "proxy-server 20" 0.0004 "-" 21 0
Jan 29 15:20:12 standalone proxy-server[131326]: 172.18.0.2 172.18.0.100 29/Jan/2026/15/20/12 GET /v1/AUTH_99d4e95f41064070a11757847c28d91f/gnocchi.c213ac5f-299d-4cd2-84c9-31470961b740/1769040000.0_mean_300.0_v3 HTTP/1.0 404 - python-swiftclient-3.11.1 gAAAAABpe3n4LCGJ... - 70 - tx53f53a5f82c145cba9038-00697b7aac - 0.0067 - - 1769700012.060010672 1769700012.066726208 0
Jan 29 15:20:12 standalone container-server[129475]: 172.20.0.100 - - [29/Jan/2026:15:20:12 +0000] "PUT /d1/486/AUTH_99d4e95f41064070a11757847c28d91f/gnocchi.c213ac5f-299d-4cd2-84c9-31470961b740/1769040000.0_mean_300.0_v3" 201 - "PUT http://172.18.0.2:8080/d1/198/AUTH_99d4e95f41064070a11757847c28d91f/gnocchi.c213ac5f-299d-4cd2-84c9-31470961b740/1769040000.0_mean_300.0_v3" "tx6788752d95cf4510b958a-00697b7aac" "object-server 25" 0.0005 "-" 19 0
Jan 29 15:20:12 standalone object-server[129762]: 172.20.0.100 - - [29/Jan/2026:15:20:12 +0000] "PUT /d1/198/AUTH_99d4e95f41064070a11757847c28d91f/gnocchi.c213ac5f-299d-4cd2-84c9-31470961b740/1769040000.0_mean_300.0_v3" 201 - "PUT http://172.18.0.2:8080/v1/AUTH_99d4e95f41064070a11757847c28d91f/gnocchi.c213ac5f-299d-4cd2-84c9-31470961b740/1769040000.0_mean_300.0_v3" "tx6788752d95cf4510b958a-00697b7aac" "proxy-server 20" 0.0129 "-" 25 0
Jan 29 15:20:12 standalone proxy-server[131326]: 172.18.0.2 172.18.0.100 29/Jan/2026/15/20/12 PUT /v1/AUTH_99d4e95f41064070a11757847c28d91f/gnocchi.c213ac5f-299d-4cd2-84c9-31470961b740/1769040000.0_mean_300.0_v3 HTTP/1.0 201 - python-swiftclient-3.11.1 gAAAAABpe3n4LCGJ... 16 - - tx6788752d95cf4510b958a-00697b7aac - 0.0190 - - 1769700012.070607662 1769700012.089609146 0
Jan 29 15:20:12 standalone container-server[129491]: 172.20.0.100 - - [29/Jan/2026:15:20:12 +0000] "PUT /d1/486/AUTH_99d4e95f41064070a11757847c28d91f/gnocchi.c213ac5f-299d-4cd2-84c9-31470961b740/none_v3" 201 - "PUT http://172.18.0.2:8080/d1/733/AUTH_99d4e95f41064070a11757847c28d91f/gnocchi.c213ac5f-299d-4cd2-84c9-31470961b740/none_v3" "txb636ec38631347c1a3280-00697b7aac" "object-server 23" 0.0006 "-" 21 0
Jan 29 15:20:12 standalone object-server[129760]: 172.20.0.100 - - [29/Jan/2026:15:20:12 +0000] "PUT /d1/733/AUTH_99d4e95f41064070a11757847c28d91f/gnocchi.c213ac5f-299d-4cd2-84c9-31470961b740/none_v3" 201 - "PUT http://172.18.0.2:8080/v1/AUTH_99d4e95f41064070a11757847c28d91f/gnocchi.c213ac5f-299d-4cd2-84c9-31470961b740/none_v3" "txb636ec38631347c1a3280-00697b7aac" "proxy-server 20" 0.0219 "-" 23 0
Jan 29 15:20:12 standalone proxy-server[131326]: 172.18.0.2 172.18.0.100 29/Jan/2026/15/20/12 PUT /v1/AUTH_99d4e95f41064070a11757847c28d91f/gnocchi.c213ac5f-299d-4cd2-84c9-31470961b740/none_v3 HTTP/1.0 201 - python-swiftclient-3.11.1 gAAAAABpe3n4LCGJ... 22 - - txb636ec38631347c1a3280-00697b7aac - 0.0287 - - 1769700012.093063354 1769700012.121801138 0
Jan 29 15:20:12 standalone container-server[129494]: 172.20.0.100 - - [29/Jan/2026:15:20:12 +0000] "HEAD /d1/475/AUTH_99d4e95f41064070a11757847c28d91f/gnocchi.6a16deb2-9629-4a05-a6eb-0f381acff62b" 404 - "HEAD http://172.18.0.2:8080/v1/AUTH_99d4e95f41064070a11757847c28d91f/gnocchi.6a16deb2-9629-4a05-a6eb-0f381acff62b?format=json&states=listing" "txa55b508e06674733be5ac-00697b7aac" "proxy-server 20" 0.0006 "-" 22 0
Jan 29 15:20:12 standalone object-server[129745]: 172.20.0.100 - - [29/Jan/2026:15:20:12 +0000] "GET /d1/455/AUTH_99d4e95f41064070a11757847c28d91f/gnocchi.6a16deb2-9629-4a05-a6eb-0f381acff62b/none_v3" 404 70 "GET http://172.18.0.2:8080/v1/AUTH_99d4e95f41064070a11757847c28d91f/gnocchi.6a16deb2-9629-4a05-a6eb-0f381acff62b/none_v3" "txa55b508e06674733be5ac-00697b7aac" "proxy-server 20" 0.0005 "-" 21 0
Jan 29 15:20:12 standalone proxy-server[131326]: 172.18.0.2 172.18.0.100 29/Jan/2026/15/20/12 GET /v1/AUTH_99d4e95f41064070a11757847c28d91f/gnocchi.6a16deb2-9629-4a05-a6eb-0f381acff62b/none_v3 HTTP/1.0 404 - python-swiftclient-3.11.1 gAAAAABpe3n4LCGJ... - 70 - txa55b508e06674733be5ac-00697b7aac - 0.0139 - - 1769700012.134360313 1769700012.148299694 0
Jan 29 15:20:12 standalone account-server[129469]: 172.20.0.100 - - [29/Jan/2026:15:20:12 +0000] "PUT /d1/796/AUTH_99d4e95f41064070a11757847c28d91f/gnocchi.6a16deb2-9629-4a05-a6eb-0f381acff62b" 201 - "PUT http://172.20.0.100:6001/d1/475/AUTH_99d4e95f41064070a11757847c28d91f/gnocchi.6a16deb2-9629-4a05-a6eb-0f381acff62b" "txf97af8e06e02434ebeef0-00697b7aac" "container-server 22" 0.0282 "-" 22 0
Jan 29 15:20:12 standalone container-server[129494]: 172.20.0.100 - - [29/Jan/2026:15:20:12 +0000] "PUT /d1/475/AUTH_99d4e95f41064070a11757847c28d91f/gnocchi.6a16deb2-9629-4a05-a6eb-0f381acff62b" 201 - "PUT http://172.18.0.2:8080/v1/AUTH_99d4e95f41064070a11757847c28d91f/gnocchi.6a16deb2-9629-4a05-a6eb-0f381acff62b" "txf97af8e06e02434ebeef0-00697b7aac" "proxy-server 20" 0.0503 "-" 22 0
Jan 29 15:20:12 standalone proxy-server[131326]: 172.18.0.2 172.18.0.100 29/Jan/2026/15/20/12 PUT /v1/AUTH_99d4e95f41064070a11757847c28d91f/gnocchi.6a16deb2-9629-4a05-a6eb-0f381acff62b HTTP/1.0 201 - python-swiftclient-3.11.1 gAAAAABpe3n4LCGJ... - - - txf97af8e06e02434ebeef0-00697b7aac - 0.0563 - - 1769700012.151687384 1769700012.208021164 0
Jan 29 15:20:12 standalone container-server[129508]: 172.20.0.100 - - [29/Jan/2026:15:20:12 +0000] "HEAD /d1/475/AUTH_99d4e95f41064070a11757847c28d91f/gnocchi.6a16deb2-9629-4a05-a6eb-0f381acff62b" 204 - "HEAD http://172.18.0.2:8080/v1/AUTH_99d4e95f41064070a11757847c28d91f/gnocchi.6a16deb2-9629-4a05-a6eb-0f381acff62b?format=json&states=listing" "tx885a420eab1a401c90512-00697b7aac" "proxy-server 20" 0.0012 "-" 23 0
Jan 29 15:20:12 standalone proxy-server[131326]: - - 29/Jan/2026/15/20/12 HEAD /v1/AUTH_99d4e95f41064070a11757847c28d91f/gnocchi.6a16deb2-9629-4a05-a6eb-0f381acff62b%3Fformat%3Djson%26states%3Dlisting HTTP/1.0 204 - Swift - - - - tx885a420eab1a401c90512-00697b7aac - 0.0050 RL - 1769700012.214910984 1769700012.219953060 0
Jan 29 15:20:12 standalone container-server[129491]: 172.20.0.100 - - [29/Jan/2026:15:20:12 +0000] "GET /d1/475/AUTH_99d4e95f41064070a11757847c28d91f/gnocchi.6a16deb2-9629-4a05-a6eb-0f381acff62b" 200 2 "GET http://172.18.0.2:8080/v1/AUTH_99d4e95f41064070a11757847c28d91f/gnocchi.6a16deb2-9629-4a05-a6eb-0f381acff62b?format=json&states=listing" "tx885a420eab1a401c90512-00697b7aac" "proxy-server 20" 0.0017 "-" 21 0
Jan 29 15:20:12 standalone proxy-server[131326]: 172.18.0.2 172.18.0.100 29/Jan/2026/15/20/12 GET /v1/AUTH_99d4e95f41064070a11757847c28d91f/gnocchi.6a16deb2-9629-4a05-a6eb-0f381acff62b%3Fformat%3Djson%26states%3Dlisting HTTP/1.0 200 - python-swiftclient-3.11.1 gAAAAABpe3n4LCGJ... - 2 - tx885a420eab1a401c90512-00697b7aac - 0.0153 - - 1769700012.212397337 1769700012.227689266 0
Jan 29 15:20:12 standalone object-server[129759]: 172.20.0.100 - - [29/Jan/2026:15:20:12 +0000] "GET /d1/477/AUTH_99d4e95f41064070a11757847c28d91f/gnocchi.6a16deb2-9629-4a05-a6eb-0f381acff62b/1769040000.0_mean_300.0_v3" 404 70 "GET http://172.18.0.2:8080/v1/AUTH_99d4e95f41064070a11757847c28d91f/gnocchi.6a16deb2-9629-4a05-a6eb-0f381acff62b/1769040000.0_mean_300.0_v3" "txe203a8666c344553ba55e-00697b7aac" "proxy-server 20" 0.0004 "-" 22 0
Jan 29 15:20:12 standalone proxy-server[131326]: 172.18.0.2 172.18.0.100 29/Jan/2026/15/20/12 GET /v1/AUTH_99d4e95f41064070a11757847c28d91f/gnocchi.6a16deb2-9629-4a05-a6eb-0f381acff62b/1769040000.0_mean_300.0_v3 HTTP/1.0 404 - python-swiftclient-3.11.1 gAAAAABpe3n4LCGJ... - 70 - txe203a8666c344553ba55e-00697b7aac - 0.0054 - - 1769700012.232096195 1769700012.237487555 0
Jan 29 15:20:12 standalone container-server[129475]: 172.20.0.100 - - [29/Jan/2026:15:20:12 +0000] "PUT /d1/475/AUTH_99d4e95f41064070a11757847c28d91f/gnocchi.6a16deb2-9629-4a05-a6eb-0f381acff62b/1769040000.0_mean_300.0_v3" 201 - "PUT http://172.18.0.2:8080/d1/477/AUTH_99d4e95f41064070a11757847c28d91f/gnocchi.6a16deb2-9629-4a05-a6eb-0f381acff62b/1769040000.0_mean_300.0_v3" "tx9de35b24d4bf46dfb6587-00697b7aac" "object-server 21" 0.0011 "-" 19 0
Jan 29 15:20:12 standalone object-server[129745]: 172.20.0.100 - - [29/Jan/2026:15:20:12 +0000] "PUT /d1/477/AUTH_99d4e95f41064070a11757847c28d91f/gnocchi.6a16deb2-9629-4a05-a6eb-0f381acff62b/1769040000.0_mean_300.0_v3" 201 - "PUT http://172.18.0.2:8080/v1/AUTH_99d4e95f41064070a11757847c28d91f/gnocchi.6a16deb2-9629-4a05-a6eb-0f381acff62b/1769040000.0_mean_300.0_v3" "tx9de35b24d4bf46dfb6587-00697b7aac" "proxy-server 20" 0.0181 "-" 21 0
Jan 29 15:20:12 standalone proxy-server[131326]: 172.18.0.2 172.18.0.100 29/Jan/2026/15/20/12 PUT /v1/AUTH_99d4e95f41064070a11757847c28d91f/gnocchi.6a16deb2-9629-4a05-a6eb-0f381acff62b/1769040000.0_mean_300.0_v3 HTTP/1.0 201 - python-swiftclient-3.11.1 gAAAAABpe3n4LCGJ... 16 - - tx9de35b24d4bf46dfb6587-00697b7aac - 0.0237 - - 1769700012.240006685 1769700012.263679504 0
Jan 29 15:20:12 standalone container-server[129491]: 172.20.0.100 - - [29/Jan/2026:15:20:12 +0000] "PUT /d1/475/AUTH_99d4e95f41064070a11757847c28d91f/gnocchi.6a16deb2-9629-4a05-a6eb-0f381acff62b/none_v3" 201 - "PUT http://172.18.0.2:8080/d1/455/AUTH_99d4e95f41064070a11757847c28d91f/gnocchi.6a16deb2-9629-4a05-a6eb-0f381acff62b/none_v3" "txa27808066b26475b8cd23-00697b7aac" "object-server 25" 0.0008 "-" 21 0
Jan 29 15:20:12 standalone object-server[129762]: 172.20.0.100 - - [29/Jan/2026:15:20:12 +0000] "PUT /d1/455/AUTH_99d4e95f41064070a11757847c28d91f/gnocchi.6a16deb2-9629-4a05-a6eb-0f381acff62b/none_v3" 201 - "PUT http://172.18.0.2:8080/v1/AUTH_99d4e95f41064070a11757847c28d91f/gnocchi.6a16deb2-9629-4a05-a6eb-0f381acff62b/none_v3" "txa27808066b26475b8cd23-00697b7aac" "proxy-server 20" 0.0188 "-" 25 0
Jan 29 15:20:12 standalone proxy-server[131326]: 172.18.0.2 172.18.0.100 29/Jan/2026/15/20/12 PUT /v1/AUTH_99d4e95f41064070a11757847c28d91f/gnocchi.6a16deb2-9629-4a05-a6eb-0f381acff62b/none_v3 HTTP/1.0 201 - python-swiftclient-3.11.1 gAAAAABpe3n4LCGJ... 22 - - txa27808066b26475b8cd23-00697b7aac - 0.0276 - - 1769700012.269689560 1769700012.297310352 0
Jan 29 15:20:12 standalone account-server[129467]: 172.20.0.100 - - [29/Jan/2026:15:20:12 +0000] "HEAD /d1/796/AUTH_99d4e95f41064070a11757847c28d91f" 204 - "HEAD http://172.18.0.2:8080/v1/AUTH_99d4e95f41064070a11757847c28d91f?format=json" "tx72f4d80abc6346b1b2252-00697b7aac" "proxy-server 20" 0.0048 "-" 21 -
Jan 29 15:20:12 standalone proxy-server[131326]: - - 29/Jan/2026/15/20/12 HEAD /v1/AUTH_99d4e95f41064070a11757847c28d91f%3Fformat%3Djson HTTP/1.0 204 - Swift - - - - tx72f4d80abc6346b1b2252-00697b7aac - 0.0093 RL - 1769700012.307765245 1769700012.317104578 -
Jan 29 15:20:12 standalone container-server[129491]: 172.20.0.100 - - [29/Jan/2026:15:20:12 +0000] "HEAD /d1/332/AUTH_99d4e95f41064070a11757847c28d91f/gnocchi.b7a7238c-469c-4794-879c-6dc9d2753c47" 404 - "HEAD http://172.18.0.2:8080/v1/AUTH_99d4e95f41064070a11757847c28d91f/gnocchi.b7a7238c-469c-4794-879c-6dc9d2753c47?format=json&states=listing" "tx72f4d80abc6346b1b2252-00697b7aac" "proxy-server 20" 0.0005 "-" 21 0
Jan 29 15:20:12 standalone object-server[129760]: 172.20.0.100 - - [29/Jan/2026:15:20:12 +0000] "GET /d1/574/AUTH_99d4e95f41064070a11757847c28d91f/gnocchi.b7a7238c-469c-4794-879c-6dc9d2753c47/none_v3" 404 70 "GET http://172.18.0.2:8080/v1/AUTH_99d4e95f41064070a11757847c28d91f/gnocchi.b7a7238c-469c-4794-879c-6dc9d2753c47/none_v3" "tx72f4d80abc6346b1b2252-00697b7aac" "proxy-server 20" 0.0005 "-" 23 0
Jan 29 15:20:12 standalone proxy-server[131326]: 172.18.0.2 172.18.0.100 29/Jan/2026/15/20/12 GET /v1/AUTH_99d4e95f41064070a11757847c28d91f/gnocchi.b7a7238c-469c-4794-879c-6dc9d2753c47/none_v3 HTTP/1.0 404 - python-swiftclient-3.11.1 gAAAAABpe3n4LCGJ... - 70 - tx72f4d80abc6346b1b2252-00697b7aac - 0.0246 - - 1769700012.306518793 1769700012.331073523 0
Jan 29 15:20:12 standalone account-server[129471]: 172.20.0.100 - - [29/Jan/2026:15:20:12 +0000] "PUT /d1/796/AUTH_99d4e95f41064070a11757847c28d91f/gnocchi.b7a7238c-469c-4794-879c-6dc9d2753c47" 201 - "PUT http://172.20.0.100:6001/d1/332/AUTH_99d4e95f41064070a11757847c28d91f/gnocchi.b7a7238c-469c-4794-879c-6dc9d2753c47" "tx34a1d84685de4d13b420a-00697b7aac" "container-server 22" 0.0017 "-" 23 0
Jan 29 15:20:12 standalone container-server[129494]: 172.20.0.100 - - [29/Jan/2026:15:20:12 +0000] "PUT /d1/332/AUTH_99d4e95f41064070a11757847c28d91f/gnocchi.b7a7238c-469c-4794-879c-6dc9d2753c47" 201 - "PUT http://172.18.0.2:8080/v1/AUTH_99d4e95f41064070a11757847c28d91f/gnocchi.b7a7238c-469c-4794-879c-6dc9d2753c47" "tx34a1d84685de4d13b420a-00697b7aac" "proxy-server 20" 0.0136 "-" 22 0
Jan 29 15:20:12 standalone proxy-server[131326]: 172.18.0.2 172.18.0.100 29/Jan/2026/15/20/12 PUT /v1/AUTH_99d4e95f41064070a11757847c28d91f/gnocchi.b7a7238c-469c-4794-879c-6dc9d2753c47 HTTP/1.0 201 - python-swiftclient-3.11.1 gAAAAABpe3n4LCGJ... - - - tx34a1d84685de4d13b420a-00697b7aac - 0.0186 - - 1769700012.333217621 1769700012.351865530 0
Jan 29 15:20:12 standalone container-server[129475]: 172.20.0.100 - - [29/Jan/2026:15:20:12 +0000] "HEAD /d1/332/AUTH_99d4e95f41064070a11757847c28d91f/gnocchi.b7a7238c-469c-4794-879c-6dc9d2753c47" 204 - "HEAD http://172.18.0.2:8080/v1/AUTH_99d4e95f41064070a11757847c28d91f/gnocchi.b7a7238c-469c-4794-879c-6dc9d2753c47?format=json&states=listing" "txbaec34027fe9412381769-00697b7aac" "proxy-server 20" 0.0016 "-" 19 0
Jan 29 15:20:12 standalone proxy-server[131326]: - - 29/Jan/2026/15/20/12 HEAD /v1/AUTH_99d4e95f41064070a11757847c28d91f/gnocchi.b7a7238c-469c-4794-879c-6dc9d2753c47%3Fformat%3Djson%26states%3Dlisting HTTP/1.0 204 - Swift - - - - txbaec34027fe9412381769-00697b7aac - 0.0050 RL - 1769700012.355755091 1769700012.360783100 0
Jan 29 15:20:12 standalone container-server[129475]: 172.20.0.100 - - [29/Jan/2026:15:20:12 +0000] "GET /d1/332/AUTH_99d4e95f41064070a11757847c28d91f/gnocchi.b7a7238c-469c-4794-879c-6dc9d2753c47" 200 2 "GET http://172.18.0.2:8080/v1/AUTH_99d4e95f41064070a11757847c28d91f/gnocchi.b7a7238c-469c-4794-879c-6dc9d2753c47?format=json&states=listing" "txbaec34027fe9412381769-00697b7aac" "proxy-server 20" 0.0040 "-" 19 0
Jan 29 15:20:12 standalone proxy-server[131326]: 172.18.0.2 172.18.0.100 29/Jan/2026/15/20/12 GET /v1/AUTH_99d4e95f41064070a11757847c28d91f/gnocchi.b7a7238c-469c-4794-879c-6dc9d2753c47%3Fformat%3Djson%26states%3Dlisting HTTP/1.0 200 - python-swiftclient-3.11.1 gAAAAABpe3n4LCGJ... - 2 - txbaec34027fe9412381769-00697b7aac - 0.0166 - - 1769700012.354799032 1769700012.371362209 0
Jan 29 15:20:12 standalone object-server[129762]: 172.20.0.100 - - [29/Jan/2026:15:20:12 +0000] "GET /d1/51/AUTH_99d4e95f41064070a11757847c28d91f/gnocchi.b7a7238c-469c-4794-879c-6dc9d2753c47/1769040000.0_mean_300.0_v3" 404 70 "GET http://172.18.0.2:8080/v1/AUTH_99d4e95f41064070a11757847c28d91f/gnocchi.b7a7238c-469c-4794-879c-6dc9d2753c47/1769040000.0_mean_300.0_v3" "txf7d6fbad567c46c79ba73-00697b7aac" "proxy-server 20" 0.0007 "-" 25 0
Jan 29 15:20:12 standalone proxy-server[131326]: 172.18.0.2 172.18.0.100 29/Jan/2026/15/20/12 GET /v1/AUTH_99d4e95f41064070a11757847c28d91f/gnocchi.b7a7238c-469c-4794-879c-6dc9d2753c47/1769040000.0_mean_300.0_v3 HTTP/1.0 404 - python-swiftclient-3.11.1 gAAAAABpe3n4LCGJ... - 70 - txf7d6fbad567c46c79ba73-00697b7aac - 0.0080 - - 1769700012.377048016 1769700012.385029793 0
Jan 29 15:20:12 standalone container-server[129491]: 172.20.0.100 - - [29/Jan/2026:15:20:12 +0000] "PUT /d1/332/AUTH_99d4e95f41064070a11757847c28d91f/gnocchi.b7a7238c-469c-4794-879c-6dc9d2753c47/1769040000.0_mean_300.0_v3" 201 - "PUT http://172.18.0.2:8080/d1/51/AUTH_99d4e95f41064070a11757847c28d91f/gnocchi.b7a7238c-469c-4794-879c-6dc9d2753c47/1769040000.0_mean_300.0_v3" "tx68ded88d52f24da6832f2-00697b7aac" "object-server 22" 0.0010 "-" 21 0
Jan 29 15:20:12 standalone object-server[129759]: 172.20.0.100 - - [29/Jan/2026:15:20:12 +0000] "PUT /d1/51/AUTH_99d4e95f41064070a11757847c28d91f/gnocchi.b7a7238c-469c-4794-879c-6dc9d2753c47/1769040000.0_mean_300.0_v3" 201 - "PUT http://172.18.0.2:8080/v1/AUTH_99d4e95f41064070a11757847c28d91f/gnocchi.b7a7238c-469c-4794-879c-6dc9d2753c47/1769040000.0_mean_300.0_v3" "tx68ded88d52f24da6832f2-00697b7aac" "proxy-server 20" 0.0104 "-" 22 0
Jan 29 15:20:12 standalone proxy-server[131326]: 172.18.0.2 172.18.0.100 29/Jan/2026/15/20/12 PUT /v1/AUTH_99d4e95f41064070a11757847c28d91f/gnocchi.b7a7238c-469c-4794-879c-6dc9d2753c47/1769040000.0_mean_300.0_v3 HTTP/1.0 201 - python-swiftclient-3.11.1 gAAAAABpe3n4LCGJ... 16 - - tx68ded88d52f24da6832f2-00697b7aac - 0.0204 - - 1769700012.389736414 1769700012.410135508 0
Jan 29 15:20:12 standalone container-server[129508]: 172.20.0.100 - - [29/Jan/2026:15:20:12 +0000] "PUT /d1/332/AUTH_99d4e95f41064070a11757847c28d91f/gnocchi.b7a7238c-469c-4794-879c-6dc9d2753c47/none_v3" 201 - "PUT http://172.18.0.2:8080/d1/574/AUTH_99d4e95f41064070a11757847c28d91f/gnocchi.b7a7238c-469c-4794-879c-6dc9d2753c47/none_v3" "tx8e32b7888d914eb7a8251-00697b7aac" "object-server 23" 0.0008 "-" 23 0
Jan 29 15:20:12 standalone object-server[129760]: 172.20.0.100 - - [29/Jan/2026:15:20:12 +0000] "PUT /d1/574/AUTH_99d4e95f41064070a11757847c28d91f/gnocchi.b7a7238c-469c-4794-879c-6dc9d2753c47/none_v3" 201 - "PUT http://172.18.0.2:8080/v1/AUTH_99d4e95f41064070a11757847c28d91f/gnocchi.b7a7238c-469c-4794-879c-6dc9d2753c47/none_v3" "tx8e32b7888d914eb7a8251-00697b7aac" "proxy-server 20" 0.0171 "-" 23 0
Jan 29 15:20:12 standalone proxy-server[131326]: 172.18.0.2 172.18.0.100 29/Jan/2026/15/20/12 PUT /v1/AUTH_99d4e95f41064070a11757847c28d91f/gnocchi.b7a7238c-469c-4794-879c-6dc9d2753c47/none_v3 HTTP/1.0 201 - python-swiftclient-3.11.1 gAAAAABpe3n4LCGJ... 22 - - tx8e32b7888d914eb7a8251-00697b7aac - 0.0316 - - 1769700012.414328575 1769700012.445958853 0
Jan 29 15:20:12 standalone container-server[129494]: 172.20.0.100 - - [29/Jan/2026:15:20:12 +0000] "HEAD /d1/726/AUTH_99d4e95f41064070a11757847c28d91f/gnocchi.2739aa9e-2142-43d2-a47e-15b501d4cab0" 404 - "HEAD http://172.18.0.2:8080/v1/AUTH_99d4e95f41064070a11757847c28d91f/gnocchi.2739aa9e-2142-43d2-a47e-15b501d4cab0?format=json&states=listing" "tx6c8548e4a89c48e8baa33-00697b7aac" "proxy-server 20" 0.0004 "-" 22 0
Jan 29 15:20:12 standalone object-server[129745]: 172.20.0.100 - - [29/Jan/2026:15:20:12 +0000] "GET /d1/640/AUTH_99d4e95f41064070a11757847c28d91f/gnocchi.2739aa9e-2142-43d2-a47e-15b501d4cab0/none_v3" 404 70 "GET http://172.18.0.2:8080/v1/AUTH_99d4e95f41064070a11757847c28d91f/gnocchi.2739aa9e-2142-43d2-a47e-15b501d4cab0/none_v3" "tx6c8548e4a89c48e8baa33-00697b7aac" "proxy-server 20" 0.0007 "-" 21 0
Jan 29 15:20:12 standalone proxy-server[131326]: 172.18.0.2 172.18.0.100 29/Jan/2026/15/20/12 GET /v1/AUTH_99d4e95f41064070a11757847c28d91f/gnocchi.2739aa9e-2142-43d2-a47e-15b501d4cab0/none_v3 HTTP/1.0 404 - python-swiftclient-3.11.1 gAAAAABpe3n4LCGJ... - 70 - tx6c8548e4a89c48e8baa33-00697b7aac - 0.0097 - - 1769700012.455553055 1769700012.465209007 0
Jan 29 15:20:12 standalone account-server[129454]: 172.20.0.100 - - [29/Jan/2026:15:20:12 +0000] "PUT /d1/796/AUTH_99d4e95f41064070a11757847c28d91f/gnocchi.2739aa9e-2142-43d2-a47e-15b501d4cab0" 201 - "PUT http://172.20.0.100:6001/d1/726/AUTH_99d4e95f41064070a11757847c28d91f/gnocchi.2739aa9e-2142-43d2-a47e-15b501d4cab0" "tx31daf869aec6455ea7afd-00697b7aac" "container-server 23" 0.0060 "-" 20 0
Jan 29 15:20:12 standalone container-server[129508]: 172.20.0.100 - - [29/Jan/2026:15:20:12 +0000] "PUT /d1/726/AUTH_99d4e95f41064070a11757847c28d91f/gnocchi.2739aa9e-2142-43d2-a47e-15b501d4cab0" 201 - "PUT http://172.18.0.2:8080/v1/AUTH_99d4e95f41064070a11757847c28d91f/gnocchi.2739aa9e-2142-43d2-a47e-15b501d4cab0" "tx31daf869aec6455ea7afd-00697b7aac" "proxy-server 20" 0.0187 "-" 23 0
Jan 29 15:20:12 standalone proxy-server[131326]: 172.18.0.2 172.18.0.100 29/Jan/2026/15/20/12 PUT /v1/AUTH_99d4e95f41064070a11757847c28d91f/gnocchi.2739aa9e-2142-43d2-a47e-15b501d4cab0 HTTP/1.0 201 - python-swiftclient-3.11.1 gAAAAABpe3n4LCGJ... - - - tx31daf869aec6455ea7afd-00697b7aac - 0.0231 - - 1769700012.467375517 1769700012.490484953 0
Jan 29 15:20:12 standalone container-server[129491]: 172.20.0.100 - - [29/Jan/2026:15:20:12 +0000] "HEAD /d1/726/AUTH_99d4e95f41064070a11757847c28d91f/gnocchi.2739aa9e-2142-43d2-a47e-15b501d4cab0" 204 - "HEAD http://172.18.0.2:8080/v1/AUTH_99d4e95f41064070a11757847c28d91f/gnocchi.2739aa9e-2142-43d2-a47e-15b501d4cab0?format=json&states=listing" "tx5aa91b09dd184b2fa7af1-00697b7aac" "proxy-server 20" 0.0016 "-" 21 0
Jan 29 15:20:12 standalone proxy-server[131326]: - - 29/Jan/2026/15/20/12 HEAD /v1/AUTH_99d4e95f41064070a11757847c28d91f/gnocchi.2739aa9e-2142-43d2-a47e-15b501d4cab0%3Fformat%3Djson%26states%3Dlisting HTTP/1.0 204 - Swift - - - - tx5aa91b09dd184b2fa7af1-00697b7aac - 0.0054 RL - 1769700012.494130850 1769700012.499498606 0
Jan 29 15:20:12 standalone container-server[129491]: 172.20.0.100 - - [29/Jan/2026:15:20:12 +0000] "GET /d1/726/AUTH_99d4e95f41064070a11757847c28d91f/gnocchi.2739aa9e-2142-43d2-a47e-15b501d4cab0" 200 2 "GET http://172.18.0.2:8080/v1/AUTH_99d4e95f41064070a11757847c28d91f/gnocchi.2739aa9e-2142-43d2-a47e-15b501d4cab0?format=json&states=listing" "tx5aa91b09dd184b2fa7af1-00697b7aac" "proxy-server 20" 0.0024 "-" 21 0
Jan 29 15:20:12 standalone proxy-server[131326]: 172.18.0.2 172.18.0.100 29/Jan/2026/15/20/12 GET /v1/AUTH_99d4e95f41064070a11757847c28d91f/gnocchi.2739aa9e-2142-43d2-a47e-15b501d4cab0%3Fformat%3Djson%26states%3Dlisting HTTP/1.0 200 - python-swiftclient-3.11.1 gAAAAABpe3n4LCGJ... - 2 - tx5aa91b09dd184b2fa7af1-00697b7aac - 0.0137 - - 1769700012.493208170 1769700012.506937504 0
Jan 29 15:20:12 standalone object-server[129759]: 172.20.0.100 - - [29/Jan/2026:15:20:12 +0000] "GET /d1/633/AUTH_99d4e95f41064070a11757847c28d91f/gnocchi.2739aa9e-2142-43d2-a47e-15b501d4cab0/1769040000.0_mean_300.0_v3" 404 70 "GET http://172.18.0.2:8080/v1/AUTH_99d4e95f41064070a11757847c28d91f/gnocchi.2739aa9e-2142-43d2-a47e-15b501d4cab0/1769040000.0_mean_300.0_v3" "txb8dee22f349344b3a40f9-00697b7aac" "proxy-server 20" 0.0004 "-" 22 0
Jan 29 15:20:12 standalone proxy-server[131326]: 172.18.0.2 172.18.0.100 29/Jan/2026/15/20/12 GET /v1/AUTH_99d4e95f41064070a11757847c28d91f/gnocchi.2739aa9e-2142-43d2-a47e-15b501d4cab0/1769040000.0_mean_300.0_v3 HTTP/1.0 404 - python-swiftclient-3.11.1 gAAAAABpe3n4LCGJ... - 70 - txb8dee22f349344b3a40f9-00697b7aac - 0.0055 - - 1769700012.510060072 1769700012.515547991 0
Jan 29 15:20:12 standalone container-server[129491]: 172.20.0.100 - - [29/Jan/2026:15:20:12 +0000] "PUT /d1/726/AUTH_99d4e95f41064070a11757847c28d91f/gnocchi.2739aa9e-2142-43d2-a47e-15b501d4cab0/1769040000.0_mean_300.0_v3" 201 - "PUT http://172.18.0.2:8080/d1/633/AUTH_99d4e95f41064070a11757847c28d91f/gnocchi.2739aa9e-2142-43d2-a47e-15b501d4cab0/1769040000.0_mean_300.0_v3" "tx8fc4479356b74c9e82742-00697b7aac" "object-server 23" 0.0007 "-" 21 0
Jan 29 15:20:12 standalone object-server[129760]: 172.20.0.100 - - [29/Jan/2026:15:20:12 +0000] "PUT /d1/633/AUTH_99d4e95f41064070a11757847c28d91f/gnocchi.2739aa9e-2142-43d2-a47e-15b501d4cab0/1769040000.0_mean_300.0_v3" 201 - "PUT http://172.18.0.2:8080/v1/AUTH_99d4e95f41064070a11757847c28d91f/gnocchi.2739aa9e-2142-43d2-a47e-15b501d4cab0/1769040000.0_mean_300.0_v3" "tx8fc4479356b74c9e82742-00697b7aac" "proxy-server 20" 0.0117 "-" 23 0
Jan 29 15:20:12 standalone proxy-server[131326]: 172.18.0.2 172.18.0.100 29/Jan/2026/15/20/12 PUT /v1/AUTH_99d4e95f41064070a11757847c28d91f/gnocchi.2739aa9e-2142-43d2-a47e-15b501d4cab0/1769040000.0_mean_300.0_v3 HTTP/1.0 201 - python-swiftclient-3.11.1 gAAAAABpe3n4LCGJ... 16 - - tx8fc4479356b74c9e82742-00697b7aac - 0.0164 - - 1769700012.517629385 1769700012.534007072 0
Jan 29 15:20:12 standalone container-server[129494]: 172.20.0.100 - - [29/Jan/2026:15:20:12 +0000] "PUT /d1/726/AUTH_99d4e95f41064070a11757847c28d91f/gnocchi.2739aa9e-2142-43d2-a47e-15b501d4cab0/none_v3" 201 - "PUT http://172.18.0.2:8080/d1/640/AUTH_99d4e95f41064070a11757847c28d91f/gnocchi.2739aa9e-2142-43d2-a47e-15b501d4cab0/none_v3" "tx16d96131bac54d858822c-00697b7aac" "object-server 21" 0.0008 "-" 22 0
Jan 29 15:20:12 standalone object-server[129745]: 172.20.0.100 - - [29/Jan/2026:15:20:12 +0000] "PUT /d1/640/AUTH_99d4e95f41064070a11757847c28d91f/gnocchi.2739aa9e-2142-43d2-a47e-15b501d4cab0/none_v3" 201 - "PUT http://172.18.0.2:8080/v1/AUTH_99d4e95f41064070a11757847c28d91f/gnocchi.2739aa9e-2142-43d2-a47e-15b501d4cab0/none_v3" "tx16d96131bac54d858822c-00697b7aac" "proxy-server 20" 0.0119 "-" 21 0
Jan 29 15:20:12 standalone proxy-server[131326]: 172.18.0.2 172.18.0.100 29/Jan/2026/15/20/12 PUT /v1/AUTH_99d4e95f41064070a11757847c28d91f/gnocchi.2739aa9e-2142-43d2-a47e-15b501d4cab0/none_v3 HTTP/1.0 201 - python-swiftclient-3.11.1 gAAAAABpe3n4LCGJ... 22 - - tx16d96131bac54d858822c-00697b7aac - 0.0181 - - 1769700012.536873817 1769700012.554983616 0
Jan 29 15:20:12 standalone container-server[129475]: 172.20.0.100 - - [29/Jan/2026:15:20:12 +0000] "HEAD /d1/555/AUTH_99d4e95f41064070a11757847c28d91f/gnocchi.4f1dfb3c-05d7-42b8-b3f7-ad984f9f4e46" 404 - "HEAD http://172.18.0.2:8080/v1/AUTH_99d4e95f41064070a11757847c28d91f/gnocchi.4f1dfb3c-05d7-42b8-b3f7-ad984f9f4e46?format=json&states=listing" "tx35849ae7c5584d2b98672-00697b7aac" "proxy-server 20" 0.0007 "-" 19 0
Jan 29 15:20:12 standalone object-server[129759]: 172.20.0.100 - - [29/Jan/2026:15:20:12 +0000] "GET /d1/1023/AUTH_99d4e95f41064070a11757847c28d91f/gnocchi.4f1dfb3c-05d7-42b8-b3f7-ad984f9f4e46/none_v3" 404 70 "GET http://172.18.0.2:8080/v1/AUTH_99d4e95f41064070a11757847c28d91f/gnocchi.4f1dfb3c-05d7-42b8-b3f7-ad984f9f4e46/none_v3" "tx35849ae7c5584d2b98672-00697b7aac" "proxy-server 20" 0.0007 "-" 22 0
Jan 29 15:20:12 standalone proxy-server[131326]: 172.18.0.2 172.18.0.100 29/Jan/2026/15/20/12 GET /v1/AUTH_99d4e95f41064070a11757847c28d91f/gnocchi.4f1dfb3c-05d7-42b8-b3f7-ad984f9f4e46/none_v3 HTTP/1.0 404 - python-swiftclient-3.11.1 gAAAAABpe3n4LCGJ... - 70 - tx35849ae7c5584d2b98672-00697b7aac - 0.0117 - - 1769700012.564090252 1769700012.575741291 0
Jan 29 15:20:12 standalone account-server[129471]: 172.20.0.100 - - [29/Jan/2026:15:20:12 +0000] "PUT /d1/796/AUTH_99d4e95f41064070a11757847c28d91f/gnocchi.4f1dfb3c-05d7-42b8-b3f7-ad984f9f4e46" 201 - "PUT http://172.20.0.100:6001/d1/555/AUTH_99d4e95f41064070a11757847c28d91f/gnocchi.4f1dfb3c-05d7-42b8-b3f7-ad984f9f4e46" "tx7d376e6cb8c24f4c97ff1-00697b7aac" "container-server 19" 0.0061 "-" 23 0
Jan 29 15:20:12 standalone container-server[129475]: 172.20.0.100 - - [29/Jan/2026:15:20:12 +0000] "PUT /d1/555/AUTH_99d4e95f41064070a11757847c28d91f/gnocchi.4f1dfb3c-05d7-42b8-b3f7-ad984f9f4e46" 201 - "PUT http://172.18.0.2:8080/v1/AUTH_99d4e95f41064070a11757847c28d91f/gnocchi.4f1dfb3c-05d7-42b8-b3f7-ad984f9f4e46" "tx7d376e6cb8c24f4c97ff1-00697b7aac" "proxy-server 20" 0.0230 "-" 19 0
Jan 29 15:20:12 standalone proxy-server[131326]: 172.18.0.2 172.18.0.100 29/Jan/2026/15/20/12 PUT /v1/AUTH_99d4e95f41064070a11757847c28d91f/gnocchi.4f1dfb3c-05d7-42b8-b3f7-ad984f9f4e46 HTTP/1.0 201 - python-swiftclient-3.11.1 gAAAAABpe3n4LCGJ... - - - tx7d376e6cb8c24f4c97ff1-00697b7aac - 0.0284 - - 1769700012.577677727 1769700012.606055260 0
Jan 29 15:20:12 standalone container-server[129491]: 172.20.0.100 - - [29/Jan/2026:15:20:12 +0000] "HEAD /d1/555/AUTH_99d4e95f41064070a11757847c28d91f/gnocchi.4f1dfb3c-05d7-42b8-b3f7-ad984f9f4e46" 204 - "HEAD http://172.18.0.2:8080/v1/AUTH_99d4e95f41064070a11757847c28d91f/gnocchi.4f1dfb3c-05d7-42b8-b3f7-ad984f9f4e46?format=json&states=listing" "tx7d0b5392efbf4dccb487c-00697b7aac" "proxy-server 20" 0.0012 "-" 21 0
Jan 29 15:20:12 standalone proxy-server[131326]: - - 29/Jan/2026/15/20/12 HEAD /v1/AUTH_99d4e95f41064070a11757847c28d91f/gnocchi.4f1dfb3c-05d7-42b8-b3f7-ad984f9f4e46%3Fformat%3Djson%26states%3Dlisting HTTP/1.0 204 - Swift - - - - tx7d0b5392efbf4dccb487c-00697b7aac - 0.0058 RL - 1769700012.613267660 1769700012.619043827 0
Jan 29 15:20:12 standalone container-server[129508]: 172.20.0.100 - - [29/Jan/2026:15:20:12 +0000] "GET /d1/555/AUTH_99d4e95f41064070a11757847c28d91f/gnocchi.4f1dfb3c-05d7-42b8-b3f7-ad984f9f4e46" 200 2 "GET http://172.18.0.2:8080/v1/AUTH_99d4e95f41064070a11757847c28d91f/gnocchi.4f1dfb3c-05d7-42b8-b3f7-ad984f9f4e46?format=json&states=listing" "tx7d0b5392efbf4dccb487c-00697b7aac" "proxy-server 20" 0.0043 "-" 23 0
Jan 29 15:20:12 standalone proxy-server[131326]: 172.18.0.2 172.18.0.100 29/Jan/2026/15/20/12 GET /v1/AUTH_99d4e95f41064070a11757847c28d91f/gnocchi.4f1dfb3c-05d7-42b8-b3f7-ad984f9f4e46%3Fformat%3Djson%26states%3Dlisting HTTP/1.0 200 - python-swiftclient-3.11.1 gAAAAABpe3n4LCGJ... - 2 - tx7d0b5392efbf4dccb487c-00697b7aac - 0.0236 - - 1769700012.610590458 1769700012.634204626 0
Jan 29 15:20:12 standalone object-server[129762]: 172.20.0.100 - - [29/Jan/2026:15:20:12 +0000] "GET /d1/808/AUTH_99d4e95f41064070a11757847c28d91f/gnocchi.4f1dfb3c-05d7-42b8-b3f7-ad984f9f4e46/1769040000.0_mean_300.0_v3" 404 70 "GET http://172.18.0.2:8080/v1/AUTH_99d4e95f41064070a11757847c28d91f/gnocchi.4f1dfb3c-05d7-42b8-b3f7-ad984f9f4e46/1769040000.0_mean_300.0_v3" "txab6d1b5cdded412790e21-00697b7aac" "proxy-server 20" 0.0006 "-" 25 0
Jan 29 15:20:12 standalone proxy-server[131326]: 172.18.0.2 172.18.0.100 29/Jan/2026/15/20/12 GET /v1/AUTH_99d4e95f41064070a11757847c28d91f/gnocchi.4f1dfb3c-05d7-42b8-b3f7-ad984f9f4e46/1769040000.0_mean_300.0_v3 HTTP/1.0 404 - python-swiftclient-3.11.1 gAAAAABpe3n4LCGJ... - 70 - txab6d1b5cdded412790e21-00697b7aac - 0.0103 - - 1769700012.639030695 1769700012.649347305 0
Jan 29 15:20:12 standalone container-server[129508]: 172.20.0.100 - - [29/Jan/2026:15:20:12 +0000] "PUT /d1/555/AUTH_99d4e95f41064070a11757847c28d91f/gnocchi.4f1dfb3c-05d7-42b8-b3f7-ad984f9f4e46/1769040000.0_mean_300.0_v3" 201 - "PUT http://172.18.0.2:8080/d1/808/AUTH_99d4e95f41064070a11757847c28d91f/gnocchi.4f1dfb3c-05d7-42b8-b3f7-ad984f9f4e46/1769040000.0_mean_300.0_v3" "txed6c63d8e82244898befc-00697b7aac" "object-server 23" 0.0011 "-" 23 0
Jan 29 15:20:12 standalone object-server[129760]: 172.20.0.100 - - [29/Jan/2026:15:20:12 +0000] "PUT /d1/808/AUTH_99d4e95f41064070a11757847c28d91f/gnocchi.4f1dfb3c-05d7-42b8-b3f7-ad984f9f4e46/1769040000.0_mean_300.0_v3" 201 - "PUT http://172.18.0.2:8080/v1/AUTH_99d4e95f41064070a11757847c28d91f/gnocchi.4f1dfb3c-05d7-42b8-b3f7-ad984f9f4e46/1769040000.0_mean_300.0_v3" "txed6c63d8e82244898befc-00697b7aac" "proxy-server 20" 0.0135 "-" 23 0
Jan 29 15:20:12 standalone proxy-server[131326]: 172.18.0.2 172.18.0.100 29/Jan/2026/15/20/12 PUT /v1/AUTH_99d4e95f41064070a11757847c28d91f/gnocchi.4f1dfb3c-05d7-42b8-b3f7-ad984f9f4e46/1769040000.0_mean_300.0_v3 HTTP/1.0 201 - python-swiftclient-3.11.1 gAAAAABpe3n4LCGJ... 16 - - txed6c63d8e82244898befc-00697b7aac - 0.0220 - - 1769700012.653015137 1769700012.674987316 0
Jan 29 15:20:12 standalone container-server[129494]: 172.20.0.100 - - [29/Jan/2026:15:20:12 +0000] "PUT /d1/555/AUTH_99d4e95f41064070a11757847c28d91f/gnocchi.4f1dfb3c-05d7-42b8-b3f7-ad984f9f4e46/none_v3" 201 - "PUT http://172.18.0.2:8080/d1/1023/AUTH_99d4e95f41064070a11757847c28d91f/gnocchi.4f1dfb3c-05d7-42b8-b3f7-ad984f9f4e46/none_v3" "txed8fd106ee6443d3be95a-00697b7aac" "object-server 23" 0.0008 "-" 22 0
Jan 29 15:20:12 standalone object-server[129760]: 172.20.0.100 - - [29/Jan/2026:15:20:12 +0000] "PUT /d1/1023/AUTH_99d4e95f41064070a11757847c28d91f/gnocchi.4f1dfb3c-05d7-42b8-b3f7-ad984f9f4e46/none_v3" 201 - "PUT http://172.18.0.2:8080/v1/AUTH_99d4e95f41064070a11757847c28d91f/gnocchi.4f1dfb3c-05d7-42b8-b3f7-ad984f9f4e46/none_v3" "txed8fd106ee6443d3be95a-00697b7aac" "proxy-server 20" 0.0104 "-" 23 0
Jan 29 15:20:12 standalone proxy-server[131326]: 172.18.0.2 172.18.0.100 29/Jan/2026/15/20/12 PUT /v1/AUTH_99d4e95f41064070a11757847c28d91f/gnocchi.4f1dfb3c-05d7-42b8-b3f7-ad984f9f4e46/none_v3 HTTP/1.0 201 - python-swiftclient-3.11.1 gAAAAABpe3n4LCGJ... 22 - - txed8fd106ee6443d3be95a-00697b7aac - 0.0198 - - 1769700012.679250479 1769700012.699052572 0
Jan 29 15:20:12 standalone container-server[129491]: 172.20.0.100 - - [29/Jan/2026:15:20:12 +0000] "HEAD /d1/633/AUTH_99d4e95f41064070a11757847c28d91f/gnocchi.578df4b6-a0ed-458d-bb07-b924ea52dda5" 404 - "HEAD http://172.18.0.2:8080/v1/AUTH_99d4e95f41064070a11757847c28d91f/gnocchi.578df4b6-a0ed-458d-bb07-b924ea52dda5?format=json&states=listing" "txab2dc2c94f4f4bba8ba8f-00697b7aac" "proxy-server 20" 0.0007 "-" 21 0
Jan 29 15:20:12 standalone object-server[129759]: 172.20.0.100 - - [29/Jan/2026:15:20:12 +0000] "GET /d1/801/AUTH_99d4e95f41064070a11757847c28d91f/gnocchi.578df4b6-a0ed-458d-bb07-b924ea52dda5/none_v3" 404 70 "GET http://172.18.0.2:8080/v1/AUTH_99d4e95f41064070a11757847c28d91f/gnocchi.578df4b6-a0ed-458d-bb07-b924ea52dda5/none_v3" "txab2dc2c94f4f4bba8ba8f-00697b7aac" "proxy-server 20" 0.0006 "-" 22 0
Jan 29 15:20:12 standalone proxy-server[131326]: 172.18.0.2 172.18.0.100 29/Jan/2026/15/20/12 GET /v1/AUTH_99d4e95f41064070a11757847c28d91f/gnocchi.578df4b6-a0ed-458d-bb07-b924ea52dda5/none_v3 HTTP/1.0 404 - python-swiftclient-3.11.1 gAAAAABpe3n4LCGJ... - 70 - txab2dc2c94f4f4bba8ba8f-00697b7aac - 0.0119 - - 1769700012.712825537 1769700012.724709034 0
Jan 29 15:20:12 standalone account-server[129467]: 172.20.0.100 - - [29/Jan/2026:15:20:12 +0000] "PUT /d1/796/AUTH_99d4e95f41064070a11757847c28d91f/gnocchi.578df4b6-a0ed-458d-bb07-b924ea52dda5" 201 - "PUT http://172.20.0.100:6001/d1/633/AUTH_99d4e95f41064070a11757847c28d91f/gnocchi.578df4b6-a0ed-458d-bb07-b924ea52dda5" "txf652bd26512c42568336f-00697b7aac" "container-server 21" 0.0061 "-" 21 0
Jan 29 15:20:12 standalone container-server[129491]: 172.20.0.100 - - [29/Jan/2026:15:20:12 +0000] "PUT /d1/633/AUTH_99d4e95f41064070a11757847c28d91f/gnocchi.578df4b6-a0ed-458d-bb07-b924ea52dda5" 201 - "PUT http://172.18.0.2:8080/v1/AUTH_99d4e95f41064070a11757847c28d91f/gnocchi.578df4b6-a0ed-458d-bb07-b924ea52dda5" "txf652bd26512c42568336f-00697b7aac" "proxy-server 20" 0.0209 "-" 21 0
Jan 29 15:20:12 standalone proxy-server[131326]: 172.18.0.2 172.18.0.100 29/Jan/2026/15/20/12 PUT /v1/AUTH_99d4e95f41064070a11757847c28d91f/gnocchi.578df4b6-a0ed-458d-bb07-b924ea52dda5 HTTP/1.0 201 - python-swiftclient-3.11.1 gAAAAABpe3n4LCGJ... - - - txf652bd26512c42568336f-00697b7aac - 0.0262 - - 1769700012.728305340 1769700012.754539728 0
Jan 29 15:20:12 standalone container-server[129508]: 172.20.0.100 - - [29/Jan/2026:15:20:12 +0000] "HEAD /d1/633/AUTH_99d4e95f41064070a11757847c28d91f/gnocchi.578df4b6-a0ed-458d-bb07-b924ea52dda5" 204 - "HEAD http://172.18.0.2:8080/v1/AUTH_99d4e95f41064070a11757847c28d91f/gnocchi.578df4b6-a0ed-458d-bb07-b924ea52dda5?format=json&states=listing" "tx1c5a67e682bd436d9045e-00697b7aac" "proxy-server 20" 0.0024 "-" 23 0
