Feb 27 17:27:56 standalone proxy-server[129990]: 172.18.0.2 172.18.0.100 27/Feb/2026/17/27/56 PUT /v1/AUTH_15f500f17d33431487a9bf6c87cdb03e/gnocchi.d58e3f6b-7874-4657-92ed-af0b6c02cf23/none_v3 HTTP/1.0 201 - python-swiftclient-3.11.1 gAAAAABpodN61as7... 22 - - tx2da644056a6d4f5491918-0069a1d41c - 0.0229 - - 1772213276.556001902 1772213276.578878164 0
Feb 27 17:27:56 standalone container-server[128024]: 172.20.0.100 - - [27/Feb/2026:17:27:56 +0000] "HEAD /d1/271/AUTH_15f500f17d33431487a9bf6c87cdb03e/gnocchi.ad79b2d5-2c14-417a-a9ed-8b5a50229dde" 404 - "HEAD http://172.18.0.2:8080/v1/AUTH_15f500f17d33431487a9bf6c87cdb03e/gnocchi.ad79b2d5-2c14-417a-a9ed-8b5a50229dde?format=json&states=listing" "tx11845d36e94e4dc6b4d1b-0069a1d41c" "proxy-server 20" 0.0005 "-" 22 0
Feb 27 17:27:56 standalone object-server[128150]: 172.20.0.100 - - [27/Feb/2026:17:27:56 +0000] "GET /d1/753/AUTH_15f500f17d33431487a9bf6c87cdb03e/gnocchi.ad79b2d5-2c14-417a-a9ed-8b5a50229dde/none_v3" 404 70 "GET http://172.18.0.2:8080/v1/AUTH_15f500f17d33431487a9bf6c87cdb03e/gnocchi.ad79b2d5-2c14-417a-a9ed-8b5a50229dde/none_v3" "tx11845d36e94e4dc6b4d1b-0069a1d41c" "proxy-server 20" 0.0005 "-" 22 0
Feb 27 17:27:56 standalone proxy-server[129990]: 172.18.0.2 172.18.0.100 27/Feb/2026/17/27/56 GET /v1/AUTH_15f500f17d33431487a9bf6c87cdb03e/gnocchi.ad79b2d5-2c14-417a-a9ed-8b5a50229dde/none_v3 HTTP/1.0 404 - python-swiftclient-3.11.1 gAAAAABpodN61as7... - 70 - tx11845d36e94e4dc6b4d1b-0069a1d41c - 0.0151 - - 1772213276.593348265 1772213276.608483315 0
Feb 27 17:27:56 standalone account-server[128003]: 172.20.0.100 - - [27/Feb/2026:17:27:56 +0000] "PUT /d1/518/AUTH_15f500f17d33431487a9bf6c87cdb03e/gnocchi.ad79b2d5-2c14-417a-a9ed-8b5a50229dde" 201 - "PUT http://172.20.0.100:6001/d1/271/AUTH_15f500f17d33431487a9bf6c87cdb03e/gnocchi.ad79b2d5-2c14-417a-a9ed-8b5a50229dde" "tx7cbf3e3e3199483fa96dd-0069a1d41c" "container-server 20" 0.0064 "-" 20 0
Feb 27 17:27:56 standalone container-server[128014]: 172.20.0.100 - - [27/Feb/2026:17:27:56 +0000] "PUT /d1/271/AUTH_15f500f17d33431487a9bf6c87cdb03e/gnocchi.ad79b2d5-2c14-417a-a9ed-8b5a50229dde" 201 - "PUT http://172.18.0.2:8080/v1/AUTH_15f500f17d33431487a9bf6c87cdb03e/gnocchi.ad79b2d5-2c14-417a-a9ed-8b5a50229dde" "tx7cbf3e3e3199483fa96dd-0069a1d41c" "proxy-server 20" 0.0197 "-" 20 0
Feb 27 17:27:56 standalone proxy-server[129990]: 172.18.0.2 172.18.0.100 27/Feb/2026/17/27/56 PUT /v1/AUTH_15f500f17d33431487a9bf6c87cdb03e/gnocchi.ad79b2d5-2c14-417a-a9ed-8b5a50229dde HTTP/1.0 201 - python-swiftclient-3.11.1 gAAAAABpodN61as7... - - - tx7cbf3e3e3199483fa96dd-0069a1d41c - 0.0267 - - 1772213276.613137484 1772213276.639807701 0
Feb 27 17:27:56 standalone container-server[128014]: 172.20.0.100 - - [27/Feb/2026:17:27:56 +0000] "HEAD /d1/271/AUTH_15f500f17d33431487a9bf6c87cdb03e/gnocchi.ad79b2d5-2c14-417a-a9ed-8b5a50229dde" 204 - "HEAD http://172.18.0.2:8080/v1/AUTH_15f500f17d33431487a9bf6c87cdb03e/gnocchi.ad79b2d5-2c14-417a-a9ed-8b5a50229dde?format=json&states=listing" "tx191d153294324159818dc-0069a1d41c" "proxy-server 20" 0.0021 "-" 20 0
Feb 27 17:27:56 standalone proxy-server[129990]: - - 27/Feb/2026/17/27/56 HEAD /v1/AUTH_15f500f17d33431487a9bf6c87cdb03e/gnocchi.ad79b2d5-2c14-417a-a9ed-8b5a50229dde%3Fformat%3Djson%26states%3Dlisting HTTP/1.0 204 - Swift - - - - tx191d153294324159818dc-0069a1d41c - 0.0064 RL - 1772213276.646065712 1772213276.652491808 0
Feb 27 17:27:56 standalone container-server[128014]: 172.20.0.100 - - [27/Feb/2026:17:27:56 +0000] "GET /d1/271/AUTH_15f500f17d33431487a9bf6c87cdb03e/gnocchi.ad79b2d5-2c14-417a-a9ed-8b5a50229dde" 200 2 "GET http://172.18.0.2:8080/v1/AUTH_15f500f17d33431487a9bf6c87cdb03e/gnocchi.ad79b2d5-2c14-417a-a9ed-8b5a50229dde?format=json&states=listing" "tx191d153294324159818dc-0069a1d41c" "proxy-server 20" 0.0079 "-" 20 0
Feb 27 17:27:56 standalone proxy-server[129990]: 172.18.0.2 172.18.0.100 27/Feb/2026/17/27/56 GET /v1/AUTH_15f500f17d33431487a9bf6c87cdb03e/gnocchi.ad79b2d5-2c14-417a-a9ed-8b5a50229dde%3Fformat%3Djson%26states%3Dlisting HTTP/1.0 200 - python-swiftclient-3.11.1 gAAAAABpodN61as7... - 2 - tx191d153294324159818dc-0069a1d41c - 0.0243 - - 1772213276.644597292 1772213276.668901205 0
Feb 27 17:27:56 standalone object-server[128196]: 172.20.0.100 - - [27/Feb/2026:17:27:56 +0000] "GET /d1/274/AUTH_15f500f17d33431487a9bf6c87cdb03e/gnocchi.ad79b2d5-2c14-417a-a9ed-8b5a50229dde/1771200000.0_mean_300.0_v3" 404 70 "GET http://172.18.0.2:8080/v1/AUTH_15f500f17d33431487a9bf6c87cdb03e/gnocchi.ad79b2d5-2c14-417a-a9ed-8b5a50229dde/1771200000.0_mean_300.0_v3" "txb071572c376244a5942f8-0069a1d41c" "proxy-server 20" 0.0005 "-" 25 0
Feb 27 17:27:56 standalone proxy-server[129990]: 172.18.0.2 172.18.0.100 27/Feb/2026/17/27/56 GET /v1/AUTH_15f500f17d33431487a9bf6c87cdb03e/gnocchi.ad79b2d5-2c14-417a-a9ed-8b5a50229dde/1771200000.0_mean_300.0_v3 HTTP/1.0 404 - python-swiftclient-3.11.1 gAAAAABpodN61as7... - 70 - txb071572c376244a5942f8-0069a1d41c - 0.0075 - - 1772213276.673921347 1772213276.681416273 0
Feb 27 17:27:56 standalone container-server[128014]: 172.20.0.100 - - [27/Feb/2026:17:27:56 +0000] "PUT /d1/271/AUTH_15f500f17d33431487a9bf6c87cdb03e/gnocchi.ad79b2d5-2c14-417a-a9ed-8b5a50229dde/1771200000.0_mean_300.0_v3" 201 - "PUT http://172.18.0.2:8080/d1/274/AUTH_15f500f17d33431487a9bf6c87cdb03e/gnocchi.ad79b2d5-2c14-417a-a9ed-8b5a50229dde/1771200000.0_mean_300.0_v3" "txa6aacafb39334544a8ff2-0069a1d41c" "object-server 22" 0.0012 "-" 20 0
Feb 27 17:27:56 standalone object-server[128150]: 172.20.0.100 - - [27/Feb/2026:17:27:56 +0000] "PUT /d1/274/AUTH_15f500f17d33431487a9bf6c87cdb03e/gnocchi.ad79b2d5-2c14-417a-a9ed-8b5a50229dde/1771200000.0_mean_300.0_v3" 201 - "PUT http://172.18.0.2:8080/v1/AUTH_15f500f17d33431487a9bf6c87cdb03e/gnocchi.ad79b2d5-2c14-417a-a9ed-8b5a50229dde/1771200000.0_mean_300.0_v3" "txa6aacafb39334544a8ff2-0069a1d41c" "proxy-server 20" 0.0127 "-" 22 0
Feb 27 17:27:56 standalone proxy-server[129990]: 172.18.0.2 172.18.0.100 27/Feb/2026/17/27/56 PUT /v1/AUTH_15f500f17d33431487a9bf6c87cdb03e/gnocchi.ad79b2d5-2c14-417a-a9ed-8b5a50229dde/1771200000.0_mean_300.0_v3 HTTP/1.0 201 - python-swiftclient-3.11.1 gAAAAABpodN61as7... 16 - - txa6aacafb39334544a8ff2-0069a1d41c - 0.0203 - - 1772213276.685219765 1772213276.705556631 0
Feb 27 17:27:56 standalone container-server[128025]: 172.20.0.100 - - [27/Feb/2026:17:27:56 +0000] "PUT /d1/271/AUTH_15f500f17d33431487a9bf6c87cdb03e/gnocchi.ad79b2d5-2c14-417a-a9ed-8b5a50229dde/none_v3" 201 - "PUT http://172.18.0.2:8080/d1/753/AUTH_15f500f17d33431487a9bf6c87cdb03e/gnocchi.ad79b2d5-2c14-417a-a9ed-8b5a50229dde/none_v3" "txfc01e4110a4649f0a31bd-0069a1d41c" "object-server 25" 0.0008 "-" 23 0
Feb 27 17:27:56 standalone object-server[128196]: 172.20.0.100 - - [27/Feb/2026:17:27:56 +0000] "PUT /d1/753/AUTH_15f500f17d33431487a9bf6c87cdb03e/gnocchi.ad79b2d5-2c14-417a-a9ed-8b5a50229dde/none_v3" 201 - "PUT http://172.18.0.2:8080/v1/AUTH_15f500f17d33431487a9bf6c87cdb03e/gnocchi.ad79b2d5-2c14-417a-a9ed-8b5a50229dde/none_v3" "txfc01e4110a4649f0a31bd-0069a1d41c" "proxy-server 20" 0.0154 "-" 25 0
Feb 27 17:27:56 standalone proxy-server[129990]: 172.18.0.2 172.18.0.100 27/Feb/2026/17/27/56 PUT /v1/AUTH_15f500f17d33431487a9bf6c87cdb03e/gnocchi.ad79b2d5-2c14-417a-a9ed-8b5a50229dde/none_v3 HTTP/1.0 201 - python-swiftclient-3.11.1 gAAAAABpodN61as7... 22 - - txfc01e4110a4649f0a31bd-0069a1d41c - 0.0230 - - 1772213276.709408760 1772213276.732383490 0
Feb 27 17:27:56 standalone container-server[128025]: 172.20.0.100 - - [27/Feb/2026:17:27:56 +0000] "HEAD /d1/329/AUTH_15f500f17d33431487a9bf6c87cdb03e/gnocchi.2bab3adb-3b96-4139-925c-ac526ef9924a" 404 - "HEAD http://172.18.0.2:8080/v1/AUTH_15f500f17d33431487a9bf6c87cdb03e/gnocchi.2bab3adb-3b96-4139-925c-ac526ef9924a?format=json&states=listing" "txe74c7fc0770b4e699eccb-0069a1d41c" "proxy-server 20" 0.0005 "-" 23 0
Feb 27 17:27:56 standalone object-server[128156]: 172.20.0.100 - - [27/Feb/2026:17:27:56 +0000] "GET /d1/496/AUTH_15f500f17d33431487a9bf6c87cdb03e/gnocchi.2bab3adb-3b96-4139-925c-ac526ef9924a/none_v3" 404 70 "GET http://172.18.0.2:8080/v1/AUTH_15f500f17d33431487a9bf6c87cdb03e/gnocchi.2bab3adb-3b96-4139-925c-ac526ef9924a/none_v3" "txe74c7fc0770b4e699eccb-0069a1d41c" "proxy-server 20" 0.0006 "-" 23 0
Feb 27 17:27:56 standalone proxy-server[129990]: 172.18.0.2 172.18.0.100 27/Feb/2026/17/27/56 GET /v1/AUTH_15f500f17d33431487a9bf6c87cdb03e/gnocchi.2bab3adb-3b96-4139-925c-ac526ef9924a/none_v3 HTTP/1.0 404 - python-swiftclient-3.11.1 gAAAAABpodN61as7... - 70 - txe74c7fc0770b4e699eccb-0069a1d41c - 0.0165 - - 1772213276.746596813 1772213276.763091087 0
Feb 27 17:27:56 standalone account-server[128009]: 172.20.0.100 - - [27/Feb/2026:17:27:56 +0000] "PUT /d1/518/AUTH_15f500f17d33431487a9bf6c87cdb03e/gnocchi.2bab3adb-3b96-4139-925c-ac526ef9924a" 201 - "PUT http://172.20.0.100:6001/d1/329/AUTH_15f500f17d33431487a9bf6c87cdb03e/gnocchi.2bab3adb-3b96-4139-925c-ac526ef9924a" "tx090fdb598a624902a730b-0069a1d41c" "container-server 20" 0.0077 "-" 22 0
Feb 27 17:27:56 standalone container-server[128014]: 172.20.0.100 - - [27/Feb/2026:17:27:56 +0000] "PUT /d1/329/AUTH_15f500f17d33431487a9bf6c87cdb03e/gnocchi.2bab3adb-3b96-4139-925c-ac526ef9924a" 201 - "PUT http://172.18.0.2:8080/v1/AUTH_15f500f17d33431487a9bf6c87cdb03e/gnocchi.2bab3adb-3b96-4139-925c-ac526ef9924a" "tx090fdb598a624902a730b-0069a1d41c" "proxy-server 20" 0.0227 "-" 20 0
Feb 27 17:27:56 standalone proxy-server[129990]: 172.18.0.2 172.18.0.100 27/Feb/2026/17/27/56 PUT /v1/AUTH_15f500f17d33431487a9bf6c87cdb03e/gnocchi.2bab3adb-3b96-4139-925c-ac526ef9924a HTTP/1.0 201 - python-swiftclient-3.11.1 gAAAAABpodN61as7... - - - tx090fdb598a624902a730b-0069a1d41c - 0.0310 - - 1772213276.766866922 1772213276.797837019 0
Feb 27 17:27:56 standalone container-server[128024]: 172.20.0.100 - - [27/Feb/2026:17:27:56 +0000] "HEAD /d1/329/AUTH_15f500f17d33431487a9bf6c87cdb03e/gnocchi.2bab3adb-3b96-4139-925c-ac526ef9924a" 204 - "HEAD http://172.18.0.2:8080/v1/AUTH_15f500f17d33431487a9bf6c87cdb03e/gnocchi.2bab3adb-3b96-4139-925c-ac526ef9924a?format=json&states=listing" "txe2123f16099441f1b6467-0069a1d41c" "proxy-server 20" 0.0024 "-" 22 0
Feb 27 17:27:56 standalone proxy-server[129990]: - - 27/Feb/2026/17/27/56 HEAD /v1/AUTH_15f500f17d33431487a9bf6c87cdb03e/gnocchi.2bab3adb-3b96-4139-925c-ac526ef9924a%3Fformat%3Djson%26states%3Dlisting HTTP/1.0 204 - Swift - - - - txe2123f16099441f1b6467-0069a1d41c - 0.0082 RL - 1772213276.804655075 1772213276.812863350 0
Feb 27 17:27:56 standalone container-server[128025]: 172.20.0.100 - - [27/Feb/2026:17:27:56 +0000] "GET /d1/329/AUTH_15f500f17d33431487a9bf6c87cdb03e/gnocchi.2bab3adb-3b96-4139-925c-ac526ef9924a" 200 2 "GET http://172.18.0.2:8080/v1/AUTH_15f500f17d33431487a9bf6c87cdb03e/gnocchi.2bab3adb-3b96-4139-925c-ac526ef9924a?format=json&states=listing" "txe2123f16099441f1b6467-0069a1d41c" "proxy-server 20" 0.0036 "-" 23 0
Feb 27 17:27:56 standalone proxy-server[129990]: 172.18.0.2 172.18.0.100 27/Feb/2026/17/27/56 GET /v1/AUTH_15f500f17d33431487a9bf6c87cdb03e/gnocchi.2bab3adb-3b96-4139-925c-ac526ef9924a%3Fformat%3Djson%26states%3Dlisting HTTP/1.0 200 - python-swiftclient-3.11.1 gAAAAABpodN61as7... - 2 - txe2123f16099441f1b6467-0069a1d41c - 0.0223 - - 1772213276.803118229 1772213276.825399876 0
Feb 27 17:27:56 standalone object-server[128169]: 172.20.0.100 - - [27/Feb/2026:17:27:56 +0000] "GET /d1/719/AUTH_15f500f17d33431487a9bf6c87cdb03e/gnocchi.2bab3adb-3b96-4139-925c-ac526ef9924a/1771200000.0_mean_300.0_v3" 404 70 "GET http://172.18.0.2:8080/v1/AUTH_15f500f17d33431487a9bf6c87cdb03e/gnocchi.2bab3adb-3b96-4139-925c-ac526ef9924a/1771200000.0_mean_300.0_v3" "tx78a8f385f3d9484a91cc0-0069a1d41c" "proxy-server 20" 0.0005 "-" 24 0
Feb 27 17:27:56 standalone proxy-server[129990]: 172.18.0.2 172.18.0.100 27/Feb/2026/17/27/56 GET /v1/AUTH_15f500f17d33431487a9bf6c87cdb03e/gnocchi.2bab3adb-3b96-4139-925c-ac526ef9924a/1771200000.0_mean_300.0_v3 HTTP/1.0 404 - python-swiftclient-3.11.1 gAAAAABpodN61as7... - 70 - tx78a8f385f3d9484a91cc0-0069a1d41c - 0.0079 - - 1772213276.830369711 1772213276.838318348 0
Feb 27 17:27:56 standalone container-server[128014]: 172.20.0.100 - - [27/Feb/2026:17:27:56 +0000] "PUT /d1/329/AUTH_15f500f17d33431487a9bf6c87cdb03e/gnocchi.2bab3adb-3b96-4139-925c-ac526ef9924a/1771200000.0_mean_300.0_v3" 201 - "PUT http://172.18.0.2:8080/d1/719/AUTH_15f500f17d33431487a9bf6c87cdb03e/gnocchi.2bab3adb-3b96-4139-925c-ac526ef9924a/1771200000.0_mean_300.0_v3" "tx7ba5f0ddd5d44eeca77e7-0069a1d41c" "object-server 23" 0.0010 "-" 20 0
Feb 27 17:27:56 standalone object-server[128156]: 172.20.0.100 - - [27/Feb/2026:17:27:56 +0000] "PUT /d1/719/AUTH_15f500f17d33431487a9bf6c87cdb03e/gnocchi.2bab3adb-3b96-4139-925c-ac526ef9924a/1771200000.0_mean_300.0_v3" 201 - "PUT http://172.18.0.2:8080/v1/AUTH_15f500f17d33431487a9bf6c87cdb03e/gnocchi.2bab3adb-3b96-4139-925c-ac526ef9924a/1771200000.0_mean_300.0_v3" "tx7ba5f0ddd5d44eeca77e7-0069a1d41c" "proxy-server 20" 0.0131 "-" 23 0
Feb 27 17:27:56 standalone proxy-server[129990]: 172.18.0.2 172.18.0.100 27/Feb/2026/17/27/56 PUT /v1/AUTH_15f500f17d33431487a9bf6c87cdb03e/gnocchi.2bab3adb-3b96-4139-925c-ac526ef9924a/1771200000.0_mean_300.0_v3 HTTP/1.0 201 - python-swiftclient-3.11.1 gAAAAABpodN61as7... 16 - - tx7ba5f0ddd5d44eeca77e7-0069a1d41c - 0.0220 - - 1772213276.843026400 1772213276.864984751 0
Feb 27 17:27:56 standalone container-server[128019]: 172.20.0.100 - - [27/Feb/2026:17:27:56 +0000] "PUT /d1/329/AUTH_15f500f17d33431487a9bf6c87cdb03e/gnocchi.2bab3adb-3b96-4139-925c-ac526ef9924a/none_v3" 201 - "PUT http://172.18.0.2:8080/d1/496/AUTH_15f500f17d33431487a9bf6c87cdb03e/gnocchi.2bab3adb-3b96-4139-925c-ac526ef9924a/none_v3" "txdbef94b12c59404888099-0069a1d41c" "object-server 23" 0.0009 "-" 21 0
Feb 27 17:27:56 standalone object-server[128156]: 172.20.0.100 - - [27/Feb/2026:17:27:56 +0000] "PUT /d1/496/AUTH_15f500f17d33431487a9bf6c87cdb03e/gnocchi.2bab3adb-3b96-4139-925c-ac526ef9924a/none_v3" 201 - "PUT http://172.18.0.2:8080/v1/AUTH_15f500f17d33431487a9bf6c87cdb03e/gnocchi.2bab3adb-3b96-4139-925c-ac526ef9924a/none_v3" "txdbef94b12c59404888099-0069a1d41c" "proxy-server 20" 0.0117 "-" 23 0
Feb 27 17:27:56 standalone proxy-server[129990]: 172.18.0.2 172.18.0.100 27/Feb/2026/17/27/56 PUT /v1/AUTH_15f500f17d33431487a9bf6c87cdb03e/gnocchi.2bab3adb-3b96-4139-925c-ac526ef9924a/none_v3 HTTP/1.0 201 - python-swiftclient-3.11.1 gAAAAABpodN61as7... 22 - - txdbef94b12c59404888099-0069a1d41c - 0.0203 - - 1772213276.869613171 1772213276.889863968 0
Feb 27 17:27:56 standalone container-server[128025]: 172.20.0.100 - - [27/Feb/2026:17:27:56 +0000] "HEAD /d1/114/AUTH_15f500f17d33431487a9bf6c87cdb03e/gnocchi.1e9f511b-4699-4fdd-8b7b-98e8bd3b1eb9" 404 - "HEAD http://172.18.0.2:8080/v1/AUTH_15f500f17d33431487a9bf6c87cdb03e/gnocchi.1e9f511b-4699-4fdd-8b7b-98e8bd3b1eb9?format=json&states=listing" "tx0dc3704eb9ec4b60b39f4-0069a1d41c" "proxy-server 20" 0.0006 "-" 23 0
Feb 27 17:27:56 standalone object-server[128156]: 172.20.0.100 - - [27/Feb/2026:17:27:56 +0000] "GET /d1/1004/AUTH_15f500f17d33431487a9bf6c87cdb03e/gnocchi.1e9f511b-4699-4fdd-8b7b-98e8bd3b1eb9/none_v3" 404 70 "GET http://172.18.0.2:8080/v1/AUTH_15f500f17d33431487a9bf6c87cdb03e/gnocchi.1e9f511b-4699-4fdd-8b7b-98e8bd3b1eb9/none_v3" "tx0dc3704eb9ec4b60b39f4-0069a1d41c" "proxy-server 20" 0.0006 "-" 23 0
Feb 27 17:27:56 standalone proxy-server[129990]: 172.18.0.2 172.18.0.100 27/Feb/2026/17/27/56 GET /v1/AUTH_15f500f17d33431487a9bf6c87cdb03e/gnocchi.1e9f511b-4699-4fdd-8b7b-98e8bd3b1eb9/none_v3 HTTP/1.0 404 - python-swiftclient-3.11.1 gAAAAABpodN61as7... - 70 - tx0dc3704eb9ec4b60b39f4-0069a1d41c - 0.0189 - - 1772213276.905037880 1772213276.923923492 0
Feb 27 17:27:56 standalone account-server[128003]: 172.20.0.100 - - [27/Feb/2026:17:27:56 +0000] "PUT /d1/518/AUTH_15f500f17d33431487a9bf6c87cdb03e/gnocchi.1e9f511b-4699-4fdd-8b7b-98e8bd3b1eb9" 201 - "PUT http://172.20.0.100:6001/d1/114/AUTH_15f500f17d33431487a9bf6c87cdb03e/gnocchi.1e9f511b-4699-4fdd-8b7b-98e8bd3b1eb9" "tx43383431c2124c0e86bae-0069a1d41c" "container-server 20" 0.0099 "-" 20 0
Feb 27 17:27:56 standalone container-server[128014]: 172.20.0.100 - - [27/Feb/2026:17:27:56 +0000] "PUT /d1/114/AUTH_15f500f17d33431487a9bf6c87cdb03e/gnocchi.1e9f511b-4699-4fdd-8b7b-98e8bd3b1eb9" 201 - "PUT http://172.18.0.2:8080/v1/AUTH_15f500f17d33431487a9bf6c87cdb03e/gnocchi.1e9f511b-4699-4fdd-8b7b-98e8bd3b1eb9" "tx43383431c2124c0e86bae-0069a1d41c" "proxy-server 20" 0.0242 "-" 20 0
Feb 27 17:27:56 standalone proxy-server[129990]: 172.18.0.2 172.18.0.100 27/Feb/2026/17/27/56 PUT /v1/AUTH_15f500f17d33431487a9bf6c87cdb03e/gnocchi.1e9f511b-4699-4fdd-8b7b-98e8bd3b1eb9 HTTP/1.0 201 - python-swiftclient-3.11.1 gAAAAABpodN61as7... - - - tx43383431c2124c0e86bae-0069a1d41c - 0.0322 - - 1772213276.928082943 1772213276.960301876 0
Feb 27 17:27:56 standalone container-server[128014]: 172.20.0.100 - - [27/Feb/2026:17:27:56 +0000] "HEAD /d1/524/AUTH_15f500f17d33431487a9bf6c87cdb03e/gnocchi.e39ba4bd-8562-43b8-9756-c46df968b039" 404 - "HEAD http://172.18.0.2:8080/v1/AUTH_15f500f17d33431487a9bf6c87cdb03e/gnocchi.e39ba4bd-8562-43b8-9756-c46df968b039?format=json&states=listing" "tx322facd0757542219bbcd-0069a1d41c" "proxy-server 20" 0.0004 "-" 20 0
Feb 27 17:27:56 standalone object-server[128196]: 172.20.0.100 - - [27/Feb/2026:17:27:56 +0000] "GET /d1/974/AUTH_15f500f17d33431487a9bf6c87cdb03e/gnocchi.e39ba4bd-8562-43b8-9756-c46df968b039/none_v3" 404 70 "GET http://172.18.0.2:8080/v1/AUTH_15f500f17d33431487a9bf6c87cdb03e/gnocchi.e39ba4bd-8562-43b8-9756-c46df968b039/none_v3" "tx322facd0757542219bbcd-0069a1d41c" "proxy-server 20" 0.0007 "-" 25 0
Feb 27 17:27:56 standalone proxy-server[129990]: 172.18.0.2 172.18.0.100 27/Feb/2026/17/27/56 GET /v1/AUTH_15f500f17d33431487a9bf6c87cdb03e/gnocchi.e39ba4bd-8562-43b8-9756-c46df968b039/none_v3 HTTP/1.0 404 - python-swiftclient-3.11.1 gAAAAABpodN61as7... - 70 - tx322facd0757542219bbcd-0069a1d41c - 0.0133 - - 1772213276.964403629 1772213276.977751017 0
Feb 27 17:27:57 standalone account-server[128003]: 172.20.0.100 - - [27/Feb/2026:17:27:57 +0000] "PUT /d1/518/AUTH_15f500f17d33431487a9bf6c87cdb03e/gnocchi.e39ba4bd-8562-43b8-9756-c46df968b039" 201 - "PUT http://172.20.0.100:6001/d1/524/AUTH_15f500f17d33431487a9bf6c87cdb03e/gnocchi.e39ba4bd-8562-43b8-9756-c46df968b039" "tx399b7f4dc1934743a52a3-0069a1d41c" "container-server 23" 0.0047 "-" 20 0
Feb 27 17:27:57 standalone container-server[128025]: 172.20.0.100 - - [27/Feb/2026:17:27:57 +0000] "PUT /d1/524/AUTH_15f500f17d33431487a9bf6c87cdb03e/gnocchi.e39ba4bd-8562-43b8-9756-c46df968b039" 201 - "PUT http://172.18.0.2:8080/v1/AUTH_15f500f17d33431487a9bf6c87cdb03e/gnocchi.e39ba4bd-8562-43b8-9756-c46df968b039" "tx399b7f4dc1934743a52a3-0069a1d41c" "proxy-server 20" 0.0181 "-" 23 0
Feb 27 17:27:57 standalone proxy-server[129990]: 172.18.0.2 172.18.0.100 27/Feb/2026/17/27/57 PUT /v1/AUTH_15f500f17d33431487a9bf6c87cdb03e/gnocchi.e39ba4bd-8562-43b8-9756-c46df968b039 HTTP/1.0 201 - python-swiftclient-3.11.1 gAAAAABpodN61as7... - - - tx399b7f4dc1934743a52a3-0069a1d41c - 0.0248 - - 1772213276.981192350 1772213277.006019592 0
Feb 27 17:27:57 standalone container-server[128014]: 172.20.0.100 - - [27/Feb/2026:17:27:57 +0000] "HEAD /d1/114/AUTH_15f500f17d33431487a9bf6c87cdb03e/gnocchi.1e9f511b-4699-4fdd-8b7b-98e8bd3b1eb9" 204 - "HEAD http://172.18.0.2:8080/v1/AUTH_15f500f17d33431487a9bf6c87cdb03e/gnocchi.1e9f511b-4699-4fdd-8b7b-98e8bd3b1eb9?format=json&states=listing" "tx7f6c333a9b3a46bd9506a-0069a1d41d" "proxy-server 20" 0.0024 "-" 20 0
Feb 27 17:27:57 standalone proxy-server[129990]: - - 27/Feb/2026/17/27/57 HEAD /v1/AUTH_15f500f17d33431487a9bf6c87cdb03e/gnocchi.1e9f511b-4699-4fdd-8b7b-98e8bd3b1eb9%3Fformat%3Djson%26states%3Dlisting HTTP/1.0 204 - Swift - - - - tx7f6c333a9b3a46bd9506a-0069a1d41d - 0.0079 RL - 1772213277.018332958 1772213277.026237965 0
Feb 27 17:27:57 standalone container-server[128019]: 172.20.0.100 - - [27/Feb/2026:17:27:57 +0000] "GET /d1/114/AUTH_15f500f17d33431487a9bf6c87cdb03e/gnocchi.1e9f511b-4699-4fdd-8b7b-98e8bd3b1eb9" 200 2 "GET http://172.18.0.2:8080/v1/AUTH_15f500f17d33431487a9bf6c87cdb03e/gnocchi.1e9f511b-4699-4fdd-8b7b-98e8bd3b1eb9?format=json&states=listing" "tx7f6c333a9b3a46bd9506a-0069a1d41d" "proxy-server 20" 0.0022 "-" 21 0
Feb 27 17:27:57 standalone proxy-server[129990]: 172.18.0.2 172.18.0.100 27/Feb/2026/17/27/57 GET /v1/AUTH_15f500f17d33431487a9bf6c87cdb03e/gnocchi.1e9f511b-4699-4fdd-8b7b-98e8bd3b1eb9%3Fformat%3Djson%26states%3Dlisting HTTP/1.0 200 - python-swiftclient-3.11.1 gAAAAABpodN61as7... - 2 - tx7f6c333a9b3a46bd9506a-0069a1d41d - 0.0190 - - 1772213277.016570807 1772213277.035556555 0
Feb 27 17:27:57 standalone container-server[128019]: 172.20.0.100 - - [27/Feb/2026:17:27:57 +0000] "HEAD /d1/524/AUTH_15f500f17d33431487a9bf6c87cdb03e/gnocchi.e39ba4bd-8562-43b8-9756-c46df968b039" 204 - "HEAD http://172.18.0.2:8080/v1/AUTH_15f500f17d33431487a9bf6c87cdb03e/gnocchi.e39ba4bd-8562-43b8-9756-c46df968b039?format=json&states=listing" "txa0ee15def4604795b0ead-0069a1d41d" "proxy-server 20" 0.0012 "-" 21 0
Feb 27 17:27:57 standalone proxy-server[129990]: - - 27/Feb/2026/17/27/57 HEAD /v1/AUTH_15f500f17d33431487a9bf6c87cdb03e/gnocchi.e39ba4bd-8562-43b8-9756-c46df968b039%3Fformat%3Djson%26states%3Dlisting HTTP/1.0 204 - Swift - - - - txa0ee15def4604795b0ead-0069a1d41d - 0.0041 RL - 1772213277.041893959 1772213277.046041250 0
Feb 27 17:27:57 standalone container-server[128014]: 172.20.0.100 - - [27/Feb/2026:17:27:57 +0000] "GET /d1/524/AUTH_15f500f17d33431487a9bf6c87cdb03e/gnocchi.e39ba4bd-8562-43b8-9756-c46df968b039" 200 2 "GET http://172.18.0.2:8080/v1/AUTH_15f500f17d33431487a9bf6c87cdb03e/gnocchi.e39ba4bd-8562-43b8-9756-c46df968b039?format=json&states=listing" "txa0ee15def4604795b0ead-0069a1d41d" "proxy-server 20" 0.0022 "-" 20 0
Feb 27 17:27:57 standalone proxy-server[129990]: 172.18.0.2 172.18.0.100 27/Feb/2026/17/27/57 GET /v1/AUTH_15f500f17d33431487a9bf6c87cdb03e/gnocchi.e39ba4bd-8562-43b8-9756-c46df968b039%3Fformat%3Djson%26states%3Dlisting HTTP/1.0 200 - python-swiftclient-3.11.1 gAAAAABpodN61as7... - 2 - txa0ee15def4604795b0ead-0069a1d41d - 0.0150 - - 1772213277.040886164 1772213277.055909634 0
Feb 27 17:27:57 standalone object-server[128150]: 172.20.0.100 - - [27/Feb/2026:17:27:57 +0000] "GET /d1/741/AUTH_15f500f17d33431487a9bf6c87cdb03e/gnocchi.1e9f511b-4699-4fdd-8b7b-98e8bd3b1eb9/1771200000.0_mean_300.0_v3" 404 70 "GET http://172.18.0.2:8080/v1/AUTH_15f500f17d33431487a9bf6c87cdb03e/gnocchi.1e9f511b-4699-4fdd-8b7b-98e8bd3b1eb9/1771200000.0_mean_300.0_v3" "txa30c0cce8d474a4d81fdb-0069a1d41d" "proxy-server 20" 0.0005 "-" 22 0
Feb 27 17:27:57 standalone proxy-server[129990]: 172.18.0.2 172.18.0.100 27/Feb/2026/17/27/57 GET /v1/AUTH_15f500f17d33431487a9bf6c87cdb03e/gnocchi.1e9f511b-4699-4fdd-8b7b-98e8bd3b1eb9/1771200000.0_mean_300.0_v3 HTTP/1.0 404 - python-swiftclient-3.11.1 gAAAAABpodN61as7... - 70 - txa30c0cce8d474a4d81fdb-0069a1d41d - 0.0083 - - 1772213277.061208248 1772213277.069534063 0
Feb 27 17:27:57 standalone object-server[128169]: 172.20.0.100 - - [27/Feb/2026:17:27:57 +0000] "GET /d1/859/AUTH_15f500f17d33431487a9bf6c87cdb03e/gnocchi.e39ba4bd-8562-43b8-9756-c46df968b039/1771200000.0_mean_300.0_v3" 404 70 "GET http://172.18.0.2:8080/v1/AUTH_15f500f17d33431487a9bf6c87cdb03e/gnocchi.e39ba4bd-8562-43b8-9756-c46df968b039/1771200000.0_mean_300.0_v3" "tx3e7ed46f5b974e8aaea9b-0069a1d41d" "proxy-server 20" 0.0005 "-" 24 0
Feb 27 17:27:57 standalone proxy-server[129990]: 172.18.0.2 172.18.0.100 27/Feb/2026/17/27/57 GET /v1/AUTH_15f500f17d33431487a9bf6c87cdb03e/gnocchi.e39ba4bd-8562-43b8-9756-c46df968b039/1771200000.0_mean_300.0_v3 HTTP/1.0 404 - python-swiftclient-3.11.1 gAAAAABpodN61as7... - 70 - tx3e7ed46f5b974e8aaea9b-0069a1d41d - 0.0088 - - 1772213277.073541164 1772213277.082365274 0
Feb 27 17:27:57 standalone container-server[128025]: 172.20.0.100 - - [27/Feb/2026:17:27:57 +0000] "PUT /d1/114/AUTH_15f500f17d33431487a9bf6c87cdb03e/gnocchi.1e9f511b-4699-4fdd-8b7b-98e8bd3b1eb9/1771200000.0_mean_300.0_v3" 201 - "PUT http://172.18.0.2:8080/d1/741/AUTH_15f500f17d33431487a9bf6c87cdb03e/gnocchi.1e9f511b-4699-4fdd-8b7b-98e8bd3b1eb9/1771200000.0_mean_300.0_v3" "tx8780737eacc8455cb4f41-0069a1d41d" "object-server 24" 0.0009 "-" 23 0
Feb 27 17:27:57 standalone object-server[128169]: 172.20.0.100 - - [27/Feb/2026:17:27:57 +0000] "PUT /d1/741/AUTH_15f500f17d33431487a9bf6c87cdb03e/gnocchi.1e9f511b-4699-4fdd-8b7b-98e8bd3b1eb9/1771200000.0_mean_300.0_v3" 201 - "PUT http://172.18.0.2:8080/v1/AUTH_15f500f17d33431487a9bf6c87cdb03e/gnocchi.1e9f511b-4699-4fdd-8b7b-98e8bd3b1eb9/1771200000.0_mean_300.0_v3" "tx8780737eacc8455cb4f41-0069a1d41d" "proxy-server 20" 0.0131 "-" 24 0
Feb 27 17:27:57 standalone proxy-server[129990]: 172.18.0.2 172.18.0.100 27/Feb/2026/17/27/57 PUT /v1/AUTH_15f500f17d33431487a9bf6c87cdb03e/gnocchi.1e9f511b-4699-4fdd-8b7b-98e8bd3b1eb9/1771200000.0_mean_300.0_v3 HTTP/1.0 201 - python-swiftclient-3.11.1 gAAAAABpodN61as7... 16 - - tx8780737eacc8455cb4f41-0069a1d41d - 0.0211 - - 1772213277.086879253 1772213277.108015299 0
Feb 27 17:27:57 standalone container-server[128024]: 172.20.0.100 - - [27/Feb/2026:17:27:57 +0000] "PUT /d1/524/AUTH_15f500f17d33431487a9bf6c87cdb03e/gnocchi.e39ba4bd-8562-43b8-9756-c46df968b039/1771200000.0_mean_300.0_v3" 201 - "PUT http://172.18.0.2:8080/d1/859/AUTH_15f500f17d33431487a9bf6c87cdb03e/gnocchi.e39ba4bd-8562-43b8-9756-c46df968b039/1771200000.0_mean_300.0_v3" "tx5295ad13b7c34caeab4b8-0069a1d41d" "object-server 22" 0.0008 "-" 22 0
Feb 27 17:27:57 standalone object-server[128150]: 172.20.0.100 - - [27/Feb/2026:17:27:57 +0000] "PUT /d1/859/AUTH_15f500f17d33431487a9bf6c87cdb03e/gnocchi.e39ba4bd-8562-43b8-9756-c46df968b039/1771200000.0_mean_300.0_v3" 201 - "PUT http://172.18.0.2:8080/v1/AUTH_15f500f17d33431487a9bf6c87cdb03e/gnocchi.e39ba4bd-8562-43b8-9756-c46df968b039/1771200000.0_mean_300.0_v3" "tx5295ad13b7c34caeab4b8-0069a1d41d" "proxy-server 20" 0.0107 "-" 22 0
Feb 27 17:27:57 standalone proxy-server[129990]: 172.18.0.2 172.18.0.100 27/Feb/2026/17/27/57 PUT /v1/AUTH_15f500f17d33431487a9bf6c87cdb03e/gnocchi.e39ba4bd-8562-43b8-9756-c46df968b039/1771200000.0_mean_300.0_v3 HTTP/1.0 201 - python-swiftclient-3.11.1 gAAAAABpodN61as7... 16 - - tx5295ad13b7c34caeab4b8-0069a1d41d - 0.0192 - - 1772213277.112273216 1772213277.131427050 0
Feb 27 17:27:57 standalone container-server[128024]: 172.20.0.100 - - [27/Feb/2026:17:27:57 +0000] "PUT /d1/114/AUTH_15f500f17d33431487a9bf6c87cdb03e/gnocchi.1e9f511b-4699-4fdd-8b7b-98e8bd3b1eb9/none_v3" 201 - "PUT http://172.18.0.2:8080/d1/1004/AUTH_15f500f17d33431487a9bf6c87cdb03e/gnocchi.1e9f511b-4699-4fdd-8b7b-98e8bd3b1eb9/none_v3" "txc89c2a9bab7844deb3dad-0069a1d41d" "object-server 22" 0.0007 "-" 22 0
Feb 27 17:27:57 standalone object-server[128150]: 172.20.0.100 - - [27/Feb/2026:17:27:57 +0000] "PUT /d1/1004/AUTH_15f500f17d33431487a9bf6c87cdb03e/gnocchi.1e9f511b-4699-4fdd-8b7b-98e8bd3b1eb9/none_v3" 201 - "PUT http://172.18.0.2:8080/v1/AUTH_15f500f17d33431487a9bf6c87cdb03e/gnocchi.1e9f511b-4699-4fdd-8b7b-98e8bd3b1eb9/none_v3" "txc89c2a9bab7844deb3dad-0069a1d41d" "proxy-server 20" 0.0106 "-" 22 0
Feb 27 17:27:57 standalone proxy-server[129990]: 172.18.0.2 172.18.0.100 27/Feb/2026/17/27/57 PUT /v1/AUTH_15f500f17d33431487a9bf6c87cdb03e/gnocchi.1e9f511b-4699-4fdd-8b7b-98e8bd3b1eb9/none_v3 HTTP/1.0 201 - python-swiftclient-3.11.1 gAAAAABpodN61as7... 22 - - txc89c2a9bab7844deb3dad-0069a1d41d - 0.0191 - - 1772213277.135673523 1772213277.154750824 0
Feb 27 17:27:57 standalone container-server[128025]: 172.20.0.100 - - [27/Feb/2026:17:27:57 +0000] "PUT /d1/524/AUTH_15f500f17d33431487a9bf6c87cdb03e/gnocchi.e39ba4bd-8562-43b8-9756-c46df968b039/none_v3" 201 - "PUT http://172.18.0.2:8080/d1/974/AUTH_15f500f17d33431487a9bf6c87cdb03e/gnocchi.e39ba4bd-8562-43b8-9756-c46df968b039/none_v3" "tx4a00b6a43ad84d4b8ef1e-0069a1d41d" "object-server 24" 0.0007 "-" 23 0
Feb 27 17:27:57 standalone object-server[128169]: 172.20.0.100 - - [27/Feb/2026:17:27:57 +0000] "PUT /d1/974/AUTH_15f500f17d33431487a9bf6c87cdb03e/gnocchi.e39ba4bd-8562-43b8-9756-c46df968b039/none_v3" 201 - "PUT http://172.18.0.2:8080/v1/AUTH_15f500f17d33431487a9bf6c87cdb03e/gnocchi.e39ba4bd-8562-43b8-9756-c46df968b039/none_v3" "tx4a00b6a43ad84d4b8ef1e-0069a1d41d" "proxy-server 20" 0.0109 "-" 24 0
Feb 27 17:27:57 standalone proxy-server[129990]: 172.18.0.2 172.18.0.100 27/Feb/2026/17/27/57 PUT /v1/AUTH_15f500f17d33431487a9bf6c87cdb03e/gnocchi.e39ba4bd-8562-43b8-9756-c46df968b039/none_v3 HTTP/1.0 201 - python-swiftclient-3.11.1 gAAAAABpodN61as7... 22 - - tx4a00b6a43ad84d4b8ef1e-0069a1d41d - 0.0216 - - 1772213277.158554554 1772213277.180157423 0
Feb 27 17:27:57 standalone container-server[128019]: 172.20.0.100 - - [27/Feb/2026:17:27:57 +0000] "HEAD /d1/428/AUTH_15f500f17d33431487a9bf6c87cdb03e/gnocchi.1137ce98-ba6d-41d7-86bb-7696d020a6e5" 404 - "HEAD http://172.18.0.2:8080/v1/AUTH_15f500f17d33431487a9bf6c87cdb03e/gnocchi.1137ce98-ba6d-41d7-86bb-7696d020a6e5?format=json&states=listing" "txffcfd69ee8484f179e780-0069a1d41d" "proxy-server 20" 0.0006 "-" 21 0
Feb 27 17:27:57 standalone object-server[128196]: 172.20.0.100 - - [27/Feb/2026:17:27:57 +0000] "GET /d1/403/AUTH_15f500f17d33431487a9bf6c87cdb03e/gnocchi.1137ce98-ba6d-41d7-86bb-7696d020a6e5/none_v3" 404 70 "GET http://172.18.0.2:8080/v1/AUTH_15f500f17d33431487a9bf6c87cdb03e/gnocchi.1137ce98-ba6d-41d7-86bb-7696d020a6e5/none_v3" "txffcfd69ee8484f179e780-0069a1d41d" "proxy-server 20" 0.0004 "-" 25 0
Feb 27 17:27:57 standalone proxy-server[129990]: 172.18.0.2 172.18.0.100 27/Feb/2026/17/27/57 GET /v1/AUTH_15f500f17d33431487a9bf6c87cdb03e/gnocchi.1137ce98-ba6d-41d7-86bb-7696d020a6e5/none_v3 HTTP/1.0 404 - python-swiftclient-3.11.1 gAAAAABpodN61as7... - 70 - txffcfd69ee8484f179e780-0069a1d41d - 0.0145 - - 1772213277.193984985 1772213277.208529949 0
Feb 27 17:27:57 standalone account-server[128004]: 172.20.0.100 - - [27/Feb/2026:17:27:57 +0000] "PUT /d1/518/AUTH_15f500f17d33431487a9bf6c87cdb03e/gnocchi.1137ce98-ba6d-41d7-86bb-7696d020a6e5" 201 - "PUT http://172.20.0.100:6001/d1/428/AUTH_15f500f17d33431487a9bf6c87cdb03e/gnocchi.1137ce98-ba6d-41d7-86bb-7696d020a6e5" "txeaa17df6ddeb4b7bb177f-0069a1d41d" "container-server 23" 0.0048 "-" 21 0
Feb 27 17:27:57 standalone container-server[128025]: 172.20.0.100 - - [27/Feb/2026:17:27:57 +0000] "PUT /d1/428/AUTH_15f500f17d33431487a9bf6c87cdb03e/gnocchi.1137ce98-ba6d-41d7-86bb-7696d020a6e5" 201 - "PUT http://172.18.0.2:8080/v1/AUTH_15f500f17d33431487a9bf6c87cdb03e/gnocchi.1137ce98-ba6d-41d7-86bb-7696d020a6e5" "txeaa17df6ddeb4b7bb177f-0069a1d41d" "proxy-server 20" 0.0193 "-" 23 0
Feb 27 17:27:57 standalone proxy-server[129990]: 172.18.0.2 172.18.0.100 27/Feb/2026/17/27/57 PUT /v1/AUTH_15f500f17d33431487a9bf6c87cdb03e/gnocchi.1137ce98-ba6d-41d7-86bb-7696d020a6e5 HTTP/1.0 201 - python-swiftclient-3.11.1 gAAAAABpodN61as7... - - - txeaa17df6ddeb4b7bb177f-0069a1d41d - 0.0271 - - 1772213277.212493420 1772213277.239583254 0
Feb 27 17:27:57 standalone container-server[128025]: 172.20.0.100 - - [27/Feb/2026:17:27:57 +0000] "HEAD /d1/428/AUTH_15f500f17d33431487a9bf6c87cdb03e/gnocchi.1137ce98-ba6d-41d7-86bb-7696d020a6e5" 204 - "HEAD http://172.18.0.2:8080/v1/AUTH_15f500f17d33431487a9bf6c87cdb03e/gnocchi.1137ce98-ba6d-41d7-86bb-7696d020a6e5?format=json&states=listing" "tx430c02ea52df48f3af89e-0069a1d41d" "proxy-server 20" 0.0027 "-" 23 0
Feb 27 17:27:57 standalone proxy-server[129990]: - - 27/Feb/2026/17/27/57 HEAD /v1/AUTH_15f500f17d33431487a9bf6c87cdb03e/gnocchi.1137ce98-ba6d-41d7-86bb-7696d020a6e5%3Fformat%3Djson%26states%3Dlisting HTTP/1.0 204 - Swift - - - - tx430c02ea52df48f3af89e-0069a1d41d - 0.0092 RL - 1772213277.248858690 1772213277.258044481 0
Feb 27 17:27:57 standalone container-server[128025]: 172.20.0.100 - - [27/Feb/2026:17:27:57 +0000] "GET /d1/428/AUTH_15f500f17d33431487a9bf6c87cdb03e/gnocchi.1137ce98-ba6d-41d7-86bb-7696d020a6e5" 200 2 "GET http://172.18.0.2:8080/v1/AUTH_15f500f17d33431487a9bf6c87cdb03e/gnocchi.1137ce98-ba6d-41d7-86bb-7696d020a6e5?format=json&states=listing" "tx430c02ea52df48f3af89e-0069a1d41d" "proxy-server 20" 0.0032 "-" 23 0
Feb 27 17:27:57 standalone proxy-server[129990]: 172.18.0.2 172.18.0.100 27/Feb/2026/17/27/57 GET /v1/AUTH_15f500f17d33431487a9bf6c87cdb03e/gnocchi.1137ce98-ba6d-41d7-86bb-7696d020a6e5%3Fformat%3Djson%26states%3Dlisting HTTP/1.0 200 - python-swiftclient-3.11.1 gAAAAABpodN61as7... - 2 - tx430c02ea52df48f3af89e-0069a1d41d - 0.0274 - - 1772213277.245222330 1772213277.272657394 0
Feb 27 17:27:57 standalone object-server[128150]: 172.20.0.100 - - [27/Feb/2026:17:27:57 +0000] "GET /d1/163/AUTH_15f500f17d33431487a9bf6c87cdb03e/gnocchi.1137ce98-ba6d-41d7-86bb-7696d020a6e5/1771200000.0_mean_300.0_v3" 404 70 "GET http://172.18.0.2:8080/v1/AUTH_15f500f17d33431487a9bf6c87cdb03e/gnocchi.1137ce98-ba6d-41d7-86bb-7696d020a6e5/1771200000.0_mean_300.0_v3" "tx8454e9c0b9d34f259a2b5-0069a1d41d" "proxy-server 20" 0.0005 "-" 22 0
Feb 27 17:27:57 standalone proxy-server[129990]: 172.18.0.2 172.18.0.100 27/Feb/2026/17/27/57 GET /v1/AUTH_15f500f17d33431487a9bf6c87cdb03e/gnocchi.1137ce98-ba6d-41d7-86bb-7696d020a6e5/1771200000.0_mean_300.0_v3 HTTP/1.0 404 - python-swiftclient-3.11.1 gAAAAABpodN61as7... - 70 - tx8454e9c0b9d34f259a2b5-0069a1d41d - 0.0095 - - 1772213277.277971983 1772213277.287480831 0
Feb 27 17:27:57 standalone container-server[128024]: 172.20.0.100 - - [27/Feb/2026:17:27:57 +0000] "PUT /d1/428/AUTH_15f500f17d33431487a9bf6c87cdb03e/gnocchi.1137ce98-ba6d-41d7-86bb-7696d020a6e5/1771200000.0_mean_300.0_v3" 201 - "PUT http://172.18.0.2:8080/d1/163/AUTH_15f500f17d33431487a9bf6c87cdb03e/gnocchi.1137ce98-ba6d-41d7-86bb-7696d020a6e5/1771200000.0_mean_300.0_v3" "tx197f08c5c4f340e28c132-0069a1d41d" "object-server 22" 0.0008 "-" 22 0
Feb 27 17:27:57 standalone object-server[128150]: 172.20.0.100 - - [27/Feb/2026:17:27:57 +0000] "PUT /d1/163/AUTH_15f500f17d33431487a9bf6c87cdb03e/gnocchi.1137ce98-ba6d-41d7-86bb-7696d020a6e5/1771200000.0_mean_300.0_v3" 201 - "PUT http://172.18.0.2:8080/v1/AUTH_15f500f17d33431487a9bf6c87cdb03e/gnocchi.1137ce98-ba6d-41d7-86bb-7696d020a6e5/1771200000.0_mean_300.0_v3" "tx197f08c5c4f340e28c132-0069a1d41d" "proxy-server 20" 0.0109 "-" 22 0
Feb 27 17:27:57 standalone proxy-server[129990]: 172.18.0.2 172.18.0.100 27/Feb/2026/17/27/57 PUT /v1/AUTH_15f500f17d33431487a9bf6c87cdb03e/gnocchi.1137ce98-ba6d-41d7-86bb-7696d020a6e5/1771200000.0_mean_300.0_v3 HTTP/1.0 201 - python-swiftclient-3.11.1 gAAAAABpodN61as7... 16 - - tx197f08c5c4f340e28c132-0069a1d41d - 0.0204 - - 1772213277.292083263 1772213277.312479973 0
Feb 27 17:27:57 standalone container-server[128024]: 172.20.0.100 - - [27/Feb/2026:17:27:57 +0000] "PUT /d1/428/AUTH_15f500f17d33431487a9bf6c87cdb03e/gnocchi.1137ce98-ba6d-41d7-86bb-7696d020a6e5/none_v3" 201 - "PUT http://172.18.0.2:8080/d1/403/AUTH_15f500f17d33431487a9bf6c87cdb03e/gnocchi.1137ce98-ba6d-41d7-86bb-7696d020a6e5/none_v3" "tx96e68553683f4a76b1cc9-0069a1d41d" "object-server 22" 0.0007 "-" 22 0
Feb 27 17:27:57 standalone object-server[128150]: 172.20.0.100 - - [27/Feb/2026:17:27:57 +0000] "PUT /d1/403/AUTH_15f500f17d33431487a9bf6c87cdb03e/gnocchi.1137ce98-ba6d-41d7-86bb-7696d020a6e5/none_v3" 201 - "PUT http://172.18.0.2:8080/v1/AUTH_15f500f17d33431487a9bf6c87cdb03e/gnocchi.1137ce98-ba6d-41d7-86bb-7696d020a6e5/none_v3" "tx96e68553683f4a76b1cc9-0069a1d41d" "proxy-server 20" 0.0107 "-" 22 0
Feb 27 17:27:57 standalone proxy-server[129990]: 172.18.0.2 172.18.0.100 27/Feb/2026/17/27/57 PUT /v1/AUTH_15f500f17d33431487a9bf6c87cdb03e/gnocchi.1137ce98-ba6d-41d7-86bb-7696d020a6e5/none_v3 HTTP/1.0 201 - python-swiftclient-3.11.1 gAAAAABpodN61as7... 22 - - tx96e68553683f4a76b1cc9-0069a1d41d - 0.0198 - - 1772213277.317167282 1772213277.336925030 0
Feb 27 17:27:57 standalone container-server[128014]: 172.20.0.100 - - [27/Feb/2026:17:27:57 +0000] "HEAD /d1/210/AUTH_15f500f17d33431487a9bf6c87cdb03e/gnocchi.0e5272ad-7434-4cf0-b0a5-f5dcc6ee43a0" 404 - "HEAD http://172.18.0.2:8080/v1/AUTH_15f500f17d33431487a9bf6c87cdb03e/gnocchi.0e5272ad-7434-4cf0-b0a5-f5dcc6ee43a0?format=json&states=listing" "tx151df6ee9ba24da6ac19f-0069a1d41d" "proxy-server 20" 0.0005 "-" 20 0
Feb 27 17:27:57 standalone object-server[128196]: 172.20.0.100 - - [27/Feb/2026:17:27:57 +0000] "GET /d1/859/AUTH_15f500f17d33431487a9bf6c87cdb03e/gnocchi.0e5272ad-7434-4cf0-b0a5-f5dcc6ee43a0/none_v3" 404 70 "GET http://172.18.0.2:8080/v1/AUTH_15f500f17d33431487a9bf6c87cdb03e/gnocchi.0e5272ad-7434-4cf0-b0a5-f5dcc6ee43a0/none_v3" "tx151df6ee9ba24da6ac19f-0069a1d41d" "proxy-server 20" 0.0005 "-" 25 0
Feb 27 17:27:57 standalone proxy-server[129990]: 172.18.0.2 172.18.0.100 27/Feb/2026/17/27/57 GET /v1/AUTH_15f500f17d33431487a9bf6c87cdb03e/gnocchi.0e5272ad-7434-4cf0-b0a5-f5dcc6ee43a0/none_v3 HTTP/1.0 404 - python-swiftclient-3.11.1 gAAAAABpodN61as7... - 70 - tx151df6ee9ba24da6ac19f-0069a1d41d - 0.0114 - - 1772213277.349969625 1772213277.361327410 0
Feb 27 17:27:57 standalone account-server[128009]: 172.20.0.100 - - [27/Feb/2026:17:27:57 +0000] "PUT /d1/518/AUTH_15f500f17d33431487a9bf6c87cdb03e/gnocchi.0e5272ad-7434-4cf0-b0a5-f5dcc6ee43a0" 201 - "PUT http://172.20.0.100:6001/d1/210/AUTH_15f500f17d33431487a9bf6c87cdb03e/gnocchi.0e5272ad-7434-4cf0-b0a5-f5dcc6ee43a0" "txc5400f39698044d3bb81b-0069a1d41d" "container-server 20" 0.0061 "-" 22 0
Feb 27 17:27:57 standalone container-server[128014]: 172.20.0.100 - - [27/Feb/2026:17:27:57 +0000] "PUT /d1/210/AUTH_15f500f17d33431487a9bf6c87cdb03e/gnocchi.0e5272ad-7434-4cf0-b0a5-f5dcc6ee43a0" 201 - "PUT http://172.18.0.2:8080/v1/AUTH_15f500f17d33431487a9bf6c87cdb03e/gnocchi.0e5272ad-7434-4cf0-b0a5-f5dcc6ee43a0" "txc5400f39698044d3bb81b-0069a1d41d" "proxy-server 20" 0.0172 "-" 20 0
Feb 27 17:27:57 standalone proxy-server[129990]: 172.18.0.2 172.18.0.100 27/Feb/2026/17/27/57 PUT /v1/AUTH_15f500f17d33431487a9bf6c87cdb03e/gnocchi.0e5272ad-7434-4cf0-b0a5-f5dcc6ee43a0 HTTP/1.0 201 - python-swiftclient-3.11.1 gAAAAABpodN61as7... - - - txc5400f39698044d3bb81b-0069a1d41d - 0.0249 - - 1772213277.365247011 1772213277.390100718 0
Feb 27 17:27:57 standalone container-server[128024]: 172.20.0.100 - - [27/Feb/2026:17:27:57 +0000] "HEAD /d1/318/AUTH_15f500f17d33431487a9bf6c87cdb03e/gnocchi.7cf4d54b-f6d8-4bae-bfea-d1a38e8709a0" 404 - "HEAD http://172.18.0.2:8080/v1/AUTH_15f500f17d33431487a9bf6c87cdb03e/gnocchi.7cf4d54b-f6d8-4bae-bfea-d1a38e8709a0?format=json&states=listing" "tx9c31b67d42fa42008aa31-0069a1d41d" "proxy-server 20" 0.0006 "-" 22 0
Feb 27 17:27:57 standalone object-server[128196]: 172.20.0.100 - - [27/Feb/2026:17:27:57 +0000] "GET /d1/555/AUTH_15f500f17d33431487a9bf6c87cdb03e/gnocchi.7cf4d54b-f6d8-4bae-bfea-d1a38e8709a0/none_v3" 404 70 "GET http://172.18.0.2:8080/v1/AUTH_15f500f17d33431487a9bf6c87cdb03e/gnocchi.7cf4d54b-f6d8-4bae-bfea-d1a38e8709a0/none_v3" "tx9c31b67d42fa42008aa31-0069a1d41d" "proxy-server 20" 0.0004 "-" 25 0
Feb 27 17:27:57 standalone proxy-server[129990]: 172.18.0.2 172.18.0.100 27/Feb/2026/17/27/57 GET /v1/AUTH_15f500f17d33431487a9bf6c87cdb03e/gnocchi.7cf4d54b-f6d8-4bae-bfea-d1a38e8709a0/none_v3 HTTP/1.0 404 - python-swiftclient-3.11.1 gAAAAABpodN61as7... - 70 - tx9c31b67d42fa42008aa31-0069a1d41d - 0.0141 - - 1772213277.393819094 1772213277.407954454 0
Feb 27 17:27:57 standalone account-server[128004]: 172.20.0.100 - - [27/Feb/2026:17:27:57 +0000] "PUT /d1/518/AUTH_15f500f17d33431487a9bf6c87cdb03e/gnocchi.7cf4d54b-f6d8-4bae-bfea-d1a38e8709a0" 201 - "PUT http://172.20.0.100:6001/d1/318/AUTH_15f500f17d33431487a9bf6c87cdb03e/gnocchi.7cf4d54b-f6d8-4bae-bfea-d1a38e8709a0" "tx1b9b03a22ace455194fe4-0069a1d41d" "container-server 22" 0.0054 "-" 21 0
Feb 27 17:27:57 standalone container-server[128024]: 172.20.0.100 - - [27/Feb/2026:17:27:57 +0000] "PUT /d1/318/AUTH_15f500f17d33431487a9bf6c87cdb03e/gnocchi.7cf4d54b-f6d8-4bae-bfea-d1a38e8709a0" 201 - "PUT http://172.18.0.2:8080/v1/AUTH_15f500f17d33431487a9bf6c87cdb03e/gnocchi.7cf4d54b-f6d8-4bae-bfea-d1a38e8709a0" "tx1b9b03a22ace455194fe4-0069a1d41d" "proxy-server 20" 0.0184 "-" 22 0
Feb 27 17:27:57 standalone proxy-server[129990]: 172.18.0.2 172.18.0.100 27/Feb/2026/17/27/57 PUT /v1/AUTH_15f500f17d33431487a9bf6c87cdb03e/gnocchi.7cf4d54b-f6d8-4bae-bfea-d1a38e8709a0 HTTP/1.0 201 - python-swiftclient-3.11.1 gAAAAABpodN61as7... - - - tx1b9b03a22ace455194fe4-0069a1d41d - 0.0301 - - 1772213277.411796331 1772213277.441916466 0
Feb 27 17:27:57 standalone container-server[128024]: 172.20.0.100 - - [27/Feb/2026:17:27:57 +0000] "HEAD /d1/210/AUTH_15f500f17d33431487a9bf6c87cdb03e/gnocchi.0e5272ad-7434-4cf0-b0a5-f5dcc6ee43a0" 204 - "HEAD http://172.18.0.2:8080/v1/AUTH_15f500f17d33431487a9bf6c87cdb03e/gnocchi.0e5272ad-7434-4cf0-b0a5-f5dcc6ee43a0?format=json&states=listing" "txc8d2f71f0ec04b06b0edf-0069a1d41d" "proxy-server 20" 0.0020 "-" 22 0
Feb 27 17:27:57 standalone proxy-server[129990]: - - 27/Feb/2026/17/27/57 HEAD /v1/AUTH_15f500f17d33431487a9bf6c87cdb03e/gnocchi.0e5272ad-7434-4cf0-b0a5-f5dcc6ee43a0%3Fformat%3Djson%26states%3Dlisting HTTP/1.0 204 - Swift - - - - txc8d2f71f0ec04b06b0edf-0069a1d41d - 0.0069 RL - 1772213277.447801828 1772213277.454667330 0
Feb 27 17:27:57 standalone container-server[128025]: 172.20.0.100 - - [27/Feb/2026:17:27:57 +0000] "GET /d1/210/AUTH_15f500f17d33431487a9bf6c87cdb03e/gnocchi.0e5272ad-7434-4cf0-b0a5-f5dcc6ee43a0" 200 2 "GET http://172.18.0.2:8080/v1/AUTH_15f500f17d33431487a9bf6c87cdb03e/gnocchi.0e5272ad-7434-4cf0-b0a5-f5dcc6ee43a0?format=json&states=listing" "txc8d2f71f0ec04b06b0edf-0069a1d41d" "proxy-server 20" 0.0021 "-" 23 0
Feb 27 17:27:57 standalone proxy-server[129990]: 172.18.0.2 172.18.0.100 27/Feb/2026/17/27/57 GET /v1/AUTH_15f500f17d33431487a9bf6c87cdb03e/gnocchi.0e5272ad-7434-4cf0-b0a5-f5dcc6ee43a0%3Fformat%3Djson%26states%3Dlisting HTTP/1.0 200 - python-swiftclient-3.11.1 gAAAAABpodN61as7... - 2 - txc8d2f71f0ec04b06b0edf-0069a1d41d - 0.0194 - - 1772213277.446083069 1772213277.465509653 0
Feb 27 17:27:57 standalone container-server[128025]: 172.20.0.100 - - [27/Feb/2026:17:27:57 +0000] "HEAD /d1/318/AUTH_15f500f17d33431487a9bf6c87cdb03e/gnocchi.7cf4d54b-f6d8-4bae-bfea-d1a38e8709a0" 204 - "HEAD http://172.18.0.2:8080/v1/AUTH_15f500f17d33431487a9bf6c87cdb03e/gnocchi.7cf4d54b-f6d8-4bae-bfea-d1a38e8709a0?format=json&states=listing" "txe69e885729e94b37931be-0069a1d41d" "proxy-server 20" 0.0011 "-" 23 0
Feb 27 17:27:57 standalone proxy-server[129990]: - - 27/Feb/2026/17/27/57 HEAD /v1/AUTH_15f500f17d33431487a9bf6c87cdb03e/gnocchi.7cf4d54b-f6d8-4bae-bfea-d1a38e8709a0%3Fformat%3Djson%26states%3Dlisting HTTP/1.0 204 - Swift - - - - txe69e885729e94b37931be-0069a1d41d - 0.0052 RL - 1772213277.471189499 1772213277.476412535 0
Feb 27 17:27:57 standalone container-server[128014]: 172.20.0.100 - - [27/Feb/2026:17:27:57 +0000] "GET /d1/318/AUTH_15f500f17d33431487a9bf6c87cdb03e/gnocchi.7cf4d54b-f6d8-4bae-bfea-d1a38e8709a0" 200 2 "GET http://172.18.0.2:8080/v1/AUTH_15f500f17d33431487a9bf6c87cdb03e/gnocchi.7cf4d54b-f6d8-4bae-bfea-d1a38e8709a0?format=json&states=listing" "txe69e885729e94b37931be-0069a1d41d" "proxy-server 20" 0.0026 "-" 20 0
Feb 27 17:27:57 standalone proxy-server[129990]: 172.18.0.2 172.18.0.100 27/Feb/2026/17/27/57 GET /v1/AUTH_15f500f17d33431487a9bf6c87cdb03e/gnocchi.7cf4d54b-f6d8-4bae-bfea-d1a38e8709a0%3Fformat%3Djson%26states%3Dlisting HTTP/1.0 200 - python-swiftclient-3.11.1 gAAAAABpodN61as7... - 2 - txe69e885729e94b37931be-0069a1d41d - 0.0181 - - 1772213277.469475031 1772213277.487580299 0
Feb 27 17:27:57 standalone object-server[128156]: 172.20.0.100 - - [27/Feb/2026:17:27:57 +0000] "GET /d1/726/AUTH_15f500f17d33431487a9bf6c87cdb03e/gnocchi.0e5272ad-7434-4cf0-b0a5-f5dcc6ee43a0/1771200000.0_mean_300.0_v3" 404 70 "GET http://172.18.0.2:8080/v1/AUTH_15f500f17d33431487a9bf6c87cdb03e/gnocchi.0e5272ad-7434-4cf0-b0a5-f5dcc6ee43a0/1771200000.0_mean_300.0_v3" "tx3a628583ca9d401f90ea6-0069a1d41d" "proxy-server 20" 0.0003 "-" 23 0
Feb 27 17:27:57 standalone proxy-server[129990]: 172.18.0.2 172.18.0.100 27/Feb/2026/17/27/57 GET /v1/AUTH_15f500f17d33431487a9bf6c87cdb03e/gnocchi.0e5272ad-7434-4cf0-b0a5-f5dcc6ee43a0/1771200000.0_mean_300.0_v3 HTTP/1.0 404 - python-swiftclient-3.11.1 gAAAAABpodN61as7... - 70 - tx3a628583ca9d401f90ea6-0069a1d41d - 0.0055 - - 1772213277.493849516 1772213277.499336958 0
Feb 27 17:27:57 standalone object-server[128196]: 172.20.0.100 - - [27/Feb/2026:17:27:57 +0000] "GET /d1/574/AUTH_15f500f17d33431487a9bf6c87cdb03e/gnocchi.7cf4d54b-f6d8-4bae-bfea-d1a38e8709a0/1771200000.0_mean_300.0_v3" 404 70 "GET http://172.18.0.2:8080/v1/AUTH_15f500f17d33431487a9bf6c87cdb03e/gnocchi.7cf4d54b-f6d8-4bae-bfea-d1a38e8709a0/1771200000.0_mean_300.0_v3" "tx1f3f2620e0ee49be8cc5a-0069a1d41d" "proxy-server 20" 0.0003 "-" 25 0
Feb 27 17:27:57 standalone proxy-server[129990]: 172.18.0.2 172.18.0.100 27/Feb/2026/17/27/57 GET /v1/AUTH_15f500f17d33431487a9bf6c87cdb03e/gnocchi.7cf4d54b-f6d8-4bae-bfea-d1a38e8709a0/1771200000.0_mean_300.0_v3 HTTP/1.0 404 - python-swiftclient-3.11.1 gAAAAABpodN61as7... - 70 - tx1f3f2620e0ee49be8cc5a-0069a1d41d - 0.0054 - - 1772213277.502201080 1772213277.507562637 0
Feb 27 17:27:57 standalone container-server[128014]: 172.20.0.100 - - [27/Feb/2026:17:27:57 +0000] "PUT /d1/210/AUTH_15f500f17d33431487a9bf6c87cdb03e/gnocchi.0e5272ad-7434-4cf0-b0a5-f5dcc6ee43a0/1771200000.0_mean_300.0_v3" 201 - "PUT http://172.18.0.2:8080/d1/726/AUTH_15f500f17d33431487a9bf6c87cdb03e/gnocchi.0e5272ad-7434-4cf0-b0a5-f5dcc6ee43a0/1771200000.0_mean_300.0_v3" "txb7626f25646e4a19ac22b-0069a1d41d" "object-server 22" 0.0006 "-" 20 0
Feb 27 17:27:57 standalone object-server[128150]: 172.20.0.100 - - [27/Feb/2026:17:27:57 +0000] "PUT /d1/726/AUTH_15f500f17d33431487a9bf6c87cdb03e/gnocchi.0e5272ad-7434-4cf0-b0a5-f5dcc6ee43a0/1771200000.0_mean_300.0_v3" 201 - "PUT http://172.18.0.2:8080/v1/AUTH_15f500f17d33431487a9bf6c87cdb03e/gnocchi.0e5272ad-7434-4cf0-b0a5-f5dcc6ee43a0/1771200000.0_mean_300.0_v3" "txb7626f25646e4a19ac22b-0069a1d41d" "proxy-server 20" 0.0086 "-" 22 0
Feb 27 17:27:57 standalone proxy-server[129990]: 172.18.0.2 172.18.0.100 27/Feb/2026/17/27/57 PUT /v1/AUTH_15f500f17d33431487a9bf6c87cdb03e/gnocchi.0e5272ad-7434-4cf0-b0a5-f5dcc6ee43a0/1771200000.0_mean_300.0_v3 HTTP/1.0 201 - python-swiftclient-3.11.1 gAAAAABpodN61as7... 16 - - txb7626f25646e4a19ac22b-0069a1d41d - 0.0141 - - 1772213277.510612011 1772213277.524666786 0
Feb 27 17:27:57 standalone container-server[128019]: 172.20.0.100 - - [27/Feb/2026:17:27:57 +0000] "PUT /d1/318/AUTH_15f500f17d33431487a9bf6c87cdb03e/gnocchi.7cf4d54b-f6d8-4bae-bfea-d1a38e8709a0/1771200000.0_mean_300.0_v3" 201 - "PUT http://172.18.0.2:8080/d1/574/AUTH_15f500f17d33431487a9bf6c87cdb03e/gnocchi.7cf4d54b-f6d8-4bae-bfea-d1a38e8709a0/1771200000.0_mean_300.0_v3" "tx905e9d10abc84dec841f9-0069a1d41d" "object-server 24" 0.0008 "-" 21 0
Feb 27 17:27:57 standalone object-server[128169]: 172.20.0.100 - - [27/Feb/2026:17:27:57 +0000] "PUT /d1/574/AUTH_15f500f17d33431487a9bf6c87cdb03e/gnocchi.7cf4d54b-f6d8-4bae-bfea-d1a38e8709a0/1771200000.0_mean_300.0_v3" 201 - "PUT http://172.18.0.2:8080/v1/AUTH_15f500f17d33431487a9bf6c87cdb03e/gnocchi.7cf4d54b-f6d8-4bae-bfea-d1a38e8709a0/1771200000.0_mean_300.0_v3" "tx905e9d10abc84dec841f9-0069a1d41d" "proxy-server 20" 0.0106 "-" 24 0
Feb 27 17:27:57 standalone proxy-server[129990]: 172.18.0.2 172.18.0.100 27/Feb/2026/17/27/57 PUT /v1/AUTH_15f500f17d33431487a9bf6c87cdb03e/gnocchi.7cf4d54b-f6d8-4bae-bfea-d1a38e8709a0/1771200000.0_mean_300.0_v3 HTTP/1.0 201 - python-swiftclient-3.11.1 gAAAAABpodN61as7... 16 - - tx905e9d10abc84dec841f9-0069a1d41d - 0.0161 - - 1772213277.528971195 1772213277.545068741 0
Feb 27 17:27:57 standalone container-server[128014]: 172.20.0.100 - - [27/Feb/2026:17:27:57 +0000] "PUT /d1/210/AUTH_15f500f17d33431487a9bf6c87cdb03e/gnocchi.0e5272ad-7434-4cf0-b0a5-f5dcc6ee43a0/none_v3" 201 - "PUT http://172.18.0.2:8080/d1/859/AUTH_15f500f17d33431487a9bf6c87cdb03e/gnocchi.0e5272ad-7434-4cf0-b0a5-f5dcc6ee43a0/none_v3" "txc7f2abd43f964381875e9-0069a1d41d" "object-server 22" 0.0007 "-" 20 0
Feb 27 17:27:57 standalone object-server[128150]: 172.20.0.100 - - [27/Feb/2026:17:27:57 +0000] "PUT /d1/859/AUTH_15f500f17d33431487a9bf6c87cdb03e/gnocchi.0e5272ad-7434-4cf0-b0a5-f5dcc6ee43a0/none_v3" 201 - "PUT http://172.18.0.2:8080/v1/AUTH_15f500f17d33431487a9bf6c87cdb03e/gnocchi.0e5272ad-7434-4cf0-b0a5-f5dcc6ee43a0/none_v3" "txc7f2abd43f964381875e9-0069a1d41d" "proxy-server 20" 0.0089 "-" 22 0
Feb 27 17:27:57 standalone proxy-server[129990]: 172.18.0.2 172.18.0.100 27/Feb/2026/17/27/57 PUT /v1/AUTH_15f500f17d33431487a9bf6c87cdb03e/gnocchi.0e5272ad-7434-4cf0-b0a5-f5dcc6ee43a0/none_v3 HTTP/1.0 201 - python-swiftclient-3.11.1 gAAAAABpodN61as7... 22 - - txc7f2abd43f964381875e9-0069a1d41d - 0.0138 - - 1772213277.550166130 1772213277.563933611 0
Feb 27 17:27:57 standalone container-server[128025]: 172.20.0.100 - - [27/Feb/2026:17:27:57 +0000] "PUT /d1/318/AUTH_15f500f17d33431487a9bf6c87cdb03e/gnocchi.7cf4d54b-f6d8-4bae-bfea-d1a38e8709a0/none_v3" 201 - "PUT http://172.18.0.2:8080/d1/555/AUTH_15f500f17d33431487a9bf6c87cdb03e/gnocchi.7cf4d54b-f6d8-4bae-bfea-d1a38e8709a0/none_v3" "tx4dc4777b7c1f4335a2204-0069a1d41d" "object-server 25" 0.0005 "-" 23 0
Feb 27 17:27:57 standalone object-server[128196]: 172.20.0.100 - - [27/Feb/2026:17:27:57 +0000] "PUT /d1/555/AUTH_15f500f17d33431487a9bf6c87cdb03e/gnocchi.7cf4d54b-f6d8-4bae-bfea-d1a38e8709a0/none_v3" 201 - "PUT http://172.18.0.2:8080/v1/AUTH_15f500f17d33431487a9bf6c87cdb03e/gnocchi.7cf4d54b-f6d8-4bae-bfea-d1a38e8709a0/none_v3" "tx4dc4777b7c1f4335a2204-0069a1d41d" "proxy-server 20" 0.0080 "-" 25 0
Feb 27 17:27:57 standalone proxy-server[129990]: 172.18.0.2 172.18.0.100 27/Feb/2026/17/27/57 PUT /v1/AUTH_15f500f17d33431487a9bf6c87cdb03e/gnocchi.7cf4d54b-f6d8-4bae-bfea-d1a38e8709a0/none_v3 HTTP/1.0 201 - python-swiftclient-3.11.1 gAAAAABpodN61as7... 22 - - tx4dc4777b7c1f4335a2204-0069a1d41d - 0.0130 - - 1772213277.567039251 1772213277.580041647 0
