Feb 27 17:27:55 standalone object-server[128156]: 172.20.0.100 - - [27/Feb/2026:17:27:55 +0000] "PUT /d1/947/AUTH_15f500f17d33431487a9bf6c87cdb03e/gnocchi.728c34c0-faeb-4db6-84ee-c0baeef8f75f/none_v3" 201 - "PUT http://172.18.0.2:8080/v1/AUTH_15f500f17d33431487a9bf6c87cdb03e/gnocchi.728c34c0-faeb-4db6-84ee-c0baeef8f75f/none_v3" "tx03c5f0d9e008421bb0878-0069a1d41b" "proxy-server 20" 0.0082 "-" 23 0
Feb 27 17:27:55 standalone proxy-server[129990]: 172.18.0.2 172.18.0.100 27/Feb/2026/17/27/55 PUT /v1/AUTH_15f500f17d33431487a9bf6c87cdb03e/gnocchi.728c34c0-faeb-4db6-84ee-c0baeef8f75f/none_v3 HTTP/1.0 201 - python-swiftclient-3.11.1 gAAAAABpodN61as7... 22 - - tx03c5f0d9e008421bb0878-0069a1d41b - 0.0138 - - 1772213275.587608814 1772213275.601380587 0
Feb 27 17:27:55 standalone container-server[128019]: 172.20.0.100 - - [27/Feb/2026:17:27:55 +0000] "HEAD /d1/836/AUTH_15f500f17d33431487a9bf6c87cdb03e/gnocchi.a7d96b17-ebdb-4e20-9ec5-1b6278838448" 404 - "HEAD http://172.18.0.2:8080/v1/AUTH_15f500f17d33431487a9bf6c87cdb03e/gnocchi.a7d96b17-ebdb-4e20-9ec5-1b6278838448?format=json&states=listing" "tx6b79bcfa7d3e43fa9d182-0069a1d41b" "proxy-server 20" 0.0003 "-" 21 0
Feb 27 17:27:55 standalone object-server[128150]: 172.20.0.100 - - [27/Feb/2026:17:27:55 +0000] "GET /d1/172/AUTH_15f500f17d33431487a9bf6c87cdb03e/gnocchi.a7d96b17-ebdb-4e20-9ec5-1b6278838448/none_v3" 404 70 "GET http://172.18.0.2:8080/v1/AUTH_15f500f17d33431487a9bf6c87cdb03e/gnocchi.a7d96b17-ebdb-4e20-9ec5-1b6278838448/none_v3" "tx6b79bcfa7d3e43fa9d182-0069a1d41b" "proxy-server 20" 0.0002 "-" 22 0
Feb 27 17:27:55 standalone proxy-server[129990]: 172.18.0.2 172.18.0.100 27/Feb/2026/17/27/55 GET /v1/AUTH_15f500f17d33431487a9bf6c87cdb03e/gnocchi.a7d96b17-ebdb-4e20-9ec5-1b6278838448/none_v3 HTTP/1.0 404 - python-swiftclient-3.11.1 gAAAAABpodN61as7... - 70 - tx6b79bcfa7d3e43fa9d182-0069a1d41b - 0.0084 - - 1772213275.612355471 1772213275.620710373 0
Feb 27 17:27:55 standalone account-server[128003]: 172.20.0.100 - - [27/Feb/2026:17:27:55 +0000] "PUT /d1/518/AUTH_15f500f17d33431487a9bf6c87cdb03e/gnocchi.a7d96b17-ebdb-4e20-9ec5-1b6278838448" 201 - "PUT http://172.20.0.100:6001/d1/836/AUTH_15f500f17d33431487a9bf6c87cdb03e/gnocchi.a7d96b17-ebdb-4e20-9ec5-1b6278838448" "tx28b7537ea6a0436c8e32f-0069a1d41b" "container-server 22" 0.0048 "-" 20 0
Feb 27 17:27:55 standalone container-server[128024]: 172.20.0.100 - - [27/Feb/2026:17:27:55 +0000] "PUT /d1/836/AUTH_15f500f17d33431487a9bf6c87cdb03e/gnocchi.a7d96b17-ebdb-4e20-9ec5-1b6278838448" 201 - "PUT http://172.18.0.2:8080/v1/AUTH_15f500f17d33431487a9bf6c87cdb03e/gnocchi.a7d96b17-ebdb-4e20-9ec5-1b6278838448" "tx28b7537ea6a0436c8e32f-0069a1d41b" "proxy-server 20" 0.0129 "-" 22 0
Feb 27 17:27:55 standalone proxy-server[129990]: 172.18.0.2 172.18.0.100 27/Feb/2026/17/27/55 PUT /v1/AUTH_15f500f17d33431487a9bf6c87cdb03e/gnocchi.a7d96b17-ebdb-4e20-9ec5-1b6278838448 HTTP/1.0 201 - python-swiftclient-3.11.1 gAAAAABpodN61as7... - - - tx28b7537ea6a0436c8e32f-0069a1d41b - 0.0177 - - 1772213275.623024225 1772213275.640715837 0
Feb 27 17:27:55 standalone container-server[128024]: 172.20.0.100 - - [27/Feb/2026:17:27:55 +0000] "HEAD /d1/836/AUTH_15f500f17d33431487a9bf6c87cdb03e/gnocchi.a7d96b17-ebdb-4e20-9ec5-1b6278838448" 204 - "HEAD http://172.18.0.2:8080/v1/AUTH_15f500f17d33431487a9bf6c87cdb03e/gnocchi.a7d96b17-ebdb-4e20-9ec5-1b6278838448?format=json&states=listing" "tx0c3b472cd8df47e4adc95-0069a1d41b" "proxy-server 20" 0.0010 "-" 22 0
Feb 27 17:27:55 standalone proxy-server[129990]: - - 27/Feb/2026/17/27/55 HEAD /v1/AUTH_15f500f17d33431487a9bf6c87cdb03e/gnocchi.a7d96b17-ebdb-4e20-9ec5-1b6278838448%3Fformat%3Djson%26states%3Dlisting HTTP/1.0 204 - Swift - - - - tx0c3b472cd8df47e4adc95-0069a1d41b - 0.0038 RL - 1772213275.644842148 1772213275.648600817 0
Feb 27 17:27:55 standalone container-server[128024]: 172.20.0.100 - - [27/Feb/2026:17:27:55 +0000] "GET /d1/836/AUTH_15f500f17d33431487a9bf6c87cdb03e/gnocchi.a7d96b17-ebdb-4e20-9ec5-1b6278838448" 200 2 "GET http://172.18.0.2:8080/v1/AUTH_15f500f17d33431487a9bf6c87cdb03e/gnocchi.a7d96b17-ebdb-4e20-9ec5-1b6278838448?format=json&states=listing" "tx0c3b472cd8df47e4adc95-0069a1d41b" "proxy-server 20" 0.0013 "-" 22 0
Feb 27 17:27:55 standalone proxy-server[129990]: 172.18.0.2 172.18.0.100 27/Feb/2026/17/27/55 GET /v1/AUTH_15f500f17d33431487a9bf6c87cdb03e/gnocchi.a7d96b17-ebdb-4e20-9ec5-1b6278838448%3Fformat%3Djson%26states%3Dlisting HTTP/1.0 200 - python-swiftclient-3.11.1 gAAAAABpodN61as7... - 2 - tx0c3b472cd8df47e4adc95-0069a1d41b - 0.0112 - - 1772213275.643769503 1772213275.655008554 0
Feb 27 17:27:55 standalone object-server[128150]: 172.20.0.100 - - [27/Feb/2026:17:27:55 +0000] "GET /d1/121/AUTH_15f500f17d33431487a9bf6c87cdb03e/gnocchi.a7d96b17-ebdb-4e20-9ec5-1b6278838448/1771200000.0_mean_300.0_v3" 404 70 "GET http://172.18.0.2:8080/v1/AUTH_15f500f17d33431487a9bf6c87cdb03e/gnocchi.a7d96b17-ebdb-4e20-9ec5-1b6278838448/1771200000.0_mean_300.0_v3" "txd8b7f1e362fe4747b6bbe-0069a1d41b" "proxy-server 20" 0.0005 "-" 22 0
Feb 27 17:27:55 standalone proxy-server[129990]: 172.18.0.2 172.18.0.100 27/Feb/2026/17/27/55 GET /v1/AUTH_15f500f17d33431487a9bf6c87cdb03e/gnocchi.a7d96b17-ebdb-4e20-9ec5-1b6278838448/1771200000.0_mean_300.0_v3 HTTP/1.0 404 - python-swiftclient-3.11.1 gAAAAABpodN61as7... - 70 - txd8b7f1e362fe4747b6bbe-0069a1d41b - 0.0057 - - 1772213275.657928944 1772213275.663614035 0
Feb 27 17:27:55 standalone container-server[128019]: 172.20.0.100 - - [27/Feb/2026:17:27:55 +0000] "PUT /d1/836/AUTH_15f500f17d33431487a9bf6c87cdb03e/gnocchi.a7d96b17-ebdb-4e20-9ec5-1b6278838448/1771200000.0_mean_300.0_v3" 201 - "PUT http://172.18.0.2:8080/d1/121/AUTH_15f500f17d33431487a9bf6c87cdb03e/gnocchi.a7d96b17-ebdb-4e20-9ec5-1b6278838448/1771200000.0_mean_300.0_v3" "tx16c5b8dce8eb409c8cb84-0069a1d41b" "object-server 23" 0.0007 "-" 21 0
Feb 27 17:27:55 standalone object-server[128156]: 172.20.0.100 - - [27/Feb/2026:17:27:55 +0000] "PUT /d1/121/AUTH_15f500f17d33431487a9bf6c87cdb03e/gnocchi.a7d96b17-ebdb-4e20-9ec5-1b6278838448/1771200000.0_mean_300.0_v3" 201 - "PUT http://172.18.0.2:8080/v1/AUTH_15f500f17d33431487a9bf6c87cdb03e/gnocchi.a7d96b17-ebdb-4e20-9ec5-1b6278838448/1771200000.0_mean_300.0_v3" "tx16c5b8dce8eb409c8cb84-0069a1d41b" "proxy-server 20" 0.0099 "-" 23 0
Feb 27 17:27:55 standalone proxy-server[129990]: 172.18.0.2 172.18.0.100 27/Feb/2026/17/27/55 PUT /v1/AUTH_15f500f17d33431487a9bf6c87cdb03e/gnocchi.a7d96b17-ebdb-4e20-9ec5-1b6278838448/1771200000.0_mean_300.0_v3 HTTP/1.0 201 - python-swiftclient-3.11.1 gAAAAABpodN61as7... 16 - - tx16c5b8dce8eb409c8cb84-0069a1d41b - 0.0155 - - 1772213275.666016340 1772213275.681520939 0
Feb 27 17:27:55 standalone container-server[128025]: 172.20.0.100 - - [27/Feb/2026:17:27:55 +0000] "PUT /d1/836/AUTH_15f500f17d33431487a9bf6c87cdb03e/gnocchi.a7d96b17-ebdb-4e20-9ec5-1b6278838448/none_v3" 201 - "PUT http://172.18.0.2:8080/d1/172/AUTH_15f500f17d33431487a9bf6c87cdb03e/gnocchi.a7d96b17-ebdb-4e20-9ec5-1b6278838448/none_v3" "tx9f10891ab96a4ca9874be-0069a1d41b" "object-server 23" 0.0006 "-" 23 0
Feb 27 17:27:55 standalone object-server[128156]: 172.20.0.100 - - [27/Feb/2026:17:27:55 +0000] "PUT /d1/172/AUTH_15f500f17d33431487a9bf6c87cdb03e/gnocchi.a7d96b17-ebdb-4e20-9ec5-1b6278838448/none_v3" 201 - "PUT http://172.18.0.2:8080/v1/AUTH_15f500f17d33431487a9bf6c87cdb03e/gnocchi.a7d96b17-ebdb-4e20-9ec5-1b6278838448/none_v3" "tx9f10891ab96a4ca9874be-0069a1d41b" "proxy-server 20" 0.0141 "-" 23 0
Feb 27 17:27:55 standalone proxy-server[129990]: 172.18.0.2 172.18.0.100 27/Feb/2026/17/27/55 PUT /v1/AUTH_15f500f17d33431487a9bf6c87cdb03e/gnocchi.a7d96b17-ebdb-4e20-9ec5-1b6278838448/none_v3 HTTP/1.0 201 - python-swiftclient-3.11.1 gAAAAABpodN61as7... 22 - - tx9f10891ab96a4ca9874be-0069a1d41b - 0.0200 - - 1772213275.684142590 1772213275.704161882 0
Feb 27 17:27:55 standalone container-server[128019]: 172.20.0.100 - - [27/Feb/2026:17:27:55 +0000] "HEAD /d1/99/AUTH_15f500f17d33431487a9bf6c87cdb03e/gnocchi.f212da29-a51f-4af2-9611-ce5f800d32a8" 404 - "HEAD http://172.18.0.2:8080/v1/AUTH_15f500f17d33431487a9bf6c87cdb03e/gnocchi.f212da29-a51f-4af2-9611-ce5f800d32a8?format=json&states=listing" "tx66726b984fbb4214a699c-0069a1d41b" "proxy-server 20" 0.0003 "-" 21 0
Feb 27 17:27:55 standalone object-server[128150]: 172.20.0.100 - - [27/Feb/2026:17:27:55 +0000] "GET /d1/665/AUTH_15f500f17d33431487a9bf6c87cdb03e/gnocchi.f212da29-a51f-4af2-9611-ce5f800d32a8/none_v3" 404 70 "GET http://172.18.0.2:8080/v1/AUTH_15f500f17d33431487a9bf6c87cdb03e/gnocchi.f212da29-a51f-4af2-9611-ce5f800d32a8/none_v3" "tx66726b984fbb4214a699c-0069a1d41b" "proxy-server 20" 0.0006 "-" 22 0
Feb 27 17:27:55 standalone proxy-server[129990]: 172.18.0.2 172.18.0.100 27/Feb/2026/17/27/55 GET /v1/AUTH_15f500f17d33431487a9bf6c87cdb03e/gnocchi.f212da29-a51f-4af2-9611-ce5f800d32a8/none_v3 HTTP/1.0 404 - python-swiftclient-3.11.1 gAAAAABpodN61as7... - 70 - tx66726b984fbb4214a699c-0069a1d41b - 0.0157 - - 1772213275.715559006 1772213275.731248140 0
Feb 27 17:27:55 standalone account-server[128009]: 172.20.0.100 - - [27/Feb/2026:17:27:55 +0000] "PUT /d1/518/AUTH_15f500f17d33431487a9bf6c87cdb03e/gnocchi.f212da29-a51f-4af2-9611-ce5f800d32a8" 201 - "PUT http://172.20.0.100:6001/d1/99/AUTH_15f500f17d33431487a9bf6c87cdb03e/gnocchi.f212da29-a51f-4af2-9611-ce5f800d32a8" "txf8bec4e66a3941aba2f92-0069a1d41b" "container-server 23" 0.0042 "-" 22 0
Feb 27 17:27:55 standalone container-server[128025]: 172.20.0.100 - - [27/Feb/2026:17:27:55 +0000] "PUT /d1/99/AUTH_15f500f17d33431487a9bf6c87cdb03e/gnocchi.f212da29-a51f-4af2-9611-ce5f800d32a8" 201 - "PUT http://172.18.0.2:8080/v1/AUTH_15f500f17d33431487a9bf6c87cdb03e/gnocchi.f212da29-a51f-4af2-9611-ce5f800d32a8" "txf8bec4e66a3941aba2f92-0069a1d41b" "proxy-server 20" 0.0165 "-" 23 0
Feb 27 17:27:55 standalone proxy-server[129990]: 172.18.0.2 172.18.0.100 27/Feb/2026/17/27/55 PUT /v1/AUTH_15f500f17d33431487a9bf6c87cdb03e/gnocchi.f212da29-a51f-4af2-9611-ce5f800d32a8 HTTP/1.0 201 - python-swiftclient-3.11.1 gAAAAABpodN61as7... - - - txf8bec4e66a3941aba2f92-0069a1d41b - 0.0228 - - 1772213275.736774921 1772213275.759613037 0
Feb 27 17:27:55 standalone container-server[128024]: 172.20.0.100 - - [27/Feb/2026:17:27:55 +0000] "HEAD /d1/99/AUTH_15f500f17d33431487a9bf6c87cdb03e/gnocchi.f212da29-a51f-4af2-9611-ce5f800d32a8" 204 - "HEAD http://172.18.0.2:8080/v1/AUTH_15f500f17d33431487a9bf6c87cdb03e/gnocchi.f212da29-a51f-4af2-9611-ce5f800d32a8?format=json&states=listing" "tx97e611bbeebf48a484749-0069a1d41b" "proxy-server 20" 0.0012 "-" 22 0
Feb 27 17:27:55 standalone proxy-server[129990]: - - 27/Feb/2026/17/27/55 HEAD /v1/AUTH_15f500f17d33431487a9bf6c87cdb03e/gnocchi.f212da29-a51f-4af2-9611-ce5f800d32a8%3Fformat%3Djson%26states%3Dlisting HTTP/1.0 204 - Swift - - - - tx97e611bbeebf48a484749-0069a1d41b - 0.0043 RL - 1772213275.765274048 1772213275.769527197 0
Feb 27 17:27:55 standalone container-server[128024]: 172.20.0.100 - - [27/Feb/2026:17:27:55 +0000] "GET /d1/99/AUTH_15f500f17d33431487a9bf6c87cdb03e/gnocchi.f212da29-a51f-4af2-9611-ce5f800d32a8" 200 2 "GET http://172.18.0.2:8080/v1/AUTH_15f500f17d33431487a9bf6c87cdb03e/gnocchi.f212da29-a51f-4af2-9611-ce5f800d32a8?format=json&states=listing" "tx97e611bbeebf48a484749-0069a1d41b" "proxy-server 20" 0.0042 "-" 22 0
Feb 27 17:27:55 standalone proxy-server[129990]: 172.18.0.2 172.18.0.100 27/Feb/2026/17/27/55 GET /v1/AUTH_15f500f17d33431487a9bf6c87cdb03e/gnocchi.f212da29-a51f-4af2-9611-ce5f800d32a8%3Fformat%3Djson%26states%3Dlisting HTTP/1.0 200 - python-swiftclient-3.11.1 gAAAAABpodN61as7... - 2 - tx97e611bbeebf48a484749-0069a1d41b - 0.0175 - - 1772213275.764183760 1772213275.781638145 0
Feb 27 17:27:55 standalone object-server[128150]: 172.20.0.100 - - [27/Feb/2026:17:27:55 +0000] "GET /d1/3/AUTH_15f500f17d33431487a9bf6c87cdb03e/gnocchi.f212da29-a51f-4af2-9611-ce5f800d32a8/1771200000.0_mean_300.0_v3" 404 70 "GET http://172.18.0.2:8080/v1/AUTH_15f500f17d33431487a9bf6c87cdb03e/gnocchi.f212da29-a51f-4af2-9611-ce5f800d32a8/1771200000.0_mean_300.0_v3" "txd15e170e65654f28a1d9e-0069a1d41b" "proxy-server 20" 0.0004 "-" 22 0
Feb 27 17:27:55 standalone proxy-server[129990]: 172.18.0.2 172.18.0.100 27/Feb/2026/17/27/55 GET /v1/AUTH_15f500f17d33431487a9bf6c87cdb03e/gnocchi.f212da29-a51f-4af2-9611-ce5f800d32a8/1771200000.0_mean_300.0_v3 HTTP/1.0 404 - python-swiftclient-3.11.1 gAAAAABpodN61as7... - 70 - txd15e170e65654f28a1d9e-0069a1d41b - 0.0066 - - 1772213275.785744190 1772213275.792362690 0
Feb 27 17:27:55 standalone container-server[128019]: 172.20.0.100 - - [27/Feb/2026:17:27:55 +0000] "PUT /d1/99/AUTH_15f500f17d33431487a9bf6c87cdb03e/gnocchi.f212da29-a51f-4af2-9611-ce5f800d32a8/1771200000.0_mean_300.0_v3" 201 - "PUT http://172.18.0.2:8080/d1/3/AUTH_15f500f17d33431487a9bf6c87cdb03e/gnocchi.f212da29-a51f-4af2-9611-ce5f800d32a8/1771200000.0_mean_300.0_v3" "txb474895c2a9846d5af28e-0069a1d41b" "object-server 24" 0.0007 "-" 21 0
Feb 27 17:27:55 standalone object-server[128169]: 172.20.0.100 - - [27/Feb/2026:17:27:55 +0000] "PUT /d1/3/AUTH_15f500f17d33431487a9bf6c87cdb03e/gnocchi.f212da29-a51f-4af2-9611-ce5f800d32a8/1771200000.0_mean_300.0_v3" 201 - "PUT http://172.18.0.2:8080/v1/AUTH_15f500f17d33431487a9bf6c87cdb03e/gnocchi.f212da29-a51f-4af2-9611-ce5f800d32a8/1771200000.0_mean_300.0_v3" "txb474895c2a9846d5af28e-0069a1d41b" "proxy-server 20" 0.0131 "-" 24 0
Feb 27 17:27:55 standalone proxy-server[129990]: 172.18.0.2 172.18.0.100 27/Feb/2026/17/27/55 PUT /v1/AUTH_15f500f17d33431487a9bf6c87cdb03e/gnocchi.f212da29-a51f-4af2-9611-ce5f800d32a8/1771200000.0_mean_300.0_v3 HTTP/1.0 201 - python-swiftclient-3.11.1 gAAAAABpodN61as7... 16 - - txb474895c2a9846d5af28e-0069a1d41b - 0.0201 - - 1772213275.795457125 1772213275.815508842 0
Feb 27 17:27:55 standalone container-server[128024]: 172.20.0.100 - - [27/Feb/2026:17:27:55 +0000] "PUT /d1/99/AUTH_15f500f17d33431487a9bf6c87cdb03e/gnocchi.f212da29-a51f-4af2-9611-ce5f800d32a8/none_v3" 201 - "PUT http://172.18.0.2:8080/d1/665/AUTH_15f500f17d33431487a9bf6c87cdb03e/gnocchi.f212da29-a51f-4af2-9611-ce5f800d32a8/none_v3" "txd880a9f813ae483fad9e8-0069a1d41b" "object-server 25" 0.0008 "-" 22 0
Feb 27 17:27:55 standalone object-server[128196]: 172.20.0.100 - - [27/Feb/2026:17:27:55 +0000] "PUT /d1/665/AUTH_15f500f17d33431487a9bf6c87cdb03e/gnocchi.f212da29-a51f-4af2-9611-ce5f800d32a8/none_v3" 201 - "PUT http://172.18.0.2:8080/v1/AUTH_15f500f17d33431487a9bf6c87cdb03e/gnocchi.f212da29-a51f-4af2-9611-ce5f800d32a8/none_v3" "txd880a9f813ae483fad9e8-0069a1d41b" "proxy-server 20" 0.0118 "-" 25 0
Feb 27 17:27:55 standalone proxy-server[129990]: 172.18.0.2 172.18.0.100 27/Feb/2026/17/27/55 PUT /v1/AUTH_15f500f17d33431487a9bf6c87cdb03e/gnocchi.f212da29-a51f-4af2-9611-ce5f800d32a8/none_v3 HTTP/1.0 201 - python-swiftclient-3.11.1 gAAAAABpodN61as7... 22 - - txd880a9f813ae483fad9e8-0069a1d41b - 0.0182 - - 1772213275.819010496 1772213275.837225676 0
Feb 27 17:27:55 standalone container-server[128025]: 172.20.0.100 - - [27/Feb/2026:17:27:55 +0000] "HEAD /d1/20/AUTH_15f500f17d33431487a9bf6c87cdb03e/gnocchi.787771d4-adc0-4d9d-adc7-1fe71432b2a9" 404 - "HEAD http://172.18.0.2:8080/v1/AUTH_15f500f17d33431487a9bf6c87cdb03e/gnocchi.787771d4-adc0-4d9d-adc7-1fe71432b2a9?format=json&states=listing" "txd2cf0d71ee1542a48bfb0-0069a1d41b" "proxy-server 20" 0.0005 "-" 23 0
Feb 27 17:27:55 standalone object-server[128150]: 172.20.0.100 - - [27/Feb/2026:17:27:55 +0000] "GET /d1/930/AUTH_15f500f17d33431487a9bf6c87cdb03e/gnocchi.787771d4-adc0-4d9d-adc7-1fe71432b2a9/none_v3" 404 70 "GET http://172.18.0.2:8080/v1/AUTH_15f500f17d33431487a9bf6c87cdb03e/gnocchi.787771d4-adc0-4d9d-adc7-1fe71432b2a9/none_v3" "txd2cf0d71ee1542a48bfb0-0069a1d41b" "proxy-server 20" 0.0005 "-" 22 0
Feb 27 17:27:55 standalone proxy-server[129990]: 172.18.0.2 172.18.0.100 27/Feb/2026/17/27/55 GET /v1/AUTH_15f500f17d33431487a9bf6c87cdb03e/gnocchi.787771d4-adc0-4d9d-adc7-1fe71432b2a9/none_v3 HTTP/1.0 404 - python-swiftclient-3.11.1 gAAAAABpodN61as7... - 70 - txd2cf0d71ee1542a48bfb0-0069a1d41b - 0.0139 - - 1772213275.849063873 1772213275.862988949 0
Feb 27 17:27:55 standalone account-server[128012]: 172.20.0.100 - - [27/Feb/2026:17:27:55 +0000] "PUT /d1/518/AUTH_15f500f17d33431487a9bf6c87cdb03e/gnocchi.787771d4-adc0-4d9d-adc7-1fe71432b2a9" 201 - "PUT http://172.20.0.100:6001/d1/20/AUTH_15f500f17d33431487a9bf6c87cdb03e/gnocchi.787771d4-adc0-4d9d-adc7-1fe71432b2a9" "tx82b65378af9940ed82f8d-0069a1d41b" "container-server 22" 0.0070 "-" 23 0
Feb 27 17:27:55 standalone container-server[128024]: 172.20.0.100 - - [27/Feb/2026:17:27:55 +0000] "PUT /d1/20/AUTH_15f500f17d33431487a9bf6c87cdb03e/gnocchi.787771d4-adc0-4d9d-adc7-1fe71432b2a9" 201 - "PUT http://172.18.0.2:8080/v1/AUTH_15f500f17d33431487a9bf6c87cdb03e/gnocchi.787771d4-adc0-4d9d-adc7-1fe71432b2a9" "tx82b65378af9940ed82f8d-0069a1d41b" "proxy-server 20" 0.0197 "-" 22 0
Feb 27 17:27:55 standalone proxy-server[129990]: 172.18.0.2 172.18.0.100 27/Feb/2026/17/27/55 PUT /v1/AUTH_15f500f17d33431487a9bf6c87cdb03e/gnocchi.787771d4-adc0-4d9d-adc7-1fe71432b2a9 HTTP/1.0 201 - python-swiftclient-3.11.1 gAAAAABpodN61as7... - - - tx82b65378af9940ed82f8d-0069a1d41b - 0.0276 - - 1772213275.866833448 1772213275.894423723 0
Feb 27 17:27:55 standalone container-server[128025]: 172.20.0.100 - - [27/Feb/2026:17:27:55 +0000] "HEAD /d1/20/AUTH_15f500f17d33431487a9bf6c87cdb03e/gnocchi.787771d4-adc0-4d9d-adc7-1fe71432b2a9" 204 - "HEAD http://172.18.0.2:8080/v1/AUTH_15f500f17d33431487a9bf6c87cdb03e/gnocchi.787771d4-adc0-4d9d-adc7-1fe71432b2a9?format=json&states=listing" "tx0a0c5d2197c746c3bf983-0069a1d41b" "proxy-server 20" 0.0023 "-" 23 0
Feb 27 17:27:55 standalone proxy-server[129990]: - - 27/Feb/2026/17/27/55 HEAD /v1/AUTH_15f500f17d33431487a9bf6c87cdb03e/gnocchi.787771d4-adc0-4d9d-adc7-1fe71432b2a9%3Fformat%3Djson%26states%3Dlisting HTTP/1.0 204 - Swift - - - - tx0a0c5d2197c746c3bf983-0069a1d41b - 0.0076 RL - 1772213275.901443958 1772213275.909034014 0
Feb 27 17:27:55 standalone container-server[128014]: 172.20.0.100 - - [27/Feb/2026:17:27:55 +0000] "GET /d1/20/AUTH_15f500f17d33431487a9bf6c87cdb03e/gnocchi.787771d4-adc0-4d9d-adc7-1fe71432b2a9" 200 2 "GET http://172.18.0.2:8080/v1/AUTH_15f500f17d33431487a9bf6c87cdb03e/gnocchi.787771d4-adc0-4d9d-adc7-1fe71432b2a9?format=json&states=listing" "tx0a0c5d2197c746c3bf983-0069a1d41b" "proxy-server 20" 0.0035 "-" 20 0
Feb 27 17:27:55 standalone proxy-server[129990]: 172.18.0.2 172.18.0.100 27/Feb/2026/17/27/55 GET /v1/AUTH_15f500f17d33431487a9bf6c87cdb03e/gnocchi.787771d4-adc0-4d9d-adc7-1fe71432b2a9%3Fformat%3Djson%26states%3Dlisting HTTP/1.0 200 - python-swiftclient-3.11.1 gAAAAABpodN61as7... - 2 - tx0a0c5d2197c746c3bf983-0069a1d41b - 0.0223 - - 1772213275.899665833 1772213275.921958208 0
Feb 27 17:27:55 standalone object-server[128169]: 172.20.0.100 - - [27/Feb/2026:17:27:55 +0000] "GET /d1/611/AUTH_15f500f17d33431487a9bf6c87cdb03e/gnocchi.787771d4-adc0-4d9d-adc7-1fe71432b2a9/1771200000.0_mean_300.0_v3" 404 70 "GET http://172.18.0.2:8080/v1/AUTH_15f500f17d33431487a9bf6c87cdb03e/gnocchi.787771d4-adc0-4d9d-adc7-1fe71432b2a9/1771200000.0_mean_300.0_v3" "tx7f38762af3814b6a9f6eb-0069a1d41b" "proxy-server 20" 0.0004 "-" 24 0
Feb 27 17:27:55 standalone proxy-server[129990]: 172.18.0.2 172.18.0.100 27/Feb/2026/17/27/55 GET /v1/AUTH_15f500f17d33431487a9bf6c87cdb03e/gnocchi.787771d4-adc0-4d9d-adc7-1fe71432b2a9/1771200000.0_mean_300.0_v3 HTTP/1.0 404 - python-swiftclient-3.11.1 gAAAAABpodN61as7... - 70 - tx7f38762af3814b6a9f6eb-0069a1d41b - 0.0080 - - 1772213275.929150581 1772213275.937105417 0
Feb 27 17:27:55 standalone container-server[128025]: 172.20.0.100 - - [27/Feb/2026:17:27:55 +0000] "PUT /d1/20/AUTH_15f500f17d33431487a9bf6c87cdb03e/gnocchi.787771d4-adc0-4d9d-adc7-1fe71432b2a9/1771200000.0_mean_300.0_v3" 201 - "PUT http://172.18.0.2:8080/d1/611/AUTH_15f500f17d33431487a9bf6c87cdb03e/gnocchi.787771d4-adc0-4d9d-adc7-1fe71432b2a9/1771200000.0_mean_300.0_v3" "txaad04b06b62543aeab800-0069a1d41b" "object-server 23" 0.0005 "-" 23 0
Feb 27 17:27:55 standalone object-server[128156]: 172.20.0.100 - - [27/Feb/2026:17:27:55 +0000] "PUT /d1/611/AUTH_15f500f17d33431487a9bf6c87cdb03e/gnocchi.787771d4-adc0-4d9d-adc7-1fe71432b2a9/1771200000.0_mean_300.0_v3" 201 - "PUT http://172.18.0.2:8080/v1/AUTH_15f500f17d33431487a9bf6c87cdb03e/gnocchi.787771d4-adc0-4d9d-adc7-1fe71432b2a9/1771200000.0_mean_300.0_v3" "txaad04b06b62543aeab800-0069a1d41b" "proxy-server 20" 0.0110 "-" 23 0
Feb 27 17:27:55 standalone proxy-server[129990]: 172.18.0.2 172.18.0.100 27/Feb/2026/17/27/55 PUT /v1/AUTH_15f500f17d33431487a9bf6c87cdb03e/gnocchi.787771d4-adc0-4d9d-adc7-1fe71432b2a9/1771200000.0_mean_300.0_v3 HTTP/1.0 201 - python-swiftclient-3.11.1 gAAAAABpodN61as7... 16 - - txaad04b06b62543aeab800-0069a1d41b - 0.0207 - - 1772213275.941808939 1772213275.962538481 0
Feb 27 17:27:55 standalone container-server[128014]: 172.20.0.100 - - [27/Feb/2026:17:27:55 +0000] "PUT /d1/20/AUTH_15f500f17d33431487a9bf6c87cdb03e/gnocchi.787771d4-adc0-4d9d-adc7-1fe71432b2a9/none_v3" 201 - "PUT http://172.18.0.2:8080/d1/930/AUTH_15f500f17d33431487a9bf6c87cdb03e/gnocchi.787771d4-adc0-4d9d-adc7-1fe71432b2a9/none_v3" "tx42e293bff15444da8dfe1-0069a1d41b" "object-server 23" 0.0008 "-" 20 0
Feb 27 17:27:55 standalone object-server[128156]: 172.20.0.100 - - [27/Feb/2026:17:27:55 +0000] "PUT /d1/930/AUTH_15f500f17d33431487a9bf6c87cdb03e/gnocchi.787771d4-adc0-4d9d-adc7-1fe71432b2a9/none_v3" 201 - "PUT http://172.18.0.2:8080/v1/AUTH_15f500f17d33431487a9bf6c87cdb03e/gnocchi.787771d4-adc0-4d9d-adc7-1fe71432b2a9/none_v3" "tx42e293bff15444da8dfe1-0069a1d41b" "proxy-server 20" 0.0127 "-" 23 0
Feb 27 17:27:55 standalone proxy-server[129990]: 172.18.0.2 172.18.0.100 27/Feb/2026/17/27/55 PUT /v1/AUTH_15f500f17d33431487a9bf6c87cdb03e/gnocchi.787771d4-adc0-4d9d-adc7-1fe71432b2a9/none_v3 HTTP/1.0 201 - python-swiftclient-3.11.1 gAAAAABpodN61as7... 22 - - tx42e293bff15444da8dfe1-0069a1d41b - 0.0225 - - 1772213275.966883659 1772213275.989422798 0
Feb 27 17:27:56 standalone container-server[128025]: 172.20.0.100 - - [27/Feb/2026:17:27:56 +0000] "HEAD /d1/876/AUTH_15f500f17d33431487a9bf6c87cdb03e/gnocchi.b1c3e06c-ea6f-405b-a8f3-c39d9ffc697b" 404 - "HEAD http://172.18.0.2:8080/v1/AUTH_15f500f17d33431487a9bf6c87cdb03e/gnocchi.b1c3e06c-ea6f-405b-a8f3-c39d9ffc697b?format=json&states=listing" "tx36c3ebc344bf4bcf96ec3-0069a1d41c" "proxy-server 20" 0.0006 "-" 23 0
Feb 27 17:27:56 standalone object-server[128156]: 172.20.0.100 - - [27/Feb/2026:17:27:56 +0000] "GET /d1/23/AUTH_15f500f17d33431487a9bf6c87cdb03e/gnocchi.b1c3e06c-ea6f-405b-a8f3-c39d9ffc697b/none_v3" 404 70 "GET http://172.18.0.2:8080/v1/AUTH_15f500f17d33431487a9bf6c87cdb03e/gnocchi.b1c3e06c-ea6f-405b-a8f3-c39d9ffc697b/none_v3" "tx36c3ebc344bf4bcf96ec3-0069a1d41c" "proxy-server 20" 0.0004 "-" 23 0
Feb 27 17:27:56 standalone proxy-server[129990]: 172.18.0.2 172.18.0.100 27/Feb/2026/17/27/56 GET /v1/AUTH_15f500f17d33431487a9bf6c87cdb03e/gnocchi.b1c3e06c-ea6f-405b-a8f3-c39d9ffc697b/none_v3 HTTP/1.0 404 - python-swiftclient-3.11.1 gAAAAABpodN61as7... - 70 - tx36c3ebc344bf4bcf96ec3-0069a1d41c - 0.0195 - - 1772213276.002735853 1772213276.022241116 0
Feb 27 17:27:56 standalone account-server[128012]: 172.20.0.100 - - [27/Feb/2026:17:27:56 +0000] "PUT /d1/518/AUTH_15f500f17d33431487a9bf6c87cdb03e/gnocchi.b1c3e06c-ea6f-405b-a8f3-c39d9ffc697b" 201 - "PUT http://172.20.0.100:6001/d1/876/AUTH_15f500f17d33431487a9bf6c87cdb03e/gnocchi.b1c3e06c-ea6f-405b-a8f3-c39d9ffc697b" "txaa40b730893740b194712-0069a1d41c" "container-server 21" 0.0066 "-" 23 0
Feb 27 17:27:56 standalone container-server[128019]: 172.20.0.100 - - [27/Feb/2026:17:27:56 +0000] "PUT /d1/876/AUTH_15f500f17d33431487a9bf6c87cdb03e/gnocchi.b1c3e06c-ea6f-405b-a8f3-c39d9ffc697b" 201 - "PUT http://172.18.0.2:8080/v1/AUTH_15f500f17d33431487a9bf6c87cdb03e/gnocchi.b1c3e06c-ea6f-405b-a8f3-c39d9ffc697b" "txaa40b730893740b194712-0069a1d41c" "proxy-server 20" 0.0154 "-" 21 0
Feb 27 17:27:56 standalone proxy-server[129990]: 172.18.0.2 172.18.0.100 27/Feb/2026/17/27/56 PUT /v1/AUTH_15f500f17d33431487a9bf6c87cdb03e/gnocchi.b1c3e06c-ea6f-405b-a8f3-c39d9ffc697b HTTP/1.0 201 - python-swiftclient-3.11.1 gAAAAABpodN61as7... - - - txaa40b730893740b194712-0069a1d41c - 0.0216 - - 1772213276.027020693 1772213276.048602104 0
Feb 27 17:27:56 standalone container-server[128019]: 172.20.0.100 - - [27/Feb/2026:17:27:56 +0000] "HEAD /d1/876/AUTH_15f500f17d33431487a9bf6c87cdb03e/gnocchi.b1c3e06c-ea6f-405b-a8f3-c39d9ffc697b" 204 - "HEAD http://172.18.0.2:8080/v1/AUTH_15f500f17d33431487a9bf6c87cdb03e/gnocchi.b1c3e06c-ea6f-405b-a8f3-c39d9ffc697b?format=json&states=listing" "txdda32a404f0b4a809a177-0069a1d41c" "proxy-server 20" 0.0009 "-" 21 0
Feb 27 17:27:56 standalone proxy-server[129990]: - - 27/Feb/2026/17/27/56 HEAD /v1/AUTH_15f500f17d33431487a9bf6c87cdb03e/gnocchi.b1c3e06c-ea6f-405b-a8f3-c39d9ffc697b%3Fformat%3Djson%26states%3Dlisting HTTP/1.0 204 - Swift - - - - txdda32a404f0b4a809a177-0069a1d41c - 0.0045 RL - 1772213276.056755543 1772213276.061217308 0
Feb 27 17:27:56 standalone container-server[128024]: 172.20.0.100 - - [27/Feb/2026:17:27:56 +0000] "GET /d1/876/AUTH_15f500f17d33431487a9bf6c87cdb03e/gnocchi.b1c3e06c-ea6f-405b-a8f3-c39d9ffc697b" 200 2 "GET http://172.18.0.2:8080/v1/AUTH_15f500f17d33431487a9bf6c87cdb03e/gnocchi.b1c3e06c-ea6f-405b-a8f3-c39d9ffc697b?format=json&states=listing" "txdda32a404f0b4a809a177-0069a1d41c" "proxy-server 20" 0.0051 "-" 22 0
Feb 27 17:27:56 standalone proxy-server[129990]: 172.18.0.2 172.18.0.100 27/Feb/2026/17/27/56 GET /v1/AUTH_15f500f17d33431487a9bf6c87cdb03e/gnocchi.b1c3e06c-ea6f-405b-a8f3-c39d9ffc697b%3Fformat%3Djson%26states%3Dlisting HTTP/1.0 200 - python-swiftclient-3.11.1 gAAAAABpodN61as7... - 2 - txdda32a404f0b4a809a177-0069a1d41c - 0.0240 - - 1772213276.055045605 1772213276.079075575 0
Feb 27 17:27:56 standalone object-server[128196]: 172.20.0.100 - - [27/Feb/2026:17:27:56 +0000] "GET /d1/860/AUTH_15f500f17d33431487a9bf6c87cdb03e/gnocchi.b1c3e06c-ea6f-405b-a8f3-c39d9ffc697b/1771200000.0_mean_300.0_v3" 404 70 "GET http://172.18.0.2:8080/v1/AUTH_15f500f17d33431487a9bf6c87cdb03e/gnocchi.b1c3e06c-ea6f-405b-a8f3-c39d9ffc697b/1771200000.0_mean_300.0_v3" "tx65a089d782d74c1a9f32c-0069a1d41c" "proxy-server 20" 0.0005 "-" 25 0
Feb 27 17:27:56 standalone proxy-server[129990]: 172.18.0.2 172.18.0.100 27/Feb/2026/17/27/56 GET /v1/AUTH_15f500f17d33431487a9bf6c87cdb03e/gnocchi.b1c3e06c-ea6f-405b-a8f3-c39d9ffc697b/1771200000.0_mean_300.0_v3 HTTP/1.0 404 - python-swiftclient-3.11.1 gAAAAABpodN61as7... - 70 - tx65a089d782d74c1a9f32c-0069a1d41c - 0.0113 - - 1772213276.085186481 1772213276.096474409 0
Feb 27 17:27:56 standalone container-server[128019]: 172.20.0.100 - - [27/Feb/2026:17:27:56 +0000] "PUT /d1/876/AUTH_15f500f17d33431487a9bf6c87cdb03e/gnocchi.b1c3e06c-ea6f-405b-a8f3-c39d9ffc697b/1771200000.0_mean_300.0_v3" 201 - "PUT http://172.18.0.2:8080/d1/860/AUTH_15f500f17d33431487a9bf6c87cdb03e/gnocchi.b1c3e06c-ea6f-405b-a8f3-c39d9ffc697b/1771200000.0_mean_300.0_v3" "tx2f41a060b066417dbc7a9-0069a1d41c" "object-server 25" 0.0006 "-" 21 0
Feb 27 17:27:56 standalone object-server[128196]: 172.20.0.100 - - [27/Feb/2026:17:27:56 +0000] "PUT /d1/860/AUTH_15f500f17d33431487a9bf6c87cdb03e/gnocchi.b1c3e06c-ea6f-405b-a8f3-c39d9ffc697b/1771200000.0_mean_300.0_v3" 201 - "PUT http://172.18.0.2:8080/v1/AUTH_15f500f17d33431487a9bf6c87cdb03e/gnocchi.b1c3e06c-ea6f-405b-a8f3-c39d9ffc697b/1771200000.0_mean_300.0_v3" "tx2f41a060b066417dbc7a9-0069a1d41c" "proxy-server 20" 0.0117 "-" 25 0
Feb 27 17:27:56 standalone proxy-server[129990]: 172.18.0.2 172.18.0.100 27/Feb/2026/17/27/56 PUT /v1/AUTH_15f500f17d33431487a9bf6c87cdb03e/gnocchi.b1c3e06c-ea6f-405b-a8f3-c39d9ffc697b/1771200000.0_mean_300.0_v3 HTTP/1.0 201 - python-swiftclient-3.11.1 gAAAAABpodN61as7... 16 - - tx2f41a060b066417dbc7a9-0069a1d41c - 0.0246 - - 1772213276.102158785 1772213276.126728296 0
Feb 27 17:27:56 standalone container-server[128014]: 172.20.0.100 - - [27/Feb/2026:17:27:56 +0000] "PUT /d1/876/AUTH_15f500f17d33431487a9bf6c87cdb03e/gnocchi.b1c3e06c-ea6f-405b-a8f3-c39d9ffc697b/none_v3" 201 - "PUT http://172.18.0.2:8080/d1/23/AUTH_15f500f17d33431487a9bf6c87cdb03e/gnocchi.b1c3e06c-ea6f-405b-a8f3-c39d9ffc697b/none_v3" "tx6d2916e806d344ab88a03-0069a1d41c" "object-server 23" 0.0008 "-" 20 0
Feb 27 17:27:56 standalone object-server[128156]: 172.20.0.100 - - [27/Feb/2026:17:27:56 +0000] "PUT /d1/23/AUTH_15f500f17d33431487a9bf6c87cdb03e/gnocchi.b1c3e06c-ea6f-405b-a8f3-c39d9ffc697b/none_v3" 201 - "PUT http://172.18.0.2:8080/v1/AUTH_15f500f17d33431487a9bf6c87cdb03e/gnocchi.b1c3e06c-ea6f-405b-a8f3-c39d9ffc697b/none_v3" "tx6d2916e806d344ab88a03-0069a1d41c" "proxy-server 20" 0.0120 "-" 23 0
Feb 27 17:27:56 standalone proxy-server[129990]: 172.18.0.2 172.18.0.100 27/Feb/2026/17/27/56 PUT /v1/AUTH_15f500f17d33431487a9bf6c87cdb03e/gnocchi.b1c3e06c-ea6f-405b-a8f3-c39d9ffc697b/none_v3 HTTP/1.0 201 - python-swiftclient-3.11.1 gAAAAABpodN61as7... 22 - - tx6d2916e806d344ab88a03-0069a1d41c - 0.0217 - - 1772213276.130945683 1772213276.152653933 0
Feb 27 17:27:56 standalone container-server[128019]: 172.20.0.100 - - [27/Feb/2026:17:27:56 +0000] "HEAD /d1/301/AUTH_15f500f17d33431487a9bf6c87cdb03e/gnocchi.6bced357-5150-499e-8dda-1ed9e2835ec2" 404 - "HEAD http://172.18.0.2:8080/v1/AUTH_15f500f17d33431487a9bf6c87cdb03e/gnocchi.6bced357-5150-499e-8dda-1ed9e2835ec2?format=json&states=listing" "tx73043d11faf24b21b7d6f-0069a1d41c" "proxy-server 20" 0.0004 "-" 21 0
Feb 27 17:27:56 standalone object-server[128196]: 172.20.0.100 - - [27/Feb/2026:17:27:56 +0000] "GET /d1/811/AUTH_15f500f17d33431487a9bf6c87cdb03e/gnocchi.6bced357-5150-499e-8dda-1ed9e2835ec2/none_v3" 404 70 "GET http://172.18.0.2:8080/v1/AUTH_15f500f17d33431487a9bf6c87cdb03e/gnocchi.6bced357-5150-499e-8dda-1ed9e2835ec2/none_v3" "tx73043d11faf24b21b7d6f-0069a1d41c" "proxy-server 20" 0.0004 "-" 25 0
Feb 27 17:27:56 standalone proxy-server[129990]: 172.18.0.2 172.18.0.100 27/Feb/2026/17/27/56 GET /v1/AUTH_15f500f17d33431487a9bf6c87cdb03e/gnocchi.6bced357-5150-499e-8dda-1ed9e2835ec2/none_v3 HTTP/1.0 404 - python-swiftclient-3.11.1 gAAAAABpodN61as7... - 70 - tx73043d11faf24b21b7d6f-0069a1d41c - 0.0124 - - 1772213276.162895918 1772213276.175246239 0
Feb 27 17:27:56 standalone account-server[128009]: 172.20.0.100 - - [27/Feb/2026:17:27:56 +0000] "PUT /d1/518/AUTH_15f500f17d33431487a9bf6c87cdb03e/gnocchi.6bced357-5150-499e-8dda-1ed9e2835ec2" 201 - "PUT http://172.20.0.100:6001/d1/301/AUTH_15f500f17d33431487a9bf6c87cdb03e/gnocchi.6bced357-5150-499e-8dda-1ed9e2835ec2" "tx273d104c4ae843298b233-0069a1d41c" "container-server 21" 0.0058 "-" 22 0
Feb 27 17:27:56 standalone container-server[128019]: 172.20.0.100 - - [27/Feb/2026:17:27:56 +0000] "PUT /d1/301/AUTH_15f500f17d33431487a9bf6c87cdb03e/gnocchi.6bced357-5150-499e-8dda-1ed9e2835ec2" 201 - "PUT http://172.18.0.2:8080/v1/AUTH_15f500f17d33431487a9bf6c87cdb03e/gnocchi.6bced357-5150-499e-8dda-1ed9e2835ec2" "tx273d104c4ae843298b233-0069a1d41c" "proxy-server 20" 0.0186 "-" 21 0
Feb 27 17:27:56 standalone proxy-server[129990]: 172.18.0.2 172.18.0.100 27/Feb/2026/17/27/56 PUT /v1/AUTH_15f500f17d33431487a9bf6c87cdb03e/gnocchi.6bced357-5150-499e-8dda-1ed9e2835ec2 HTTP/1.0 201 - python-swiftclient-3.11.1 gAAAAABpodN61as7... - - - tx273d104c4ae843298b233-0069a1d41c - 0.0248 - - 1772213276.178830624 1772213276.203583002 0
Feb 27 17:27:56 standalone container-server[128025]: 172.20.0.100 - - [27/Feb/2026:17:27:56 +0000] "HEAD /d1/301/AUTH_15f500f17d33431487a9bf6c87cdb03e/gnocchi.6bced357-5150-499e-8dda-1ed9e2835ec2" 204 - "HEAD http://172.18.0.2:8080/v1/AUTH_15f500f17d33431487a9bf6c87cdb03e/gnocchi.6bced357-5150-499e-8dda-1ed9e2835ec2?format=json&states=listing" "tx06bdcea12d5d4222812b6-0069a1d41c" "proxy-server 20" 0.0016 "-" 23 0
Feb 27 17:27:56 standalone proxy-server[129990]: - - 27/Feb/2026/17/27/56 HEAD /v1/AUTH_15f500f17d33431487a9bf6c87cdb03e/gnocchi.6bced357-5150-499e-8dda-1ed9e2835ec2%3Fformat%3Djson%26states%3Dlisting HTTP/1.0 204 - Swift - - - - tx06bdcea12d5d4222812b6-0069a1d41c - 0.0062 RL - 1772213276.209586143 1772213276.215781450 0
Feb 27 17:27:56 standalone container-server[128019]: 172.20.0.100 - - [27/Feb/2026:17:27:56 +0000] "GET /d1/301/AUTH_15f500f17d33431487a9bf6c87cdb03e/gnocchi.6bced357-5150-499e-8dda-1ed9e2835ec2" 200 2 "GET http://172.18.0.2:8080/v1/AUTH_15f500f17d33431487a9bf6c87cdb03e/gnocchi.6bced357-5150-499e-8dda-1ed9e2835ec2?format=json&states=listing" "tx06bdcea12d5d4222812b6-0069a1d41c" "proxy-server 20" 0.0023 "-" 21 0
Feb 27 17:27:56 standalone proxy-server[129990]: 172.18.0.2 172.18.0.100 27/Feb/2026/17/27/56 GET /v1/AUTH_15f500f17d33431487a9bf6c87cdb03e/gnocchi.6bced357-5150-499e-8dda-1ed9e2835ec2%3Fformat%3Djson%26states%3Dlisting HTTP/1.0 200 - python-swiftclient-3.11.1 gAAAAABpodN61as7... - 2 - tx06bdcea12d5d4222812b6-0069a1d41c - 0.0179 - - 1772213276.208060980 1772213276.225997925 0
Feb 27 17:27:56 standalone object-server[128150]: 172.20.0.100 - - [27/Feb/2026:17:27:56 +0000] "GET /d1/386/AUTH_15f500f17d33431487a9bf6c87cdb03e/gnocchi.6bced357-5150-499e-8dda-1ed9e2835ec2/1771200000.0_mean_300.0_v3" 404 70 "GET http://172.18.0.2:8080/v1/AUTH_15f500f17d33431487a9bf6c87cdb03e/gnocchi.6bced357-5150-499e-8dda-1ed9e2835ec2/1771200000.0_mean_300.0_v3" "txa42dc222b7f6449b9a2ea-0069a1d41c" "proxy-server 20" 0.0005 "-" 22 0
Feb 27 17:27:56 standalone proxy-server[129990]: 172.18.0.2 172.18.0.100 27/Feb/2026/17/27/56 GET /v1/AUTH_15f500f17d33431487a9bf6c87cdb03e/gnocchi.6bced357-5150-499e-8dda-1ed9e2835ec2/1771200000.0_mean_300.0_v3 HTTP/1.0 404 - python-swiftclient-3.11.1 gAAAAABpodN61as7... - 70 - txa42dc222b7f6449b9a2ea-0069a1d41c - 0.0077 - - 1772213276.230087996 1772213276.237829924 0
Feb 27 17:27:56 standalone container-server[128024]: 172.20.0.100 - - [27/Feb/2026:17:27:56 +0000] "PUT /d1/301/AUTH_15f500f17d33431487a9bf6c87cdb03e/gnocchi.6bced357-5150-499e-8dda-1ed9e2835ec2/1771200000.0_mean_300.0_v3" 201 - "PUT http://172.18.0.2:8080/d1/386/AUTH_15f500f17d33431487a9bf6c87cdb03e/gnocchi.6bced357-5150-499e-8dda-1ed9e2835ec2/1771200000.0_mean_300.0_v3" "txae48251fd0d44c65b4953-0069a1d41c" "object-server 22" 0.0009 "-" 22 0
Feb 27 17:27:56 standalone object-server[128150]: 172.20.0.100 - - [27/Feb/2026:17:27:56 +0000] "PUT /d1/386/AUTH_15f500f17d33431487a9bf6c87cdb03e/gnocchi.6bced357-5150-499e-8dda-1ed9e2835ec2/1771200000.0_mean_300.0_v3" 201 - "PUT http://172.18.0.2:8080/v1/AUTH_15f500f17d33431487a9bf6c87cdb03e/gnocchi.6bced357-5150-499e-8dda-1ed9e2835ec2/1771200000.0_mean_300.0_v3" "txae48251fd0d44c65b4953-0069a1d41c" "proxy-server 20" 0.0128 "-" 22 0
Feb 27 17:27:56 standalone proxy-server[129990]: 172.18.0.2 172.18.0.100 27/Feb/2026/17/27/56 PUT /v1/AUTH_15f500f17d33431487a9bf6c87cdb03e/gnocchi.6bced357-5150-499e-8dda-1ed9e2835ec2/1771200000.0_mean_300.0_v3 HTTP/1.0 201 - python-swiftclient-3.11.1 gAAAAABpodN61as7... 16 - - txae48251fd0d44c65b4953-0069a1d41c - 0.0201 - - 1772213276.244187355 1772213276.264288425 0
Feb 27 17:27:56 standalone container-server[128014]: 172.20.0.100 - - [27/Feb/2026:17:27:56 +0000] "PUT /d1/301/AUTH_15f500f17d33431487a9bf6c87cdb03e/gnocchi.6bced357-5150-499e-8dda-1ed9e2835ec2/none_v3" 201 - "PUT http://172.18.0.2:8080/d1/811/AUTH_15f500f17d33431487a9bf6c87cdb03e/gnocchi.6bced357-5150-499e-8dda-1ed9e2835ec2/none_v3" "tx8e532a41bb954387bf640-0069a1d41c" "object-server 22" 0.0011 "-" 20 0
Feb 27 17:27:56 standalone object-server[128150]: 172.20.0.100 - - [27/Feb/2026:17:27:56 +0000] "PUT /d1/811/AUTH_15f500f17d33431487a9bf6c87cdb03e/gnocchi.6bced357-5150-499e-8dda-1ed9e2835ec2/none_v3" 201 - "PUT http://172.18.0.2:8080/v1/AUTH_15f500f17d33431487a9bf6c87cdb03e/gnocchi.6bced357-5150-499e-8dda-1ed9e2835ec2/none_v3" "tx8e532a41bb954387bf640-0069a1d41c" "proxy-server 20" 0.0119 "-" 22 0
Feb 27 17:27:56 standalone proxy-server[129990]: 172.18.0.2 172.18.0.100 27/Feb/2026/17/27/56 PUT /v1/AUTH_15f500f17d33431487a9bf6c87cdb03e/gnocchi.6bced357-5150-499e-8dda-1ed9e2835ec2/none_v3 HTTP/1.0 201 - python-swiftclient-3.11.1 gAAAAABpodN61as7... 22 - - tx8e532a41bb954387bf640-0069a1d41c - 0.0195 - - 1772213276.267791271 1772213276.287268162 0
Feb 27 17:27:56 standalone container-server[128025]: 172.20.0.100 - - [27/Feb/2026:17:27:56 +0000] "HEAD /d1/830/AUTH_15f500f17d33431487a9bf6c87cdb03e/gnocchi.92776918-f6bd-45fb-b09c-84bdd800337f" 404 - "HEAD http://172.18.0.2:8080/v1/AUTH_15f500f17d33431487a9bf6c87cdb03e/gnocchi.92776918-f6bd-45fb-b09c-84bdd800337f?format=json&states=listing" "tx68824ee17eb745b091b01-0069a1d41c" "proxy-server 20" 0.0004 "-" 23 0
Feb 27 17:27:56 standalone object-server[128169]: 172.20.0.100 - - [27/Feb/2026:17:27:56 +0000] "GET /d1/490/AUTH_15f500f17d33431487a9bf6c87cdb03e/gnocchi.92776918-f6bd-45fb-b09c-84bdd800337f/none_v3" 404 70 "GET http://172.18.0.2:8080/v1/AUTH_15f500f17d33431487a9bf6c87cdb03e/gnocchi.92776918-f6bd-45fb-b09c-84bdd800337f/none_v3" "tx68824ee17eb745b091b01-0069a1d41c" "proxy-server 20" 0.0005 "-" 24 0
Feb 27 17:27:56 standalone proxy-server[129990]: 172.18.0.2 172.18.0.100 27/Feb/2026/17/27/56 GET /v1/AUTH_15f500f17d33431487a9bf6c87cdb03e/gnocchi.92776918-f6bd-45fb-b09c-84bdd800337f/none_v3 HTTP/1.0 404 - python-swiftclient-3.11.1 gAAAAABpodN61as7... - 70 - tx68824ee17eb745b091b01-0069a1d41c - 0.0131 - - 1772213276.301235199 1772213276.314363480 0
Feb 27 17:27:56 standalone account-server[128003]: 172.20.0.100 - - [27/Feb/2026:17:27:56 +0000] "PUT /d1/518/AUTH_15f500f17d33431487a9bf6c87cdb03e/gnocchi.92776918-f6bd-45fb-b09c-84bdd800337f" 201 - "PUT http://172.20.0.100:6001/d1/830/AUTH_15f500f17d33431487a9bf6c87cdb03e/gnocchi.92776918-f6bd-45fb-b09c-84bdd800337f" "txcfea5b4e5a8e447f97240-0069a1d41c" "container-server 23" 0.0046 "-" 20 0
Feb 27 17:27:56 standalone container-server[128025]: 172.20.0.100 - - [27/Feb/2026:17:27:56 +0000] "PUT /d1/830/AUTH_15f500f17d33431487a9bf6c87cdb03e/gnocchi.92776918-f6bd-45fb-b09c-84bdd800337f" 201 - "PUT http://172.18.0.2:8080/v1/AUTH_15f500f17d33431487a9bf6c87cdb03e/gnocchi.92776918-f6bd-45fb-b09c-84bdd800337f" "txcfea5b4e5a8e447f97240-0069a1d41c" "proxy-server 20" 0.0147 "-" 23 0
Feb 27 17:27:56 standalone proxy-server[129990]: 172.18.0.2 172.18.0.100 27/Feb/2026/17/27/56 PUT /v1/AUTH_15f500f17d33431487a9bf6c87cdb03e/gnocchi.92776918-f6bd-45fb-b09c-84bdd800337f HTTP/1.0 201 - python-swiftclient-3.11.1 gAAAAABpodN61as7... - - - txcfea5b4e5a8e447f97240-0069a1d41c - 0.0215 - - 1772213276.318197966 1772213276.339732885 0
Feb 27 17:27:56 standalone container-server[128025]: 172.20.0.100 - - [27/Feb/2026:17:27:56 +0000] "HEAD /d1/830/AUTH_15f500f17d33431487a9bf6c87cdb03e/gnocchi.92776918-f6bd-45fb-b09c-84bdd800337f" 204 - "HEAD http://172.18.0.2:8080/v1/AUTH_15f500f17d33431487a9bf6c87cdb03e/gnocchi.92776918-f6bd-45fb-b09c-84bdd800337f?format=json&states=listing" "txa45a787b85cf48f58898a-0069a1d41c" "proxy-server 20" 0.0015 "-" 23 0
Feb 27 17:27:56 standalone proxy-server[129990]: - - 27/Feb/2026/17/27/56 HEAD /v1/AUTH_15f500f17d33431487a9bf6c87cdb03e/gnocchi.92776918-f6bd-45fb-b09c-84bdd800337f%3Fformat%3Djson%26states%3Dlisting HTTP/1.0 204 - Swift - - - - txa45a787b85cf48f58898a-0069a1d41c - 0.0056 RL - 1772213276.345184326 1772213276.350772619 0
Feb 27 17:27:56 standalone container-server[128025]: 172.20.0.100 - - [27/Feb/2026:17:27:56 +0000] "GET /d1/830/AUTH_15f500f17d33431487a9bf6c87cdb03e/gnocchi.92776918-f6bd-45fb-b09c-84bdd800337f" 200 2 "GET http://172.18.0.2:8080/v1/AUTH_15f500f17d33431487a9bf6c87cdb03e/gnocchi.92776918-f6bd-45fb-b09c-84bdd800337f?format=json&states=listing" "txa45a787b85cf48f58898a-0069a1d41c" "proxy-server 20" 0.0022 "-" 23 0
Feb 27 17:27:56 standalone proxy-server[129990]: 172.18.0.2 172.18.0.100 27/Feb/2026/17/27/56 GET /v1/AUTH_15f500f17d33431487a9bf6c87cdb03e/gnocchi.92776918-f6bd-45fb-b09c-84bdd800337f%3Fformat%3Djson%26states%3Dlisting HTTP/1.0 200 - python-swiftclient-3.11.1 gAAAAABpodN61as7... - 2 - txa45a787b85cf48f58898a-0069a1d41c - 0.0172 - - 1772213276.343622684 1772213276.360829353 0
Feb 27 17:27:56 standalone object-server[128196]: 172.20.0.100 - - [27/Feb/2026:17:27:56 +0000] "GET /d1/613/AUTH_15f500f17d33431487a9bf6c87cdb03e/gnocchi.92776918-f6bd-45fb-b09c-84bdd800337f/1771200000.0_mean_300.0_v3" 404 70 "GET http://172.18.0.2:8080/v1/AUTH_15f500f17d33431487a9bf6c87cdb03e/gnocchi.92776918-f6bd-45fb-b09c-84bdd800337f/1771200000.0_mean_300.0_v3" "txd13600e9db804d078b498-0069a1d41c" "proxy-server 20" 0.0003 "-" 25 0
Feb 27 17:27:56 standalone proxy-server[129990]: 172.18.0.2 172.18.0.100 27/Feb/2026/17/27/56 GET /v1/AUTH_15f500f17d33431487a9bf6c87cdb03e/gnocchi.92776918-f6bd-45fb-b09c-84bdd800337f/1771200000.0_mean_300.0_v3 HTTP/1.0 404 - python-swiftclient-3.11.1 gAAAAABpodN61as7... - 70 - txd13600e9db804d078b498-0069a1d41c - 0.0070 - - 1772213276.365097761 1772213276.372119904 0
Feb 27 17:27:56 standalone container-server[128025]: 172.20.0.100 - - [27/Feb/2026:17:27:56 +0000] "PUT /d1/830/AUTH_15f500f17d33431487a9bf6c87cdb03e/gnocchi.92776918-f6bd-45fb-b09c-84bdd800337f/1771200000.0_mean_300.0_v3" 201 - "PUT http://172.18.0.2:8080/d1/613/AUTH_15f500f17d33431487a9bf6c87cdb03e/gnocchi.92776918-f6bd-45fb-b09c-84bdd800337f/1771200000.0_mean_300.0_v3" "txba15fe9d59c94f62bd5ce-0069a1d41c" "object-server 23" 0.0009 "-" 23 0
Feb 27 17:27:56 standalone object-server[128156]: 172.20.0.100 - - [27/Feb/2026:17:27:56 +0000] "PUT /d1/613/AUTH_15f500f17d33431487a9bf6c87cdb03e/gnocchi.92776918-f6bd-45fb-b09c-84bdd800337f/1771200000.0_mean_300.0_v3" 201 - "PUT http://172.18.0.2:8080/v1/AUTH_15f500f17d33431487a9bf6c87cdb03e/gnocchi.92776918-f6bd-45fb-b09c-84bdd800337f/1771200000.0_mean_300.0_v3" "txba15fe9d59c94f62bd5ce-0069a1d41c" "proxy-server 20" 0.0131 "-" 23 0
Feb 27 17:27:56 standalone proxy-server[129990]: 172.18.0.2 172.18.0.100 27/Feb/2026/17/27/56 PUT /v1/AUTH_15f500f17d33431487a9bf6c87cdb03e/gnocchi.92776918-f6bd-45fb-b09c-84bdd800337f/1771200000.0_mean_300.0_v3 HTTP/1.0 201 - python-swiftclient-3.11.1 gAAAAABpodN61as7... 16 - - txba15fe9d59c94f62bd5ce-0069a1d41c - 0.0228 - - 1772213276.375569344 1772213276.398380518 0
Feb 27 17:27:56 standalone container-server[128024]: 172.20.0.100 - - [27/Feb/2026:17:27:56 +0000] "PUT /d1/830/AUTH_15f500f17d33431487a9bf6c87cdb03e/gnocchi.92776918-f6bd-45fb-b09c-84bdd800337f/none_v3" 201 - "PUT http://172.18.0.2:8080/d1/490/AUTH_15f500f17d33431487a9bf6c87cdb03e/gnocchi.92776918-f6bd-45fb-b09c-84bdd800337f/none_v3" "tx5404bd94a28742d18afa0-0069a1d41c" "object-server 24" 0.0007 "-" 22 0
Feb 27 17:27:56 standalone object-server[128169]: 172.20.0.100 - - [27/Feb/2026:17:27:56 +0000] "PUT /d1/490/AUTH_15f500f17d33431487a9bf6c87cdb03e/gnocchi.92776918-f6bd-45fb-b09c-84bdd800337f/none_v3" 201 - "PUT http://172.18.0.2:8080/v1/AUTH_15f500f17d33431487a9bf6c87cdb03e/gnocchi.92776918-f6bd-45fb-b09c-84bdd800337f/none_v3" "tx5404bd94a28742d18afa0-0069a1d41c" "proxy-server 20" 0.0133 "-" 24 0
Feb 27 17:27:56 standalone proxy-server[129990]: 172.18.0.2 172.18.0.100 27/Feb/2026/17/27/56 PUT /v1/AUTH_15f500f17d33431487a9bf6c87cdb03e/gnocchi.92776918-f6bd-45fb-b09c-84bdd800337f/none_v3 HTTP/1.0 201 - python-swiftclient-3.11.1 gAAAAABpodN61as7... 22 - - tx5404bd94a28742d18afa0-0069a1d41c - 0.0224 - - 1772213276.403223753 1772213276.425582409 0
Feb 27 17:27:56 standalone container-server[128024]: 172.20.0.100 - - [27/Feb/2026:17:27:56 +0000] "HEAD /d1/487/AUTH_15f500f17d33431487a9bf6c87cdb03e/gnocchi.d58e3f6b-7874-4657-92ed-af0b6c02cf23" 404 - "HEAD http://172.18.0.2:8080/v1/AUTH_15f500f17d33431487a9bf6c87cdb03e/gnocchi.d58e3f6b-7874-4657-92ed-af0b6c02cf23?format=json&states=listing" "txa7446f96b6904d4a82840-0069a1d41c" "proxy-server 20" 0.0006 "-" 22 0
Feb 27 17:27:56 standalone object-server[128156]: 172.20.0.100 - - [27/Feb/2026:17:27:56 +0000] "GET /d1/135/AUTH_15f500f17d33431487a9bf6c87cdb03e/gnocchi.d58e3f6b-7874-4657-92ed-af0b6c02cf23/none_v3" 404 70 "GET http://172.18.0.2:8080/v1/AUTH_15f500f17d33431487a9bf6c87cdb03e/gnocchi.d58e3f6b-7874-4657-92ed-af0b6c02cf23/none_v3" "txa7446f96b6904d4a82840-0069a1d41c" "proxy-server 20" 0.0009 "-" 23 0
Feb 27 17:27:56 standalone proxy-server[129990]: 172.18.0.2 172.18.0.100 27/Feb/2026/17/27/56 GET /v1/AUTH_15f500f17d33431487a9bf6c87cdb03e/gnocchi.d58e3f6b-7874-4657-92ed-af0b6c02cf23/none_v3 HTTP/1.0 404 - python-swiftclient-3.11.1 gAAAAABpodN61as7... - 70 - txa7446f96b6904d4a82840-0069a1d41c - 0.0188 - - 1772213276.440099239 1772213276.458852053 0
Feb 27 17:27:56 standalone account-server[128012]: 172.20.0.100 - - [27/Feb/2026:17:27:56 +0000] "PUT /d1/518/AUTH_15f500f17d33431487a9bf6c87cdb03e/gnocchi.d58e3f6b-7874-4657-92ed-af0b6c02cf23" 201 - "PUT http://172.20.0.100:6001/d1/487/AUTH_15f500f17d33431487a9bf6c87cdb03e/gnocchi.d58e3f6b-7874-4657-92ed-af0b6c02cf23" "txd17b8fa0a8cc4e5397556-0069a1d41c" "container-server 20" 0.0063 "-" 23 0
Feb 27 17:27:56 standalone container-server[128014]: 172.20.0.100 - - [27/Feb/2026:17:27:56 +0000] "PUT /d1/487/AUTH_15f500f17d33431487a9bf6c87cdb03e/gnocchi.d58e3f6b-7874-4657-92ed-af0b6c02cf23" 201 - "PUT http://172.18.0.2:8080/v1/AUTH_15f500f17d33431487a9bf6c87cdb03e/gnocchi.d58e3f6b-7874-4657-92ed-af0b6c02cf23" "txd17b8fa0a8cc4e5397556-0069a1d41c" "proxy-server 20" 0.0221 "-" 20 0
Feb 27 17:27:56 standalone proxy-server[129990]: 172.18.0.2 172.18.0.100 27/Feb/2026/17/27/56 PUT /v1/AUTH_15f500f17d33431487a9bf6c87cdb03e/gnocchi.d58e3f6b-7874-4657-92ed-af0b6c02cf23 HTTP/1.0 201 - python-swiftclient-3.11.1 gAAAAABpodN61as7... - - - txd17b8fa0a8cc4e5397556-0069a1d41c - 0.0293 - - 1772213276.463211775 1772213276.492537498 0
Feb 27 17:27:56 standalone container-server[128019]: 172.20.0.100 - - [27/Feb/2026:17:27:56 +0000] "HEAD /d1/487/AUTH_15f500f17d33431487a9bf6c87cdb03e/gnocchi.d58e3f6b-7874-4657-92ed-af0b6c02cf23" 204 - "HEAD http://172.18.0.2:8080/v1/AUTH_15f500f17d33431487a9bf6c87cdb03e/gnocchi.d58e3f6b-7874-4657-92ed-af0b6c02cf23?format=json&states=listing" "tx22208d82dbd14f3b8fc4e-0069a1d41c" "proxy-server 20" 0.0015 "-" 21 0
Feb 27 17:27:56 standalone proxy-server[129990]: - - 27/Feb/2026/17/27/56 HEAD /v1/AUTH_15f500f17d33431487a9bf6c87cdb03e/gnocchi.d58e3f6b-7874-4657-92ed-af0b6c02cf23%3Fformat%3Djson%26states%3Dlisting HTTP/1.0 204 - Swift - - - - tx22208d82dbd14f3b8fc4e-0069a1d41c - 0.0087 RL - 1772213276.497965574 1772213276.506665707 0
Feb 27 17:27:56 standalone container-server[128024]: 172.20.0.100 - - [27/Feb/2026:17:27:56 +0000] "GET /d1/487/AUTH_15f500f17d33431487a9bf6c87cdb03e/gnocchi.d58e3f6b-7874-4657-92ed-af0b6c02cf23" 200 2 "GET http://172.18.0.2:8080/v1/AUTH_15f500f17d33431487a9bf6c87cdb03e/gnocchi.d58e3f6b-7874-4657-92ed-af0b6c02cf23?format=json&states=listing" "tx22208d82dbd14f3b8fc4e-0069a1d41c" "proxy-server 20" 0.0034 "-" 22 0
Feb 27 17:27:56 standalone proxy-server[129990]: 172.18.0.2 172.18.0.100 27/Feb/2026/17/27/56 GET /v1/AUTH_15f500f17d33431487a9bf6c87cdb03e/gnocchi.d58e3f6b-7874-4657-92ed-af0b6c02cf23%3Fformat%3Djson%26states%3Dlisting HTTP/1.0 200 - python-swiftclient-3.11.1 gAAAAABpodN61as7... - 2 - tx22208d82dbd14f3b8fc4e-0069a1d41c - 0.0219 - - 1772213276.496528149 1772213276.518429995 0
Feb 27 17:27:56 standalone object-server[128196]: 172.20.0.100 - - [27/Feb/2026:17:27:56 +0000] "GET /d1/275/AUTH_15f500f17d33431487a9bf6c87cdb03e/gnocchi.d58e3f6b-7874-4657-92ed-af0b6c02cf23/1771200000.0_mean_300.0_v3" 404 70 "GET http://172.18.0.2:8080/v1/AUTH_15f500f17d33431487a9bf6c87cdb03e/gnocchi.d58e3f6b-7874-4657-92ed-af0b6c02cf23/1771200000.0_mean_300.0_v3" "txbaa68903110742f8833fb-0069a1d41c" "proxy-server 20" 0.0005 "-" 25 0
Feb 27 17:27:56 standalone proxy-server[129990]: 172.18.0.2 172.18.0.100 27/Feb/2026/17/27/56 GET /v1/AUTH_15f500f17d33431487a9bf6c87cdb03e/gnocchi.d58e3f6b-7874-4657-92ed-af0b6c02cf23/1771200000.0_mean_300.0_v3 HTTP/1.0 404 - python-swiftclient-3.11.1 gAAAAABpodN61as7... - 70 - txbaa68903110742f8833fb-0069a1d41c - 0.0078 - - 1772213276.521976471 1772213276.529727697 0
Feb 27 17:27:56 standalone container-server[128024]: 172.20.0.100 - - [27/Feb/2026:17:27:56 +0000] "PUT /d1/487/AUTH_15f500f17d33431487a9bf6c87cdb03e/gnocchi.d58e3f6b-7874-4657-92ed-af0b6c02cf23/1771200000.0_mean_300.0_v3" 201 - "PUT http://172.18.0.2:8080/d1/275/AUTH_15f500f17d33431487a9bf6c87cdb03e/gnocchi.d58e3f6b-7874-4657-92ed-af0b6c02cf23/1771200000.0_mean_300.0_v3" "tx98a8a3651afa4ea780232-0069a1d41c" "object-server 25" 0.0009 "-" 22 0
Feb 27 17:27:56 standalone object-server[128196]: 172.20.0.100 - - [27/Feb/2026:17:27:56 +0000] "PUT /d1/275/AUTH_15f500f17d33431487a9bf6c87cdb03e/gnocchi.d58e3f6b-7874-4657-92ed-af0b6c02cf23/1771200000.0_mean_300.0_v3" 201 - "PUT http://172.18.0.2:8080/v1/AUTH_15f500f17d33431487a9bf6c87cdb03e/gnocchi.d58e3f6b-7874-4657-92ed-af0b6c02cf23/1771200000.0_mean_300.0_v3" "tx98a8a3651afa4ea780232-0069a1d41c" "proxy-server 20" 0.0108 "-" 25 0
Feb 27 17:27:56 standalone proxy-server[129990]: 172.18.0.2 172.18.0.100 27/Feb/2026/17/27/56 PUT /v1/AUTH_15f500f17d33431487a9bf6c87cdb03e/gnocchi.d58e3f6b-7874-4657-92ed-af0b6c02cf23/1771200000.0_mean_300.0_v3 HTTP/1.0 201 - python-swiftclient-3.11.1 gAAAAABpodN61as7... 16 - - tx98a8a3651afa4ea780232-0069a1d41c - 0.0180 - - 1772213276.533707619 1772213276.551755190 0
Feb 27 17:27:56 standalone container-server[128014]: 172.20.0.100 - - [27/Feb/2026:17:27:56 +0000] "PUT /d1/487/AUTH_15f500f17d33431487a9bf6c87cdb03e/gnocchi.d58e3f6b-7874-4657-92ed-af0b6c02cf23/none_v3" 201 - "PUT http://172.18.0.2:8080/d1/135/AUTH_15f500f17d33431487a9bf6c87cdb03e/gnocchi.d58e3f6b-7874-4657-92ed-af0b6c02cf23/none_v3" "tx2da644056a6d4f5491918-0069a1d41c" "object-server 22" 0.0009 "-" 20 0
Feb 27 17:27:56 standalone object-server[128150]: 172.20.0.100 - - [27/Feb/2026:17:27:56 +0000] "PUT /d1/135/AUTH_15f500f17d33431487a9bf6c87cdb03e/gnocchi.d58e3f6b-7874-4657-92ed-af0b6c02cf23/none_v3" 201 - "PUT http://172.18.0.2:8080/v1/AUTH_15f500f17d33431487a9bf6c87cdb03e/gnocchi.d58e3f6b-7874-4657-92ed-af0b6c02cf23/none_v3" "tx2da644056a6d4f5491918-0069a1d41c" "proxy-server 20" 0.0120 "-" 22 0
