Feb 27 17:12:57 standalone account-server[127338]: Starting 2
Feb 27 17:12:58 standalone container-server[127570]: Starting 2
Feb 27 17:12:59 standalone account-server[127595]: Started child 20 from parent 2
Feb 27 17:12:59 standalone account-server[127595]: Started child 21 from parent 2
Feb 27 17:12:59 standalone account-server[127595]: Started child 22 from parent 2
Feb 27 17:12:59 standalone object-expirer[127878]: Starting 2
Feb 27 17:12:59 standalone object-expirer[127878]: Option auto_create_account_prefix is deprecated. Configure auto_create_account_prefix under the swift-constraints section of swift.conf. This option will be ignored in a future release.
Feb 27 17:12:59 standalone container-server[127634]: Option allow_versions is deprecated. Configure the versioned_writes middleware in the proxy-server instead. This option will be ignored in a future release.
Feb 27 17:12:59 standalone container-server[128014]: Option allow_versions is deprecated. Configure the versioned_writes middleware in the proxy-server instead. This option will be ignored in a future release.
Feb 27 17:12:59 standalone container-server[127634]: Started child 20 from parent 2
Feb 27 17:12:59 standalone account-server[127595]: Started child 23 from parent 2
Feb 27 17:12:59 standalone container-server[128019]: Option allow_versions is deprecated. Configure the versioned_writes middleware in the proxy-server instead. This option will be ignored in a future release.
Feb 27 17:12:59 standalone container-server[127634]: Started child 21 from parent 2
Feb 27 17:12:59 standalone container-server[128024]: Option allow_versions is deprecated. Configure the versioned_writes middleware in the proxy-server instead. This option will be ignored in a future release.
Feb 27 17:12:59 standalone container-server[127634]: Started child 22 from parent 2
Feb 27 17:12:59 standalone container-server[128025]: Option allow_versions is deprecated. Configure the versioned_writes middleware in the proxy-server instead. This option will be ignored in a future release.
Feb 27 17:12:59 standalone container-server[127634]: Started child 23 from parent 2
Feb 27 17:12:59 standalone object-server[128047]: Started child 22 from parent 2
Feb 27 17:12:59 standalone object-server[128047]: Started child 23 from parent 2
Feb 27 17:12:59 standalone object-server[128057]: Starting 2
Feb 27 17:12:59 standalone object-server[128047]: Started child 24 from parent 2
Feb 27 17:12:59 standalone object-server[128047]: Started child 25 from parent 2
Feb 27 17:13:03 standalone object-server[128057]: Begin object update sweep
Feb 27 17:13:03 standalone object-server[129353]: Object update sweep starting on /srv/node/d1 (pid: 11)
Feb 27 17:13:03 standalone object-server[129353]: Object update sweep completed on /srv/node/d1 in 0.00s seconds:, 0 successes, 0 failures, 0 quarantines, 0 unlinks, 0 errors, 0 redirects (pid: 11)
Feb 27 17:13:03 standalone object-server[129353]: Object update sweep of d1 completed: 0.00s, 0 successes, 0 failures, 0 quarantines, 0 unlinks, 0 errors, 0 redirects
Feb 27 17:13:03 standalone object-server[128057]: Object update sweep completed: 0.10s
Feb 27 17:13:05 standalone proxy-server[129829]: Starting Keystone auth_token middleware
Feb 27 17:13:05 standalone proxy-server[129829]: AuthToken middleware is set with keystone_authtoken.service_token_roles_required set to False. This is backwards compatible but deprecated behaviour. Please set this to True.
Feb 27 17:13:05 standalone proxy-server[129990]: Starting Keystone auth_token middleware
Feb 27 17:13:05 standalone proxy-server[129990]: STDERR: The option "bind_port" is not known to keystonemiddleware
Feb 27 17:13:05 standalone proxy-server[129990]: STDERR: The option "workers" is not known to keystonemiddleware
Feb 27 17:13:05 standalone proxy-server[129990]: STDERR: The option "user" is not known to keystonemiddleware
Feb 27 17:13:05 standalone proxy-server[129990]: STDERR: The option "bind_ip" is not known to keystonemiddleware
Feb 27 17:13:05 standalone proxy-server[129990]: STDERR: The option "log_name" is not known to keystonemiddleware
Feb 27 17:13:05 standalone proxy-server[129990]: STDERR: The option "log_facility" is not known to keystonemiddleware
Feb 27 17:13:05 standalone proxy-server[129990]: STDERR: The option "log_level" is not known to keystonemiddleware
Feb 27 17:13:05 standalone proxy-server[129990]: STDERR: The option "log_headers" is not known to keystonemiddleware
Feb 27 17:13:05 standalone proxy-server[129990]: STDERR: The option "log_address" is not known to keystonemiddleware
Feb 27 17:13:05 standalone proxy-server[129990]: STDERR: The option "project_name" is not known to keystonemiddleware
Feb 27 17:13:05 standalone proxy-server[129990]: STDERR: The option "username" is not known to keystonemiddleware
Feb 27 17:13:05 standalone proxy-server[129990]: STDERR: The option "password" is not known to keystonemiddleware
Feb 27 17:13:05 standalone proxy-server[129990]: STDERR: The option "auth_url" is not known to keystonemiddleware
Feb 27 17:13:05 standalone proxy-server[129990]: STDERR: The option "signing_dir" is not known to keystonemiddleware
Feb 27 17:13:05 standalone proxy-server[129990]: STDERR: The option "project_domain_id" is not known to keystonemiddleware
Feb 27 17:13:05 standalone proxy-server[129990]: STDERR: The option "user_domain_id" is not known to keystonemiddleware
Feb 27 17:13:05 standalone proxy-server[129990]: STDERR: The option "__name__" is not known to keystonemiddleware
Feb 27 17:13:05 standalone proxy-server[129990]: AuthToken middleware is set with keystone_authtoken.service_token_roles_required set to False. This is backwards compatible but deprecated behaviour. Please set this to True.
Feb 27 17:13:05 standalone proxy-server[129829]: Started child 20 from parent 2
Feb 27 17:16:43 standalone account-server[128003]: 172.20.0.100 - - [27/Feb/2026:17:16:43 +0000] "HEAD /d1/176/.expiring_objects" 404 - "HEAD http://localhost/v1/.expiring_objects?format=json" "tx68528e7aee3b4f279f4a0-0069a1d17b" "proxy-server 2" 0.0011 "-" 20 -
Feb 27 17:16:43 standalone object-expirer[127878]: Pass completed in 0s; 0 objects expired (txn: tx68528e7aee3b4f279f4a0-0069a1d17b)
Feb 27 17:16:48 standalone container-server[127570]: Begin container update sweep
Feb 27 17:16:48 standalone container-server[127570]: Container update sweep completed: 0.00s
Feb 27 17:18:03 standalone object-server[128057]: Begin object update sweep
Feb 27 17:18:03 standalone object-server[165503]: Object update sweep starting on /srv/node/d1 (pid: 13)
Feb 27 17:18:03 standalone object-server[165503]: Object update sweep completed on /srv/node/d1 in 0.00s seconds:, 0 successes, 0 failures, 0 quarantines, 0 unlinks, 0 errors, 0 redirects (pid: 13)
Feb 27 17:18:03 standalone object-server[165503]: Object update sweep of d1 completed: 0.00s, 0 successes, 0 failures, 0 quarantines, 0 unlinks, 0 errors, 0 redirects
Feb 27 17:18:03 standalone object-server[128057]: Object update sweep completed: 0.07s
Feb 27 17:19:04 standalone account-server[128012]: 172.20.0.100 - - [27/Feb/2026:17:19:04 +0000] "HEAD /d1/176/.expiring_objects" 404 - "HEAD http://localhost/v1/.expiring_objects?format=json" "tx78874dd28b70435b907ef-0069a1d208" "proxy-server 2" 0.0018 "-" 23 -
Feb 27 17:19:04 standalone object-expirer[127878]: Pass completed in 0s; 0 objects expired (txn: tx78874dd28b70435b907ef-0069a1d208)
Feb 27 17:21:48 standalone container-server[127570]: Begin container update sweep
Feb 27 17:21:48 standalone container-server[127570]: Container update sweep completed: 0.00s
Feb 27 17:23:03 standalone object-server[128057]: Begin object update sweep
Feb 27 17:23:03 standalone object-server[206842]: Object update sweep starting on /srv/node/d1 (pid: 14)
Feb 27 17:23:03 standalone object-server[206842]: Object update sweep completed on /srv/node/d1 in 0.00s seconds:, 0 successes, 0 failures, 0 quarantines, 0 unlinks, 0 errors, 0 redirects (pid: 14)
Feb 27 17:23:03 standalone object-server[206842]: Object update sweep of d1 completed: 0.00s, 0 successes, 0 failures, 0 quarantines, 0 unlinks, 0 errors, 0 redirects
Feb 27 17:23:03 standalone object-server[128057]: Object update sweep completed: 0.10s
Feb 27 17:23:17 standalone account-server[128003]: 172.20.0.100 - - [27/Feb/2026:17:23:17 +0000] "HEAD /d1/176/.expiring_objects" 404 - "HEAD http://localhost/v1/.expiring_objects?format=json" "txa65ee1d73e3e432c97983-0069a1d305" "proxy-server 2" 0.0007 "-" 20 -
Feb 27 17:23:17 standalone object-expirer[127878]: Pass completed in 0s; 0 objects expired (txn: txa65ee1d73e3e432c97983-0069a1d305)
Feb 27 17:25:14 standalone account-server[128009]: 172.20.0.100 - - [27/Feb/2026:17:25:14 +0000] "HEAD /d1/518/AUTH_15f500f17d33431487a9bf6c87cdb03e" 404 - "HEAD http://172.18.0.2:8080/v1/AUTH_15f500f17d33431487a9bf6c87cdb03e?format=json" "tx664f3de9000b42658a73f-0069a1d37a" "proxy-server 20" 0.0010 "-" 22 -
Feb 27 17:25:14 standalone proxy-server[129990]: - - 27/Feb/2026/17/25/14 HEAD /v1/AUTH_15f500f17d33431487a9bf6c87cdb03e%3Fformat%3Djson HTTP/1.0 200 - Swift - - - - tx664f3de9000b42658a73f-0069a1d37a - 0.0062 RL - 1772213114.929798603 1772213114.935956478 -
Feb 27 17:25:15 standalone object-server[128169]: 172.20.0.100 - - [27/Feb/2026:17:25:15 +0000] "GET /d1/85/AUTH_15f500f17d33431487a9bf6c87cdb03e/gnocchi.6ba622b4-a0f3-406f-a27e-2865a2eaa397/none_v3" 404 70 "GET http://172.18.0.2:8080/v1/AUTH_15f500f17d33431487a9bf6c87cdb03e/gnocchi.6ba622b4-a0f3-406f-a27e-2865a2eaa397/none_v3" "tx664f3de9000b42658a73f-0069a1d37a" "proxy-server 20" 0.0008 "-" 24 0
Feb 27 17:25:15 standalone proxy-server[129990]: 172.18.0.2 172.18.0.100 27/Feb/2026/17/25/15 GET /v1/AUTH_15f500f17d33431487a9bf6c87cdb03e/gnocchi.6ba622b4-a0f3-406f-a27e-2865a2eaa397/none_v3 HTTP/1.0 404 - python-swiftclient-3.11.1 gAAAAABpodN61as7... - 70 - tx664f3de9000b42658a73f-0069a1d37a - 0.4581 - - 1772213114.924192667 1772213115.382242918 0
Feb 27 17:25:15 standalone account-server[128003]: 172.20.0.100 - - [27/Feb/2026:17:25:15 +0000] "PUT /d1/518/AUTH_15f500f17d33431487a9bf6c87cdb03e" 201 - "-" "tx92cb379ad0224149a124c-0069a1d37b" "-" 0.0186 "-" 20 -
Feb 27 17:25:15 standalone proxy-server[129990]: autocreate account '/AUTH_15f500f17d33431487a9bf6c87cdb03e' (txn: tx92cb379ad0224149a124c-0069a1d37b)
Feb 27 17:25:15 standalone account-server[128004]: 172.20.0.100 - - [27/Feb/2026:17:25:15 +0000] "HEAD /d1/518/AUTH_15f500f17d33431487a9bf6c87cdb03e" 204 - "HEAD http://172.18.0.2:8080/v1/AUTH_15f500f17d33431487a9bf6c87cdb03e?format=json" "tx92cb379ad0224149a124c-0069a1d37b" "proxy-server 20" 0.0024 "-" 21 -
Feb 27 17:25:15 standalone account-server[128004]: 172.20.0.100 - - [27/Feb/2026:17:25:15 +0000] "PUT /d1/518/AUTH_15f500f17d33431487a9bf6c87cdb03e/gnocchi.6ba622b4-a0f3-406f-a27e-2865a2eaa397" 201 - "PUT http://172.20.0.100:6001/d1/1000/AUTH_15f500f17d33431487a9bf6c87cdb03e/gnocchi.6ba622b4-a0f3-406f-a27e-2865a2eaa397" "tx92cb379ad0224149a124c-0069a1d37b" "container-server 20" 0.0017 "-" 21 0
Feb 27 17:25:15 standalone container-server[128014]: 172.20.0.100 - - [27/Feb/2026:17:25:15 +0000] "PUT /d1/1000/AUTH_15f500f17d33431487a9bf6c87cdb03e/gnocchi.6ba622b4-a0f3-406f-a27e-2865a2eaa397" 201 - "PUT http://172.18.0.2:8080/v1/AUTH_15f500f17d33431487a9bf6c87cdb03e/gnocchi.6ba622b4-a0f3-406f-a27e-2865a2eaa397" "tx92cb379ad0224149a124c-0069a1d37b" "proxy-server 20" 0.0168 "-" 20 0
Feb 27 17:25:15 standalone proxy-server[129990]: 172.18.0.2 172.18.0.100 27/Feb/2026/17/25/15 PUT /v1/AUTH_15f500f17d33431487a9bf6c87cdb03e/gnocchi.6ba622b4-a0f3-406f-a27e-2865a2eaa397 HTTP/1.0 201 - python-swiftclient-3.11.1 gAAAAABpodN61as7... - - - tx92cb379ad0224149a124c-0069a1d37b - 0.0582 - - 1772213115.384976864 1772213115.443168879 0
Feb 27 17:25:15 standalone container-server[128025]: 172.20.0.100 - - [27/Feb/2026:17:25:15 +0000] "HEAD /d1/1000/AUTH_15f500f17d33431487a9bf6c87cdb03e/gnocchi.6ba622b4-a0f3-406f-a27e-2865a2eaa397" 204 - "HEAD http://172.18.0.2:8080/v1/AUTH_15f500f17d33431487a9bf6c87cdb03e/gnocchi.6ba622b4-a0f3-406f-a27e-2865a2eaa397?format=json&states=listing" "tx4a20137c3bbf438984ab3-0069a1d37b" "proxy-server 20" 0.0022 "-" 23 0
Feb 27 17:25:15 standalone proxy-server[129990]: - - 27/Feb/2026/17/25/15 HEAD /v1/AUTH_15f500f17d33431487a9bf6c87cdb03e/gnocchi.6ba622b4-a0f3-406f-a27e-2865a2eaa397%3Fformat%3Djson%26states%3Dlisting HTTP/1.0 204 - Swift - - - - tx4a20137c3bbf438984ab3-0069a1d37b - 0.0064 RL - 1772213115.449034214 1772213115.455434322 0
Feb 27 17:25:15 standalone container-server[128025]: 172.20.0.100 - - [27/Feb/2026:17:25:15 +0000] "GET /d1/1000/AUTH_15f500f17d33431487a9bf6c87cdb03e/gnocchi.6ba622b4-a0f3-406f-a27e-2865a2eaa397" 200 2 "GET http://172.18.0.2:8080/v1/AUTH_15f500f17d33431487a9bf6c87cdb03e/gnocchi.6ba622b4-a0f3-406f-a27e-2865a2eaa397?format=json&states=listing" "tx4a20137c3bbf438984ab3-0069a1d37b" "proxy-server 20" 0.0021 "-" 23 0
Feb 27 17:25:15 standalone proxy-server[129990]: 172.18.0.2 172.18.0.100 27/Feb/2026/17/25/15 GET /v1/AUTH_15f500f17d33431487a9bf6c87cdb03e/gnocchi.6ba622b4-a0f3-406f-a27e-2865a2eaa397%3Fformat%3Djson%26states%3Dlisting HTTP/1.0 200 - python-swiftclient-3.11.1 gAAAAABpodN61as7... - 2 - tx4a20137c3bbf438984ab3-0069a1d37b - 0.0152 - - 1772213115.447079897 1772213115.462242126 0
Feb 27 17:25:15 standalone object-server[128169]: 172.20.0.100 - - [27/Feb/2026:17:25:15 +0000] "GET /d1/134/AUTH_15f500f17d33431487a9bf6c87cdb03e/gnocchi.6ba622b4-a0f3-406f-a27e-2865a2eaa397/1771200000.0_mean_300.0_v3" 404 70 "GET http://172.18.0.2:8080/v1/AUTH_15f500f17d33431487a9bf6c87cdb03e/gnocchi.6ba622b4-a0f3-406f-a27e-2865a2eaa397/1771200000.0_mean_300.0_v3" "txd8970d77578b4fa6bbdf1-0069a1d37b" "proxy-server 20" 0.0005 "-" 24 0
Feb 27 17:25:15 standalone proxy-server[129990]: 172.18.0.2 172.18.0.100 27/Feb/2026/17/25/15 GET /v1/AUTH_15f500f17d33431487a9bf6c87cdb03e/gnocchi.6ba622b4-a0f3-406f-a27e-2865a2eaa397/1771200000.0_mean_300.0_v3 HTTP/1.0 404 - python-swiftclient-3.11.1 gAAAAABpodN61as7... - 70 - txd8970d77578b4fa6bbdf1-0069a1d37b - 0.0070 - - 1772213115.467475891 1772213115.474445343 0
Feb 27 17:25:15 standalone container-server[128024]: 172.20.0.100 - - [27/Feb/2026:17:25:15 +0000] "PUT /d1/1000/AUTH_15f500f17d33431487a9bf6c87cdb03e/gnocchi.6ba622b4-a0f3-406f-a27e-2865a2eaa397/1771200000.0_mean_300.0_v3" 201 - "PUT http://172.18.0.2:8080/d1/134/AUTH_15f500f17d33431487a9bf6c87cdb03e/gnocchi.6ba622b4-a0f3-406f-a27e-2865a2eaa397/1771200000.0_mean_300.0_v3" "txbe75d69a9dc34569a5d0e-0069a1d37b" "object-server 22" 0.0012 "-" 22 0
Feb 27 17:25:15 standalone object-server[128150]: 172.20.0.100 - - [27/Feb/2026:17:25:15 +0000] "PUT /d1/134/AUTH_15f500f17d33431487a9bf6c87cdb03e/gnocchi.6ba622b4-a0f3-406f-a27e-2865a2eaa397/1771200000.0_mean_300.0_v3" 201 - "PUT http://172.18.0.2:8080/v1/AUTH_15f500f17d33431487a9bf6c87cdb03e/gnocchi.6ba622b4-a0f3-406f-a27e-2865a2eaa397/1771200000.0_mean_300.0_v3" "txbe75d69a9dc34569a5d0e-0069a1d37b" "proxy-server 20" 0.0244 "-" 22 0
Feb 27 17:25:15 standalone proxy-server[129990]: 172.18.0.2 172.18.0.100 27/Feb/2026/17/25/15 PUT /v1/AUTH_15f500f17d33431487a9bf6c87cdb03e/gnocchi.6ba622b4-a0f3-406f-a27e-2865a2eaa397/1771200000.0_mean_300.0_v3 HTTP/1.0 201 - python-swiftclient-3.11.1 gAAAAABpodN61as7... 16 - - txbe75d69a9dc34569a5d0e-0069a1d37b - 0.0339 - - 1772213115.479230404 1772213115.513081312 0
Feb 27 17:25:15 standalone container-server[128024]: 172.20.0.100 - - [27/Feb/2026:17:25:15 +0000] "PUT /d1/1000/AUTH_15f500f17d33431487a9bf6c87cdb03e/gnocchi.6ba622b4-a0f3-406f-a27e-2865a2eaa397/none_v3" 201 - "PUT http://172.18.0.2:8080/d1/85/AUTH_15f500f17d33431487a9bf6c87cdb03e/gnocchi.6ba622b4-a0f3-406f-a27e-2865a2eaa397/none_v3" "txbd48d08bfedc4068a1b5d-0069a1d37b" "object-server 25" 0.0006 "-" 22 0
Feb 27 17:25:15 standalone object-server[128196]: 172.20.0.100 - - [27/Feb/2026:17:25:15 +0000] "PUT /d1/85/AUTH_15f500f17d33431487a9bf6c87cdb03e/gnocchi.6ba622b4-a0f3-406f-a27e-2865a2eaa397/none_v3" 201 - "PUT http://172.18.0.2:8080/v1/AUTH_15f500f17d33431487a9bf6c87cdb03e/gnocchi.6ba622b4-a0f3-406f-a27e-2865a2eaa397/none_v3" "txbd48d08bfedc4068a1b5d-0069a1d37b" "proxy-server 20" 0.0246 "-" 25 0
Feb 27 17:25:15 standalone proxy-server[129990]: 172.18.0.2 172.18.0.100 27/Feb/2026/17/25/15 PUT /v1/AUTH_15f500f17d33431487a9bf6c87cdb03e/gnocchi.6ba622b4-a0f3-406f-a27e-2865a2eaa397/none_v3 HTTP/1.0 201 - python-swiftclient-3.11.1 gAAAAABpodN61as7... 22 - - txbd48d08bfedc4068a1b5d-0069a1d37b - 0.0292 - - 1772213115.515692472 1772213115.544936895 0
Feb 27 17:25:44 standalone object-server[128150]: 172.20.0.100 - - [27/Feb/2026:17:25:44 +0000] "GET /d1/85/AUTH_15f500f17d33431487a9bf6c87cdb03e/gnocchi.6ba622b4-a0f3-406f-a27e-2865a2eaa397/none_v3" 200 22 "GET http://172.18.0.2:8080/v1/AUTH_15f500f17d33431487a9bf6c87cdb03e/gnocchi.6ba622b4-a0f3-406f-a27e-2865a2eaa397/none_v3" "txb7d9cd4f086d4c9798118-0069a1d398" "proxy-server 20" 0.0017 "-" 22 0
Feb 27 17:25:44 standalone proxy-server[129990]: 172.18.0.2 172.18.0.100 27/Feb/2026/17/25/44 GET /v1/AUTH_15f500f17d33431487a9bf6c87cdb03e/gnocchi.6ba622b4-a0f3-406f-a27e-2865a2eaa397/none_v3 HTTP/1.0 200 - python-swiftclient-3.11.1 gAAAAABpodN61as7... - 22 - txb7d9cd4f086d4c9798118-0069a1d398 - 0.0099 - - 1772213144.633159876 1772213144.643058777 0
Feb 27 17:25:44 standalone container-server[128014]: 172.20.0.100 - - [27/Feb/2026:17:25:44 +0000] "GET /d1/1000/AUTH_15f500f17d33431487a9bf6c87cdb03e/gnocchi.6ba622b4-a0f3-406f-a27e-2865a2eaa397" 200 357 "GET http://172.18.0.2:8080/v1/AUTH_15f500f17d33431487a9bf6c87cdb03e/gnocchi.6ba622b4-a0f3-406f-a27e-2865a2eaa397?format=json&states=listing" "txde714d53f04446da96ce3-0069a1d398" "proxy-server 20" 0.0399 "-" 20 0
Feb 27 17:25:44 standalone proxy-server[129990]: 172.18.0.2 172.18.0.100 27/Feb/2026/17/25/44 GET /v1/AUTH_15f500f17d33431487a9bf6c87cdb03e/gnocchi.6ba622b4-a0f3-406f-a27e-2865a2eaa397%3Fformat%3Djson%26states%3Dlisting HTTP/1.0 200 - python-swiftclient-3.11.1 gAAAAABpodN61as7... - 357 - txde714d53f04446da96ce3-0069a1d398 - 0.0518 - - 1772213144.647831917 1772213144.699611902 0
Feb 27 17:25:44 standalone container-server[128024]: 172.20.0.100 - - [27/Feb/2026:17:25:44 +0000] "GET /d1/1000/AUTH_15f500f17d33431487a9bf6c87cdb03e/gnocchi.6ba622b4-a0f3-406f-a27e-2865a2eaa397" 200 2 "GET http://172.18.0.2:8080/v1/AUTH_15f500f17d33431487a9bf6c87cdb03e/gnocchi.6ba622b4-a0f3-406f-a27e-2865a2eaa397?format=json&marker=none_v3&states=listing" "txa171d5c3ec1b4101a3db7-0069a1d398" "proxy-server 20" 0.0041 "-" 22 0
Feb 27 17:25:44 standalone proxy-server[129990]: 172.18.0.2 172.18.0.100 27/Feb/2026/17/25/44 GET /v1/AUTH_15f500f17d33431487a9bf6c87cdb03e/gnocchi.6ba622b4-a0f3-406f-a27e-2865a2eaa397%3Fformat%3Djson%26marker%3Dnone_v3%26states%3Dlisting HTTP/1.0 200 - python-swiftclient-3.11.1 gAAAAABpodN61as7... - 2 - txa171d5c3ec1b4101a3db7-0069a1d398 - 0.0102 - - 1772213144.702737331 1772213144.712920904 0
Feb 27 17:25:44 standalone object-server[128156]: 172.20.0.100 - - [27/Feb/2026:17:25:44 +0000] "GET /d1/134/AUTH_15f500f17d33431487a9bf6c87cdb03e/gnocchi.6ba622b4-a0f3-406f-a27e-2865a2eaa397/1771200000.0_mean_300.0_v3" 200 16 "GET http://172.18.0.2:8080/v1/AUTH_15f500f17d33431487a9bf6c87cdb03e/gnocchi.6ba622b4-a0f3-406f-a27e-2865a2eaa397/1771200000.0_mean_300.0_v3" "tx45fc8b551cb6442ca35ff-0069a1d398" "proxy-server 20" 0.0013 "-" 23 0
Feb 27 17:25:44 standalone proxy-server[129990]: 172.18.0.2 172.18.0.100 27/Feb/2026/17/25/44 GET /v1/AUTH_15f500f17d33431487a9bf6c87cdb03e/gnocchi.6ba622b4-a0f3-406f-a27e-2865a2eaa397/1771200000.0_mean_300.0_v3 HTTP/1.0 200 - python-swiftclient-3.11.1 gAAAAABpodN61as7... - 16 - tx45fc8b551cb6442ca35ff-0069a1d398 - 0.0158 - - 1772213144.716492653 1772213144.732266188 0
Feb 27 17:25:44 standalone container-server[128024]: 172.20.0.100 - - [27/Feb/2026:17:25:44 +0000] "PUT /d1/1000/AUTH_15f500f17d33431487a9bf6c87cdb03e/gnocchi.6ba622b4-a0f3-406f-a27e-2865a2eaa397/1771200000.0_mean_300.0_v3" 201 - "PUT http://172.18.0.2:8080/d1/134/AUTH_15f500f17d33431487a9bf6c87cdb03e/gnocchi.6ba622b4-a0f3-406f-a27e-2865a2eaa397/1771200000.0_mean_300.0_v3" "txae78bc7040c6442480add-0069a1d398" "object-server 23" 0.0006 "-" 22 0
Feb 27 17:25:44 standalone object-server[128156]: 172.20.0.100 - - [27/Feb/2026:17:25:44 +0000] "PUT /d1/134/AUTH_15f500f17d33431487a9bf6c87cdb03e/gnocchi.6ba622b4-a0f3-406f-a27e-2865a2eaa397/1771200000.0_mean_300.0_v3" 201 - "PUT http://172.18.0.2:8080/v1/AUTH_15f500f17d33431487a9bf6c87cdb03e/gnocchi.6ba622b4-a0f3-406f-a27e-2865a2eaa397/1771200000.0_mean_300.0_v3" "txae78bc7040c6442480add-0069a1d398" "proxy-server 20" 0.0172 "-" 23 0
Feb 27 17:25:44 standalone proxy-server[129990]: 172.18.0.2 172.18.0.100 27/Feb/2026/17/25/44 PUT /v1/AUTH_15f500f17d33431487a9bf6c87cdb03e/gnocchi.6ba622b4-a0f3-406f-a27e-2865a2eaa397/1771200000.0_mean_300.0_v3 HTTP/1.0 201 - python-swiftclient-3.11.1 gAAAAABpodN61as7... 16 - - txae78bc7040c6442480add-0069a1d398 - 0.0227 - - 1772213144.735502958 1772213144.758156061 0
Feb 27 17:25:44 standalone container-server[128019]: 172.20.0.100 - - [27/Feb/2026:17:25:44 +0000] "PUT /d1/1000/AUTH_15f500f17d33431487a9bf6c87cdb03e/gnocchi.6ba622b4-a0f3-406f-a27e-2865a2eaa397/none_v3" 201 - "PUT http://172.18.0.2:8080/d1/85/AUTH_15f500f17d33431487a9bf6c87cdb03e/gnocchi.6ba622b4-a0f3-406f-a27e-2865a2eaa397/none_v3" "tx360301ea8f8b42969e721-0069a1d398" "object-server 24" 0.0009 "-" 21 0
Feb 27 17:25:44 standalone object-server[128169]: 172.20.0.100 - - [27/Feb/2026:17:25:44 +0000] "PUT /d1/85/AUTH_15f500f17d33431487a9bf6c87cdb03e/gnocchi.6ba622b4-a0f3-406f-a27e-2865a2eaa397/none_v3" 201 - "PUT http://172.18.0.2:8080/v1/AUTH_15f500f17d33431487a9bf6c87cdb03e/gnocchi.6ba622b4-a0f3-406f-a27e-2865a2eaa397/none_v3" "tx360301ea8f8b42969e721-0069a1d398" "proxy-server 20" 0.0272 "-" 24 0
Feb 27 17:25:44 standalone proxy-server[129990]: 172.18.0.2 172.18.0.100 27/Feb/2026/17/25/44 PUT /v1/AUTH_15f500f17d33431487a9bf6c87cdb03e/gnocchi.6ba622b4-a0f3-406f-a27e-2865a2eaa397/none_v3 HTTP/1.0 201 - python-swiftclient-3.11.1 gAAAAABpodN61as7... 32 - - tx360301ea8f8b42969e721-0069a1d398 - 0.0336 - - 1772213144.760938168 1772213144.794500589 0
Feb 27 17:26:16 standalone account-server[128004]: 172.20.0.100 - - [27/Feb/2026:17:26:16 +0000] "HEAD /d1/518/AUTH_15f500f17d33431487a9bf6c87cdb03e" 204 - "HEAD http://172.18.0.2:8080/v1/AUTH_15f500f17d33431487a9bf6c87cdb03e?format=json" "txc29d1231477648f2a9fa4-0069a1d3b8" "proxy-server 20" 0.0058 "-" 21 -
Feb 27 17:26:16 standalone proxy-server[129990]: - - 27/Feb/2026/17/26/16 HEAD /v1/AUTH_15f500f17d33431487a9bf6c87cdb03e%3Fformat%3Djson HTTP/1.0 204 - Swift - - - - txc29d1231477648f2a9fa4-0069a1d3b8 - 0.0123 RL - 1772213176.057117224 1772213176.069367886 -
Feb 27 17:26:16 standalone container-server[128019]: 172.20.0.100 - - [27/Feb/2026:17:26:16 +0000] "HEAD /d1/569/AUTH_15f500f17d33431487a9bf6c87cdb03e/gnocchi.10330109-a524-4678-952c-2ff41de91070" 404 - "HEAD http://172.18.0.2:8080/v1/AUTH_15f500f17d33431487a9bf6c87cdb03e/gnocchi.10330109-a524-4678-952c-2ff41de91070?format=json&states=listing" "txc29d1231477648f2a9fa4-0069a1d3b8" "proxy-server 20" 0.0009 "-" 21 0
Feb 27 17:26:16 standalone object-server[128169]: 172.20.0.100 - - [27/Feb/2026:17:26:16 +0000] "GET /d1/439/AUTH_15f500f17d33431487a9bf6c87cdb03e/gnocchi.10330109-a524-4678-952c-2ff41de91070/none_v3" 404 70 "GET http://172.18.0.2:8080/v1/AUTH_15f500f17d33431487a9bf6c87cdb03e/gnocchi.10330109-a524-4678-952c-2ff41de91070/none_v3" "txc29d1231477648f2a9fa4-0069a1d3b8" "proxy-server 20" 0.0005 "-" 24 0
Feb 27 17:26:16 standalone proxy-server[129990]: 172.18.0.2 172.18.0.100 27/Feb/2026/17/26/16 GET /v1/AUTH_15f500f17d33431487a9bf6c87cdb03e/gnocchi.10330109-a524-4678-952c-2ff41de91070/none_v3 HTTP/1.0 404 - python-swiftclient-3.11.1 gAAAAABpodN61as7... - 70 - txc29d1231477648f2a9fa4-0069a1d3b8 - 0.0289 - - 1772213176.056188822 1772213176.085064411 0
Feb 27 17:26:16 standalone account-server[128009]: 172.20.0.100 - - [27/Feb/2026:17:26:16 +0000] "PUT /d1/518/AUTH_15f500f17d33431487a9bf6c87cdb03e/gnocchi.10330109-a524-4678-952c-2ff41de91070" 201 - "PUT http://172.20.0.100:6001/d1/569/AUTH_15f500f17d33431487a9bf6c87cdb03e/gnocchi.10330109-a524-4678-952c-2ff41de91070" "txf6b296a56f124b5fb2a48-0069a1d3b8" "container-server 22" 0.0020 "-" 22 0
Feb 27 17:26:16 standalone container-server[128024]: 172.20.0.100 - - [27/Feb/2026:17:26:16 +0000] "PUT /d1/569/AUTH_15f500f17d33431487a9bf6c87cdb03e/gnocchi.10330109-a524-4678-952c-2ff41de91070" 201 - "PUT http://172.18.0.2:8080/v1/AUTH_15f500f17d33431487a9bf6c87cdb03e/gnocchi.10330109-a524-4678-952c-2ff41de91070" "txf6b296a56f124b5fb2a48-0069a1d3b8" "proxy-server 20" 0.0319 "-" 22 0
Feb 27 17:26:16 standalone proxy-server[129990]: 172.18.0.2 172.18.0.100 27/Feb/2026/17/26/16 PUT /v1/AUTH_15f500f17d33431487a9bf6c87cdb03e/gnocchi.10330109-a524-4678-952c-2ff41de91070 HTTP/1.0 201 - python-swiftclient-3.11.1 gAAAAABpodN61as7... - - - txf6b296a56f124b5fb2a48-0069a1d3b8 - 0.0369 - - 1772213176.087962151 1772213176.124815702 0
Feb 27 17:26:16 standalone container-server[128025]: 172.20.0.100 - - [27/Feb/2026:17:26:16 +0000] "HEAD /d1/569/AUTH_15f500f17d33431487a9bf6c87cdb03e/gnocchi.10330109-a524-4678-952c-2ff41de91070" 204 - "HEAD http://172.18.0.2:8080/v1/AUTH_15f500f17d33431487a9bf6c87cdb03e/gnocchi.10330109-a524-4678-952c-2ff41de91070?format=json&states=listing" "txab0022eb23c14e42af0b0-0069a1d3b8" "proxy-server 20" 0.0012 "-" 23 0
Feb 27 17:26:16 standalone proxy-server[129990]: - - 27/Feb/2026/17/26/16 HEAD /v1/AUTH_15f500f17d33431487a9bf6c87cdb03e/gnocchi.10330109-a524-4678-952c-2ff41de91070%3Fformat%3Djson%26states%3Dlisting HTTP/1.0 204 - Swift - - - - txab0022eb23c14e42af0b0-0069a1d3b8 - 0.0057 RL - 1772213176.134203434 1772213176.139889956 0
Feb 27 17:26:16 standalone container-server[128025]: 172.20.0.100 - - [27/Feb/2026:17:26:16 +0000] "GET /d1/569/AUTH_15f500f17d33431487a9bf6c87cdb03e/gnocchi.10330109-a524-4678-952c-2ff41de91070" 200 2 "GET http://172.18.0.2:8080/v1/AUTH_15f500f17d33431487a9bf6c87cdb03e/gnocchi.10330109-a524-4678-952c-2ff41de91070?format=json&states=listing" "txab0022eb23c14e42af0b0-0069a1d3b8" "proxy-server 20" 0.0049 "-" 23 0
Feb 27 17:26:16 standalone proxy-server[129990]: 172.18.0.2 172.18.0.100 27/Feb/2026/17/26/16 GET /v1/AUTH_15f500f17d33431487a9bf6c87cdb03e/gnocchi.10330109-a524-4678-952c-2ff41de91070%3Fformat%3Djson%26states%3Dlisting HTTP/1.0 200 - python-swiftclient-3.11.1 gAAAAABpodN61as7... - 2 - txab0022eb23c14e42af0b0-0069a1d3b8 - 0.0201 - - 1772213176.129111290 1772213176.149254560 0
Feb 27 17:26:16 standalone object-server[128196]: 172.20.0.100 - - [27/Feb/2026:17:26:16 +0000] "GET /d1/291/AUTH_15f500f17d33431487a9bf6c87cdb03e/gnocchi.10330109-a524-4678-952c-2ff41de91070/1771200000.0_mean_300.0_v3" 404 70 "GET http://172.18.0.2:8080/v1/AUTH_15f500f17d33431487a9bf6c87cdb03e/gnocchi.10330109-a524-4678-952c-2ff41de91070/1771200000.0_mean_300.0_v3" "tx96a644034ce148a3b3790-0069a1d3b8" "proxy-server 20" 0.0004 "-" 25 0
Feb 27 17:26:16 standalone proxy-server[129990]: 172.18.0.2 172.18.0.100 27/Feb/2026/17/26/16 GET /v1/AUTH_15f500f17d33431487a9bf6c87cdb03e/gnocchi.10330109-a524-4678-952c-2ff41de91070/1771200000.0_mean_300.0_v3 HTTP/1.0 404 - python-swiftclient-3.11.1 gAAAAABpodN61as7... - 70 - tx96a644034ce148a3b3790-0069a1d3b8 - 0.0044 - - 1772213176.152674913 1772213176.157109976 0
Feb 27 17:26:16 standalone container-server[128014]: 172.20.0.100 - - [27/Feb/2026:17:26:16 +0000] "PUT /d1/569/AUTH_15f500f17d33431487a9bf6c87cdb03e/gnocchi.10330109-a524-4678-952c-2ff41de91070/1771200000.0_mean_300.0_v3" 201 - "PUT http://172.18.0.2:8080/d1/291/AUTH_15f500f17d33431487a9bf6c87cdb03e/gnocchi.10330109-a524-4678-952c-2ff41de91070/1771200000.0_mean_300.0_v3" "tx16c593c0c08742a1bc605-0069a1d3b8" "object-server 22" 0.0008 "-" 20 0
Feb 27 17:26:16 standalone object-server[128150]: 172.20.0.100 - - [27/Feb/2026:17:26:16 +0000] "PUT /d1/291/AUTH_15f500f17d33431487a9bf6c87cdb03e/gnocchi.10330109-a524-4678-952c-2ff41de91070/1771200000.0_mean_300.0_v3" 201 - "PUT http://172.18.0.2:8080/v1/AUTH_15f500f17d33431487a9bf6c87cdb03e/gnocchi.10330109-a524-4678-952c-2ff41de91070/1771200000.0_mean_300.0_v3" "tx16c593c0c08742a1bc605-0069a1d3b8" "proxy-server 20" 0.0165 "-" 22 0
Feb 27 17:26:16 standalone proxy-server[129990]: 172.18.0.2 172.18.0.100 27/Feb/2026/17/26/16 PUT /v1/AUTH_15f500f17d33431487a9bf6c87cdb03e/gnocchi.10330109-a524-4678-952c-2ff41de91070/1771200000.0_mean_300.0_v3 HTTP/1.0 201 - python-swiftclient-3.11.1 gAAAAABpodN61as7... 16 - - tx16c593c0c08742a1bc605-0069a1d3b8 - 0.0224 - - 1772213176.160116673 1772213176.182517767 0
Feb 27 17:26:16 standalone container-server[128024]: 172.20.0.100 - - [27/Feb/2026:17:26:16 +0000] "PUT /d1/569/AUTH_15f500f17d33431487a9bf6c87cdb03e/gnocchi.10330109-a524-4678-952c-2ff41de91070/none_v3" 201 - "PUT http://172.18.0.2:8080/d1/439/AUTH_15f500f17d33431487a9bf6c87cdb03e/gnocchi.10330109-a524-4678-952c-2ff41de91070/none_v3" "tx97abadcbdd184535b3c89-0069a1d3b8" "object-server 22" 0.0005 "-" 22 0
Feb 27 17:26:16 standalone object-server[128150]: 172.20.0.100 - - [27/Feb/2026:17:26:16 +0000] "PUT /d1/439/AUTH_15f500f17d33431487a9bf6c87cdb03e/gnocchi.10330109-a524-4678-952c-2ff41de91070/none_v3" 201 - "PUT http://172.18.0.2:8080/v1/AUTH_15f500f17d33431487a9bf6c87cdb03e/gnocchi.10330109-a524-4678-952c-2ff41de91070/none_v3" "tx97abadcbdd184535b3c89-0069a1d3b8" "proxy-server 20" 0.0106 "-" 22 0
Feb 27 17:26:16 standalone proxy-server[129990]: 172.18.0.2 172.18.0.100 27/Feb/2026/17/26/16 PUT /v1/AUTH_15f500f17d33431487a9bf6c87cdb03e/gnocchi.10330109-a524-4678-952c-2ff41de91070/none_v3 HTTP/1.0 201 - python-swiftclient-3.11.1 gAAAAABpodN61as7... 22 - - tx97abadcbdd184535b3c89-0069a1d3b8 - 0.0171 - - 1772213176.185299873 1772213176.202391386 0
Feb 27 17:26:16 standalone container-server[128014]: 172.20.0.100 - - [27/Feb/2026:17:26:16 +0000] "HEAD /d1/436/AUTH_15f500f17d33431487a9bf6c87cdb03e/gnocchi.9730b936-12ed-4fe0-83f9-63c176009e6a" 404 - "HEAD http://172.18.0.2:8080/v1/AUTH_15f500f17d33431487a9bf6c87cdb03e/gnocchi.9730b936-12ed-4fe0-83f9-63c176009e6a?format=json&states=listing" "tx8968092e38eb4934add46-0069a1d3b8" "proxy-server 20" 0.0004 "-" 20 0
Feb 27 17:26:16 standalone object-server[128150]: 172.20.0.100 - - [27/Feb/2026:17:26:16 +0000] "GET /d1/616/AUTH_15f500f17d33431487a9bf6c87cdb03e/gnocchi.9730b936-12ed-4fe0-83f9-63c176009e6a/none_v3" 404 70 "GET http://172.18.0.2:8080/v1/AUTH_15f500f17d33431487a9bf6c87cdb03e/gnocchi.9730b936-12ed-4fe0-83f9-63c176009e6a/none_v3" "tx8968092e38eb4934add46-0069a1d3b8" "proxy-server 20" 0.0009 "-" 22 0
Feb 27 17:26:16 standalone proxy-server[129990]: 172.18.0.2 172.18.0.100 27/Feb/2026/17/26/16 GET /v1/AUTH_15f500f17d33431487a9bf6c87cdb03e/gnocchi.9730b936-12ed-4fe0-83f9-63c176009e6a/none_v3 HTTP/1.0 404 - python-swiftclient-3.11.1 gAAAAABpodN61as7... - 70 - tx8968092e38eb4934add46-0069a1d3b8 - 0.0084 - - 1772213176.214295149 1772213176.222653151 0
Feb 27 17:26:16 standalone account-server[128012]: 172.20.0.100 - - [27/Feb/2026:17:26:16 +0000] "PUT /d1/518/AUTH_15f500f17d33431487a9bf6c87cdb03e/gnocchi.9730b936-12ed-4fe0-83f9-63c176009e6a" 201 - "PUT http://172.20.0.100:6001/d1/436/AUTH_15f500f17d33431487a9bf6c87cdb03e/gnocchi.9730b936-12ed-4fe0-83f9-63c176009e6a" "tx7a0941fc8f104ca78f99f-0069a1d3b8" "container-server 22" 0.0146 "-" 23 0
Feb 27 17:26:16 standalone container-server[128024]: 172.20.0.100 - - [27/Feb/2026:17:26:16 +0000] "PUT /d1/436/AUTH_15f500f17d33431487a9bf6c87cdb03e/gnocchi.9730b936-12ed-4fe0-83f9-63c176009e6a" 201 - "PUT http://172.18.0.2:8080/v1/AUTH_15f500f17d33431487a9bf6c87cdb03e/gnocchi.9730b936-12ed-4fe0-83f9-63c176009e6a" "tx7a0941fc8f104ca78f99f-0069a1d3b8" "proxy-server 20" 0.0370 "-" 22 0
Feb 27 17:26:16 standalone proxy-server[129990]: 172.18.0.2 172.18.0.100 27/Feb/2026/17/26/16 PUT /v1/AUTH_15f500f17d33431487a9bf6c87cdb03e/gnocchi.9730b936-12ed-4fe0-83f9-63c176009e6a HTTP/1.0 201 - python-swiftclient-3.11.1 gAAAAABpodN61as7... - - - tx7a0941fc8f104ca78f99f-0069a1d3b8 - 0.0419 - - 1772213176.225535631 1772213176.267403126 0
Feb 27 17:26:16 standalone container-server[128025]: 172.20.0.100 - - [27/Feb/2026:17:26:16 +0000] "HEAD /d1/436/AUTH_15f500f17d33431487a9bf6c87cdb03e/gnocchi.9730b936-12ed-4fe0-83f9-63c176009e6a" 204 - "HEAD http://172.18.0.2:8080/v1/AUTH_15f500f17d33431487a9bf6c87cdb03e/gnocchi.9730b936-12ed-4fe0-83f9-63c176009e6a?format=json&states=listing" "txe6d7d8a984b148fab59c8-0069a1d3b8" "proxy-server 20" 0.0012 "-" 23 0
Feb 27 17:26:16 standalone proxy-server[129990]: - - 27/Feb/2026/17/26/16 HEAD /v1/AUTH_15f500f17d33431487a9bf6c87cdb03e/gnocchi.9730b936-12ed-4fe0-83f9-63c176009e6a%3Fformat%3Djson%26states%3Dlisting HTTP/1.0 204 - Swift - - - - txe6d7d8a984b148fab59c8-0069a1d3b8 - 0.0044 RL - 1772213176.272994280 1772213176.277400732 0
Feb 27 17:26:16 standalone container-server[128025]: 172.20.0.100 - - [27/Feb/2026:17:26:16 +0000] "GET /d1/436/AUTH_15f500f17d33431487a9bf6c87cdb03e/gnocchi.9730b936-12ed-4fe0-83f9-63c176009e6a" 200 2 "GET http://172.18.0.2:8080/v1/AUTH_15f500f17d33431487a9bf6c87cdb03e/gnocchi.9730b936-12ed-4fe0-83f9-63c176009e6a?format=json&states=listing" "txe6d7d8a984b148fab59c8-0069a1d3b8" "proxy-server 20" 0.0016 "-" 23 0
Feb 27 17:26:16 standalone proxy-server[129990]: 172.18.0.2 172.18.0.100 27/Feb/2026/17/26/16 GET /v1/AUTH_15f500f17d33431487a9bf6c87cdb03e/gnocchi.9730b936-12ed-4fe0-83f9-63c176009e6a%3Fformat%3Djson%26states%3Dlisting HTTP/1.0 200 - python-swiftclient-3.11.1 gAAAAABpodN61as7... - 2 - txe6d7d8a984b148fab59c8-0069a1d3b8 - 0.0146 - - 1772213176.271217346 1772213176.285849571 0
Feb 27 17:26:16 standalone object-server[128156]: 172.20.0.100 - - [27/Feb/2026:17:26:16 +0000] "GET /d1/433/AUTH_15f500f17d33431487a9bf6c87cdb03e/gnocchi.9730b936-12ed-4fe0-83f9-63c176009e6a/1771200000.0_mean_300.0_v3" 404 70 "GET http://172.18.0.2:8080/v1/AUTH_15f500f17d33431487a9bf6c87cdb03e/gnocchi.9730b936-12ed-4fe0-83f9-63c176009e6a/1771200000.0_mean_300.0_v3" "tx2a8c0bd562e6468593192-0069a1d3b8" "proxy-server 20" 0.0004 "-" 23 0
Feb 27 17:26:16 standalone proxy-server[129990]: 172.18.0.2 172.18.0.100 27/Feb/2026/17/26/16 GET /v1/AUTH_15f500f17d33431487a9bf6c87cdb03e/gnocchi.9730b936-12ed-4fe0-83f9-63c176009e6a/1771200000.0_mean_300.0_v3 HTTP/1.0 404 - python-swiftclient-3.11.1 gAAAAABpodN61as7... - 70 - tx2a8c0bd562e6468593192-0069a1d3b8 - 0.0060 - - 1772213176.288998127 1772213176.294973373 0
Feb 27 17:26:16 standalone container-server[128019]: 172.20.0.100 - - [27/Feb/2026:17:26:16 +0000] "PUT /d1/436/AUTH_15f500f17d33431487a9bf6c87cdb03e/gnocchi.9730b936-12ed-4fe0-83f9-63c176009e6a/1771200000.0_mean_300.0_v3" 201 - "PUT http://172.18.0.2:8080/d1/433/AUTH_15f500f17d33431487a9bf6c87cdb03e/gnocchi.9730b936-12ed-4fe0-83f9-63c176009e6a/1771200000.0_mean_300.0_v3" "txd9484ac96f0a426daab40-0069a1d3b8" "object-server 22" 0.0008 "-" 21 0
Feb 27 17:26:16 standalone object-server[128150]: 172.20.0.100 - - [27/Feb/2026:17:26:16 +0000] "PUT /d1/433/AUTH_15f500f17d33431487a9bf6c87cdb03e/gnocchi.9730b936-12ed-4fe0-83f9-63c176009e6a/1771200000.0_mean_300.0_v3" 201 - "PUT http://172.18.0.2:8080/v1/AUTH_15f500f17d33431487a9bf6c87cdb03e/gnocchi.9730b936-12ed-4fe0-83f9-63c176009e6a/1771200000.0_mean_300.0_v3" "txd9484ac96f0a426daab40-0069a1d3b8" "proxy-server 20" 0.0249 "-" 22 0
Feb 27 17:26:16 standalone proxy-server[129990]: 172.18.0.2 172.18.0.100 27/Feb/2026/17/26/16 PUT /v1/AUTH_15f500f17d33431487a9bf6c87cdb03e/gnocchi.9730b936-12ed-4fe0-83f9-63c176009e6a/1771200000.0_mean_300.0_v3 HTTP/1.0 201 - python-swiftclient-3.11.1 gAAAAABpodN61as7... 16 - - txd9484ac96f0a426daab40-0069a1d3b8 - 0.0297 - - 1772213176.298492432 1772213176.328161478 0
Feb 27 17:26:16 standalone container-server[128024]: 172.20.0.100 - - [27/Feb/2026:17:26:16 +0000] "PUT /d1/436/AUTH_15f500f17d33431487a9bf6c87cdb03e/gnocchi.9730b936-12ed-4fe0-83f9-63c176009e6a/none_v3" 201 - "PUT http://172.18.0.2:8080/d1/616/AUTH_15f500f17d33431487a9bf6c87cdb03e/gnocchi.9730b936-12ed-4fe0-83f9-63c176009e6a/none_v3" "tx901b4a90fde14835acbea-0069a1d3b8" "object-server 23" 0.0007 "-" 22 0
Feb 27 17:26:16 standalone object-server[128156]: 172.20.0.100 - - [27/Feb/2026:17:26:16 +0000] "PUT /d1/616/AUTH_15f500f17d33431487a9bf6c87cdb03e/gnocchi.9730b936-12ed-4fe0-83f9-63c176009e6a/none_v3" 201 - "PUT http://172.18.0.2:8080/v1/AUTH_15f500f17d33431487a9bf6c87cdb03e/gnocchi.9730b936-12ed-4fe0-83f9-63c176009e6a/none_v3" "tx901b4a90fde14835acbea-0069a1d3b8" "proxy-server 20" 0.0214 "-" 23 0
Feb 27 17:26:16 standalone proxy-server[129990]: 172.18.0.2 172.18.0.100 27/Feb/2026/17/26/16 PUT /v1/AUTH_15f500f17d33431487a9bf6c87cdb03e/gnocchi.9730b936-12ed-4fe0-83f9-63c176009e6a/none_v3 HTTP/1.0 201 - python-swiftclient-3.11.1 gAAAAABpodN61as7... 22 - - tx901b4a90fde14835acbea-0069a1d3b8 - 0.0273 - - 1772213176.332272530 1772213176.359579086 0
Feb 27 17:26:24 standalone container-server[128019]: 172.20.0.100 - - [27/Feb/2026:17:26:24 +0000] "HEAD /d1/820/AUTH_15f500f17d33431487a9bf6c87cdb03e/gnocchi.eccecac7-682a-40fa-bbf1-15c1132cc45f" 404 - "HEAD http://172.18.0.2:8080/v1/AUTH_15f500f17d33431487a9bf6c87cdb03e/gnocchi.eccecac7-682a-40fa-bbf1-15c1132cc45f?format=json&states=listing" "tx354549bb285a47d8b8391-0069a1d3c0" "proxy-server 20" 0.0009 "-" 21 0
Feb 27 17:26:24 standalone object-server[128150]: 172.20.0.100 - - [27/Feb/2026:17:26:24 +0000] "GET /d1/479/AUTH_15f500f17d33431487a9bf6c87cdb03e/gnocchi.eccecac7-682a-40fa-bbf1-15c1132cc45f/none_v3" 404 70 "GET http://172.18.0.2:8080/v1/AUTH_15f500f17d33431487a9bf6c87cdb03e/gnocchi.eccecac7-682a-40fa-bbf1-15c1132cc45f/none_v3" "tx354549bb285a47d8b8391-0069a1d3c0" "proxy-server 20" 0.0005 "-" 22 0
Feb 27 17:26:24 standalone proxy-server[129990]: 172.18.0.2 172.18.0.100 27/Feb/2026/17/26/24 GET /v1/AUTH_15f500f17d33431487a9bf6c87cdb03e/gnocchi.eccecac7-682a-40fa-bbf1-15c1132cc45f/none_v3 HTTP/1.0 404 - python-swiftclient-3.11.1 gAAAAABpodN61as7... - 70 - tx354549bb285a47d8b8391-0069a1d3c0 - 0.0169 - - 1772213184.313295364 1772213184.330147028 0
Feb 27 17:26:24 standalone account-server[128004]: 172.20.0.100 - - [27/Feb/2026:17:26:24 +0000] "PUT /d1/518/AUTH_15f500f17d33431487a9bf6c87cdb03e/gnocchi.eccecac7-682a-40fa-bbf1-15c1132cc45f" 201 - "PUT http://172.20.0.100:6001/d1/820/AUTH_15f500f17d33431487a9bf6c87cdb03e/gnocchi.eccecac7-682a-40fa-bbf1-15c1132cc45f" "tx5cf69ec6848846bdb3c6e-0069a1d3c0" "container-server 21" 0.0070 "-" 21 0
Feb 27 17:26:24 standalone container-server[128019]: 172.20.0.100 - - [27/Feb/2026:17:26:24 +0000] "PUT /d1/820/AUTH_15f500f17d33431487a9bf6c87cdb03e/gnocchi.eccecac7-682a-40fa-bbf1-15c1132cc45f" 201 - "PUT http://172.18.0.2:8080/v1/AUTH_15f500f17d33431487a9bf6c87cdb03e/gnocchi.eccecac7-682a-40fa-bbf1-15c1132cc45f" "tx5cf69ec6848846bdb3c6e-0069a1d3c0" "proxy-server 20" 0.0305 "-" 21 0
Feb 27 17:26:24 standalone proxy-server[129990]: 172.18.0.2 172.18.0.100 27/Feb/2026/17/26/24 PUT /v1/AUTH_15f500f17d33431487a9bf6c87cdb03e/gnocchi.eccecac7-682a-40fa-bbf1-15c1132cc45f HTTP/1.0 201 - python-swiftclient-3.11.1 gAAAAABpodN61as7... - - - tx5cf69ec6848846bdb3c6e-0069a1d3c0 - 0.0384 - - 1772213184.335547209 1772213184.373930454 0
Feb 27 17:26:24 standalone container-server[128025]: 172.20.0.100 - - [27/Feb/2026:17:26:24 +0000] "HEAD /d1/820/AUTH_15f500f17d33431487a9bf6c87cdb03e/gnocchi.eccecac7-682a-40fa-bbf1-15c1132cc45f" 204 - "HEAD http://172.18.0.2:8080/v1/AUTH_15f500f17d33431487a9bf6c87cdb03e/gnocchi.eccecac7-682a-40fa-bbf1-15c1132cc45f?format=json&states=listing" "txfd160e1a0df94f0fb25a2-0069a1d3c0" "proxy-server 20" 0.0024 "-" 23 0
Feb 27 17:26:24 standalone proxy-server[129990]: - - 27/Feb/2026/17/26/24 HEAD /v1/AUTH_15f500f17d33431487a9bf6c87cdb03e/gnocchi.eccecac7-682a-40fa-bbf1-15c1132cc45f%3Fformat%3Djson%26states%3Dlisting HTTP/1.0 204 - Swift - - - - txfd160e1a0df94f0fb25a2-0069a1d3c0 - 0.0100 RL - 1772213184.380928040 1772213184.390965462 0
Feb 27 17:26:24 standalone container-server[128014]: 172.20.0.100 - - [27/Feb/2026:17:26:24 +0000] "GET /d1/820/AUTH_15f500f17d33431487a9bf6c87cdb03e/gnocchi.eccecac7-682a-40fa-bbf1-15c1132cc45f" 200 2 "GET http://172.18.0.2:8080/v1/AUTH_15f500f17d33431487a9bf6c87cdb03e/gnocchi.eccecac7-682a-40fa-bbf1-15c1132cc45f?format=json&states=listing" "txfd160e1a0df94f0fb25a2-0069a1d3c0" "proxy-server 20" 0.0035 "-" 20 0
Feb 27 17:26:24 standalone proxy-server[129990]: 172.18.0.2 172.18.0.100 27/Feb/2026/17/26/24 GET /v1/AUTH_15f500f17d33431487a9bf6c87cdb03e/gnocchi.eccecac7-682a-40fa-bbf1-15c1132cc45f%3Fformat%3Djson%26states%3Dlisting HTTP/1.0 200 - python-swiftclient-3.11.1 gAAAAABpodN61as7... - 2 - txfd160e1a0df94f0fb25a2-0069a1d3c0 - 0.0282 - - 1772213184.378116608 1772213184.406358242 0
Feb 27 17:26:24 standalone object-server[128196]: 172.20.0.100 - - [27/Feb/2026:17:26:24 +0000] "GET /d1/222/AUTH_15f500f17d33431487a9bf6c87cdb03e/gnocchi.eccecac7-682a-40fa-bbf1-15c1132cc45f/1771200000.0_mean_300.0_v3" 404 70 "GET http://172.18.0.2:8080/v1/AUTH_15f500f17d33431487a9bf6c87cdb03e/gnocchi.eccecac7-682a-40fa-bbf1-15c1132cc45f/1771200000.0_mean_300.0_v3" "tx6820745fca744be6b86b8-0069a1d3c0" "proxy-server 20" 0.0003 "-" 25 0
Feb 27 17:26:24 standalone proxy-server[129990]: 172.18.0.2 172.18.0.100 27/Feb/2026/17/26/24 GET /v1/AUTH_15f500f17d33431487a9bf6c87cdb03e/gnocchi.eccecac7-682a-40fa-bbf1-15c1132cc45f/1771200000.0_mean_300.0_v3 HTTP/1.0 404 - python-swiftclient-3.11.1 gAAAAABpodN61as7... - 70 - tx6820745fca744be6b86b8-0069a1d3c0 - 0.0071 - - 1772213184.410282850 1772213184.417414427 0
Feb 27 17:26:24 standalone container-server[128025]: 172.20.0.100 - - [27/Feb/2026:17:26:24 +0000] "PUT /d1/820/AUTH_15f500f17d33431487a9bf6c87cdb03e/gnocchi.eccecac7-682a-40fa-bbf1-15c1132cc45f/1771200000.0_mean_300.0_v3" 201 - "PUT http://172.18.0.2:8080/d1/222/AUTH_15f500f17d33431487a9bf6c87cdb03e/gnocchi.eccecac7-682a-40fa-bbf1-15c1132cc45f/1771200000.0_mean_300.0_v3" "txeff6813110204d0bbd7c9-0069a1d3c0" "object-server 24" 0.0014 "-" 23 0
Feb 27 17:26:24 standalone object-server[128169]: 172.20.0.100 - - [27/Feb/2026:17:26:24 +0000] "PUT /d1/222/AUTH_15f500f17d33431487a9bf6c87cdb03e/gnocchi.eccecac7-682a-40fa-bbf1-15c1132cc45f/1771200000.0_mean_300.0_v3" 201 - "PUT http://172.18.0.2:8080/v1/AUTH_15f500f17d33431487a9bf6c87cdb03e/gnocchi.eccecac7-682a-40fa-bbf1-15c1132cc45f/1771200000.0_mean_300.0_v3" "txeff6813110204d0bbd7c9-0069a1d3c0" "proxy-server 20" 0.0146 "-" 24 0
Feb 27 17:26:24 standalone proxy-server[129990]: 172.18.0.2 172.18.0.100 27/Feb/2026/17/26/24 PUT /v1/AUTH_15f500f17d33431487a9bf6c87cdb03e/gnocchi.eccecac7-682a-40fa-bbf1-15c1132cc45f/1771200000.0_mean_300.0_v3 HTTP/1.0 201 - python-swiftclient-3.11.1 gAAAAABpodN61as7... 16 - - txeff6813110204d0bbd7c9-0069a1d3c0 - 0.0218 - - 1772213184.421506643 1772213184.443275213 0
Feb 27 17:26:24 standalone container-server[128024]: 172.20.0.100 - - [27/Feb/2026:17:26:24 +0000] "PUT /d1/820/AUTH_15f500f17d33431487a9bf6c87cdb03e/gnocchi.eccecac7-682a-40fa-bbf1-15c1132cc45f/none_v3" 201 - "PUT http://172.18.0.2:8080/d1/479/AUTH_15f500f17d33431487a9bf6c87cdb03e/gnocchi.eccecac7-682a-40fa-bbf1-15c1132cc45f/none_v3" "tx3c4b25865cb54627a23ff-0069a1d3c0" "object-server 25" 0.0025 "-" 22 0
Feb 27 17:26:24 standalone object-server[128196]: 172.20.0.100 - - [27/Feb/2026:17:26:24 +0000] "PUT /d1/479/AUTH_15f500f17d33431487a9bf6c87cdb03e/gnocchi.eccecac7-682a-40fa-bbf1-15c1132cc45f/none_v3" 201 - "PUT http://172.18.0.2:8080/v1/AUTH_15f500f17d33431487a9bf6c87cdb03e/gnocchi.eccecac7-682a-40fa-bbf1-15c1132cc45f/none_v3" "tx3c4b25865cb54627a23ff-0069a1d3c0" "proxy-server 20" 0.0190 "-" 25 0
Feb 27 17:26:24 standalone proxy-server[129990]: 172.18.0.2 172.18.0.100 27/Feb/2026/17/26/24 PUT /v1/AUTH_15f500f17d33431487a9bf6c87cdb03e/gnocchi.eccecac7-682a-40fa-bbf1-15c1132cc45f/none_v3 HTTP/1.0 201 - python-swiftclient-3.11.1 gAAAAABpodN61as7... 22 - - tx3c4b25865cb54627a23ff-0069a1d3c0 - 0.0284 - - 1772213184.447134256 1772213184.475540876 0
Feb 27 17:26:24 standalone container-server[128024]: 172.20.0.100 - - [27/Feb/2026:17:26:24 +0000] "HEAD /d1/577/AUTH_15f500f17d33431487a9bf6c87cdb03e/gnocchi.214ff383-5984-4de2-b015-cfb2a379668d" 404 - "HEAD http://172.18.0.2:8080/v1/AUTH_15f500f17d33431487a9bf6c87cdb03e/gnocchi.214ff383-5984-4de2-b015-cfb2a379668d?format=json&states=listing" "txd612eef6e1ab4d918f6a9-0069a1d3c0" "proxy-server 20" 0.0014 "-" 22 0
Feb 27 17:26:24 standalone object-server[128169]: 172.20.0.100 - - [27/Feb/2026:17:26:24 +0000] "GET /d1/422/AUTH_15f500f17d33431487a9bf6c87cdb03e/gnocchi.214ff383-5984-4de2-b015-cfb2a379668d/none_v3" 404 70 "GET http://172.18.0.2:8080/v1/AUTH_15f500f17d33431487a9bf6c87cdb03e/gnocchi.214ff383-5984-4de2-b015-cfb2a379668d/none_v3" "txd612eef6e1ab4d918f6a9-0069a1d3c0" "proxy-server 20" 0.0008 "-" 24 0
Feb 27 17:26:24 standalone proxy-server[129990]: 172.18.0.2 172.18.0.100 27/Feb/2026/17/26/24 GET /v1/AUTH_15f500f17d33431487a9bf6c87cdb03e/gnocchi.214ff383-5984-4de2-b015-cfb2a379668d/none_v3 HTTP/1.0 404 - python-swiftclient-3.11.1 gAAAAABpodN61as7... - 70 - txd612eef6e1ab4d918f6a9-0069a1d3c0 - 0.0182 - - 1772213184.488966465 1772213184.507189989 0
Feb 27 17:26:24 standalone account-server[128003]: 172.20.0.100 - - [27/Feb/2026:17:26:24 +0000] "PUT /d1/518/AUTH_15f500f17d33431487a9bf6c87cdb03e/gnocchi.214ff383-5984-4de2-b015-cfb2a379668d" 201 - "PUT http://172.20.0.100:6001/d1/577/AUTH_15f500f17d33431487a9bf6c87cdb03e/gnocchi.214ff383-5984-4de2-b015-cfb2a379668d" "tx915c36609b4b44108a8d6-0069a1d3c0" "container-server 22" 0.0115 "-" 20 0
Feb 27 17:26:24 standalone container-server[128024]: 172.20.0.100 - - [27/Feb/2026:17:26:24 +0000] "PUT /d1/577/AUTH_15f500f17d33431487a9bf6c87cdb03e/gnocchi.214ff383-5984-4de2-b015-cfb2a379668d" 201 - "PUT http://172.18.0.2:8080/v1/AUTH_15f500f17d33431487a9bf6c87cdb03e/gnocchi.214ff383-5984-4de2-b015-cfb2a379668d" "tx915c36609b4b44108a8d6-0069a1d3c0" "proxy-server 20" 0.0563 "-" 22 0
Feb 27 17:26:24 standalone proxy-server[129990]: 172.18.0.2 172.18.0.100 27/Feb/2026/17/26/24 PUT /v1/AUTH_15f500f17d33431487a9bf6c87cdb03e/gnocchi.214ff383-5984-4de2-b015-cfb2a379668d HTTP/1.0 201 - python-swiftclient-3.11.1 gAAAAABpodN61as7... - - - tx915c36609b4b44108a8d6-0069a1d3c0 - 0.0729 - - 1772213184.511387348 1772213184.584278822 0
Feb 27 17:26:24 standalone container-server[128019]: 172.20.0.100 - - [27/Feb/2026:17:26:24 +0000] "HEAD /d1/577/AUTH_15f500f17d33431487a9bf6c87cdb03e/gnocchi.214ff383-5984-4de2-b015-cfb2a379668d" 204 - "HEAD http://172.18.0.2:8080/v1/AUTH_15f500f17d33431487a9bf6c87cdb03e/gnocchi.214ff383-5984-4de2-b015-cfb2a379668d?format=json&states=listing" "tx7093f0ea02c143d9aaba5-0069a1d3c0" "proxy-server 20" 0.0015 "-" 21 0
Feb 27 17:26:24 standalone proxy-server[129990]: - - 27/Feb/2026/17/26/24 HEAD /v1/AUTH_15f500f17d33431487a9bf6c87cdb03e/gnocchi.214ff383-5984-4de2-b015-cfb2a379668d%3Fformat%3Djson%26states%3Dlisting HTTP/1.0 204 - Swift - - - - tx7093f0ea02c143d9aaba5-0069a1d3c0 - 0.0073 RL - 1772213184.594391108 1772213184.601707220 0
Feb 27 17:26:24 standalone container-server[128014]: 172.20.0.100 - - [27/Feb/2026:17:26:24 +0000] "GET /d1/577/AUTH_15f500f17d33431487a9bf6c87cdb03e/gnocchi.214ff383-5984-4de2-b015-cfb2a379668d" 200 2 "GET http://172.18.0.2:8080/v1/AUTH_15f500f17d33431487a9bf6c87cdb03e/gnocchi.214ff383-5984-4de2-b015-cfb2a379668d?format=json&states=listing" "tx7093f0ea02c143d9aaba5-0069a1d3c0" "proxy-server 20" 0.0039 "-" 20 0
Feb 27 17:26:24 standalone proxy-server[129990]: 172.18.0.2 172.18.0.100 27/Feb/2026/17/26/24 GET /v1/AUTH_15f500f17d33431487a9bf6c87cdb03e/gnocchi.214ff383-5984-4de2-b015-cfb2a379668d%3Fformat%3Djson%26states%3Dlisting HTTP/1.0 200 - python-swiftclient-3.11.1 gAAAAABpodN61as7... - 2 - tx7093f0ea02c143d9aaba5-0069a1d3c0 - 0.0795 - - 1772213184.591625929 1772213184.671124220 0
Feb 27 17:26:24 standalone object-server[128156]: 172.20.0.100 - - [27/Feb/2026:17:26:24 +0000] "GET /d1/933/AUTH_15f500f17d33431487a9bf6c87cdb03e/gnocchi.214ff383-5984-4de2-b015-cfb2a379668d/1771200000.0_mean_300.0_v3" 404 70 "GET http://172.18.0.2:8080/v1/AUTH_15f500f17d33431487a9bf6c87cdb03e/gnocchi.214ff383-5984-4de2-b015-cfb2a379668d/1771200000.0_mean_300.0_v3" "tx21a5f791f57145638dd46-0069a1d3c0" "proxy-server 20" 0.0007 "-" 23 0
Feb 27 17:26:24 standalone proxy-server[129990]: 172.18.0.2 172.18.0.100 27/Feb/2026/17/26/24 GET /v1/AUTH_15f500f17d33431487a9bf6c87cdb03e/gnocchi.214ff383-5984-4de2-b015-cfb2a379668d/1771200000.0_mean_300.0_v3 HTTP/1.0 404 - python-swiftclient-3.11.1 gAAAAABpodN61as7... - 70 - tx21a5f791f57145638dd46-0069a1d3c0 - 0.0096 - - 1772213184.679536343 1772213184.689146280 0
Feb 27 17:26:24 standalone container-server[128014]: 172.20.0.100 - - [27/Feb/2026:17:26:24 +0000] "PUT /d1/577/AUTH_15f500f17d33431487a9bf6c87cdb03e/gnocchi.214ff383-5984-4de2-b015-cfb2a379668d/1771200000.0_mean_300.0_v3" 201 - "PUT http://172.18.0.2:8080/d1/933/AUTH_15f500f17d33431487a9bf6c87cdb03e/gnocchi.214ff383-5984-4de2-b015-cfb2a379668d/1771200000.0_mean_300.0_v3" "tx911fa25be8c6432094d19-0069a1d3c0" "object-server 25" 0.0012 "-" 20 0
Feb 27 17:26:24 standalone object-server[128196]: 172.20.0.100 - - [27/Feb/2026:17:26:24 +0000] "PUT /d1/933/AUTH_15f500f17d33431487a9bf6c87cdb03e/gnocchi.214ff383-5984-4de2-b015-cfb2a379668d/1771200000.0_mean_300.0_v3" 201 - "PUT http://172.18.0.2:8080/v1/AUTH_15f500f17d33431487a9bf6c87cdb03e/gnocchi.214ff383-5984-4de2-b015-cfb2a379668d/1771200000.0_mean_300.0_v3" "tx911fa25be8c6432094d19-0069a1d3c0" "proxy-server 20" 0.0172 "-" 25 0
Feb 27 17:26:24 standalone proxy-server[129990]: 172.18.0.2 172.18.0.100 27/Feb/2026/17/26/24 PUT /v1/AUTH_15f500f17d33431487a9bf6c87cdb03e/gnocchi.214ff383-5984-4de2-b015-cfb2a379668d/1771200000.0_mean_300.0_v3 HTTP/1.0 201 - python-swiftclient-3.11.1 gAAAAABpodN61as7... 16 - - tx911fa25be8c6432094d19-0069a1d3c0 - 0.0287 - - 1772213184.695790768 1772213184.724526405 0
