Feb 27 17:26:24 standalone container-server[128024]: 172.20.0.100 - - [27/Feb/2026:17:26:24 +0000] "PUT /d1/577/AUTH_15f500f17d33431487a9bf6c87cdb03e/gnocchi.214ff383-5984-4de2-b015-cfb2a379668d/none_v3" 201 - "PUT http://172.18.0.2:8080/d1/422/AUTH_15f500f17d33431487a9bf6c87cdb03e/gnocchi.214ff383-5984-4de2-b015-cfb2a379668d/none_v3" "tx997cec75db0c4060963d1-0069a1d3c0" "object-server 25" 0.0024 "-" 22 0
Feb 27 17:26:24 standalone object-server[128196]: 172.20.0.100 - - [27/Feb/2026:17:26:24 +0000] "PUT /d1/422/AUTH_15f500f17d33431487a9bf6c87cdb03e/gnocchi.214ff383-5984-4de2-b015-cfb2a379668d/none_v3" 201 - "PUT http://172.18.0.2:8080/v1/AUTH_15f500f17d33431487a9bf6c87cdb03e/gnocchi.214ff383-5984-4de2-b015-cfb2a379668d/none_v3" "tx997cec75db0c4060963d1-0069a1d3c0" "proxy-server 20" 0.0218 "-" 25 0
Feb 27 17:26:24 standalone proxy-server[129990]: 172.18.0.2 172.18.0.100 27/Feb/2026/17/26/24 PUT /v1/AUTH_15f500f17d33431487a9bf6c87cdb03e/gnocchi.214ff383-5984-4de2-b015-cfb2a379668d/none_v3 HTTP/1.0 201 - python-swiftclient-3.11.1 gAAAAABpodN61as7... 22 - - tx997cec75db0c4060963d1-0069a1d3c0 - 0.0355 - - 1772213184.731828690 1772213184.767321348 0
Feb 27 17:26:24 standalone container-server[128014]: 172.20.0.100 - - [27/Feb/2026:17:26:24 +0000] "HEAD /d1/615/AUTH_15f500f17d33431487a9bf6c87cdb03e/gnocchi.624bc04f-c211-40a4-8005-e62c0becf3cf" 404 - "HEAD http://172.18.0.2:8080/v1/AUTH_15f500f17d33431487a9bf6c87cdb03e/gnocchi.624bc04f-c211-40a4-8005-e62c0becf3cf?format=json&states=listing" "tx55a3b0d4dc5d41d38166d-0069a1d3c0" "proxy-server 20" 0.0008 "-" 20 0
Feb 27 17:26:24 standalone object-server[128156]: 172.20.0.100 - - [27/Feb/2026:17:26:24 +0000] "GET /d1/502/AUTH_15f500f17d33431487a9bf6c87cdb03e/gnocchi.624bc04f-c211-40a4-8005-e62c0becf3cf/none_v3" 404 70 "GET http://172.18.0.2:8080/v1/AUTH_15f500f17d33431487a9bf6c87cdb03e/gnocchi.624bc04f-c211-40a4-8005-e62c0becf3cf/none_v3" "tx55a3b0d4dc5d41d38166d-0069a1d3c0" "proxy-server 20" 0.0008 "-" 23 0
Feb 27 17:26:24 standalone proxy-server[129990]: 172.18.0.2 172.18.0.100 27/Feb/2026/17/26/24 GET /v1/AUTH_15f500f17d33431487a9bf6c87cdb03e/gnocchi.624bc04f-c211-40a4-8005-e62c0becf3cf/none_v3 HTTP/1.0 404 - python-swiftclient-3.11.1 gAAAAABpodN61as7... - 70 - tx55a3b0d4dc5d41d38166d-0069a1d3c0 - 0.0211 - - 1772213184.792918205 1772213184.813977003 0
Feb 27 17:26:24 standalone account-server[128003]: 172.20.0.100 - - [27/Feb/2026:17:26:24 +0000] "PUT /d1/518/AUTH_15f500f17d33431487a9bf6c87cdb03e/gnocchi.624bc04f-c211-40a4-8005-e62c0becf3cf" 201 - "PUT http://172.20.0.100:6001/d1/615/AUTH_15f500f17d33431487a9bf6c87cdb03e/gnocchi.624bc04f-c211-40a4-8005-e62c0becf3cf" "txffebd25b40ec4361932e9-0069a1d3c0" "container-server 22" 0.0061 "-" 20 0
Feb 27 17:26:24 standalone container-server[128024]: 172.20.0.100 - - [27/Feb/2026:17:26:24 +0000] "PUT /d1/615/AUTH_15f500f17d33431487a9bf6c87cdb03e/gnocchi.624bc04f-c211-40a4-8005-e62c0becf3cf" 201 - "PUT http://172.18.0.2:8080/v1/AUTH_15f500f17d33431487a9bf6c87cdb03e/gnocchi.624bc04f-c211-40a4-8005-e62c0becf3cf" "txffebd25b40ec4361932e9-0069a1d3c0" "proxy-server 20" 0.0338 "-" 22 0
Feb 27 17:26:24 standalone proxy-server[129990]: 172.18.0.2 172.18.0.100 27/Feb/2026/17/26/24 PUT /v1/AUTH_15f500f17d33431487a9bf6c87cdb03e/gnocchi.624bc04f-c211-40a4-8005-e62c0becf3cf HTTP/1.0 201 - python-swiftclient-3.11.1 gAAAAABpodN61as7... - - - txffebd25b40ec4361932e9-0069a1d3c0 - 0.0430 - - 1772213184.819738150 1772213184.862775087 0
Feb 27 17:26:24 standalone container-server[128025]: 172.20.0.100 - - [27/Feb/2026:17:26:24 +0000] "HEAD /d1/615/AUTH_15f500f17d33431487a9bf6c87cdb03e/gnocchi.624bc04f-c211-40a4-8005-e62c0becf3cf" 204 - "HEAD http://172.18.0.2:8080/v1/AUTH_15f500f17d33431487a9bf6c87cdb03e/gnocchi.624bc04f-c211-40a4-8005-e62c0becf3cf?format=json&states=listing" "txcd024a218aaa475d91ab3-0069a1d3c0" "proxy-server 20" 0.0021 "-" 23 0
Feb 27 17:26:24 standalone proxy-server[129990]: - - 27/Feb/2026/17/26/24 HEAD /v1/AUTH_15f500f17d33431487a9bf6c87cdb03e/gnocchi.624bc04f-c211-40a4-8005-e62c0becf3cf%3Fformat%3Djson%26states%3Dlisting HTTP/1.0 204 - Swift - - - - txcd024a218aaa475d91ab3-0069a1d3c0 - 0.0073 RL - 1772213184.870924473 1772213184.878255844 0
Feb 27 17:26:24 standalone container-server[128025]: 172.20.0.100 - - [27/Feb/2026:17:26:24 +0000] "GET /d1/615/AUTH_15f500f17d33431487a9bf6c87cdb03e/gnocchi.624bc04f-c211-40a4-8005-e62c0becf3cf" 200 2 "GET http://172.18.0.2:8080/v1/AUTH_15f500f17d33431487a9bf6c87cdb03e/gnocchi.624bc04f-c211-40a4-8005-e62c0becf3cf?format=json&states=listing" "txcd024a218aaa475d91ab3-0069a1d3c0" "proxy-server 20" 0.0030 "-" 23 0
Feb 27 17:26:24 standalone proxy-server[129990]: 172.18.0.2 172.18.0.100 27/Feb/2026/17/26/24 GET /v1/AUTH_15f500f17d33431487a9bf6c87cdb03e/gnocchi.624bc04f-c211-40a4-8005-e62c0becf3cf%3Fformat%3Djson%26states%3Dlisting HTTP/1.0 200 - python-swiftclient-3.11.1 gAAAAABpodN61as7... - 2 - txcd024a218aaa475d91ab3-0069a1d3c0 - 0.0192 - - 1772213184.869447947 1772213184.888695478 0
Feb 27 17:26:24 standalone object-server[128150]: 172.20.0.100 - - [27/Feb/2026:17:26:24 +0000] "GET /d1/917/AUTH_15f500f17d33431487a9bf6c87cdb03e/gnocchi.624bc04f-c211-40a4-8005-e62c0becf3cf/1771200000.0_mean_300.0_v3" 404 70 "GET http://172.18.0.2:8080/v1/AUTH_15f500f17d33431487a9bf6c87cdb03e/gnocchi.624bc04f-c211-40a4-8005-e62c0becf3cf/1771200000.0_mean_300.0_v3" "tx8261911fa1b94a0999ac1-0069a1d3c0" "proxy-server 20" 0.0005 "-" 22 0
Feb 27 17:26:24 standalone proxy-server[129990]: 172.18.0.2 172.18.0.100 27/Feb/2026/17/26/24 GET /v1/AUTH_15f500f17d33431487a9bf6c87cdb03e/gnocchi.624bc04f-c211-40a4-8005-e62c0becf3cf/1771200000.0_mean_300.0_v3 HTTP/1.0 404 - python-swiftclient-3.11.1 gAAAAABpodN61as7... - 70 - tx8261911fa1b94a0999ac1-0069a1d3c0 - 0.0073 - - 1772213184.895894051 1772213184.903233290 0
Feb 27 17:26:24 standalone container-server[128024]: 172.20.0.100 - - [27/Feb/2026:17:26:24 +0000] "PUT /d1/615/AUTH_15f500f17d33431487a9bf6c87cdb03e/gnocchi.624bc04f-c211-40a4-8005-e62c0becf3cf/1771200000.0_mean_300.0_v3" 201 - "PUT http://172.18.0.2:8080/d1/917/AUTH_15f500f17d33431487a9bf6c87cdb03e/gnocchi.624bc04f-c211-40a4-8005-e62c0becf3cf/1771200000.0_mean_300.0_v3" "tx15675a8b0868403792670-0069a1d3c0" "object-server 23" 0.0024 "-" 22 0
Feb 27 17:26:24 standalone object-server[128156]: 172.20.0.100 - - [27/Feb/2026:17:26:24 +0000] "PUT /d1/917/AUTH_15f500f17d33431487a9bf6c87cdb03e/gnocchi.624bc04f-c211-40a4-8005-e62c0becf3cf/1771200000.0_mean_300.0_v3" 201 - "PUT http://172.18.0.2:8080/v1/AUTH_15f500f17d33431487a9bf6c87cdb03e/gnocchi.624bc04f-c211-40a4-8005-e62c0becf3cf/1771200000.0_mean_300.0_v3" "tx15675a8b0868403792670-0069a1d3c0" "proxy-server 20" 0.0228 "-" 23 0
Feb 27 17:26:24 standalone proxy-server[129990]: 172.18.0.2 172.18.0.100 27/Feb/2026/17/26/24 PUT /v1/AUTH_15f500f17d33431487a9bf6c87cdb03e/gnocchi.624bc04f-c211-40a4-8005-e62c0becf3cf/1771200000.0_mean_300.0_v3 HTTP/1.0 201 - python-swiftclient-3.11.1 gAAAAABpodN61as7... 16 - - tx15675a8b0868403792670-0069a1d3c0 - 0.0317 - - 1772213184.908484936 1772213184.940179825 0
Feb 27 17:26:24 standalone container-server[128019]: 172.20.0.100 - - [27/Feb/2026:17:26:24 +0000] "PUT /d1/615/AUTH_15f500f17d33431487a9bf6c87cdb03e/gnocchi.624bc04f-c211-40a4-8005-e62c0becf3cf/none_v3" 201 - "PUT http://172.18.0.2:8080/d1/502/AUTH_15f500f17d33431487a9bf6c87cdb03e/gnocchi.624bc04f-c211-40a4-8005-e62c0becf3cf/none_v3" "txc9a928a2240e48189fc79-0069a1d3c0" "object-server 22" 0.0008 "-" 21 0
Feb 27 17:26:24 standalone object-server[128150]: 172.20.0.100 - - [27/Feb/2026:17:26:24 +0000] "PUT /d1/502/AUTH_15f500f17d33431487a9bf6c87cdb03e/gnocchi.624bc04f-c211-40a4-8005-e62c0becf3cf/none_v3" 201 - "PUT http://172.18.0.2:8080/v1/AUTH_15f500f17d33431487a9bf6c87cdb03e/gnocchi.624bc04f-c211-40a4-8005-e62c0becf3cf/none_v3" "txc9a928a2240e48189fc79-0069a1d3c0" "proxy-server 20" 0.0114 "-" 22 0
Feb 27 17:26:24 standalone proxy-server[129990]: 172.18.0.2 172.18.0.100 27/Feb/2026/17/26/24 PUT /v1/AUTH_15f500f17d33431487a9bf6c87cdb03e/gnocchi.624bc04f-c211-40a4-8005-e62c0becf3cf/none_v3 HTTP/1.0 201 - python-swiftclient-3.11.1 gAAAAABpodN61as7... 22 - - txc9a928a2240e48189fc79-0069a1d3c0 - 0.0193 - - 1772213184.947801113 1772213184.967135191 0
Feb 27 17:26:25 standalone container-server[128024]: 172.20.0.100 - - [27/Feb/2026:17:26:25 +0000] "HEAD /d1/425/AUTH_15f500f17d33431487a9bf6c87cdb03e/gnocchi.89485282-dca1-40d5-badd-8bfbc8ad17fa" 404 - "HEAD http://172.18.0.2:8080/v1/AUTH_15f500f17d33431487a9bf6c87cdb03e/gnocchi.89485282-dca1-40d5-badd-8bfbc8ad17fa?format=json&states=listing" "tx139293a191e54c2190e7a-0069a1d3c0" "proxy-server 20" 0.0020 "-" 22 0
Feb 27 17:26:25 standalone object-server[128196]: 172.20.0.100 - - [27/Feb/2026:17:26:25 +0000] "GET /d1/516/AUTH_15f500f17d33431487a9bf6c87cdb03e/gnocchi.89485282-dca1-40d5-badd-8bfbc8ad17fa/none_v3" 404 70 "GET http://172.18.0.2:8080/v1/AUTH_15f500f17d33431487a9bf6c87cdb03e/gnocchi.89485282-dca1-40d5-badd-8bfbc8ad17fa/none_v3" "tx139293a191e54c2190e7a-0069a1d3c0" "proxy-server 20" 0.0012 "-" 25 0
Feb 27 17:26:25 standalone proxy-server[129990]: 172.18.0.2 172.18.0.100 27/Feb/2026/17/26/25 GET /v1/AUTH_15f500f17d33431487a9bf6c87cdb03e/gnocchi.89485282-dca1-40d5-badd-8bfbc8ad17fa/none_v3 HTTP/1.0 404 - python-swiftclient-3.11.1 gAAAAABpodN61as7... - 70 - tx139293a191e54c2190e7a-0069a1d3c0 - 0.0246 - - 1772213184.994799614 1772213185.019377232 0
Feb 27 17:26:25 standalone account-server[128009]: 172.20.0.100 - - [27/Feb/2026:17:26:25 +0000] "PUT /d1/518/AUTH_15f500f17d33431487a9bf6c87cdb03e/gnocchi.89485282-dca1-40d5-badd-8bfbc8ad17fa" 201 - "PUT http://172.20.0.100:6001/d1/425/AUTH_15f500f17d33431487a9bf6c87cdb03e/gnocchi.89485282-dca1-40d5-badd-8bfbc8ad17fa" "tx92b88162f99644beb2c42-0069a1d3c1" "container-server 23" 0.0122 "-" 22 0
Feb 27 17:26:25 standalone container-server[128025]: 172.20.0.100 - - [27/Feb/2026:17:26:25 +0000] "PUT /d1/425/AUTH_15f500f17d33431487a9bf6c87cdb03e/gnocchi.89485282-dca1-40d5-badd-8bfbc8ad17fa" 201 - "PUT http://172.18.0.2:8080/v1/AUTH_15f500f17d33431487a9bf6c87cdb03e/gnocchi.89485282-dca1-40d5-badd-8bfbc8ad17fa" "tx92b88162f99644beb2c42-0069a1d3c1" "proxy-server 20" 0.0295 "-" 23 0
Feb 27 17:26:25 standalone proxy-server[129990]: 172.18.0.2 172.18.0.100 27/Feb/2026/17/26/25 PUT /v1/AUTH_15f500f17d33431487a9bf6c87cdb03e/gnocchi.89485282-dca1-40d5-badd-8bfbc8ad17fa HTTP/1.0 201 - python-swiftclient-3.11.1 gAAAAABpodN61as7... - - - tx92b88162f99644beb2c42-0069a1d3c1 - 0.0387 - - 1772213185.025172472 1772213185.063864946 0
Feb 27 17:26:25 standalone container-server[128019]: 172.20.0.100 - - [27/Feb/2026:17:26:25 +0000] "HEAD /d1/425/AUTH_15f500f17d33431487a9bf6c87cdb03e/gnocchi.89485282-dca1-40d5-badd-8bfbc8ad17fa" 204 - "HEAD http://172.18.0.2:8080/v1/AUTH_15f500f17d33431487a9bf6c87cdb03e/gnocchi.89485282-dca1-40d5-badd-8bfbc8ad17fa?format=json&states=listing" "txa8842049164b47f3b3ff5-0069a1d3c1" "proxy-server 20" 0.0021 "-" 21 0
Feb 27 17:26:25 standalone proxy-server[129990]: - - 27/Feb/2026/17/26/25 HEAD /v1/AUTH_15f500f17d33431487a9bf6c87cdb03e/gnocchi.89485282-dca1-40d5-badd-8bfbc8ad17fa%3Fformat%3Djson%26states%3Dlisting HTTP/1.0 204 - Swift - - - - txa8842049164b47f3b3ff5-0069a1d3c1 - 0.0096 RL - 1772213185.073335886 1772213185.082951784 0
Feb 27 17:26:25 standalone container-server[128014]: 172.20.0.100 - - [27/Feb/2026:17:26:25 +0000] "GET /d1/425/AUTH_15f500f17d33431487a9bf6c87cdb03e/gnocchi.89485282-dca1-40d5-badd-8bfbc8ad17fa" 200 2 "GET http://172.18.0.2:8080/v1/AUTH_15f500f17d33431487a9bf6c87cdb03e/gnocchi.89485282-dca1-40d5-badd-8bfbc8ad17fa?format=json&states=listing" "txa8842049164b47f3b3ff5-0069a1d3c1" "proxy-server 20" 0.0052 "-" 20 0
Feb 27 17:26:25 standalone proxy-server[129990]: 172.18.0.2 172.18.0.100 27/Feb/2026/17/26/25 GET /v1/AUTH_15f500f17d33431487a9bf6c87cdb03e/gnocchi.89485282-dca1-40d5-badd-8bfbc8ad17fa%3Fformat%3Djson%26states%3Dlisting HTTP/1.0 200 - python-swiftclient-3.11.1 gAAAAABpodN61as7... - 2 - txa8842049164b47f3b3ff5-0069a1d3c1 - 0.0306 - - 1772213185.070872545 1772213185.101477861 0
Feb 27 17:26:25 standalone object-server[128196]: 172.20.0.100 - - [27/Feb/2026:17:26:25 +0000] "GET /d1/996/AUTH_15f500f17d33431487a9bf6c87cdb03e/gnocchi.89485282-dca1-40d5-badd-8bfbc8ad17fa/1771200000.0_mean_300.0_v3" 404 70 "GET http://172.18.0.2:8080/v1/AUTH_15f500f17d33431487a9bf6c87cdb03e/gnocchi.89485282-dca1-40d5-badd-8bfbc8ad17fa/1771200000.0_mean_300.0_v3" "tx588b07f98edf4e488f6b0-0069a1d3c1" "proxy-server 20" 0.0008 "-" 25 0
Feb 27 17:26:25 standalone proxy-server[129990]: 172.18.0.2 172.18.0.100 27/Feb/2026/17/26/25 GET /v1/AUTH_15f500f17d33431487a9bf6c87cdb03e/gnocchi.89485282-dca1-40d5-badd-8bfbc8ad17fa/1771200000.0_mean_300.0_v3 HTTP/1.0 404 - python-swiftclient-3.11.1 gAAAAABpodN61as7... - 70 - tx588b07f98edf4e488f6b0-0069a1d3c1 - 0.0134 - - 1772213185.111574888 1772213185.124953747 0
Feb 27 17:26:25 standalone container-server[128025]: 172.20.0.100 - - [27/Feb/2026:17:26:25 +0000] "PUT /d1/425/AUTH_15f500f17d33431487a9bf6c87cdb03e/gnocchi.89485282-dca1-40d5-badd-8bfbc8ad17fa/1771200000.0_mean_300.0_v3" 201 - "PUT http://172.18.0.2:8080/d1/996/AUTH_15f500f17d33431487a9bf6c87cdb03e/gnocchi.89485282-dca1-40d5-badd-8bfbc8ad17fa/1771200000.0_mean_300.0_v3" "tx3c011214ea8f4011b6123-0069a1d3c1" "object-server 24" 0.0014 "-" 23 0
Feb 27 17:26:25 standalone object-server[128169]: 172.20.0.100 - - [27/Feb/2026:17:26:25 +0000] "PUT /d1/996/AUTH_15f500f17d33431487a9bf6c87cdb03e/gnocchi.89485282-dca1-40d5-badd-8bfbc8ad17fa/1771200000.0_mean_300.0_v3" 201 - "PUT http://172.18.0.2:8080/v1/AUTH_15f500f17d33431487a9bf6c87cdb03e/gnocchi.89485282-dca1-40d5-badd-8bfbc8ad17fa/1771200000.0_mean_300.0_v3" "tx3c011214ea8f4011b6123-0069a1d3c1" "proxy-server 20" 0.0161 "-" 24 0
Feb 27 17:26:25 standalone proxy-server[129990]: 172.18.0.2 172.18.0.100 27/Feb/2026/17/26/25 PUT /v1/AUTH_15f500f17d33431487a9bf6c87cdb03e/gnocchi.89485282-dca1-40d5-badd-8bfbc8ad17fa/1771200000.0_mean_300.0_v3 HTTP/1.0 201 - python-swiftclient-3.11.1 gAAAAABpodN61as7... 16 - - tx3c011214ea8f4011b6123-0069a1d3c1 - 0.0278 - - 1772213185.132301331 1772213185.160110235 0
Feb 27 17:26:25 standalone container-server[128014]: 172.20.0.100 - - [27/Feb/2026:17:26:25 +0000] "PUT /d1/425/AUTH_15f500f17d33431487a9bf6c87cdb03e/gnocchi.89485282-dca1-40d5-badd-8bfbc8ad17fa/none_v3" 201 - "PUT http://172.18.0.2:8080/d1/516/AUTH_15f500f17d33431487a9bf6c87cdb03e/gnocchi.89485282-dca1-40d5-badd-8bfbc8ad17fa/none_v3" "tx609d557b3711469298850-0069a1d3c1" "object-server 25" 0.0012 "-" 20 0
Feb 27 17:26:25 standalone object-server[128196]: 172.20.0.100 - - [27/Feb/2026:17:26:25 +0000] "PUT /d1/516/AUTH_15f500f17d33431487a9bf6c87cdb03e/gnocchi.89485282-dca1-40d5-badd-8bfbc8ad17fa/none_v3" 201 - "PUT http://172.18.0.2:8080/v1/AUTH_15f500f17d33431487a9bf6c87cdb03e/gnocchi.89485282-dca1-40d5-badd-8bfbc8ad17fa/none_v3" "tx609d557b3711469298850-0069a1d3c1" "proxy-server 20" 0.0169 "-" 25 0
Feb 27 17:26:25 standalone proxy-server[129990]: 172.18.0.2 172.18.0.100 27/Feb/2026/17/26/25 PUT /v1/AUTH_15f500f17d33431487a9bf6c87cdb03e/gnocchi.89485282-dca1-40d5-badd-8bfbc8ad17fa/none_v3 HTTP/1.0 201 - python-swiftclient-3.11.1 gAAAAABpodN61as7... 22 - - tx609d557b3711469298850-0069a1d3c1 - 0.0290 - - 1772213185.165356874 1772213185.194403887 0
Feb 27 17:26:25 standalone container-server[128019]: 172.20.0.100 - - [27/Feb/2026:17:26:25 +0000] "HEAD /d1/614/AUTH_15f500f17d33431487a9bf6c87cdb03e/gnocchi.426d8d1c-f7be-47c4-b77c-c00315eeb0d8" 404 - "HEAD http://172.18.0.2:8080/v1/AUTH_15f500f17d33431487a9bf6c87cdb03e/gnocchi.426d8d1c-f7be-47c4-b77c-c00315eeb0d8?format=json&states=listing" "txdf304332f435427db1b44-0069a1d3c1" "proxy-server 20" 0.0006 "-" 21 0
Feb 27 17:26:25 standalone object-server[128196]: 172.20.0.100 - - [27/Feb/2026:17:26:25 +0000] "GET /d1/2/AUTH_15f500f17d33431487a9bf6c87cdb03e/gnocchi.426d8d1c-f7be-47c4-b77c-c00315eeb0d8/none_v3" 404 70 "GET http://172.18.0.2:8080/v1/AUTH_15f500f17d33431487a9bf6c87cdb03e/gnocchi.426d8d1c-f7be-47c4-b77c-c00315eeb0d8/none_v3" "txdf304332f435427db1b44-0069a1d3c1" "proxy-server 20" 0.0008 "-" 25 0
Feb 27 17:26:25 standalone proxy-server[129990]: 172.18.0.2 172.18.0.100 27/Feb/2026/17/26/25 GET /v1/AUTH_15f500f17d33431487a9bf6c87cdb03e/gnocchi.426d8d1c-f7be-47c4-b77c-c00315eeb0d8/none_v3 HTTP/1.0 404 - python-swiftclient-3.11.1 gAAAAABpodN61as7... - 70 - txdf304332f435427db1b44-0069a1d3c1 - 0.0182 - - 1772213185.219232559 1772213185.237389803 0
Feb 27 17:26:25 standalone account-server[128004]: 172.20.0.100 - - [27/Feb/2026:17:26:25 +0000] "PUT /d1/518/AUTH_15f500f17d33431487a9bf6c87cdb03e/gnocchi.426d8d1c-f7be-47c4-b77c-c00315eeb0d8" 201 - "PUT http://172.20.0.100:6001/d1/614/AUTH_15f500f17d33431487a9bf6c87cdb03e/gnocchi.426d8d1c-f7be-47c4-b77c-c00315eeb0d8" "tx4990c0552c31498e8981f-0069a1d3c1" "container-server 20" 0.0070 "-" 21 0
Feb 27 17:26:25 standalone container-server[128014]: 172.20.0.100 - - [27/Feb/2026:17:26:25 +0000] "PUT /d1/614/AUTH_15f500f17d33431487a9bf6c87cdb03e/gnocchi.426d8d1c-f7be-47c4-b77c-c00315eeb0d8" 201 - "PUT http://172.18.0.2:8080/v1/AUTH_15f500f17d33431487a9bf6c87cdb03e/gnocchi.426d8d1c-f7be-47c4-b77c-c00315eeb0d8" "tx4990c0552c31498e8981f-0069a1d3c1" "proxy-server 20" 0.0238 "-" 20 0
Feb 27 17:26:25 standalone proxy-server[129990]: 172.18.0.2 172.18.0.100 27/Feb/2026/17/26/25 PUT /v1/AUTH_15f500f17d33431487a9bf6c87cdb03e/gnocchi.426d8d1c-f7be-47c4-b77c-c00315eeb0d8 HTTP/1.0 201 - python-swiftclient-3.11.1 gAAAAABpodN61as7... - - - tx4990c0552c31498e8981f-0069a1d3c1 - 0.0342 - - 1772213185.243580818 1772213185.277766466 0
Feb 27 17:26:25 standalone container-server[128025]: 172.20.0.100 - - [27/Feb/2026:17:26:25 +0000] "HEAD /d1/614/AUTH_15f500f17d33431487a9bf6c87cdb03e/gnocchi.426d8d1c-f7be-47c4-b77c-c00315eeb0d8" 204 - "HEAD http://172.18.0.2:8080/v1/AUTH_15f500f17d33431487a9bf6c87cdb03e/gnocchi.426d8d1c-f7be-47c4-b77c-c00315eeb0d8?format=json&states=listing" "txce05afa3f1844c4087624-0069a1d3c1" "proxy-server 20" 0.0021 "-" 23 0
Feb 27 17:26:25 standalone proxy-server[129990]: - - 27/Feb/2026/17/26/25 HEAD /v1/AUTH_15f500f17d33431487a9bf6c87cdb03e/gnocchi.426d8d1c-f7be-47c4-b77c-c00315eeb0d8%3Fformat%3Djson%26states%3Dlisting HTTP/1.0 204 - Swift - - - - txce05afa3f1844c4087624-0069a1d3c1 - 0.0074 RL - 1772213185.286411047 1772213185.293761730 0
Feb 27 17:26:25 standalone container-server[128025]: 172.20.0.100 - - [27/Feb/2026:17:26:25 +0000] "GET /d1/614/AUTH_15f500f17d33431487a9bf6c87cdb03e/gnocchi.426d8d1c-f7be-47c4-b77c-c00315eeb0d8" 200 2 "GET http://172.18.0.2:8080/v1/AUTH_15f500f17d33431487a9bf6c87cdb03e/gnocchi.426d8d1c-f7be-47c4-b77c-c00315eeb0d8?format=json&states=listing" "txce05afa3f1844c4087624-0069a1d3c1" "proxy-server 20" 0.0033 "-" 23 0
Feb 27 17:26:25 standalone proxy-server[129990]: 172.18.0.2 172.18.0.100 27/Feb/2026/17/26/25 GET /v1/AUTH_15f500f17d33431487a9bf6c87cdb03e/gnocchi.426d8d1c-f7be-47c4-b77c-c00315eeb0d8%3Fformat%3Djson%26states%3Dlisting HTTP/1.0 200 - python-swiftclient-3.11.1 gAAAAABpodN61as7... - 2 - txce05afa3f1844c4087624-0069a1d3c1 - 0.0219 - - 1772213185.284343719 1772213185.306218386 0
Feb 27 17:26:25 standalone object-server[128150]: 172.20.0.100 - - [27/Feb/2026:17:26:25 +0000] "GET /d1/902/AUTH_15f500f17d33431487a9bf6c87cdb03e/gnocchi.426d8d1c-f7be-47c4-b77c-c00315eeb0d8/1771200000.0_mean_300.0_v3" 404 70 "GET http://172.18.0.2:8080/v1/AUTH_15f500f17d33431487a9bf6c87cdb03e/gnocchi.426d8d1c-f7be-47c4-b77c-c00315eeb0d8/1771200000.0_mean_300.0_v3" "txc02fa8992f584645a5627-0069a1d3c1" "proxy-server 20" 0.0008 "-" 22 0
Feb 27 17:26:25 standalone proxy-server[129990]: 172.18.0.2 172.18.0.100 27/Feb/2026/17/26/25 GET /v1/AUTH_15f500f17d33431487a9bf6c87cdb03e/gnocchi.426d8d1c-f7be-47c4-b77c-c00315eeb0d8/1771200000.0_mean_300.0_v3 HTTP/1.0 404 - python-swiftclient-3.11.1 gAAAAABpodN61as7... - 70 - txc02fa8992f584645a5627-0069a1d3c1 - 0.0103 - - 1772213185.310555220 1772213185.320863247 0
Feb 27 17:26:25 standalone container-server[128025]: 172.20.0.100 - - [27/Feb/2026:17:26:25 +0000] "PUT /d1/614/AUTH_15f500f17d33431487a9bf6c87cdb03e/gnocchi.426d8d1c-f7be-47c4-b77c-c00315eeb0d8/1771200000.0_mean_300.0_v3" 201 - "PUT http://172.18.0.2:8080/d1/902/AUTH_15f500f17d33431487a9bf6c87cdb03e/gnocchi.426d8d1c-f7be-47c4-b77c-c00315eeb0d8/1771200000.0_mean_300.0_v3" "txfe3dc4a9e99d4d9981700-0069a1d3c1" "object-server 23" 0.0008 "-" 23 0
Feb 27 17:26:25 standalone object-server[128156]: 172.20.0.100 - - [27/Feb/2026:17:26:25 +0000] "PUT /d1/902/AUTH_15f500f17d33431487a9bf6c87cdb03e/gnocchi.426d8d1c-f7be-47c4-b77c-c00315eeb0d8/1771200000.0_mean_300.0_v3" 201 - "PUT http://172.18.0.2:8080/v1/AUTH_15f500f17d33431487a9bf6c87cdb03e/gnocchi.426d8d1c-f7be-47c4-b77c-c00315eeb0d8/1771200000.0_mean_300.0_v3" "txfe3dc4a9e99d4d9981700-0069a1d3c1" "proxy-server 20" 0.0564 "-" 23 0
Feb 27 17:26:25 standalone proxy-server[129990]: 172.18.0.2 172.18.0.100 27/Feb/2026/17/26/25 PUT /v1/AUTH_15f500f17d33431487a9bf6c87cdb03e/gnocchi.426d8d1c-f7be-47c4-b77c-c00315eeb0d8/1771200000.0_mean_300.0_v3 HTTP/1.0 201 - python-swiftclient-3.11.1 gAAAAABpodN61as7... 16 - - txfe3dc4a9e99d4d9981700-0069a1d3c1 - 0.0652 - - 1772213185.324518204 1772213185.389719248 0
Feb 27 17:26:25 standalone container-server[128024]: 172.20.0.100 - - [27/Feb/2026:17:26:25 +0000] "PUT /d1/614/AUTH_15f500f17d33431487a9bf6c87cdb03e/gnocchi.426d8d1c-f7be-47c4-b77c-c00315eeb0d8/none_v3" 201 - "PUT http://172.18.0.2:8080/d1/2/AUTH_15f500f17d33431487a9bf6c87cdb03e/gnocchi.426d8d1c-f7be-47c4-b77c-c00315eeb0d8/none_v3" "tx088dc996423544319e1c9-0069a1d3c1" "object-server 23" 0.0019 "-" 22 0
Feb 27 17:26:25 standalone object-server[128156]: 172.20.0.100 - - [27/Feb/2026:17:26:25 +0000] "PUT /d1/2/AUTH_15f500f17d33431487a9bf6c87cdb03e/gnocchi.426d8d1c-f7be-47c4-b77c-c00315eeb0d8/none_v3" 201 - "PUT http://172.18.0.2:8080/v1/AUTH_15f500f17d33431487a9bf6c87cdb03e/gnocchi.426d8d1c-f7be-47c4-b77c-c00315eeb0d8/none_v3" "tx088dc996423544319e1c9-0069a1d3c1" "proxy-server 20" 0.0155 "-" 23 0
Feb 27 17:26:25 standalone proxy-server[129990]: 172.18.0.2 172.18.0.100 27/Feb/2026/17/26/25 PUT /v1/AUTH_15f500f17d33431487a9bf6c87cdb03e/gnocchi.426d8d1c-f7be-47c4-b77c-c00315eeb0d8/none_v3 HTTP/1.0 201 - python-swiftclient-3.11.1 gAAAAABpodN61as7... 22 - - tx088dc996423544319e1c9-0069a1d3c1 - 0.0266 - - 1772213185.394980431 1772213185.421575069 0
Feb 27 17:26:48 standalone container-server[127570]: Begin container update sweep
Feb 27 17:26:48 standalone account-server[128009]: 172.20.0.100 - - [27/Feb/2026:17:26:48 +0000] "PUT /d1/518/AUTH_15f500f17d33431487a9bf6c87cdb03e/gnocchi.214ff383-5984-4de2-b015-cfb2a379668d" 201 - "-" "-" "container-updater 2" 0.0097 "-" 22 0
Feb 27 17:26:49 standalone account-server[128012]: 172.20.0.100 - - [27/Feb/2026:17:26:49 +0000] "PUT /d1/518/AUTH_15f500f17d33431487a9bf6c87cdb03e/gnocchi.eccecac7-682a-40fa-bbf1-15c1132cc45f" 201 - "-" "-" "container-updater 2" 0.0005 "-" 23 0
Feb 27 17:26:49 standalone account-server[128009]: 172.20.0.100 - - [27/Feb/2026:17:26:49 +0000] "PUT /d1/518/AUTH_15f500f17d33431487a9bf6c87cdb03e/gnocchi.10330109-a524-4678-952c-2ff41de91070" 201 - "-" "-" "container-updater 2" 0.0005 "-" 22 0
Feb 27 17:26:49 standalone account-server[128004]: 172.20.0.100 - - [27/Feb/2026:17:26:49 +0000] "PUT /d1/518/AUTH_15f500f17d33431487a9bf6c87cdb03e/gnocchi.426d8d1c-f7be-47c4-b77c-c00315eeb0d8" 201 - "-" "-" "container-updater 2" 0.0005 "-" 21 0
Feb 27 17:26:49 standalone account-server[128004]: 172.20.0.100 - - [27/Feb/2026:17:26:49 +0000] "PUT /d1/518/AUTH_15f500f17d33431487a9bf6c87cdb03e/gnocchi.9730b936-12ed-4fe0-83f9-63c176009e6a" 201 - "-" "-" "container-updater 2" 0.0004 "-" 21 0
Feb 27 17:26:49 standalone account-server[128012]: 172.20.0.100 - - [27/Feb/2026:17:26:49 +0000] "PUT /d1/518/AUTH_15f500f17d33431487a9bf6c87cdb03e/gnocchi.624bc04f-c211-40a4-8005-e62c0becf3cf" 201 - "-" "-" "container-updater 2" 0.0004 "-" 23 0
Feb 27 17:26:49 standalone account-server[128012]: 172.20.0.100 - - [27/Feb/2026:17:26:49 +0000] "PUT /d1/518/AUTH_15f500f17d33431487a9bf6c87cdb03e/gnocchi.89485282-dca1-40d5-badd-8bfbc8ad17fa" 201 - "-" "-" "container-updater 2" 0.0004 "-" 23 0
Feb 27 17:26:49 standalone account-server[128004]: 172.20.0.100 - - [27/Feb/2026:17:26:49 +0000] "PUT /d1/518/AUTH_15f500f17d33431487a9bf6c87cdb03e/gnocchi.6ba622b4-a0f3-406f-a27e-2865a2eaa397" 201 - "-" "-" "container-updater 2" 0.0004 "-" 21 0
Feb 27 17:26:49 standalone container-server[127570]: Container update sweep completed: 0.70s
Feb 27 17:26:54 standalone container-server[128025]: 172.20.0.100 - - [27/Feb/2026:17:26:54 +0000] "HEAD /d1/675/AUTH_15f500f17d33431487a9bf6c87cdb03e/gnocchi.3c854167-7f9a-4c7a-8f18-7e9be0eb5777" 404 - "HEAD http://172.18.0.2:8080/v1/AUTH_15f500f17d33431487a9bf6c87cdb03e/gnocchi.3c854167-7f9a-4c7a-8f18-7e9be0eb5777?format=json&states=listing" "txcc8605d7869843b5b5d98-0069a1d3de" "proxy-server 20" 0.0006 "-" 23 0
Feb 27 17:26:54 standalone object-server[128196]: 172.20.0.100 - - [27/Feb/2026:17:26:54 +0000] "GET /d1/427/AUTH_15f500f17d33431487a9bf6c87cdb03e/gnocchi.3c854167-7f9a-4c7a-8f18-7e9be0eb5777/none_v3" 404 70 "GET http://172.18.0.2:8080/v1/AUTH_15f500f17d33431487a9bf6c87cdb03e/gnocchi.3c854167-7f9a-4c7a-8f18-7e9be0eb5777/none_v3" "txcc8605d7869843b5b5d98-0069a1d3de" "proxy-server 20" 0.0005 "-" 25 0
Feb 27 17:26:54 standalone proxy-server[129990]: 172.18.0.2 172.18.0.100 27/Feb/2026/17/26/54 GET /v1/AUTH_15f500f17d33431487a9bf6c87cdb03e/gnocchi.3c854167-7f9a-4c7a-8f18-7e9be0eb5777/none_v3 HTTP/1.0 404 - python-swiftclient-3.11.1 gAAAAABpodN61as7... - 70 - txcc8605d7869843b5b5d98-0069a1d3de - 0.0100 - - 1772213214.561298132 1772213214.571318865 0
Feb 27 17:26:54 standalone account-server[128009]: 172.20.0.100 - - [27/Feb/2026:17:26:54 +0000] "PUT /d1/518/AUTH_15f500f17d33431487a9bf6c87cdb03e/gnocchi.3c854167-7f9a-4c7a-8f18-7e9be0eb5777" 201 - "PUT http://172.20.0.100:6001/d1/675/AUTH_15f500f17d33431487a9bf6c87cdb03e/gnocchi.3c854167-7f9a-4c7a-8f18-7e9be0eb5777" "tx8b4bda5e36a940e0a5dd1-0069a1d3de" "container-server 20" 0.0094 "-" 22 0
Feb 27 17:26:54 standalone container-server[128014]: 172.20.0.100 - - [27/Feb/2026:17:26:54 +0000] "PUT /d1/675/AUTH_15f500f17d33431487a9bf6c87cdb03e/gnocchi.3c854167-7f9a-4c7a-8f18-7e9be0eb5777" 201 - "PUT http://172.18.0.2:8080/v1/AUTH_15f500f17d33431487a9bf6c87cdb03e/gnocchi.3c854167-7f9a-4c7a-8f18-7e9be0eb5777" "tx8b4bda5e36a940e0a5dd1-0069a1d3de" "proxy-server 20" 0.0314 "-" 20 0
Feb 27 17:26:54 standalone proxy-server[129990]: 172.18.0.2 172.18.0.100 27/Feb/2026/17/26/54 PUT /v1/AUTH_15f500f17d33431487a9bf6c87cdb03e/gnocchi.3c854167-7f9a-4c7a-8f18-7e9be0eb5777 HTTP/1.0 201 - python-swiftclient-3.11.1 gAAAAABpodN61as7... - - - tx8b4bda5e36a940e0a5dd1-0069a1d3de - 0.0367 - - 1772213214.574303150 1772213214.610975027 0
Feb 27 17:26:54 standalone container-server[128025]: 172.20.0.100 - - [27/Feb/2026:17:26:54 +0000] "HEAD /d1/675/AUTH_15f500f17d33431487a9bf6c87cdb03e/gnocchi.3c854167-7f9a-4c7a-8f18-7e9be0eb5777" 204 - "HEAD http://172.18.0.2:8080/v1/AUTH_15f500f17d33431487a9bf6c87cdb03e/gnocchi.3c854167-7f9a-4c7a-8f18-7e9be0eb5777?format=json&states=listing" "tx107f26a46a05470b87e37-0069a1d3de" "proxy-server 20" 0.0016 "-" 23 0
Feb 27 17:26:54 standalone proxy-server[129990]: - - 27/Feb/2026/17/26/54 HEAD /v1/AUTH_15f500f17d33431487a9bf6c87cdb03e/gnocchi.3c854167-7f9a-4c7a-8f18-7e9be0eb5777%3Fformat%3Djson%26states%3Dlisting HTTP/1.0 204 - Swift - - - - tx107f26a46a05470b87e37-0069a1d3de - 0.0048 RL - 1772213214.615393639 1772213214.620168686 0
Feb 27 17:26:54 standalone container-server[128024]: 172.20.0.100 - - [27/Feb/2026:17:26:54 +0000] "GET /d1/675/AUTH_15f500f17d33431487a9bf6c87cdb03e/gnocchi.3c854167-7f9a-4c7a-8f18-7e9be0eb5777" 200 2 "GET http://172.18.0.2:8080/v1/AUTH_15f500f17d33431487a9bf6c87cdb03e/gnocchi.3c854167-7f9a-4c7a-8f18-7e9be0eb5777?format=json&states=listing" "tx107f26a46a05470b87e37-0069a1d3de" "proxy-server 20" 0.0036 "-" 22 0
Feb 27 17:26:54 standalone proxy-server[129990]: 172.18.0.2 172.18.0.100 27/Feb/2026/17/26/54 GET /v1/AUTH_15f500f17d33431487a9bf6c87cdb03e/gnocchi.3c854167-7f9a-4c7a-8f18-7e9be0eb5777%3Fformat%3Djson%26states%3Dlisting HTTP/1.0 200 - python-swiftclient-3.11.1 gAAAAABpodN61as7... - 2 - tx107f26a46a05470b87e37-0069a1d3de - 0.0152 - - 1772213214.614512444 1772213214.629667044 0
Feb 27 17:26:54 standalone object-server[128156]: 172.20.0.100 - - [27/Feb/2026:17:26:54 +0000] "GET /d1/45/AUTH_15f500f17d33431487a9bf6c87cdb03e/gnocchi.3c854167-7f9a-4c7a-8f18-7e9be0eb5777/1771200000.0_mean_300.0_v3" 404 70 "GET http://172.18.0.2:8080/v1/AUTH_15f500f17d33431487a9bf6c87cdb03e/gnocchi.3c854167-7f9a-4c7a-8f18-7e9be0eb5777/1771200000.0_mean_300.0_v3" "tx9a8683cf88e94d959696c-0069a1d3de" "proxy-server 20" 0.0004 "-" 23 0
Feb 27 17:26:54 standalone proxy-server[129990]: 172.18.0.2 172.18.0.100 27/Feb/2026/17/26/54 GET /v1/AUTH_15f500f17d33431487a9bf6c87cdb03e/gnocchi.3c854167-7f9a-4c7a-8f18-7e9be0eb5777/1771200000.0_mean_300.0_v3 HTTP/1.0 404 - python-swiftclient-3.11.1 gAAAAABpodN61as7... - 70 - tx9a8683cf88e94d959696c-0069a1d3de - 0.0052 - - 1772213214.633335352 1772213214.638513565 0
Feb 27 17:26:54 standalone container-server[128014]: 172.20.0.100 - - [27/Feb/2026:17:26:54 +0000] "PUT /d1/675/AUTH_15f500f17d33431487a9bf6c87cdb03e/gnocchi.3c854167-7f9a-4c7a-8f18-7e9be0eb5777/1771200000.0_mean_300.0_v3" 201 - "PUT http://172.18.0.2:8080/d1/45/AUTH_15f500f17d33431487a9bf6c87cdb03e/gnocchi.3c854167-7f9a-4c7a-8f18-7e9be0eb5777/1771200000.0_mean_300.0_v3" "txf6c28d8a79634e7999ced-0069a1d3de" "object-server 24" 0.0009 "-" 20 0
Feb 27 17:26:54 standalone object-server[128169]: 172.20.0.100 - - [27/Feb/2026:17:26:54 +0000] "PUT /d1/45/AUTH_15f500f17d33431487a9bf6c87cdb03e/gnocchi.3c854167-7f9a-4c7a-8f18-7e9be0eb5777/1771200000.0_mean_300.0_v3" 201 - "PUT http://172.18.0.2:8080/v1/AUTH_15f500f17d33431487a9bf6c87cdb03e/gnocchi.3c854167-7f9a-4c7a-8f18-7e9be0eb5777/1771200000.0_mean_300.0_v3" "txf6c28d8a79634e7999ced-0069a1d3de" "proxy-server 20" 0.0194 "-" 24 0
Feb 27 17:26:54 standalone proxy-server[129990]: 172.18.0.2 172.18.0.100 27/Feb/2026/17/26/54 PUT /v1/AUTH_15f500f17d33431487a9bf6c87cdb03e/gnocchi.3c854167-7f9a-4c7a-8f18-7e9be0eb5777/1771200000.0_mean_300.0_v3 HTTP/1.0 201 - python-swiftclient-3.11.1 gAAAAABpodN61as7... 16 - - txf6c28d8a79634e7999ced-0069a1d3de - 0.0251 - - 1772213214.641138315 1772213214.666231394 0
Feb 27 17:26:54 standalone container-server[128014]: 172.20.0.100 - - [27/Feb/2026:17:26:54 +0000] "PUT /d1/675/AUTH_15f500f17d33431487a9bf6c87cdb03e/gnocchi.3c854167-7f9a-4c7a-8f18-7e9be0eb5777/none_v3" 201 - "PUT http://172.18.0.2:8080/d1/427/AUTH_15f500f17d33431487a9bf6c87cdb03e/gnocchi.3c854167-7f9a-4c7a-8f18-7e9be0eb5777/none_v3" "txa0a5aa9e9be34f0f91b1f-0069a1d3de" "object-server 23" 0.0006 "-" 20 0
Feb 27 17:26:54 standalone object-server[128156]: 172.20.0.100 - - [27/Feb/2026:17:26:54 +0000] "PUT /d1/427/AUTH_15f500f17d33431487a9bf6c87cdb03e/gnocchi.3c854167-7f9a-4c7a-8f18-7e9be0eb5777/none_v3" 201 - "PUT http://172.18.0.2:8080/v1/AUTH_15f500f17d33431487a9bf6c87cdb03e/gnocchi.3c854167-7f9a-4c7a-8f18-7e9be0eb5777/none_v3" "txa0a5aa9e9be34f0f91b1f-0069a1d3de" "proxy-server 20" 0.0098 "-" 23 0
Feb 27 17:26:54 standalone proxy-server[129990]: 172.18.0.2 172.18.0.100 27/Feb/2026/17/26/54 PUT /v1/AUTH_15f500f17d33431487a9bf6c87cdb03e/gnocchi.3c854167-7f9a-4c7a-8f18-7e9be0eb5777/none_v3 HTTP/1.0 201 - python-swiftclient-3.11.1 gAAAAABpodN61as7... 22 - - txa0a5aa9e9be34f0f91b1f-0069a1d3de - 0.0155 - - 1772213214.669765949 1772213214.685273409 0
Feb 27 17:26:54 standalone object-server[128150]: 172.20.0.100 - - [27/Feb/2026:17:26:54 +0000] "GET /d1/439/AUTH_15f500f17d33431487a9bf6c87cdb03e/gnocchi.10330109-a524-4678-952c-2ff41de91070/none_v3" 200 22 "GET http://172.18.0.2:8080/v1/AUTH_15f500f17d33431487a9bf6c87cdb03e/gnocchi.10330109-a524-4678-952c-2ff41de91070/none_v3" "txd77d3bb884e2426198c6f-0069a1d3de" "proxy-server 20" 0.0006 "-" 22 0
Feb 27 17:26:54 standalone proxy-server[129990]: 172.18.0.2 172.18.0.100 27/Feb/2026/17/26/54 GET /v1/AUTH_15f500f17d33431487a9bf6c87cdb03e/gnocchi.10330109-a524-4678-952c-2ff41de91070/none_v3 HTTP/1.0 200 - python-swiftclient-3.11.1 gAAAAABpodN61as7... - 22 - txd77d3bb884e2426198c6f-0069a1d3de - 0.0061 - - 1772213214.779816866 1772213214.785889864 0
Feb 27 17:26:54 standalone container-server[128019]: 172.20.0.100 - - [27/Feb/2026:17:26:54 +0000] "GET /d1/569/AUTH_15f500f17d33431487a9bf6c87cdb03e/gnocchi.10330109-a524-4678-952c-2ff41de91070" 200 357 "GET http://172.18.0.2:8080/v1/AUTH_15f500f17d33431487a9bf6c87cdb03e/gnocchi.10330109-a524-4678-952c-2ff41de91070?format=json&states=listing" "txd11bff478aa640f38efef-0069a1d3de" "proxy-server 20" 0.0042 "-" 21 0
Feb 27 17:26:54 standalone proxy-server[129990]: 172.18.0.2 172.18.0.100 27/Feb/2026/17/26/54 GET /v1/AUTH_15f500f17d33431487a9bf6c87cdb03e/gnocchi.10330109-a524-4678-952c-2ff41de91070%3Fformat%3Djson%26states%3Dlisting HTTP/1.0 200 - python-swiftclient-3.11.1 gAAAAABpodN61as7... - 357 - txd11bff478aa640f38efef-0069a1d3de - 0.0109 - - 1772213214.791523933 1772213214.802392244 0
Feb 27 17:26:54 standalone container-server[128019]: 172.20.0.100 - - [27/Feb/2026:17:26:54 +0000] "GET /d1/569/AUTH_15f500f17d33431487a9bf6c87cdb03e/gnocchi.10330109-a524-4678-952c-2ff41de91070" 200 2 "GET http://172.18.0.2:8080/v1/AUTH_15f500f17d33431487a9bf6c87cdb03e/gnocchi.10330109-a524-4678-952c-2ff41de91070?format=json&marker=none_v3&states=listing" "tx33a0aa1064ab413e9686d-0069a1d3de" "proxy-server 20" 0.0037 "-" 21 0
Feb 27 17:26:54 standalone proxy-server[129990]: 172.18.0.2 172.18.0.100 27/Feb/2026/17/26/54 GET /v1/AUTH_15f500f17d33431487a9bf6c87cdb03e/gnocchi.10330109-a524-4678-952c-2ff41de91070%3Fformat%3Djson%26marker%3Dnone_v3%26states%3Dlisting HTTP/1.0 200 - python-swiftclient-3.11.1 gAAAAABpodN61as7... - 2 - tx33a0aa1064ab413e9686d-0069a1d3de - 0.0103 - - 1772213214.806089878 1772213214.816414118 0
Feb 27 17:26:54 standalone object-server[128169]: 172.20.0.100 - - [27/Feb/2026:17:26:54 +0000] "GET /d1/291/AUTH_15f500f17d33431487a9bf6c87cdb03e/gnocchi.10330109-a524-4678-952c-2ff41de91070/1771200000.0_mean_300.0_v3" 200 16 "GET http://172.18.0.2:8080/v1/AUTH_15f500f17d33431487a9bf6c87cdb03e/gnocchi.10330109-a524-4678-952c-2ff41de91070/1771200000.0_mean_300.0_v3" "txfaa8f7343a624a97a0a41-0069a1d3de" "proxy-server 20" 0.0013 "-" 24 0
Feb 27 17:26:54 standalone proxy-server[129990]: 172.18.0.2 172.18.0.100 27/Feb/2026/17/26/54 GET /v1/AUTH_15f500f17d33431487a9bf6c87cdb03e/gnocchi.10330109-a524-4678-952c-2ff41de91070/1771200000.0_mean_300.0_v3 HTTP/1.0 200 - python-swiftclient-3.11.1 gAAAAABpodN61as7... - 16 - txfaa8f7343a624a97a0a41-0069a1d3de - 0.0079 - - 1772213214.821848154 1772213214.829789400 0
Feb 27 17:26:54 standalone container-server[128024]: 172.20.0.100 - - [27/Feb/2026:17:26:54 +0000] "PUT /d1/569/AUTH_15f500f17d33431487a9bf6c87cdb03e/gnocchi.10330109-a524-4678-952c-2ff41de91070/1771200000.0_mean_300.0_v3" 201 - "PUT http://172.18.0.2:8080/d1/291/AUTH_15f500f17d33431487a9bf6c87cdb03e/gnocchi.10330109-a524-4678-952c-2ff41de91070/1771200000.0_mean_300.0_v3" "tx0eceabdb6e8a4d87b0dc8-0069a1d3de" "object-server 25" 0.0006 "-" 22 0
Feb 27 17:26:54 standalone object-server[128196]: 172.20.0.100 - - [27/Feb/2026:17:26:54 +0000] "PUT /d1/291/AUTH_15f500f17d33431487a9bf6c87cdb03e/gnocchi.10330109-a524-4678-952c-2ff41de91070/1771200000.0_mean_300.0_v3" 201 - "PUT http://172.18.0.2:8080/v1/AUTH_15f500f17d33431487a9bf6c87cdb03e/gnocchi.10330109-a524-4678-952c-2ff41de91070/1771200000.0_mean_300.0_v3" "tx0eceabdb6e8a4d87b0dc8-0069a1d3de" "proxy-server 20" 0.0136 "-" 25 0
Feb 27 17:26:54 standalone proxy-server[129990]: 172.18.0.2 172.18.0.100 27/Feb/2026/17/26/54 PUT /v1/AUTH_15f500f17d33431487a9bf6c87cdb03e/gnocchi.10330109-a524-4678-952c-2ff41de91070/1771200000.0_mean_300.0_v3 HTTP/1.0 201 - python-swiftclient-3.11.1 gAAAAABpodN61as7... 16 - - tx0eceabdb6e8a4d87b0dc8-0069a1d3de - 0.0212 - - 1772213214.835819483 1772213214.857015848 0
Feb 27 17:26:54 standalone container-server[128025]: 172.20.0.100 - - [27/Feb/2026:17:26:54 +0000] "PUT /d1/569/AUTH_15f500f17d33431487a9bf6c87cdb03e/gnocchi.10330109-a524-4678-952c-2ff41de91070/none_v3" 201 - "PUT http://172.18.0.2:8080/d1/439/AUTH_15f500f17d33431487a9bf6c87cdb03e/gnocchi.10330109-a524-4678-952c-2ff41de91070/none_v3" "tx1b7a29bc91524167b879f-0069a1d3de" "object-server 22" 0.0004 "-" 23 0
Feb 27 17:26:54 standalone object-server[128150]: 172.20.0.100 - - [27/Feb/2026:17:26:54 +0000] "PUT /d1/439/AUTH_15f500f17d33431487a9bf6c87cdb03e/gnocchi.10330109-a524-4678-952c-2ff41de91070/none_v3" 201 - "PUT http://172.18.0.2:8080/v1/AUTH_15f500f17d33431487a9bf6c87cdb03e/gnocchi.10330109-a524-4678-952c-2ff41de91070/none_v3" "tx1b7a29bc91524167b879f-0069a1d3de" "proxy-server 20" 0.0111 "-" 22 0
Feb 27 17:26:54 standalone proxy-server[129990]: 172.18.0.2 172.18.0.100 27/Feb/2026/17/26/54 PUT /v1/AUTH_15f500f17d33431487a9bf6c87cdb03e/gnocchi.10330109-a524-4678-952c-2ff41de91070/none_v3 HTTP/1.0 201 - python-swiftclient-3.11.1 gAAAAABpodN61as7... 33 - - tx1b7a29bc91524167b879f-0069a1d3de - 0.0200 - - 1772213214.861578941 1772213214.881546736 0
Feb 27 17:26:54 standalone object-server[128150]: 172.20.0.100 - - [27/Feb/2026:17:26:54 +0000] "GET /d1/616/AUTH_15f500f17d33431487a9bf6c87cdb03e/gnocchi.9730b936-12ed-4fe0-83f9-63c176009e6a/none_v3" 200 22 "GET http://172.18.0.2:8080/v1/AUTH_15f500f17d33431487a9bf6c87cdb03e/gnocchi.9730b936-12ed-4fe0-83f9-63c176009e6a/none_v3" "tx4446c32b9fb5448eb0057-0069a1d3de" "proxy-server 20" 0.0010 "-" 22 0
Feb 27 17:26:54 standalone proxy-server[129990]: 172.18.0.2 172.18.0.100 27/Feb/2026/17/26/54 GET /v1/AUTH_15f500f17d33431487a9bf6c87cdb03e/gnocchi.9730b936-12ed-4fe0-83f9-63c176009e6a/none_v3 HTTP/1.0 200 - python-swiftclient-3.11.1 gAAAAABpodN61as7... - 22 - tx4446c32b9fb5448eb0057-0069a1d3de - 0.0099 - - 1772213214.897575378 1772213214.907516479 0
Feb 27 17:26:54 standalone container-server[128014]: 172.20.0.100 - - [27/Feb/2026:17:26:54 +0000] "GET /d1/436/AUTH_15f500f17d33431487a9bf6c87cdb03e/gnocchi.9730b936-12ed-4fe0-83f9-63c176009e6a" 200 357 "GET http://172.18.0.2:8080/v1/AUTH_15f500f17d33431487a9bf6c87cdb03e/gnocchi.9730b936-12ed-4fe0-83f9-63c176009e6a?format=json&states=listing" "txb45ffc4d96bf4dec8518d-0069a1d3de" "proxy-server 20" 0.0026 "-" 20 0
Feb 27 17:26:54 standalone proxy-server[129990]: 172.18.0.2 172.18.0.100 27/Feb/2026/17/26/54 GET /v1/AUTH_15f500f17d33431487a9bf6c87cdb03e/gnocchi.9730b936-12ed-4fe0-83f9-63c176009e6a%3Fformat%3Djson%26states%3Dlisting HTTP/1.0 200 - python-swiftclient-3.11.1 gAAAAABpodN61as7... - 357 - txb45ffc4d96bf4dec8518d-0069a1d3de - 0.0128 - - 1772213214.911929369 1772213214.924737215 0
Feb 27 17:26:54 standalone container-server[128025]: 172.20.0.100 - - [27/Feb/2026:17:26:54 +0000] "GET /d1/436/AUTH_15f500f17d33431487a9bf6c87cdb03e/gnocchi.9730b936-12ed-4fe0-83f9-63c176009e6a" 200 2 "GET http://172.18.0.2:8080/v1/AUTH_15f500f17d33431487a9bf6c87cdb03e/gnocchi.9730b936-12ed-4fe0-83f9-63c176009e6a?format=json&marker=none_v3&states=listing" "tx620f3689bed0488d991b5-0069a1d3de" "proxy-server 20" 0.0022 "-" 23 0
Feb 27 17:26:54 standalone proxy-server[129990]: 172.18.0.2 172.18.0.100 27/Feb/2026/17/26/54 GET /v1/AUTH_15f500f17d33431487a9bf6c87cdb03e/gnocchi.9730b936-12ed-4fe0-83f9-63c176009e6a%3Fformat%3Djson%26marker%3Dnone_v3%26states%3Dlisting HTTP/1.0 200 - python-swiftclient-3.11.1 gAAAAABpodN61as7... - 2 - tx620f3689bed0488d991b5-0069a1d3de - 0.0077 - - 1772213214.928828478 1772213214.936484814 0
Feb 27 17:26:54 standalone object-server[128169]: 172.20.0.100 - - [27/Feb/2026:17:26:54 +0000] "GET /d1/433/AUTH_15f500f17d33431487a9bf6c87cdb03e/gnocchi.9730b936-12ed-4fe0-83f9-63c176009e6a/1771200000.0_mean_300.0_v3" 200 16 "GET http://172.18.0.2:8080/v1/AUTH_15f500f17d33431487a9bf6c87cdb03e/gnocchi.9730b936-12ed-4fe0-83f9-63c176009e6a/1771200000.0_mean_300.0_v3" "tx8d0a0de519994f538e6d7-0069a1d3de" "proxy-server 20" 0.0011 "-" 24 0
Feb 27 17:26:54 standalone proxy-server[129990]: 172.18.0.2 172.18.0.100 27/Feb/2026/17/26/54 GET /v1/AUTH_15f500f17d33431487a9bf6c87cdb03e/gnocchi.9730b936-12ed-4fe0-83f9-63c176009e6a/1771200000.0_mean_300.0_v3 HTTP/1.0 200 - python-swiftclient-3.11.1 gAAAAABpodN61as7... - 16 - tx8d0a0de519994f538e6d7-0069a1d3de - 0.0069 - - 1772213214.941616535 1772213214.948479652 0
Feb 27 17:26:54 standalone container-server[128024]: 172.20.0.100 - - [27/Feb/2026:17:26:54 +0000] "PUT /d1/436/AUTH_15f500f17d33431487a9bf6c87cdb03e/gnocchi.9730b936-12ed-4fe0-83f9-63c176009e6a/1771200000.0_mean_300.0_v3" 201 - "PUT http://172.18.0.2:8080/d1/433/AUTH_15f500f17d33431487a9bf6c87cdb03e/gnocchi.9730b936-12ed-4fe0-83f9-63c176009e6a/1771200000.0_mean_300.0_v3" "tx865a1f3e0c09464bb49da-0069a1d3de" "object-server 23" 0.0005 "-" 22 0
Feb 27 17:26:54 standalone object-server[128156]: 172.20.0.100 - - [27/Feb/2026:17:26:54 +0000] "PUT /d1/433/AUTH_15f500f17d33431487a9bf6c87cdb03e/gnocchi.9730b936-12ed-4fe0-83f9-63c176009e6a/1771200000.0_mean_300.0_v3" 201 - "PUT http://172.18.0.2:8080/v1/AUTH_15f500f17d33431487a9bf6c87cdb03e/gnocchi.9730b936-12ed-4fe0-83f9-63c176009e6a/1771200000.0_mean_300.0_v3" "tx865a1f3e0c09464bb49da-0069a1d3de" "proxy-server 20" 0.0249 "-" 23 0
Feb 27 17:26:54 standalone proxy-server[129990]: 172.18.0.2 172.18.0.100 27/Feb/2026/17/26/54 PUT /v1/AUTH_15f500f17d33431487a9bf6c87cdb03e/gnocchi.9730b936-12ed-4fe0-83f9-63c176009e6a/1771200000.0_mean_300.0_v3 HTTP/1.0 201 - python-swiftclient-3.11.1 gAAAAABpodN61as7... 16 - - tx865a1f3e0c09464bb49da-0069a1d3de - 0.0315 - - 1772213214.952608585 1772213214.984118938 0
Feb 27 17:26:55 standalone container-server[128025]: 172.20.0.100 - - [27/Feb/2026:17:26:55 +0000] "PUT /d1/436/AUTH_15f500f17d33431487a9bf6c87cdb03e/gnocchi.9730b936-12ed-4fe0-83f9-63c176009e6a/none_v3" 201 - "PUT http://172.18.0.2:8080/d1/616/AUTH_15f500f17d33431487a9bf6c87cdb03e/gnocchi.9730b936-12ed-4fe0-83f9-63c176009e6a/none_v3" "txfe0f7e427e1b4d6fb7197-0069a1d3de" "object-server 22" 0.0005 "-" 23 0
Feb 27 17:26:55 standalone object-server[128150]: 172.20.0.100 - - [27/Feb/2026:17:26:55 +0000] "PUT /d1/616/AUTH_15f500f17d33431487a9bf6c87cdb03e/gnocchi.9730b936-12ed-4fe0-83f9-63c176009e6a/none_v3" 201 - "PUT http://172.18.0.2:8080/v1/AUTH_15f500f17d33431487a9bf6c87cdb03e/gnocchi.9730b936-12ed-4fe0-83f9-63c176009e6a/none_v3" "txfe0f7e427e1b4d6fb7197-0069a1d3de" "proxy-server 20" 0.0098 "-" 22 0
Feb 27 17:26:55 standalone proxy-server[129990]: 172.18.0.2 172.18.0.100 27/Feb/2026/17/26/55 PUT /v1/AUTH_15f500f17d33431487a9bf6c87cdb03e/gnocchi.9730b936-12ed-4fe0-83f9-63c176009e6a/none_v3 HTTP/1.0 201 - python-swiftclient-3.11.1 gAAAAABpodN61as7... 33 - - txfe0f7e427e1b4d6fb7197-0069a1d3de - 0.0144 - - 1772213214.987933636 1772213215.002319813 0
Feb 27 17:27:00 standalone object-server[128196]: 172.20.0.100 - - [27/Feb/2026:17:27:00 +0000] "GET /d1/427/AUTH_15f500f17d33431487a9bf6c87cdb03e/gnocchi.3c854167-7f9a-4c7a-8f18-7e9be0eb5777/none_v3" 200 22 "GET http://172.18.0.2:8080/v1/AUTH_15f500f17d33431487a9bf6c87cdb03e/gnocchi.3c854167-7f9a-4c7a-8f18-7e9be0eb5777/none_v3" "txc775364418f44eadac1e0-0069a1d3e4" "proxy-server 20" 0.0018 "-" 25 0
Feb 27 17:27:00 standalone proxy-server[129990]: 172.18.0.2 172.18.0.100 27/Feb/2026/17/27/00 GET /v1/AUTH_15f500f17d33431487a9bf6c87cdb03e/gnocchi.3c854167-7f9a-4c7a-8f18-7e9be0eb5777/none_v3 HTTP/1.0 200 - python-swiftclient-3.11.1 gAAAAABpodN61as7... - 22 - txc775364418f44eadac1e0-0069a1d3e4 - 0.0112 - - 1772213220.463972569 1772213220.475129843 0
Feb 27 17:27:00 standalone container-server[128025]: 172.20.0.100 - - [27/Feb/2026:17:27:00 +0000] "GET /d1/675/AUTH_15f500f17d33431487a9bf6c87cdb03e/gnocchi.3c854167-7f9a-4c7a-8f18-7e9be0eb5777" 200 357 "GET http://172.18.0.2:8080/v1/AUTH_15f500f17d33431487a9bf6c87cdb03e/gnocchi.3c854167-7f9a-4c7a-8f18-7e9be0eb5777?format=json&states=listing" "tx83814de5f7674d52a8bb8-0069a1d3e4" "proxy-server 20" 0.2743 "-" 23 0
Feb 27 17:27:00 standalone proxy-server[129990]: 172.18.0.2 172.18.0.100 27/Feb/2026/17/27/00 GET /v1/AUTH_15f500f17d33431487a9bf6c87cdb03e/gnocchi.3c854167-7f9a-4c7a-8f18-7e9be0eb5777%3Fformat%3Djson%26states%3Dlisting HTTP/1.0 200 - python-swiftclient-3.11.1 gAAAAABpodN61as7... - 357 - tx83814de5f7674d52a8bb8-0069a1d3e4 - 0.2849 - - 1772213220.481872320 1772213220.766752005 0
Feb 27 17:27:00 standalone container-server[128019]: 172.20.0.100 - - [27/Feb/2026:17:27:00 +0000] "GET /d1/675/AUTH_15f500f17d33431487a9bf6c87cdb03e/gnocchi.3c854167-7f9a-4c7a-8f18-7e9be0eb5777" 200 2 "GET http://172.18.0.2:8080/v1/AUTH_15f500f17d33431487a9bf6c87cdb03e/gnocchi.3c854167-7f9a-4c7a-8f18-7e9be0eb5777?format=json&marker=none_v3&states=listing" "tx2f6293edc5cf4b4f8065f-0069a1d3e4" "proxy-server 20" 0.0023 "-" 21 0
Feb 27 17:27:00 standalone proxy-server[129990]: 172.18.0.2 172.18.0.100 27/Feb/2026/17/27/00 GET /v1/AUTH_15f500f17d33431487a9bf6c87cdb03e/gnocchi.3c854167-7f9a-4c7a-8f18-7e9be0eb5777%3Fformat%3Djson%26marker%3Dnone_v3%26states%3Dlisting HTTP/1.0 200 - python-swiftclient-3.11.1 gAAAAABpodN61as7... - 2 - tx2f6293edc5cf4b4f8065f-0069a1d3e4 - 0.0092 - - 1772213220.771258354 1772213220.780446529 0
Feb 27 17:27:00 standalone object-server[128156]: 172.20.0.100 - - [27/Feb/2026:17:27:00 +0000] "GET /d1/45/AUTH_15f500f17d33431487a9bf6c87cdb03e/gnocchi.3c854167-7f9a-4c7a-8f18-7e9be0eb5777/1771200000.0_mean_300.0_v3" 200 16 "GET http://172.18.0.2:8080/v1/AUTH_15f500f17d33431487a9bf6c87cdb03e/gnocchi.3c854167-7f9a-4c7a-8f18-7e9be0eb5777/1771200000.0_mean_300.0_v3" "tx59bc479388cc4fdfb370d-0069a1d3e4" "proxy-server 20" 0.0019 "-" 23 0
Feb 27 17:27:00 standalone proxy-server[129990]: 172.18.0.2 172.18.0.100 27/Feb/2026/17/27/00 GET /v1/AUTH_15f500f17d33431487a9bf6c87cdb03e/gnocchi.3c854167-7f9a-4c7a-8f18-7e9be0eb5777/1771200000.0_mean_300.0_v3 HTTP/1.0 200 - python-swiftclient-3.11.1 gAAAAABpodN61as7... - 16 - tx59bc479388cc4fdfb370d-0069a1d3e4 - 0.0102 - - 1772213220.784340620 1772213220.794568539 0
Feb 27 17:27:00 standalone container-server[128019]: 172.20.0.100 - - [27/Feb/2026:17:27:00 +0000] "PUT /d1/675/AUTH_15f500f17d33431487a9bf6c87cdb03e/gnocchi.3c854167-7f9a-4c7a-8f18-7e9be0eb5777/1771200000.0_mean_300.0_v3" 201 - "PUT http://172.18.0.2:8080/d1/45/AUTH_15f500f17d33431487a9bf6c87cdb03e/gnocchi.3c854167-7f9a-4c7a-8f18-7e9be0eb5777/1771200000.0_mean_300.0_v3" "txdd712f8b3b3641f1be521-0069a1d3e4" "object-server 23" 0.0008 "-" 21 0
Feb 27 17:27:00 standalone object-server[128156]: 172.20.0.100 - - [27/Feb/2026:17:27:00 +0000] "PUT /d1/45/AUTH_15f500f17d33431487a9bf6c87cdb03e/gnocchi.3c854167-7f9a-4c7a-8f18-7e9be0eb5777/1771200000.0_mean_300.0_v3" 201 - "PUT http://172.18.0.2:8080/v1/AUTH_15f500f17d33431487a9bf6c87cdb03e/gnocchi.3c854167-7f9a-4c7a-8f18-7e9be0eb5777/1771200000.0_mean_300.0_v3" "txdd712f8b3b3641f1be521-0069a1d3e4" "proxy-server 20" 0.0711 "-" 23 0
Feb 27 17:27:00 standalone proxy-server[129990]: 172.18.0.2 172.18.0.100 27/Feb/2026/17/27/00 PUT /v1/AUTH_15f500f17d33431487a9bf6c87cdb03e/gnocchi.3c854167-7f9a-4c7a-8f18-7e9be0eb5777/1771200000.0_mean_300.0_v3 HTTP/1.0 201 - python-swiftclient-3.11.1 gAAAAABpodN61as7... 16 - - txdd712f8b3b3641f1be521-0069a1d3e4 - 0.0776 - - 1772213220.798718929 1772213220.876307726 0
Feb 27 17:27:00 standalone container-server[128019]: 172.20.0.100 - - [27/Feb/2026:17:27:00 +0000] "PUT /d1/675/AUTH_15f500f17d33431487a9bf6c87cdb03e/gnocchi.3c854167-7f9a-4c7a-8f18-7e9be0eb5777/none_v3" 201 - "PUT http://172.18.0.2:8080/d1/427/AUTH_15f500f17d33431487a9bf6c87cdb03e/gnocchi.3c854167-7f9a-4c7a-8f18-7e9be0eb5777/none_v3" "tx01206e6eb5e04d78be088-0069a1d3e4" "object-server 23" 0.0009 "-" 21 0
Feb 27 17:27:00 standalone object-server[128156]: 172.20.0.100 - - [27/Feb/2026:17:27:00 +0000] "PUT /d1/427/AUTH_15f500f17d33431487a9bf6c87cdb03e/gnocchi.3c854167-7f9a-4c7a-8f18-7e9be0eb5777/none_v3" 201 - "PUT http://172.18.0.2:8080/v1/AUTH_15f500f17d33431487a9bf6c87cdb03e/gnocchi.3c854167-7f9a-4c7a-8f18-7e9be0eb5777/none_v3" "tx01206e6eb5e04d78be088-0069a1d3e4" "proxy-server 20" 0.0183 "-" 23 0
Feb 27 17:27:00 standalone proxy-server[129990]: 172.18.0.2 172.18.0.100 27/Feb/2026/17/27/00 PUT /v1/AUTH_15f500f17d33431487a9bf6c87cdb03e/gnocchi.3c854167-7f9a-4c7a-8f18-7e9be0eb5777/none_v3 HTTP/1.0 201 - python-swiftclient-3.11.1 gAAAAABpodN61as7... 32 - - tx01206e6eb5e04d78be088-0069a1d3e4 - 0.0240 - - 1772213220.879442215 1772213220.903440475 0
Feb 27 17:27:09 standalone container-server[128025]: 172.20.0.100 - - [27/Feb/2026:17:27:09 +0000] "HEAD /d1/76/AUTH_15f500f17d33431487a9bf6c87cdb03e/gnocchi.280b94b9-7c62-479e-a8a0-915fa69a56bb" 404 - "HEAD http://172.18.0.2:8080/v1/AUTH_15f500f17d33431487a9bf6c87cdb03e/gnocchi.280b94b9-7c62-479e-a8a0-915fa69a56bb?format=json&states=listing" "tx6ab5444124b74f3482ef0-0069a1d3ed" "proxy-server 20" 0.0009 "-" 23 0
Feb 27 17:27:09 standalone object-server[128156]: 172.20.0.100 - - [27/Feb/2026:17:27:09 +0000] "GET /d1/743/AUTH_15f500f17d33431487a9bf6c87cdb03e/gnocchi.280b94b9-7c62-479e-a8a0-915fa69a56bb/none_v3" 404 70 "GET http://172.18.0.2:8080/v1/AUTH_15f500f17d33431487a9bf6c87cdb03e/gnocchi.280b94b9-7c62-479e-a8a0-915fa69a56bb/none_v3" "tx6ab5444124b74f3482ef0-0069a1d3ed" "proxy-server 20" 0.0011 "-" 23 0
Feb 27 17:27:09 standalone proxy-server[129990]: 172.18.0.2 172.18.0.100 27/Feb/2026/17/27/09 GET /v1/AUTH_15f500f17d33431487a9bf6c87cdb03e/gnocchi.280b94b9-7c62-479e-a8a0-915fa69a56bb/none_v3 HTTP/1.0 404 - python-swiftclient-3.11.1 gAAAAABpodN61as7... - 70 - tx6ab5444124b74f3482ef0-0069a1d3ed - 0.0176 - - 1772213229.527290583 1772213229.544918776 0
Feb 27 17:27:09 standalone account-server[128012]: 172.20.0.100 - - [27/Feb/2026:17:27:09 +0000] "PUT /d1/518/AUTH_15f500f17d33431487a9bf6c87cdb03e/gnocchi.280b94b9-7c62-479e-a8a0-915fa69a56bb" 201 - "PUT http://172.20.0.100:6001/d1/76/AUTH_15f500f17d33431487a9bf6c87cdb03e/gnocchi.280b94b9-7c62-479e-a8a0-915fa69a56bb" "txa93987e49f6d439196b89-0069a1d3ed" "container-server 20" 0.0073 "-" 23 0
