Feb 27 17:27:37 standalone object-server[128196]: 172.20.0.100 - - [27/Feb/2026:17:27:37 +0000] "PUT /d1/923/AUTH_15f500f17d33431487a9bf6c87cdb03e/gnocchi.4bbcebf4-6080-4a15-af70-2c9d3228a0c2/1771200000.0_mean_300.0_v3" 201 - "PUT http://172.18.0.2:8080/v1/AUTH_15f500f17d33431487a9bf6c87cdb03e/gnocchi.4bbcebf4-6080-4a15-af70-2c9d3228a0c2/1771200000.0_mean_300.0_v3" "tx19b5227c2a50412cb81e1-0069a1d409" "proxy-server 20" 0.0140 "-" 25 0
Feb 27 17:27:37 standalone proxy-server[129990]: 172.18.0.2 172.18.0.100 27/Feb/2026/17/27/37 PUT /v1/AUTH_15f500f17d33431487a9bf6c87cdb03e/gnocchi.4bbcebf4-6080-4a15-af70-2c9d3228a0c2/1771200000.0_mean_300.0_v3 HTTP/1.0 201 - python-swiftclient-3.11.1 gAAAAABpodN61as7... 16 - - tx19b5227c2a50412cb81e1-0069a1d409 - 0.0225 - - 1772213257.279241323 1772213257.301758528 0
Feb 27 17:27:37 standalone container-server[128019]: 172.20.0.100 - - [27/Feb/2026:17:27:37 +0000] "PUT /d1/412/AUTH_15f500f17d33431487a9bf6c87cdb03e/gnocchi.4bbcebf4-6080-4a15-af70-2c9d3228a0c2/none_v3" 201 - "PUT http://172.18.0.2:8080/d1/244/AUTH_15f500f17d33431487a9bf6c87cdb03e/gnocchi.4bbcebf4-6080-4a15-af70-2c9d3228a0c2/none_v3" "tx19c5ba7541a74e228c2c6-0069a1d409" "object-server 24" 0.0006 "-" 21 0
Feb 27 17:27:37 standalone object-server[128169]: 172.20.0.100 - - [27/Feb/2026:17:27:37 +0000] "PUT /d1/244/AUTH_15f500f17d33431487a9bf6c87cdb03e/gnocchi.4bbcebf4-6080-4a15-af70-2c9d3228a0c2/none_v3" 201 - "PUT http://172.18.0.2:8080/v1/AUTH_15f500f17d33431487a9bf6c87cdb03e/gnocchi.4bbcebf4-6080-4a15-af70-2c9d3228a0c2/none_v3" "tx19c5ba7541a74e228c2c6-0069a1d409" "proxy-server 20" 0.0162 "-" 24 0
Feb 27 17:27:37 standalone proxy-server[129990]: 172.18.0.2 172.18.0.100 27/Feb/2026/17/27/37 PUT /v1/AUTH_15f500f17d33431487a9bf6c87cdb03e/gnocchi.4bbcebf4-6080-4a15-af70-2c9d3228a0c2/none_v3 HTTP/1.0 201 - python-swiftclient-3.11.1 gAAAAABpodN61as7... 22 - - tx19c5ba7541a74e228c2c6-0069a1d409 - 0.0252 - - 1772213257.306309223 1772213257.331493616 0
Feb 27 17:27:37 standalone container-server[128019]: 172.20.0.100 - - [27/Feb/2026:17:27:37 +0000] "HEAD /d1/1022/AUTH_15f500f17d33431487a9bf6c87cdb03e/gnocchi.fdff4f33-c11f-43ac-a5e3-577d14f0e241" 404 - "HEAD http://172.18.0.2:8080/v1/AUTH_15f500f17d33431487a9bf6c87cdb03e/gnocchi.fdff4f33-c11f-43ac-a5e3-577d14f0e241?format=json&states=listing" "tx9e9e3bf84c2e405e9b771-0069a1d409" "proxy-server 20" 0.0008 "-" 21 0
Feb 27 17:27:37 standalone object-server[128150]: 172.20.0.100 - - [27/Feb/2026:17:27:37 +0000] "GET /d1/620/AUTH_15f500f17d33431487a9bf6c87cdb03e/gnocchi.fdff4f33-c11f-43ac-a5e3-577d14f0e241/none_v3" 404 70 "GET http://172.18.0.2:8080/v1/AUTH_15f500f17d33431487a9bf6c87cdb03e/gnocchi.fdff4f33-c11f-43ac-a5e3-577d14f0e241/none_v3" "tx9e9e3bf84c2e405e9b771-0069a1d409" "proxy-server 20" 0.0005 "-" 22 0
Feb 27 17:27:37 standalone proxy-server[129990]: 172.18.0.2 172.18.0.100 27/Feb/2026/17/27/37 GET /v1/AUTH_15f500f17d33431487a9bf6c87cdb03e/gnocchi.fdff4f33-c11f-43ac-a5e3-577d14f0e241/none_v3 HTTP/1.0 404 - python-swiftclient-3.11.1 gAAAAABpodN61as7... - 70 - tx9e9e3bf84c2e405e9b771-0069a1d409 - 0.0205 - - 1772213257.347070456 1772213257.367553711 0
Feb 27 17:27:37 standalone account-server[128004]: 172.20.0.100 - - [27/Feb/2026:17:27:37 +0000] "PUT /d1/518/AUTH_15f500f17d33431487a9bf6c87cdb03e/gnocchi.fdff4f33-c11f-43ac-a5e3-577d14f0e241" 201 - "PUT http://172.20.0.100:6001/d1/1022/AUTH_15f500f17d33431487a9bf6c87cdb03e/gnocchi.fdff4f33-c11f-43ac-a5e3-577d14f0e241" "tx181a43561a1b4840b0b05-0069a1d409" "container-server 22" 0.0109 "-" 21 0
Feb 27 17:27:37 standalone container-server[128024]: 172.20.0.100 - - [27/Feb/2026:17:27:37 +0000] "PUT /d1/1022/AUTH_15f500f17d33431487a9bf6c87cdb03e/gnocchi.fdff4f33-c11f-43ac-a5e3-577d14f0e241" 201 - "PUT http://172.18.0.2:8080/v1/AUTH_15f500f17d33431487a9bf6c87cdb03e/gnocchi.fdff4f33-c11f-43ac-a5e3-577d14f0e241" "tx181a43561a1b4840b0b05-0069a1d409" "proxy-server 20" 0.0276 "-" 22 0
Feb 27 17:27:37 standalone proxy-server[129990]: 172.18.0.2 172.18.0.100 27/Feb/2026/17/27/37 PUT /v1/AUTH_15f500f17d33431487a9bf6c87cdb03e/gnocchi.fdff4f33-c11f-43ac-a5e3-577d14f0e241 HTTP/1.0 201 - python-swiftclient-3.11.1 gAAAAABpodN61as7... - - - tx181a43561a1b4840b0b05-0069a1d409 - 0.0383 - - 1772213257.372605085 1772213257.410892963 0
Feb 27 17:27:37 standalone container-server[128014]: 172.20.0.100 - - [27/Feb/2026:17:27:37 +0000] "HEAD /d1/1022/AUTH_15f500f17d33431487a9bf6c87cdb03e/gnocchi.fdff4f33-c11f-43ac-a5e3-577d14f0e241" 204 - "HEAD http://172.18.0.2:8080/v1/AUTH_15f500f17d33431487a9bf6c87cdb03e/gnocchi.fdff4f33-c11f-43ac-a5e3-577d14f0e241?format=json&states=listing" "tx1e880d0e6e614b38a6b83-0069a1d409" "proxy-server 20" 0.0016 "-" 20 0
Feb 27 17:27:37 standalone proxy-server[129990]: - - 27/Feb/2026/17/27/37 HEAD /v1/AUTH_15f500f17d33431487a9bf6c87cdb03e/gnocchi.fdff4f33-c11f-43ac-a5e3-577d14f0e241%3Fformat%3Djson%26states%3Dlisting HTTP/1.0 204 - Swift - - - - tx1e880d0e6e614b38a6b83-0069a1d409 - 0.0077 RL - 1772213257.419346333 1772213257.427012682 0
Feb 27 17:27:37 standalone container-server[128014]: 172.20.0.100 - - [27/Feb/2026:17:27:37 +0000] "GET /d1/1022/AUTH_15f500f17d33431487a9bf6c87cdb03e/gnocchi.fdff4f33-c11f-43ac-a5e3-577d14f0e241" 200 2 "GET http://172.18.0.2:8080/v1/AUTH_15f500f17d33431487a9bf6c87cdb03e/gnocchi.fdff4f33-c11f-43ac-a5e3-577d14f0e241?format=json&states=listing" "tx1e880d0e6e614b38a6b83-0069a1d409" "proxy-server 20" 0.0021 "-" 20 0
Feb 27 17:27:37 standalone proxy-server[129990]: 172.18.0.2 172.18.0.100 27/Feb/2026/17/27/37 GET /v1/AUTH_15f500f17d33431487a9bf6c87cdb03e/gnocchi.fdff4f33-c11f-43ac-a5e3-577d14f0e241%3Fformat%3Djson%26states%3Dlisting HTTP/1.0 200 - python-swiftclient-3.11.1 gAAAAABpodN61as7... - 2 - tx1e880d0e6e614b38a6b83-0069a1d409 - 0.0214 - - 1772213257.417227983 1772213257.438610792 0
Feb 27 17:27:37 standalone object-server[128150]: 172.20.0.100 - - [27/Feb/2026:17:27:37 +0000] "GET /d1/421/AUTH_15f500f17d33431487a9bf6c87cdb03e/gnocchi.fdff4f33-c11f-43ac-a5e3-577d14f0e241/1771200000.0_mean_300.0_v3" 404 70 "GET http://172.18.0.2:8080/v1/AUTH_15f500f17d33431487a9bf6c87cdb03e/gnocchi.fdff4f33-c11f-43ac-a5e3-577d14f0e241/1771200000.0_mean_300.0_v3" "txc053d77023714e0f85bd3-0069a1d409" "proxy-server 20" 0.0006 "-" 22 0
Feb 27 17:27:37 standalone proxy-server[129990]: 172.18.0.2 172.18.0.100 27/Feb/2026/17/27/37 GET /v1/AUTH_15f500f17d33431487a9bf6c87cdb03e/gnocchi.fdff4f33-c11f-43ac-a5e3-577d14f0e241/1771200000.0_mean_300.0_v3 HTTP/1.0 404 - python-swiftclient-3.11.1 gAAAAABpodN61as7... - 70 - txc053d77023714e0f85bd3-0069a1d409 - 0.0113 - - 1772213257.444880486 1772213257.456201792 0
Feb 27 17:27:37 standalone container-server[128025]: 172.20.0.100 - - [27/Feb/2026:17:27:37 +0000] "PUT /d1/1022/AUTH_15f500f17d33431487a9bf6c87cdb03e/gnocchi.fdff4f33-c11f-43ac-a5e3-577d14f0e241/1771200000.0_mean_300.0_v3" 201 - "PUT http://172.18.0.2:8080/d1/421/AUTH_15f500f17d33431487a9bf6c87cdb03e/gnocchi.fdff4f33-c11f-43ac-a5e3-577d14f0e241/1771200000.0_mean_300.0_v3" "tx76991890cc3b4758a9eaa-0069a1d409" "object-server 22" 0.0007 "-" 23 0
Feb 27 17:27:37 standalone object-server[128150]: 172.20.0.100 - - [27/Feb/2026:17:27:37 +0000] "PUT /d1/421/AUTH_15f500f17d33431487a9bf6c87cdb03e/gnocchi.fdff4f33-c11f-43ac-a5e3-577d14f0e241/1771200000.0_mean_300.0_v3" 201 - "PUT http://172.18.0.2:8080/v1/AUTH_15f500f17d33431487a9bf6c87cdb03e/gnocchi.fdff4f33-c11f-43ac-a5e3-577d14f0e241/1771200000.0_mean_300.0_v3" "tx76991890cc3b4758a9eaa-0069a1d409" "proxy-server 20" 0.0199 "-" 22 0
Feb 27 17:27:37 standalone proxy-server[129990]: 172.18.0.2 172.18.0.100 27/Feb/2026/17/27/37 PUT /v1/AUTH_15f500f17d33431487a9bf6c87cdb03e/gnocchi.fdff4f33-c11f-43ac-a5e3-577d14f0e241/1771200000.0_mean_300.0_v3 HTTP/1.0 201 - python-swiftclient-3.11.1 gAAAAABpodN61as7... 16 - - tx76991890cc3b4758a9eaa-0069a1d409 - 0.0289 - - 1772213257.461424589 1772213257.490286112 0
Feb 27 17:27:37 standalone container-server[128025]: 172.20.0.100 - - [27/Feb/2026:17:27:37 +0000] "PUT /d1/1022/AUTH_15f500f17d33431487a9bf6c87cdb03e/gnocchi.fdff4f33-c11f-43ac-a5e3-577d14f0e241/none_v3" 201 - "PUT http://172.18.0.2:8080/d1/620/AUTH_15f500f17d33431487a9bf6c87cdb03e/gnocchi.fdff4f33-c11f-43ac-a5e3-577d14f0e241/none_v3" "txf7be137c25264a5189b04-0069a1d409" "object-server 23" 0.0006 "-" 23 0
Feb 27 17:27:37 standalone object-server[128156]: 172.20.0.100 - - [27/Feb/2026:17:27:37 +0000] "PUT /d1/620/AUTH_15f500f17d33431487a9bf6c87cdb03e/gnocchi.fdff4f33-c11f-43ac-a5e3-577d14f0e241/none_v3" 201 - "PUT http://172.18.0.2:8080/v1/AUTH_15f500f17d33431487a9bf6c87cdb03e/gnocchi.fdff4f33-c11f-43ac-a5e3-577d14f0e241/none_v3" "txf7be137c25264a5189b04-0069a1d409" "proxy-server 20" 0.0129 "-" 23 0
Feb 27 17:27:37 standalone proxy-server[129990]: 172.18.0.2 172.18.0.100 27/Feb/2026/17/27/37 PUT /v1/AUTH_15f500f17d33431487a9bf6c87cdb03e/gnocchi.fdff4f33-c11f-43ac-a5e3-577d14f0e241/none_v3 HTTP/1.0 201 - python-swiftclient-3.11.1 gAAAAABpodN61as7... 22 - - txf7be137c25264a5189b04-0069a1d409 - 0.0225 - - 1772213257.494501591 1772213257.516974926 0
Feb 27 17:27:37 standalone container-server[128025]: 172.20.0.100 - - [27/Feb/2026:17:27:37 +0000] "HEAD /d1/750/AUTH_15f500f17d33431487a9bf6c87cdb03e/gnocchi.4a062712-b738-4fcc-abe7-89097d82a4d8" 404 - "HEAD http://172.18.0.2:8080/v1/AUTH_15f500f17d33431487a9bf6c87cdb03e/gnocchi.4a062712-b738-4fcc-abe7-89097d82a4d8?format=json&states=listing" "txb70dfa97eeda40049945e-0069a1d409" "proxy-server 20" 0.0005 "-" 23 0
Feb 27 17:27:37 standalone object-server[128169]: 172.20.0.100 - - [27/Feb/2026:17:27:37 +0000] "GET /d1/152/AUTH_15f500f17d33431487a9bf6c87cdb03e/gnocchi.4a062712-b738-4fcc-abe7-89097d82a4d8/none_v3" 404 70 "GET http://172.18.0.2:8080/v1/AUTH_15f500f17d33431487a9bf6c87cdb03e/gnocchi.4a062712-b738-4fcc-abe7-89097d82a4d8/none_v3" "txb70dfa97eeda40049945e-0069a1d409" "proxy-server 20" 0.0008 "-" 24 0
Feb 27 17:27:37 standalone proxy-server[129990]: 172.18.0.2 172.18.0.100 27/Feb/2026/17/27/37 GET /v1/AUTH_15f500f17d33431487a9bf6c87cdb03e/gnocchi.4a062712-b738-4fcc-abe7-89097d82a4d8/none_v3 HTTP/1.0 404 - python-swiftclient-3.11.1 gAAAAABpodN61as7... - 70 - txb70dfa97eeda40049945e-0069a1d409 - 0.0145 - - 1772213257.531514645 1772213257.546055794 0
Feb 27 17:27:37 standalone account-server[128003]: 172.20.0.100 - - [27/Feb/2026:17:27:37 +0000] "PUT /d1/518/AUTH_15f500f17d33431487a9bf6c87cdb03e/gnocchi.4a062712-b738-4fcc-abe7-89097d82a4d8" 201 - "PUT http://172.20.0.100:6001/d1/750/AUTH_15f500f17d33431487a9bf6c87cdb03e/gnocchi.4a062712-b738-4fcc-abe7-89097d82a4d8" "tx4303a47e3c234534b78a5-0069a1d409" "container-server 22" 0.0045 "-" 20 0
Feb 27 17:27:37 standalone container-server[128024]: 172.20.0.100 - - [27/Feb/2026:17:27:37 +0000] "PUT /d1/750/AUTH_15f500f17d33431487a9bf6c87cdb03e/gnocchi.4a062712-b738-4fcc-abe7-89097d82a4d8" 201 - "PUT http://172.18.0.2:8080/v1/AUTH_15f500f17d33431487a9bf6c87cdb03e/gnocchi.4a062712-b738-4fcc-abe7-89097d82a4d8" "tx4303a47e3c234534b78a5-0069a1d409" "proxy-server 20" 0.0257 "-" 22 0
Feb 27 17:27:37 standalone proxy-server[129990]: 172.18.0.2 172.18.0.100 27/Feb/2026/17/27/37 PUT /v1/AUTH_15f500f17d33431487a9bf6c87cdb03e/gnocchi.4a062712-b738-4fcc-abe7-89097d82a4d8 HTTP/1.0 201 - python-swiftclient-3.11.1 gAAAAABpodN61as7... - - - tx4303a47e3c234534b78a5-0069a1d409 - 0.0330 - - 1772213257.553352356 1772213257.586372614 0
Feb 27 17:27:37 standalone container-server[128019]: 172.20.0.100 - - [27/Feb/2026:17:27:37 +0000] "HEAD /d1/750/AUTH_15f500f17d33431487a9bf6c87cdb03e/gnocchi.4a062712-b738-4fcc-abe7-89097d82a4d8" 204 - "HEAD http://172.18.0.2:8080/v1/AUTH_15f500f17d33431487a9bf6c87cdb03e/gnocchi.4a062712-b738-4fcc-abe7-89097d82a4d8?format=json&states=listing" "tx58d317e00bf34bedae4b0-0069a1d409" "proxy-server 20" 0.0016 "-" 21 0
Feb 27 17:27:37 standalone proxy-server[129990]: - - 27/Feb/2026/17/27/37 HEAD /v1/AUTH_15f500f17d33431487a9bf6c87cdb03e/gnocchi.4a062712-b738-4fcc-abe7-89097d82a4d8%3Fformat%3Djson%26states%3Dlisting HTTP/1.0 204 - Swift - - - - tx58d317e00bf34bedae4b0-0069a1d409 - 0.0074 RL - 1772213257.593816280 1772213257.601201773 0
Feb 27 17:27:37 standalone container-server[128014]: 172.20.0.100 - - [27/Feb/2026:17:27:37 +0000] "GET /d1/750/AUTH_15f500f17d33431487a9bf6c87cdb03e/gnocchi.4a062712-b738-4fcc-abe7-89097d82a4d8" 200 2 "GET http://172.18.0.2:8080/v1/AUTH_15f500f17d33431487a9bf6c87cdb03e/gnocchi.4a062712-b738-4fcc-abe7-89097d82a4d8?format=json&states=listing" "tx58d317e00bf34bedae4b0-0069a1d409" "proxy-server 20" 0.0034 "-" 20 0
Feb 27 17:27:37 standalone proxy-server[129990]: 172.18.0.2 172.18.0.100 27/Feb/2026/17/27/37 GET /v1/AUTH_15f500f17d33431487a9bf6c87cdb03e/gnocchi.4a062712-b738-4fcc-abe7-89097d82a4d8%3Fformat%3Djson%26states%3Dlisting HTTP/1.0 200 - python-swiftclient-3.11.1 gAAAAABpodN61as7... - 2 - tx58d317e00bf34bedae4b0-0069a1d409 - 0.0202 - - 1772213257.592549324 1772213257.612788677 0
Feb 27 17:27:37 standalone object-server[128156]: 172.20.0.100 - - [27/Feb/2026:17:27:37 +0000] "GET /d1/214/AUTH_15f500f17d33431487a9bf6c87cdb03e/gnocchi.4a062712-b738-4fcc-abe7-89097d82a4d8/1771200000.0_mean_300.0_v3" 404 70 "GET http://172.18.0.2:8080/v1/AUTH_15f500f17d33431487a9bf6c87cdb03e/gnocchi.4a062712-b738-4fcc-abe7-89097d82a4d8/1771200000.0_mean_300.0_v3" "txb90ca54aaa4a40b394d93-0069a1d409" "proxy-server 20" 0.0010 "-" 23 0
Feb 27 17:27:37 standalone proxy-server[129990]: 172.18.0.2 172.18.0.100 27/Feb/2026/17/27/37 GET /v1/AUTH_15f500f17d33431487a9bf6c87cdb03e/gnocchi.4a062712-b738-4fcc-abe7-89097d82a4d8/1771200000.0_mean_300.0_v3 HTTP/1.0 404 - python-swiftclient-3.11.1 gAAAAABpodN61as7... - 70 - txb90ca54aaa4a40b394d93-0069a1d409 - 0.0084 - - 1772213257.618500948 1772213257.626950741 0
Feb 27 17:27:37 standalone container-server[128019]: 172.20.0.100 - - [27/Feb/2026:17:27:37 +0000] "PUT /d1/750/AUTH_15f500f17d33431487a9bf6c87cdb03e/gnocchi.4a062712-b738-4fcc-abe7-89097d82a4d8/1771200000.0_mean_300.0_v3" 201 - "PUT http://172.18.0.2:8080/d1/214/AUTH_15f500f17d33431487a9bf6c87cdb03e/gnocchi.4a062712-b738-4fcc-abe7-89097d82a4d8/1771200000.0_mean_300.0_v3" "txc106e8ccbf984975bf158-0069a1d409" "object-server 23" 0.0010 "-" 21 0
Feb 27 17:27:37 standalone object-server[128156]: 172.20.0.100 - - [27/Feb/2026:17:27:37 +0000] "PUT /d1/214/AUTH_15f500f17d33431487a9bf6c87cdb03e/gnocchi.4a062712-b738-4fcc-abe7-89097d82a4d8/1771200000.0_mean_300.0_v3" 201 - "PUT http://172.18.0.2:8080/v1/AUTH_15f500f17d33431487a9bf6c87cdb03e/gnocchi.4a062712-b738-4fcc-abe7-89097d82a4d8/1771200000.0_mean_300.0_v3" "txc106e8ccbf984975bf158-0069a1d409" "proxy-server 20" 0.0179 "-" 23 0
Feb 27 17:27:37 standalone proxy-server[129990]: 172.18.0.2 172.18.0.100 27/Feb/2026/17/27/37 PUT /v1/AUTH_15f500f17d33431487a9bf6c87cdb03e/gnocchi.4a062712-b738-4fcc-abe7-89097d82a4d8/1771200000.0_mean_300.0_v3 HTTP/1.0 201 - python-swiftclient-3.11.1 gAAAAABpodN61as7... 16 - - txc106e8ccbf984975bf158-0069a1d409 - 0.0246 - - 1772213257.631708384 1772213257.656281233 0
Feb 27 17:27:37 standalone container-server[128019]: 172.20.0.100 - - [27/Feb/2026:17:27:37 +0000] "PUT /d1/750/AUTH_15f500f17d33431487a9bf6c87cdb03e/gnocchi.4a062712-b738-4fcc-abe7-89097d82a4d8/none_v3" 201 - "PUT http://172.18.0.2:8080/d1/152/AUTH_15f500f17d33431487a9bf6c87cdb03e/gnocchi.4a062712-b738-4fcc-abe7-89097d82a4d8/none_v3" "tx187d798a50354aea8479d-0069a1d409" "object-server 25" 0.0008 "-" 21 0
Feb 27 17:27:37 standalone object-server[128196]: 172.20.0.100 - - [27/Feb/2026:17:27:37 +0000] "PUT /d1/152/AUTH_15f500f17d33431487a9bf6c87cdb03e/gnocchi.4a062712-b738-4fcc-abe7-89097d82a4d8/none_v3" 201 - "PUT http://172.18.0.2:8080/v1/AUTH_15f500f17d33431487a9bf6c87cdb03e/gnocchi.4a062712-b738-4fcc-abe7-89097d82a4d8/none_v3" "tx187d798a50354aea8479d-0069a1d409" "proxy-server 20" 0.0196 "-" 25 0
Feb 27 17:27:37 standalone proxy-server[129990]: 172.18.0.2 172.18.0.100 27/Feb/2026/17/27/37 PUT /v1/AUTH_15f500f17d33431487a9bf6c87cdb03e/gnocchi.4a062712-b738-4fcc-abe7-89097d82a4d8/none_v3 HTTP/1.0 201 - python-swiftclient-3.11.1 gAAAAABpodN61as7... 22 - - tx187d798a50354aea8479d-0069a1d409 - 0.0286 - - 1772213257.660530090 1772213257.689138412 0
Feb 27 17:27:43 standalone container-server[128025]: 172.20.0.100 - - [27/Feb/2026:17:27:43 +0000] "HEAD /d1/574/AUTH_15f500f17d33431487a9bf6c87cdb03e/gnocchi.82b57858-da69-473a-a4ba-5cc5df60b4b4" 404 - "HEAD http://172.18.0.2:8080/v1/AUTH_15f500f17d33431487a9bf6c87cdb03e/gnocchi.82b57858-da69-473a-a4ba-5cc5df60b4b4?format=json&states=listing" "tx70212f5bd256410690420-0069a1d40f" "proxy-server 20" 0.0004 "-" 23 0
Feb 27 17:27:43 standalone object-server[128196]: 172.20.0.100 - - [27/Feb/2026:17:27:43 +0000] "GET /d1/618/AUTH_15f500f17d33431487a9bf6c87cdb03e/gnocchi.82b57858-da69-473a-a4ba-5cc5df60b4b4/none_v3" 404 70 "GET http://172.18.0.2:8080/v1/AUTH_15f500f17d33431487a9bf6c87cdb03e/gnocchi.82b57858-da69-473a-a4ba-5cc5df60b4b4/none_v3" "tx70212f5bd256410690420-0069a1d40f" "proxy-server 20" 0.0005 "-" 25 0
Feb 27 17:27:43 standalone proxy-server[129990]: 172.18.0.2 172.18.0.100 27/Feb/2026/17/27/43 GET /v1/AUTH_15f500f17d33431487a9bf6c87cdb03e/gnocchi.82b57858-da69-473a-a4ba-5cc5df60b4b4/none_v3 HTTP/1.0 404 - python-swiftclient-3.11.1 gAAAAABpodN61as7... - 70 - tx70212f5bd256410690420-0069a1d40f - 0.0114 - - 1772213263.597831726 1772213263.609243393 0
Feb 27 17:27:43 standalone account-server[128004]: 172.20.0.100 - - [27/Feb/2026:17:27:43 +0000] "PUT /d1/518/AUTH_15f500f17d33431487a9bf6c87cdb03e/gnocchi.82b57858-da69-473a-a4ba-5cc5df60b4b4" 201 - "PUT http://172.20.0.100:6001/d1/574/AUTH_15f500f17d33431487a9bf6c87cdb03e/gnocchi.82b57858-da69-473a-a4ba-5cc5df60b4b4" "txbd0605aba8c8485eb3577-0069a1d40f" "container-server 23" 0.0091 "-" 21 0
Feb 27 17:27:43 standalone container-server[128025]: 172.20.0.100 - - [27/Feb/2026:17:27:43 +0000] "PUT /d1/574/AUTH_15f500f17d33431487a9bf6c87cdb03e/gnocchi.82b57858-da69-473a-a4ba-5cc5df60b4b4" 201 - "PUT http://172.18.0.2:8080/v1/AUTH_15f500f17d33431487a9bf6c87cdb03e/gnocchi.82b57858-da69-473a-a4ba-5cc5df60b4b4" "txbd0605aba8c8485eb3577-0069a1d40f" "proxy-server 20" 0.0277 "-" 23 0
Feb 27 17:27:43 standalone proxy-server[129990]: 172.18.0.2 172.18.0.100 27/Feb/2026/17/27/43 PUT /v1/AUTH_15f500f17d33431487a9bf6c87cdb03e/gnocchi.82b57858-da69-473a-a4ba-5cc5df60b4b4 HTTP/1.0 201 - python-swiftclient-3.11.1 gAAAAABpodN61as7... - - - txbd0605aba8c8485eb3577-0069a1d40f - 0.0315 - - 1772213263.612822056 1772213263.644361496 0
Feb 27 17:27:43 standalone container-server[128019]: 172.20.0.100 - - [27/Feb/2026:17:27:43 +0000] "HEAD /d1/574/AUTH_15f500f17d33431487a9bf6c87cdb03e/gnocchi.82b57858-da69-473a-a4ba-5cc5df60b4b4" 204 - "HEAD http://172.18.0.2:8080/v1/AUTH_15f500f17d33431487a9bf6c87cdb03e/gnocchi.82b57858-da69-473a-a4ba-5cc5df60b4b4?format=json&states=listing" "txa09879d29c534a4c917a0-0069a1d40f" "proxy-server 20" 0.0024 "-" 21 0
Feb 27 17:27:43 standalone proxy-server[129990]: - - 27/Feb/2026/17/27/43 HEAD /v1/AUTH_15f500f17d33431487a9bf6c87cdb03e/gnocchi.82b57858-da69-473a-a4ba-5cc5df60b4b4%3Fformat%3Djson%26states%3Dlisting HTTP/1.0 204 - Swift - - - - txa09879d29c534a4c917a0-0069a1d40f - 0.0059 RL - 1772213263.649375916 1772213263.655244827 0
Feb 27 17:27:43 standalone container-server[128014]: 172.20.0.100 - - [27/Feb/2026:17:27:43 +0000] "GET /d1/574/AUTH_15f500f17d33431487a9bf6c87cdb03e/gnocchi.82b57858-da69-473a-a4ba-5cc5df60b4b4" 200 2 "GET http://172.18.0.2:8080/v1/AUTH_15f500f17d33431487a9bf6c87cdb03e/gnocchi.82b57858-da69-473a-a4ba-5cc5df60b4b4?format=json&states=listing" "txa09879d29c534a4c917a0-0069a1d40f" "proxy-server 20" 0.0027 "-" 20 0
Feb 27 17:27:43 standalone proxy-server[129990]: 172.18.0.2 172.18.0.100 27/Feb/2026/17/27/43 GET /v1/AUTH_15f500f17d33431487a9bf6c87cdb03e/gnocchi.82b57858-da69-473a-a4ba-5cc5df60b4b4%3Fformat%3Djson%26states%3Dlisting HTTP/1.0 200 - python-swiftclient-3.11.1 gAAAAABpodN61as7... - 2 - txa09879d29c534a4c917a0-0069a1d40f - 0.0140 - - 1772213263.648525476 1772213263.662560701 0
Feb 27 17:27:43 standalone object-server[128196]: 172.20.0.100 - - [27/Feb/2026:17:27:43 +0000] "GET /d1/778/AUTH_15f500f17d33431487a9bf6c87cdb03e/gnocchi.82b57858-da69-473a-a4ba-5cc5df60b4b4/1771200000.0_mean_300.0_v3" 404 70 "GET http://172.18.0.2:8080/v1/AUTH_15f500f17d33431487a9bf6c87cdb03e/gnocchi.82b57858-da69-473a-a4ba-5cc5df60b4b4/1771200000.0_mean_300.0_v3" "txa81f9a3712354962acf0a-0069a1d40f" "proxy-server 20" 0.0004 "-" 25 0
Feb 27 17:27:43 standalone proxy-server[129990]: 172.18.0.2 172.18.0.100 27/Feb/2026/17/27/43 GET /v1/AUTH_15f500f17d33431487a9bf6c87cdb03e/gnocchi.82b57858-da69-473a-a4ba-5cc5df60b4b4/1771200000.0_mean_300.0_v3 HTTP/1.0 404 - python-swiftclient-3.11.1 gAAAAABpodN61as7... - 70 - txa81f9a3712354962acf0a-0069a1d40f - 0.0059 - - 1772213263.699203014 1772213263.705151320 0
Feb 27 17:27:43 standalone container-server[128025]: 172.20.0.100 - - [27/Feb/2026:17:27:43 +0000] "PUT /d1/574/AUTH_15f500f17d33431487a9bf6c87cdb03e/gnocchi.82b57858-da69-473a-a4ba-5cc5df60b4b4/1771200000.0_mean_300.0_v3" 201 - "PUT http://172.18.0.2:8080/d1/778/AUTH_15f500f17d33431487a9bf6c87cdb03e/gnocchi.82b57858-da69-473a-a4ba-5cc5df60b4b4/1771200000.0_mean_300.0_v3" "tx37ecce037d9a401bb8f58-0069a1d40f" "object-server 25" 0.0005 "-" 23 0
Feb 27 17:27:43 standalone object-server[128196]: 172.20.0.100 - - [27/Feb/2026:17:27:43 +0000] "PUT /d1/778/AUTH_15f500f17d33431487a9bf6c87cdb03e/gnocchi.82b57858-da69-473a-a4ba-5cc5df60b4b4/1771200000.0_mean_300.0_v3" 201 - "PUT http://172.18.0.2:8080/v1/AUTH_15f500f17d33431487a9bf6c87cdb03e/gnocchi.82b57858-da69-473a-a4ba-5cc5df60b4b4/1771200000.0_mean_300.0_v3" "tx37ecce037d9a401bb8f58-0069a1d40f" "proxy-server 20" 0.0141 "-" 25 0
Feb 27 17:27:43 standalone proxy-server[129990]: 172.18.0.2 172.18.0.100 27/Feb/2026/17/27/43 PUT /v1/AUTH_15f500f17d33431487a9bf6c87cdb03e/gnocchi.82b57858-da69-473a-a4ba-5cc5df60b4b4/1771200000.0_mean_300.0_v3 HTTP/1.0 201 - python-swiftclient-3.11.1 gAAAAABpodN61as7... 16 - - tx37ecce037d9a401bb8f58-0069a1d40f - 0.0182 - - 1772213263.708177328 1772213263.726411581 0
Feb 27 17:27:43 standalone container-server[128014]: 172.20.0.100 - - [27/Feb/2026:17:27:43 +0000] "PUT /d1/574/AUTH_15f500f17d33431487a9bf6c87cdb03e/gnocchi.82b57858-da69-473a-a4ba-5cc5df60b4b4/none_v3" 201 - "PUT http://172.18.0.2:8080/d1/618/AUTH_15f500f17d33431487a9bf6c87cdb03e/gnocchi.82b57858-da69-473a-a4ba-5cc5df60b4b4/none_v3" "txe20642cecc904324bf46a-0069a1d40f" "object-server 24" 0.0006 "-" 20 0
Feb 27 17:27:43 standalone object-server[128169]: 172.20.0.100 - - [27/Feb/2026:17:27:43 +0000] "PUT /d1/618/AUTH_15f500f17d33431487a9bf6c87cdb03e/gnocchi.82b57858-da69-473a-a4ba-5cc5df60b4b4/none_v3" 201 - "PUT http://172.18.0.2:8080/v1/AUTH_15f500f17d33431487a9bf6c87cdb03e/gnocchi.82b57858-da69-473a-a4ba-5cc5df60b4b4/none_v3" "txe20642cecc904324bf46a-0069a1d40f" "proxy-server 20" 0.0194 "-" 24 0
Feb 27 17:27:43 standalone proxy-server[129990]: 172.18.0.2 172.18.0.100 27/Feb/2026/17/27/43 PUT /v1/AUTH_15f500f17d33431487a9bf6c87cdb03e/gnocchi.82b57858-da69-473a-a4ba-5cc5df60b4b4/none_v3 HTTP/1.0 201 - python-swiftclient-3.11.1 gAAAAABpodN61as7... 22 - - txe20642cecc904324bf46a-0069a1d40f - 0.0238 - - 1772213263.730860233 1772213263.754665613 0
Feb 27 17:27:48 standalone account-server[128004]: 172.20.0.100 - - [27/Feb/2026:17:27:48 +0000] "HEAD /d1/176/.expiring_objects" 404 - "HEAD http://localhost/v1/.expiring_objects?format=json" "tx0021bd8281d846cbaea0a-0069a1d414" "proxy-server 2" 0.0005 "-" 21 -
Feb 27 17:27:48 standalone object-expirer[127878]: Pass completed in 0s; 0 objects expired (txn: tx0021bd8281d846cbaea0a-0069a1d414)
Feb 27 17:27:49 standalone object-server[128196]: 172.20.0.100 - - [27/Feb/2026:17:27:49 +0000] "GET /d1/618/AUTH_15f500f17d33431487a9bf6c87cdb03e/gnocchi.82b57858-da69-473a-a4ba-5cc5df60b4b4/none_v3" 200 22 "GET http://172.18.0.2:8080/v1/AUTH_15f500f17d33431487a9bf6c87cdb03e/gnocchi.82b57858-da69-473a-a4ba-5cc5df60b4b4/none_v3" "tx08d7737f870f4f219ed1e-0069a1d415" "proxy-server 20" 0.0011 "-" 25 0
Feb 27 17:27:49 standalone proxy-server[129990]: 172.18.0.2 172.18.0.100 27/Feb/2026/17/27/49 GET /v1/AUTH_15f500f17d33431487a9bf6c87cdb03e/gnocchi.82b57858-da69-473a-a4ba-5cc5df60b4b4/none_v3 HTTP/1.0 200 - python-swiftclient-3.11.1 gAAAAABpodN61as7... - 22 - tx08d7737f870f4f219ed1e-0069a1d415 - 0.0081 - - 1772213269.004522800 1772213269.012596369 0
Feb 27 17:27:49 standalone container-server[128024]: 172.20.0.100 - - [27/Feb/2026:17:27:49 +0000] "GET /d1/574/AUTH_15f500f17d33431487a9bf6c87cdb03e/gnocchi.82b57858-da69-473a-a4ba-5cc5df60b4b4" 200 357 "GET http://172.18.0.2:8080/v1/AUTH_15f500f17d33431487a9bf6c87cdb03e/gnocchi.82b57858-da69-473a-a4ba-5cc5df60b4b4?format=json&states=listing" "tx3ad23cdeadf94eb1b6143-0069a1d415" "proxy-server 20" 0.0133 "-" 22 0
Feb 27 17:27:49 standalone proxy-server[129990]: 172.18.0.2 172.18.0.100 27/Feb/2026/17/27/49 GET /v1/AUTH_15f500f17d33431487a9bf6c87cdb03e/gnocchi.82b57858-da69-473a-a4ba-5cc5df60b4b4%3Fformat%3Djson%26states%3Dlisting HTTP/1.0 200 - python-swiftclient-3.11.1 gAAAAABpodN61as7... - 357 - tx3ad23cdeadf94eb1b6143-0069a1d415 - 0.0216 - - 1772213269.016906738 1772213269.038462639 0
Feb 27 17:27:49 standalone container-server[128025]: 172.20.0.100 - - [27/Feb/2026:17:27:49 +0000] "GET /d1/574/AUTH_15f500f17d33431487a9bf6c87cdb03e/gnocchi.82b57858-da69-473a-a4ba-5cc5df60b4b4" 200 2 "GET http://172.18.0.2:8080/v1/AUTH_15f500f17d33431487a9bf6c87cdb03e/gnocchi.82b57858-da69-473a-a4ba-5cc5df60b4b4?format=json&marker=none_v3&states=listing" "tx99eba6bfd9d64431a2ed7-0069a1d415" "proxy-server 20" 0.0025 "-" 23 0
Feb 27 17:27:49 standalone proxy-server[129990]: 172.18.0.2 172.18.0.100 27/Feb/2026/17/27/49 GET /v1/AUTH_15f500f17d33431487a9bf6c87cdb03e/gnocchi.82b57858-da69-473a-a4ba-5cc5df60b4b4%3Fformat%3Djson%26marker%3Dnone_v3%26states%3Dlisting HTTP/1.0 200 - python-swiftclient-3.11.1 gAAAAABpodN61as7... - 2 - tx99eba6bfd9d64431a2ed7-0069a1d415 - 0.0110 - - 1772213269.042589426 1772213269.053544760 0
Feb 27 17:27:49 standalone object-server[128196]: 172.20.0.100 - - [27/Feb/2026:17:27:49 +0000] "GET /d1/778/AUTH_15f500f17d33431487a9bf6c87cdb03e/gnocchi.82b57858-da69-473a-a4ba-5cc5df60b4b4/1771200000.0_mean_300.0_v3" 200 16 "GET http://172.18.0.2:8080/v1/AUTH_15f500f17d33431487a9bf6c87cdb03e/gnocchi.82b57858-da69-473a-a4ba-5cc5df60b4b4/1771200000.0_mean_300.0_v3" "tx342dac355fb540b4afa06-0069a1d415" "proxy-server 20" 0.0009 "-" 25 0
Feb 27 17:27:49 standalone proxy-server[129990]: 172.18.0.2 172.18.0.100 27/Feb/2026/17/27/49 GET /v1/AUTH_15f500f17d33431487a9bf6c87cdb03e/gnocchi.82b57858-da69-473a-a4ba-5cc5df60b4b4/1771200000.0_mean_300.0_v3 HTTP/1.0 200 - python-swiftclient-3.11.1 gAAAAABpodN61as7... - 16 - tx342dac355fb540b4afa06-0069a1d415 - 0.0096 - - 1772213269.061211824 1772213269.070840597 0
Feb 27 17:27:49 standalone container-server[128025]: 172.20.0.100 - - [27/Feb/2026:17:27:49 +0000] "PUT /d1/574/AUTH_15f500f17d33431487a9bf6c87cdb03e/gnocchi.82b57858-da69-473a-a4ba-5cc5df60b4b4/1771200000.0_mean_300.0_v3" 201 - "PUT http://172.18.0.2:8080/d1/778/AUTH_15f500f17d33431487a9bf6c87cdb03e/gnocchi.82b57858-da69-473a-a4ba-5cc5df60b4b4/1771200000.0_mean_300.0_v3" "tx74e43bc8b84545fcbd906-0069a1d415" "object-server 23" 0.0005 "-" 23 0
Feb 27 17:27:49 standalone object-server[128156]: 172.20.0.100 - - [27/Feb/2026:17:27:49 +0000] "PUT /d1/778/AUTH_15f500f17d33431487a9bf6c87cdb03e/gnocchi.82b57858-da69-473a-a4ba-5cc5df60b4b4/1771200000.0_mean_300.0_v3" 201 - "PUT http://172.18.0.2:8080/v1/AUTH_15f500f17d33431487a9bf6c87cdb03e/gnocchi.82b57858-da69-473a-a4ba-5cc5df60b4b4/1771200000.0_mean_300.0_v3" "tx74e43bc8b84545fcbd906-0069a1d415" "proxy-server 20" 0.0134 "-" 23 0
Feb 27 17:27:49 standalone proxy-server[129990]: 172.18.0.2 172.18.0.100 27/Feb/2026/17/27/49 PUT /v1/AUTH_15f500f17d33431487a9bf6c87cdb03e/gnocchi.82b57858-da69-473a-a4ba-5cc5df60b4b4/1771200000.0_mean_300.0_v3 HTTP/1.0 201 - python-swiftclient-3.11.1 gAAAAABpodN61as7... 16 - - tx74e43bc8b84545fcbd906-0069a1d415 - 0.0204 - - 1772213269.074368715 1772213269.094727993 0
Feb 27 17:27:49 standalone container-server[128025]: 172.20.0.100 - - [27/Feb/2026:17:27:49 +0000] "PUT /d1/574/AUTH_15f500f17d33431487a9bf6c87cdb03e/gnocchi.82b57858-da69-473a-a4ba-5cc5df60b4b4/none_v3" 201 - "PUT http://172.18.0.2:8080/d1/618/AUTH_15f500f17d33431487a9bf6c87cdb03e/gnocchi.82b57858-da69-473a-a4ba-5cc5df60b4b4/none_v3" "txe8ea125652c34e27ada38-0069a1d415" "object-server 23" 0.0004 "-" 23 0
Feb 27 17:27:49 standalone object-server[128156]: 172.20.0.100 - - [27/Feb/2026:17:27:49 +0000] "PUT /d1/618/AUTH_15f500f17d33431487a9bf6c87cdb03e/gnocchi.82b57858-da69-473a-a4ba-5cc5df60b4b4/none_v3" 201 - "PUT http://172.18.0.2:8080/v1/AUTH_15f500f17d33431487a9bf6c87cdb03e/gnocchi.82b57858-da69-473a-a4ba-5cc5df60b4b4/none_v3" "txe8ea125652c34e27ada38-0069a1d415" "proxy-server 20" 0.0079 "-" 23 0
Feb 27 17:27:49 standalone proxy-server[129990]: 172.18.0.2 172.18.0.100 27/Feb/2026/17/27/49 PUT /v1/AUTH_15f500f17d33431487a9bf6c87cdb03e/gnocchi.82b57858-da69-473a-a4ba-5cc5df60b4b4/none_v3 HTTP/1.0 201 - python-swiftclient-3.11.1 gAAAAABpodN61as7... 32 - - txe8ea125652c34e27ada38-0069a1d415 - 0.0128 - - 1772213269.097223759 1772213269.110072851 0
Feb 27 17:27:55 standalone container-server[128014]: 172.20.0.100 - - [27/Feb/2026:17:27:55 +0000] "HEAD /d1/808/AUTH_15f500f17d33431487a9bf6c87cdb03e/gnocchi.7c040b66-51eb-46c4-a0b1-3269b74d5858" 404 - "HEAD http://172.18.0.2:8080/v1/AUTH_15f500f17d33431487a9bf6c87cdb03e/gnocchi.7c040b66-51eb-46c4-a0b1-3269b74d5858?format=json&states=listing" "tx17c1ac1f580148bb98fec-0069a1d41b" "proxy-server 20" 0.0008 "-" 20 0
Feb 27 17:27:55 standalone object-server[128156]: 172.20.0.100 - - [27/Feb/2026:17:27:55 +0000] "GET /d1/826/AUTH_15f500f17d33431487a9bf6c87cdb03e/gnocchi.7c040b66-51eb-46c4-a0b1-3269b74d5858/none_v3" 404 70 "GET http://172.18.0.2:8080/v1/AUTH_15f500f17d33431487a9bf6c87cdb03e/gnocchi.7c040b66-51eb-46c4-a0b1-3269b74d5858/none_v3" "tx17c1ac1f580148bb98fec-0069a1d41b" "proxy-server 20" 0.0006 "-" 23 0
Feb 27 17:27:55 standalone proxy-server[129990]: 172.18.0.2 172.18.0.100 27/Feb/2026/17/27/55 GET /v1/AUTH_15f500f17d33431487a9bf6c87cdb03e/gnocchi.7c040b66-51eb-46c4-a0b1-3269b74d5858/none_v3 HTTP/1.0 404 - python-swiftclient-3.11.1 gAAAAABpodN61as7... - 70 - tx17c1ac1f580148bb98fec-0069a1d41b - 0.0154 - - 1772213275.258124352 1772213275.273545027 0
Feb 27 17:27:55 standalone account-server[128004]: 172.20.0.100 - - [27/Feb/2026:17:27:55 +0000] "PUT /d1/518/AUTH_15f500f17d33431487a9bf6c87cdb03e/gnocchi.7c040b66-51eb-46c4-a0b1-3269b74d5858" 201 - "PUT http://172.20.0.100:6001/d1/808/AUTH_15f500f17d33431487a9bf6c87cdb03e/gnocchi.7c040b66-51eb-46c4-a0b1-3269b74d5858" "txd2b11e48754e45a994b4b-0069a1d41b" "container-server 23" 0.0124 "-" 21 0
Feb 27 17:27:55 standalone container-server[128025]: 172.20.0.100 - - [27/Feb/2026:17:27:55 +0000] "PUT /d1/808/AUTH_15f500f17d33431487a9bf6c87cdb03e/gnocchi.7c040b66-51eb-46c4-a0b1-3269b74d5858" 201 - "PUT http://172.18.0.2:8080/v1/AUTH_15f500f17d33431487a9bf6c87cdb03e/gnocchi.7c040b66-51eb-46c4-a0b1-3269b74d5858" "txd2b11e48754e45a994b4b-0069a1d41b" "proxy-server 20" 0.0310 "-" 23 0
Feb 27 17:27:55 standalone proxy-server[129990]: 172.18.0.2 172.18.0.100 27/Feb/2026/17/27/55 PUT /v1/AUTH_15f500f17d33431487a9bf6c87cdb03e/gnocchi.7c040b66-51eb-46c4-a0b1-3269b74d5858 HTTP/1.0 201 - python-swiftclient-3.11.1 gAAAAABpodN61as7... - - - txd2b11e48754e45a994b4b-0069a1d41b - 0.0388 - - 1772213275.277865171 1772213275.316617489 0
Feb 27 17:27:55 standalone container-server[128024]: 172.20.0.100 - - [27/Feb/2026:17:27:55 +0000] "HEAD /d1/808/AUTH_15f500f17d33431487a9bf6c87cdb03e/gnocchi.7c040b66-51eb-46c4-a0b1-3269b74d5858" 204 - "HEAD http://172.18.0.2:8080/v1/AUTH_15f500f17d33431487a9bf6c87cdb03e/gnocchi.7c040b66-51eb-46c4-a0b1-3269b74d5858?format=json&states=listing" "txb89aba568a0a4485b3d41-0069a1d41b" "proxy-server 20" 0.0011 "-" 22 0
Feb 27 17:27:55 standalone proxy-server[129990]: - - 27/Feb/2026/17/27/55 HEAD /v1/AUTH_15f500f17d33431487a9bf6c87cdb03e/gnocchi.7c040b66-51eb-46c4-a0b1-3269b74d5858%3Fformat%3Djson%26states%3Dlisting HTTP/1.0 204 - Swift - - - - txb89aba568a0a4485b3d41-0069a1d41b - 0.0053 RL - 1772213275.322576523 1772213275.327844620 0
Feb 27 17:27:55 standalone container-server[128014]: 172.20.0.100 - - [27/Feb/2026:17:27:55 +0000] "GET /d1/808/AUTH_15f500f17d33431487a9bf6c87cdb03e/gnocchi.7c040b66-51eb-46c4-a0b1-3269b74d5858" 200 2 "GET http://172.18.0.2:8080/v1/AUTH_15f500f17d33431487a9bf6c87cdb03e/gnocchi.7c040b66-51eb-46c4-a0b1-3269b74d5858?format=json&states=listing" "txb89aba568a0a4485b3d41-0069a1d41b" "proxy-server 20" 0.0035 "-" 20 0
Feb 27 17:27:55 standalone proxy-server[129990]: 172.18.0.2 172.18.0.100 27/Feb/2026/17/27/55 GET /v1/AUTH_15f500f17d33431487a9bf6c87cdb03e/gnocchi.7c040b66-51eb-46c4-a0b1-3269b74d5858%3Fformat%3Djson%26states%3Dlisting HTTP/1.0 200 - python-swiftclient-3.11.1 gAAAAABpodN61as7... - 2 - txb89aba568a0a4485b3d41-0069a1d41b - 0.0185 - - 1772213275.321002483 1772213275.339506149 0
Feb 27 17:27:55 standalone object-server[128150]: 172.20.0.100 - - [27/Feb/2026:17:27:55 +0000] "GET /d1/669/AUTH_15f500f17d33431487a9bf6c87cdb03e/gnocchi.7c040b66-51eb-46c4-a0b1-3269b74d5858/1771200000.0_mean_300.0_v3" 404 70 "GET http://172.18.0.2:8080/v1/AUTH_15f500f17d33431487a9bf6c87cdb03e/gnocchi.7c040b66-51eb-46c4-a0b1-3269b74d5858/1771200000.0_mean_300.0_v3" "txabcd29250ab948d5a4373-0069a1d41b" "proxy-server 20" 0.0007 "-" 22 0
Feb 27 17:27:55 standalone proxy-server[129990]: 172.18.0.2 172.18.0.100 27/Feb/2026/17/27/55 GET /v1/AUTH_15f500f17d33431487a9bf6c87cdb03e/gnocchi.7c040b66-51eb-46c4-a0b1-3269b74d5858/1771200000.0_mean_300.0_v3 HTTP/1.0 404 - python-swiftclient-3.11.1 gAAAAABpodN61as7... - 70 - txabcd29250ab948d5a4373-0069a1d41b - 0.0064 - - 1772213275.343955040 1772213275.350382566 0
Feb 27 17:27:55 standalone container-server[128019]: 172.20.0.100 - - [27/Feb/2026:17:27:55 +0000] "PUT /d1/808/AUTH_15f500f17d33431487a9bf6c87cdb03e/gnocchi.7c040b66-51eb-46c4-a0b1-3269b74d5858/1771200000.0_mean_300.0_v3" 201 - "PUT http://172.18.0.2:8080/d1/669/AUTH_15f500f17d33431487a9bf6c87cdb03e/gnocchi.7c040b66-51eb-46c4-a0b1-3269b74d5858/1771200000.0_mean_300.0_v3" "tx8e408e123da447ec851dc-0069a1d41b" "object-server 23" 0.0005 "-" 21 0
Feb 27 17:27:55 standalone object-server[128156]: 172.20.0.100 - - [27/Feb/2026:17:27:55 +0000] "PUT /d1/669/AUTH_15f500f17d33431487a9bf6c87cdb03e/gnocchi.7c040b66-51eb-46c4-a0b1-3269b74d5858/1771200000.0_mean_300.0_v3" 201 - "PUT http://172.18.0.2:8080/v1/AUTH_15f500f17d33431487a9bf6c87cdb03e/gnocchi.7c040b66-51eb-46c4-a0b1-3269b74d5858/1771200000.0_mean_300.0_v3" "tx8e408e123da447ec851dc-0069a1d41b" "proxy-server 20" 0.0104 "-" 23 0
Feb 27 17:27:55 standalone proxy-server[129990]: 172.18.0.2 172.18.0.100 27/Feb/2026/17/27/55 PUT /v1/AUTH_15f500f17d33431487a9bf6c87cdb03e/gnocchi.7c040b66-51eb-46c4-a0b1-3269b74d5858/1771200000.0_mean_300.0_v3 HTTP/1.0 201 - python-swiftclient-3.11.1 gAAAAABpodN61as7... 16 - - tx8e408e123da447ec851dc-0069a1d41b - 0.0162 - - 1772213275.353730202 1772213275.369930744 0
Feb 27 17:27:55 standalone container-server[128025]: 172.20.0.100 - - [27/Feb/2026:17:27:55 +0000] "PUT /d1/808/AUTH_15f500f17d33431487a9bf6c87cdb03e/gnocchi.7c040b66-51eb-46c4-a0b1-3269b74d5858/none_v3" 201 - "PUT http://172.18.0.2:8080/d1/826/AUTH_15f500f17d33431487a9bf6c87cdb03e/gnocchi.7c040b66-51eb-46c4-a0b1-3269b74d5858/none_v3" "tx24c911cac7df4d419b5b7-0069a1d41b" "object-server 24" 0.0008 "-" 23 0
Feb 27 17:27:55 standalone object-server[128169]: 172.20.0.100 - - [27/Feb/2026:17:27:55 +0000] "PUT /d1/826/AUTH_15f500f17d33431487a9bf6c87cdb03e/gnocchi.7c040b66-51eb-46c4-a0b1-3269b74d5858/none_v3" 201 - "PUT http://172.18.0.2:8080/v1/AUTH_15f500f17d33431487a9bf6c87cdb03e/gnocchi.7c040b66-51eb-46c4-a0b1-3269b74d5858/none_v3" "tx24c911cac7df4d419b5b7-0069a1d41b" "proxy-server 20" 0.0129 "-" 24 0
Feb 27 17:27:55 standalone proxy-server[129990]: 172.18.0.2 172.18.0.100 27/Feb/2026/17/27/55 PUT /v1/AUTH_15f500f17d33431487a9bf6c87cdb03e/gnocchi.7c040b66-51eb-46c4-a0b1-3269b74d5858/none_v3 HTTP/1.0 201 - python-swiftclient-3.11.1 gAAAAABpodN61as7... 22 - - tx24c911cac7df4d419b5b7-0069a1d41b - 0.0177 - - 1772213275.373075485 1772213275.390808344 0
Feb 27 17:27:55 standalone container-server[128019]: 172.20.0.100 - - [27/Feb/2026:17:27:55 +0000] "HEAD /d1/356/AUTH_15f500f17d33431487a9bf6c87cdb03e/gnocchi.22a4a8ae-1a51-49e9-b568-5fd8119ab9ec" 404 - "HEAD http://172.18.0.2:8080/v1/AUTH_15f500f17d33431487a9bf6c87cdb03e/gnocchi.22a4a8ae-1a51-49e9-b568-5fd8119ab9ec?format=json&states=listing" "tx9fd2d4950ade4a5191457-0069a1d41b" "proxy-server 20" 0.0003 "-" 21 0
Feb 27 17:27:55 standalone object-server[128196]: 172.20.0.100 - - [27/Feb/2026:17:27:55 +0000] "GET /d1/175/AUTH_15f500f17d33431487a9bf6c87cdb03e/gnocchi.22a4a8ae-1a51-49e9-b568-5fd8119ab9ec/none_v3" 404 70 "GET http://172.18.0.2:8080/v1/AUTH_15f500f17d33431487a9bf6c87cdb03e/gnocchi.22a4a8ae-1a51-49e9-b568-5fd8119ab9ec/none_v3" "tx9fd2d4950ade4a5191457-0069a1d41b" "proxy-server 20" 0.0004 "-" 25 0
Feb 27 17:27:55 standalone proxy-server[129990]: 172.18.0.2 172.18.0.100 27/Feb/2026/17/27/55 GET /v1/AUTH_15f500f17d33431487a9bf6c87cdb03e/gnocchi.22a4a8ae-1a51-49e9-b568-5fd8119ab9ec/none_v3 HTTP/1.0 404 - python-swiftclient-3.11.1 gAAAAABpodN61as7... - 70 - tx9fd2d4950ade4a5191457-0069a1d41b - 0.0078 - - 1772213275.403364658 1772213275.411159039 0
Feb 27 17:27:55 standalone account-server[128012]: 172.20.0.100 - - [27/Feb/2026:17:27:55 +0000] "PUT /d1/518/AUTH_15f500f17d33431487a9bf6c87cdb03e/gnocchi.22a4a8ae-1a51-49e9-b568-5fd8119ab9ec" 201 - "PUT http://172.20.0.100:6001/d1/356/AUTH_15f500f17d33431487a9bf6c87cdb03e/gnocchi.22a4a8ae-1a51-49e9-b568-5fd8119ab9ec" "tx0df01719327349e39ba67-0069a1d41b" "container-server 23" 0.0047 "-" 23 0
Feb 27 17:27:55 standalone container-server[128025]: 172.20.0.100 - - [27/Feb/2026:17:27:55 +0000] "PUT /d1/356/AUTH_15f500f17d33431487a9bf6c87cdb03e/gnocchi.22a4a8ae-1a51-49e9-b568-5fd8119ab9ec" 201 - "PUT http://172.18.0.2:8080/v1/AUTH_15f500f17d33431487a9bf6c87cdb03e/gnocchi.22a4a8ae-1a51-49e9-b568-5fd8119ab9ec" "tx0df01719327349e39ba67-0069a1d41b" "proxy-server 20" 0.0148 "-" 23 0
Feb 27 17:27:55 standalone proxy-server[129990]: 172.18.0.2 172.18.0.100 27/Feb/2026/17/27/55 PUT /v1/AUTH_15f500f17d33431487a9bf6c87cdb03e/gnocchi.22a4a8ae-1a51-49e9-b568-5fd8119ab9ec HTTP/1.0 201 - python-swiftclient-3.11.1 gAAAAABpodN61as7... - - - tx0df01719327349e39ba67-0069a1d41b - 0.0193 - - 1772213275.413607836 1772213275.432877541 0
Feb 27 17:27:55 standalone container-server[128025]: 172.20.0.100 - - [27/Feb/2026:17:27:55 +0000] "HEAD /d1/356/AUTH_15f500f17d33431487a9bf6c87cdb03e/gnocchi.22a4a8ae-1a51-49e9-b568-5fd8119ab9ec" 204 - "HEAD http://172.18.0.2:8080/v1/AUTH_15f500f17d33431487a9bf6c87cdb03e/gnocchi.22a4a8ae-1a51-49e9-b568-5fd8119ab9ec?format=json&states=listing" "txe3a1379702114f32b0ea1-0069a1d41b" "proxy-server 20" 0.0015 "-" 23 0
Feb 27 17:27:55 standalone proxy-server[129990]: - - 27/Feb/2026/17/27/55 HEAD /v1/AUTH_15f500f17d33431487a9bf6c87cdb03e/gnocchi.22a4a8ae-1a51-49e9-b568-5fd8119ab9ec%3Fformat%3Djson%26states%3Dlisting HTTP/1.0 204 - Swift - - - - txe3a1379702114f32b0ea1-0069a1d41b - 0.0049 RL - 1772213275.437769890 1772213275.442631245 0
Feb 27 17:27:55 standalone container-server[128014]: 172.20.0.100 - - [27/Feb/2026:17:27:55 +0000] "GET /d1/356/AUTH_15f500f17d33431487a9bf6c87cdb03e/gnocchi.22a4a8ae-1a51-49e9-b568-5fd8119ab9ec" 200 2 "GET http://172.18.0.2:8080/v1/AUTH_15f500f17d33431487a9bf6c87cdb03e/gnocchi.22a4a8ae-1a51-49e9-b568-5fd8119ab9ec?format=json&states=listing" "txe3a1379702114f32b0ea1-0069a1d41b" "proxy-server 20" 0.0021 "-" 20 0
Feb 27 17:27:55 standalone proxy-server[129990]: 172.18.0.2 172.18.0.100 27/Feb/2026/17/27/55 GET /v1/AUTH_15f500f17d33431487a9bf6c87cdb03e/gnocchi.22a4a8ae-1a51-49e9-b568-5fd8119ab9ec%3Fformat%3Djson%26states%3Dlisting HTTP/1.0 200 - python-swiftclient-3.11.1 gAAAAABpodN61as7... - 2 - txe3a1379702114f32b0ea1-0069a1d41b - 0.0137 - - 1772213275.436137438 1772213275.449796200 0
Feb 27 17:27:55 standalone object-server[128150]: 172.20.0.100 - - [27/Feb/2026:17:27:55 +0000] "GET /d1/70/AUTH_15f500f17d33431487a9bf6c87cdb03e/gnocchi.22a4a8ae-1a51-49e9-b568-5fd8119ab9ec/1771200000.0_mean_300.0_v3" 404 70 "GET http://172.18.0.2:8080/v1/AUTH_15f500f17d33431487a9bf6c87cdb03e/gnocchi.22a4a8ae-1a51-49e9-b568-5fd8119ab9ec/1771200000.0_mean_300.0_v3" "txc11ddbfa271a487998ef6-0069a1d41b" "proxy-server 20" 0.0003 "-" 22 0
Feb 27 17:27:55 standalone proxy-server[129990]: 172.18.0.2 172.18.0.100 27/Feb/2026/17/27/55 GET /v1/AUTH_15f500f17d33431487a9bf6c87cdb03e/gnocchi.22a4a8ae-1a51-49e9-b568-5fd8119ab9ec/1771200000.0_mean_300.0_v3 HTTP/1.0 404 - python-swiftclient-3.11.1 gAAAAABpodN61as7... - 70 - txc11ddbfa271a487998ef6-0069a1d41b - 0.0063 - - 1772213275.453897476 1772213275.460206985 0
Feb 27 17:27:55 standalone container-server[128014]: 172.20.0.100 - - [27/Feb/2026:17:27:55 +0000] "PUT /d1/356/AUTH_15f500f17d33431487a9bf6c87cdb03e/gnocchi.22a4a8ae-1a51-49e9-b568-5fd8119ab9ec/1771200000.0_mean_300.0_v3" 201 - "PUT http://172.18.0.2:8080/d1/70/AUTH_15f500f17d33431487a9bf6c87cdb03e/gnocchi.22a4a8ae-1a51-49e9-b568-5fd8119ab9ec/1771200000.0_mean_300.0_v3" "tx5cc8beecbbbe46cbbb9f2-0069a1d41b" "object-server 25" 0.0007 "-" 20 0
Feb 27 17:27:55 standalone object-server[128196]: 172.20.0.100 - - [27/Feb/2026:17:27:55 +0000] "PUT /d1/70/AUTH_15f500f17d33431487a9bf6c87cdb03e/gnocchi.22a4a8ae-1a51-49e9-b568-5fd8119ab9ec/1771200000.0_mean_300.0_v3" 201 - "PUT http://172.18.0.2:8080/v1/AUTH_15f500f17d33431487a9bf6c87cdb03e/gnocchi.22a4a8ae-1a51-49e9-b568-5fd8119ab9ec/1771200000.0_mean_300.0_v3" "tx5cc8beecbbbe46cbbb9f2-0069a1d41b" "proxy-server 20" 0.0151 "-" 25 0
Feb 27 17:27:55 standalone proxy-server[129990]: 172.18.0.2 172.18.0.100 27/Feb/2026/17/27/55 PUT /v1/AUTH_15f500f17d33431487a9bf6c87cdb03e/gnocchi.22a4a8ae-1a51-49e9-b568-5fd8119ab9ec/1771200000.0_mean_300.0_v3 HTTP/1.0 201 - python-swiftclient-3.11.1 gAAAAABpodN61as7... 16 - - tx5cc8beecbbbe46cbbb9f2-0069a1d41b - 0.0201 - - 1772213275.468194485 1772213275.488319159 0
Feb 27 17:27:55 standalone container-server[128025]: 172.20.0.100 - - [27/Feb/2026:17:27:55 +0000] "PUT /d1/356/AUTH_15f500f17d33431487a9bf6c87cdb03e/gnocchi.22a4a8ae-1a51-49e9-b568-5fd8119ab9ec/none_v3" 201 - "PUT http://172.18.0.2:8080/d1/175/AUTH_15f500f17d33431487a9bf6c87cdb03e/gnocchi.22a4a8ae-1a51-49e9-b568-5fd8119ab9ec/none_v3" "tx7f541ab4ad004bc3879ff-0069a1d41b" "object-server 24" 0.0008 "-" 23 0
Feb 27 17:27:55 standalone object-server[128169]: 172.20.0.100 - - [27/Feb/2026:17:27:55 +0000] "PUT /d1/175/AUTH_15f500f17d33431487a9bf6c87cdb03e/gnocchi.22a4a8ae-1a51-49e9-b568-5fd8119ab9ec/none_v3" 201 - "PUT http://172.18.0.2:8080/v1/AUTH_15f500f17d33431487a9bf6c87cdb03e/gnocchi.22a4a8ae-1a51-49e9-b568-5fd8119ab9ec/none_v3" "tx7f541ab4ad004bc3879ff-0069a1d41b" "proxy-server 20" 0.0087 "-" 24 0
Feb 27 17:27:55 standalone proxy-server[129990]: 172.18.0.2 172.18.0.100 27/Feb/2026/17/27/55 PUT /v1/AUTH_15f500f17d33431487a9bf6c87cdb03e/gnocchi.22a4a8ae-1a51-49e9-b568-5fd8119ab9ec/none_v3 HTTP/1.0 201 - python-swiftclient-3.11.1 gAAAAABpodN61as7... 22 - - tx7f541ab4ad004bc3879ff-0069a1d41b - 0.0136 - - 1772213275.494577885 1772213275.508144379 0
Feb 27 17:27:55 standalone container-server[128014]: 172.20.0.100 - - [27/Feb/2026:17:27:55 +0000] "HEAD /d1/779/AUTH_15f500f17d33431487a9bf6c87cdb03e/gnocchi.728c34c0-faeb-4db6-84ee-c0baeef8f75f" 404 - "HEAD http://172.18.0.2:8080/v1/AUTH_15f500f17d33431487a9bf6c87cdb03e/gnocchi.728c34c0-faeb-4db6-84ee-c0baeef8f75f?format=json&states=listing" "txfa0929edd83a460198c93-0069a1d41b" "proxy-server 20" 0.0003 "-" 20 0
Feb 27 17:27:55 standalone object-server[128169]: 172.20.0.100 - - [27/Feb/2026:17:27:55 +0000] "GET /d1/947/AUTH_15f500f17d33431487a9bf6c87cdb03e/gnocchi.728c34c0-faeb-4db6-84ee-c0baeef8f75f/none_v3" 404 70 "GET http://172.18.0.2:8080/v1/AUTH_15f500f17d33431487a9bf6c87cdb03e/gnocchi.728c34c0-faeb-4db6-84ee-c0baeef8f75f/none_v3" "txfa0929edd83a460198c93-0069a1d41b" "proxy-server 20" 0.0003 "-" 24 0
Feb 27 17:27:55 standalone proxy-server[129990]: 172.18.0.2 172.18.0.100 27/Feb/2026/17/27/55 GET /v1/AUTH_15f500f17d33431487a9bf6c87cdb03e/gnocchi.728c34c0-faeb-4db6-84ee-c0baeef8f75f/none_v3 HTTP/1.0 404 - python-swiftclient-3.11.1 gAAAAABpodN61as7... - 70 - txfa0929edd83a460198c93-0069a1d41b - 0.0072 - - 1772213275.516997099 1772213275.524182081 0
Feb 27 17:27:55 standalone account-server[128009]: 172.20.0.100 - - [27/Feb/2026:17:27:55 +0000] "PUT /d1/518/AUTH_15f500f17d33431487a9bf6c87cdb03e/gnocchi.728c34c0-faeb-4db6-84ee-c0baeef8f75f" 201 - "PUT http://172.20.0.100:6001/d1/779/AUTH_15f500f17d33431487a9bf6c87cdb03e/gnocchi.728c34c0-faeb-4db6-84ee-c0baeef8f75f" "tx1b80571c12b844548fa5b-0069a1d41b" "container-server 23" 0.0047 "-" 22 0
Feb 27 17:27:55 standalone container-server[128025]: 172.20.0.100 - - [27/Feb/2026:17:27:55 +0000] "PUT /d1/779/AUTH_15f500f17d33431487a9bf6c87cdb03e/gnocchi.728c34c0-faeb-4db6-84ee-c0baeef8f75f" 201 - "PUT http://172.18.0.2:8080/v1/AUTH_15f500f17d33431487a9bf6c87cdb03e/gnocchi.728c34c0-faeb-4db6-84ee-c0baeef8f75f" "tx1b80571c12b844548fa5b-0069a1d41b" "proxy-server 20" 0.0171 "-" 23 0
Feb 27 17:27:55 standalone proxy-server[129990]: 172.18.0.2 172.18.0.100 27/Feb/2026/17/27/55 PUT /v1/AUTH_15f500f17d33431487a9bf6c87cdb03e/gnocchi.728c34c0-faeb-4db6-84ee-c0baeef8f75f HTTP/1.0 201 - python-swiftclient-3.11.1 gAAAAABpodN61as7... - - - tx1b80571c12b844548fa5b-0069a1d41b - 0.0213 - - 1772213275.526407242 1772213275.547739029 0
Feb 27 17:27:55 standalone container-server[128025]: 172.20.0.100 - - [27/Feb/2026:17:27:55 +0000] "HEAD /d1/779/AUTH_15f500f17d33431487a9bf6c87cdb03e/gnocchi.728c34c0-faeb-4db6-84ee-c0baeef8f75f" 204 - "HEAD http://172.18.0.2:8080/v1/AUTH_15f500f17d33431487a9bf6c87cdb03e/gnocchi.728c34c0-faeb-4db6-84ee-c0baeef8f75f?format=json&states=listing" "txab76b624e050446aadcd6-0069a1d41b" "proxy-server 20" 0.0013 "-" 23 0
Feb 27 17:27:55 standalone proxy-server[129990]: - - 27/Feb/2026/17/27/55 HEAD /v1/AUTH_15f500f17d33431487a9bf6c87cdb03e/gnocchi.728c34c0-faeb-4db6-84ee-c0baeef8f75f%3Fformat%3Djson%26states%3Dlisting HTTP/1.0 204 - Swift - - - - txab76b624e050446aadcd6-0069a1d41b - 0.0041 RL - 1772213275.551579475 1772213275.555635214 0
Feb 27 17:27:55 standalone container-server[128025]: 172.20.0.100 - - [27/Feb/2026:17:27:55 +0000] "GET /d1/779/AUTH_15f500f17d33431487a9bf6c87cdb03e/gnocchi.728c34c0-faeb-4db6-84ee-c0baeef8f75f" 200 2 "GET http://172.18.0.2:8080/v1/AUTH_15f500f17d33431487a9bf6c87cdb03e/gnocchi.728c34c0-faeb-4db6-84ee-c0baeef8f75f?format=json&states=listing" "txab76b624e050446aadcd6-0069a1d41b" "proxy-server 20" 0.0021 "-" 23 0
Feb 27 17:27:55 standalone proxy-server[129990]: 172.18.0.2 172.18.0.100 27/Feb/2026/17/27/55 GET /v1/AUTH_15f500f17d33431487a9bf6c87cdb03e/gnocchi.728c34c0-faeb-4db6-84ee-c0baeef8f75f%3Fformat%3Djson%26states%3Dlisting HTTP/1.0 200 - python-swiftclient-3.11.1 gAAAAABpodN61as7... - 2 - txab76b624e050446aadcd6-0069a1d41b - 0.0126 - - 1772213275.550666094 1772213275.563261986 0
Feb 27 17:27:55 standalone object-server[128156]: 172.20.0.100 - - [27/Feb/2026:17:27:55 +0000] "GET /d1/145/AUTH_15f500f17d33431487a9bf6c87cdb03e/gnocchi.728c34c0-faeb-4db6-84ee-c0baeef8f75f/1771200000.0_mean_300.0_v3" 404 70 "GET http://172.18.0.2:8080/v1/AUTH_15f500f17d33431487a9bf6c87cdb03e/gnocchi.728c34c0-faeb-4db6-84ee-c0baeef8f75f/1771200000.0_mean_300.0_v3" "tx0f55598b1c7548789d663-0069a1d41b" "proxy-server 20" 0.0003 "-" 23 0
Feb 27 17:27:55 standalone proxy-server[129990]: 172.18.0.2 172.18.0.100 27/Feb/2026/17/27/55 GET /v1/AUTH_15f500f17d33431487a9bf6c87cdb03e/gnocchi.728c34c0-faeb-4db6-84ee-c0baeef8f75f/1771200000.0_mean_300.0_v3 HTTP/1.0 404 - python-swiftclient-3.11.1 gAAAAABpodN61as7... - 70 - tx0f55598b1c7548789d663-0069a1d41b - 0.0040 - - 1772213275.566286564 1772213275.570278883 0
Feb 27 17:27:55 standalone container-server[128019]: 172.20.0.100 - - [27/Feb/2026:17:27:55 +0000] "PUT /d1/779/AUTH_15f500f17d33431487a9bf6c87cdb03e/gnocchi.728c34c0-faeb-4db6-84ee-c0baeef8f75f/1771200000.0_mean_300.0_v3" 201 - "PUT http://172.18.0.2:8080/d1/145/AUTH_15f500f17d33431487a9bf6c87cdb03e/gnocchi.728c34c0-faeb-4db6-84ee-c0baeef8f75f/1771200000.0_mean_300.0_v3" "tx7b9ed588a4804aeca66eb-0069a1d41b" "object-server 24" 0.0006 "-" 21 0
Feb 27 17:27:55 standalone object-server[128169]: 172.20.0.100 - - [27/Feb/2026:17:27:55 +0000] "PUT /d1/145/AUTH_15f500f17d33431487a9bf6c87cdb03e/gnocchi.728c34c0-faeb-4db6-84ee-c0baeef8f75f/1771200000.0_mean_300.0_v3" 201 - "PUT http://172.18.0.2:8080/v1/AUTH_15f500f17d33431487a9bf6c87cdb03e/gnocchi.728c34c0-faeb-4db6-84ee-c0baeef8f75f/1771200000.0_mean_300.0_v3" "tx7b9ed588a4804aeca66eb-0069a1d41b" "proxy-server 20" 0.0082 "-" 24 0
Feb 27 17:27:55 standalone proxy-server[129990]: 172.18.0.2 172.18.0.100 27/Feb/2026/17/27/55 PUT /v1/AUTH_15f500f17d33431487a9bf6c87cdb03e/gnocchi.728c34c0-faeb-4db6-84ee-c0baeef8f75f/1771200000.0_mean_300.0_v3 HTTP/1.0 201 - python-swiftclient-3.11.1 gAAAAABpodN61as7... 16 - - tx7b9ed588a4804aeca66eb-0069a1d41b - 0.0126 - - 1772213275.572767496 1772213275.585391521 0
Feb 27 17:27:55 standalone container-server[128019]: 172.20.0.100 - - [27/Feb/2026:17:27:55 +0000] "PUT /d1/779/AUTH_15f500f17d33431487a9bf6c87cdb03e/gnocchi.728c34c0-faeb-4db6-84ee-c0baeef8f75f/none_v3" 201 - "PUT http://172.18.0.2:8080/d1/947/AUTH_15f500f17d33431487a9bf6c87cdb03e/gnocchi.728c34c0-faeb-4db6-84ee-c0baeef8f75f/none_v3" "tx03c5f0d9e008421bb0878-0069a1d41b" "object-server 23" 0.0003 "-" 21 0
