Feb 27 17:27:58 standalone object-server[128150]: 172.20.0.100 - - [27/Feb/2026:17:27:58 +0000] "GET /d1/618/AUTH_15f500f17d33431487a9bf6c87cdb03e/gnocchi.c70a6091-b5ea-4d59-a679-56538b814001/none_v3" 404 70 "GET http://172.18.0.2:8080/v1/AUTH_15f500f17d33431487a9bf6c87cdb03e/gnocchi.c70a6091-b5ea-4d59-a679-56538b814001/none_v3" "tx0882be00fc15497e9404f-0069a1d41e" "proxy-server 20" 0.0004 "-" 22 0
Feb 27 17:27:58 standalone proxy-server[129990]: 172.18.0.2 172.18.0.100 27/Feb/2026/17/27/58 GET /v1/AUTH_15f500f17d33431487a9bf6c87cdb03e/gnocchi.c70a6091-b5ea-4d59-a679-56538b814001/none_v3 HTTP/1.0 404 - python-swiftclient-3.11.1 gAAAAABpodN61as7... - 70 - tx0882be00fc15497e9404f-0069a1d41e - 0.0178 - - 1772213278.604099989 1772213278.621854067 0
Feb 27 17:27:58 standalone account-server[128012]: 172.20.0.100 - - [27/Feb/2026:17:27:58 +0000] "PUT /d1/518/AUTH_15f500f17d33431487a9bf6c87cdb03e/gnocchi.c70a6091-b5ea-4d59-a679-56538b814001" 201 - "PUT http://172.20.0.100:6001/d1/999/AUTH_15f500f17d33431487a9bf6c87cdb03e/gnocchi.c70a6091-b5ea-4d59-a679-56538b814001" "tx3cfcde2d1d6b44f0b7731-0069a1d41e" "container-server 22" 0.0056 "-" 23 0
Feb 27 17:27:58 standalone container-server[128024]: 172.20.0.100 - - [27/Feb/2026:17:27:58 +0000] "PUT /d1/999/AUTH_15f500f17d33431487a9bf6c87cdb03e/gnocchi.c70a6091-b5ea-4d59-a679-56538b814001" 201 - "PUT http://172.18.0.2:8080/v1/AUTH_15f500f17d33431487a9bf6c87cdb03e/gnocchi.c70a6091-b5ea-4d59-a679-56538b814001" "tx3cfcde2d1d6b44f0b7731-0069a1d41e" "proxy-server 20" 0.0184 "-" 22 0
Feb 27 17:27:58 standalone proxy-server[129990]: 172.18.0.2 172.18.0.100 27/Feb/2026/17/27/58 PUT /v1/AUTH_15f500f17d33431487a9bf6c87cdb03e/gnocchi.c70a6091-b5ea-4d59-a679-56538b814001 HTTP/1.0 201 - python-swiftclient-3.11.1 gAAAAABpodN61as7... - - - tx3cfcde2d1d6b44f0b7731-0069a1d41e - 0.0253 - - 1772213278.625799894 1772213278.651134014 0
Feb 27 17:27:58 standalone container-server[128024]: 172.20.0.100 - - [27/Feb/2026:17:27:58 +0000] "HEAD /d1/999/AUTH_15f500f17d33431487a9bf6c87cdb03e/gnocchi.c70a6091-b5ea-4d59-a679-56538b814001" 204 - "HEAD http://172.18.0.2:8080/v1/AUTH_15f500f17d33431487a9bf6c87cdb03e/gnocchi.c70a6091-b5ea-4d59-a679-56538b814001?format=json&states=listing" "tx5421381229a044a398824-0069a1d41e" "proxy-server 20" 0.0019 "-" 22 0
Feb 27 17:27:58 standalone proxy-server[129990]: - - 27/Feb/2026/17/27/58 HEAD /v1/AUTH_15f500f17d33431487a9bf6c87cdb03e/gnocchi.c70a6091-b5ea-4d59-a679-56538b814001%3Fformat%3Djson%26states%3Dlisting HTTP/1.0 204 - Swift - - - - tx5421381229a044a398824-0069a1d41e - 0.0063 RL - 1772213278.657878637 1772213278.664142847 0
Feb 27 17:27:58 standalone container-server[128024]: 172.20.0.100 - - [27/Feb/2026:17:27:58 +0000] "GET /d1/999/AUTH_15f500f17d33431487a9bf6c87cdb03e/gnocchi.c70a6091-b5ea-4d59-a679-56538b814001" 200 2 "GET http://172.18.0.2:8080/v1/AUTH_15f500f17d33431487a9bf6c87cdb03e/gnocchi.c70a6091-b5ea-4d59-a679-56538b814001?format=json&states=listing" "tx5421381229a044a398824-0069a1d41e" "proxy-server 20" 0.0029 "-" 22 0
Feb 27 17:27:58 standalone proxy-server[129990]: 172.18.0.2 172.18.0.100 27/Feb/2026/17/27/58 GET /v1/AUTH_15f500f17d33431487a9bf6c87cdb03e/gnocchi.c70a6091-b5ea-4d59-a679-56538b814001%3Fformat%3Djson%26states%3Dlisting HTTP/1.0 200 - python-swiftclient-3.11.1 gAAAAABpodN61as7... - 2 - tx5421381229a044a398824-0069a1d41e - 0.0201 - - 1772213278.656271219 1772213278.676330805 0
Feb 27 17:27:58 standalone object-server[128196]: 172.20.0.100 - - [27/Feb/2026:17:27:58 +0000] "GET /d1/950/AUTH_15f500f17d33431487a9bf6c87cdb03e/gnocchi.c70a6091-b5ea-4d59-a679-56538b814001/1771200000.0_mean_300.0_v3" 404 70 "GET http://172.18.0.2:8080/v1/AUTH_15f500f17d33431487a9bf6c87cdb03e/gnocchi.c70a6091-b5ea-4d59-a679-56538b814001/1771200000.0_mean_300.0_v3" "tx75d1ad40280443e09366c-0069a1d41e" "proxy-server 20" 0.0007 "-" 25 0
Feb 27 17:27:58 standalone proxy-server[129990]: 172.18.0.2 172.18.0.100 27/Feb/2026/17/27/58 GET /v1/AUTH_15f500f17d33431487a9bf6c87cdb03e/gnocchi.c70a6091-b5ea-4d59-a679-56538b814001/1771200000.0_mean_300.0_v3 HTTP/1.0 404 - python-swiftclient-3.11.1 gAAAAABpodN61as7... - 70 - tx75d1ad40280443e09366c-0069a1d41e - 0.0090 - - 1772213278.681561232 1772213278.690533161 0
Feb 27 17:27:58 standalone container-server[128025]: 172.20.0.100 - - [27/Feb/2026:17:27:58 +0000] "PUT /d1/999/AUTH_15f500f17d33431487a9bf6c87cdb03e/gnocchi.c70a6091-b5ea-4d59-a679-56538b814001/1771200000.0_mean_300.0_v3" 201 - "PUT http://172.18.0.2:8080/d1/950/AUTH_15f500f17d33431487a9bf6c87cdb03e/gnocchi.c70a6091-b5ea-4d59-a679-56538b814001/1771200000.0_mean_300.0_v3" "txe39988066fa843f6b7f13-0069a1d41e" "object-server 23" 0.0009 "-" 23 0
Feb 27 17:27:58 standalone object-server[128156]: 172.20.0.100 - - [27/Feb/2026:17:27:58 +0000] "PUT /d1/950/AUTH_15f500f17d33431487a9bf6c87cdb03e/gnocchi.c70a6091-b5ea-4d59-a679-56538b814001/1771200000.0_mean_300.0_v3" 201 - "PUT http://172.18.0.2:8080/v1/AUTH_15f500f17d33431487a9bf6c87cdb03e/gnocchi.c70a6091-b5ea-4d59-a679-56538b814001/1771200000.0_mean_300.0_v3" "txe39988066fa843f6b7f13-0069a1d41e" "proxy-server 20" 0.0132 "-" 23 0
Feb 27 17:27:58 standalone proxy-server[129990]: 172.18.0.2 172.18.0.100 27/Feb/2026/17/27/58 PUT /v1/AUTH_15f500f17d33431487a9bf6c87cdb03e/gnocchi.c70a6091-b5ea-4d59-a679-56538b814001/1771200000.0_mean_300.0_v3 HTTP/1.0 201 - python-swiftclient-3.11.1 gAAAAABpodN61as7... 16 - - txe39988066fa843f6b7f13-0069a1d41e - 0.0220 - - 1772213278.694441557 1772213278.716464043 0
Feb 27 17:27:58 standalone container-server[128019]: 172.20.0.100 - - [27/Feb/2026:17:27:58 +0000] "PUT /d1/999/AUTH_15f500f17d33431487a9bf6c87cdb03e/gnocchi.c70a6091-b5ea-4d59-a679-56538b814001/none_v3" 201 - "PUT http://172.18.0.2:8080/d1/618/AUTH_15f500f17d33431487a9bf6c87cdb03e/gnocchi.c70a6091-b5ea-4d59-a679-56538b814001/none_v3" "tx4eb68f16c938429993155-0069a1d41e" "object-server 25" 0.0007 "-" 21 0
Feb 27 17:27:58 standalone object-server[128196]: 172.20.0.100 - - [27/Feb/2026:17:27:58 +0000] "PUT /d1/618/AUTH_15f500f17d33431487a9bf6c87cdb03e/gnocchi.c70a6091-b5ea-4d59-a679-56538b814001/none_v3" 201 - "PUT http://172.18.0.2:8080/v1/AUTH_15f500f17d33431487a9bf6c87cdb03e/gnocchi.c70a6091-b5ea-4d59-a679-56538b814001/none_v3" "tx4eb68f16c938429993155-0069a1d41e" "proxy-server 20" 0.0112 "-" 25 0
Feb 27 17:27:58 standalone proxy-server[129990]: 172.18.0.2 172.18.0.100 27/Feb/2026/17/27/58 PUT /v1/AUTH_15f500f17d33431487a9bf6c87cdb03e/gnocchi.c70a6091-b5ea-4d59-a679-56538b814001/none_v3 HTTP/1.0 201 - python-swiftclient-3.11.1 gAAAAABpodN61as7... 22 - - tx4eb68f16c938429993155-0069a1d41e - 0.0198 - - 1772213278.720511436 1772213278.740353346 0
Feb 27 17:27:58 standalone container-server[128025]: 172.20.0.100 - - [27/Feb/2026:17:27:58 +0000] "HEAD /d1/645/AUTH_15f500f17d33431487a9bf6c87cdb03e/gnocchi.cbab344e-c76e-41d6-aebf-33c4ab345bb8" 404 - "HEAD http://172.18.0.2:8080/v1/AUTH_15f500f17d33431487a9bf6c87cdb03e/gnocchi.cbab344e-c76e-41d6-aebf-33c4ab345bb8?format=json&states=listing" "txaf3d881e63c1410b9ce07-0069a1d41e" "proxy-server 20" 0.0006 "-" 23 0
Feb 27 17:27:58 standalone object-server[128169]: 172.20.0.100 - - [27/Feb/2026:17:27:58 +0000] "GET /d1/952/AUTH_15f500f17d33431487a9bf6c87cdb03e/gnocchi.cbab344e-c76e-41d6-aebf-33c4ab345bb8/none_v3" 404 70 "GET http://172.18.0.2:8080/v1/AUTH_15f500f17d33431487a9bf6c87cdb03e/gnocchi.cbab344e-c76e-41d6-aebf-33c4ab345bb8/none_v3" "txaf3d881e63c1410b9ce07-0069a1d41e" "proxy-server 20" 0.0005 "-" 24 0
Feb 27 17:27:58 standalone proxy-server[129990]: 172.18.0.2 172.18.0.100 27/Feb/2026/17/27/58 GET /v1/AUTH_15f500f17d33431487a9bf6c87cdb03e/gnocchi.cbab344e-c76e-41d6-aebf-33c4ab345bb8/none_v3 HTTP/1.0 404 - python-swiftclient-3.11.1 gAAAAABpodN61as7... - 70 - txaf3d881e63c1410b9ce07-0069a1d41e - 0.0163 - - 1772213278.754335165 1772213278.770642519 0
Feb 27 17:27:58 standalone account-server[128003]: 172.20.0.100 - - [27/Feb/2026:17:27:58 +0000] "PUT /d1/518/AUTH_15f500f17d33431487a9bf6c87cdb03e/gnocchi.cbab344e-c76e-41d6-aebf-33c4ab345bb8" 201 - "PUT http://172.20.0.100:6001/d1/645/AUTH_15f500f17d33431487a9bf6c87cdb03e/gnocchi.cbab344e-c76e-41d6-aebf-33c4ab345bb8" "tx4bade159eaa74586b1e05-0069a1d41e" "container-server 21" 0.0049 "-" 20 0
Feb 27 17:27:58 standalone container-server[128019]: 172.20.0.100 - - [27/Feb/2026:17:27:58 +0000] "PUT /d1/645/AUTH_15f500f17d33431487a9bf6c87cdb03e/gnocchi.cbab344e-c76e-41d6-aebf-33c4ab345bb8" 201 - "PUT http://172.18.0.2:8080/v1/AUTH_15f500f17d33431487a9bf6c87cdb03e/gnocchi.cbab344e-c76e-41d6-aebf-33c4ab345bb8" "tx4bade159eaa74586b1e05-0069a1d41e" "proxy-server 20" 0.0181 "-" 21 0
Feb 27 17:27:58 standalone proxy-server[129990]: 172.18.0.2 172.18.0.100 27/Feb/2026/17/27/58 PUT /v1/AUTH_15f500f17d33431487a9bf6c87cdb03e/gnocchi.cbab344e-c76e-41d6-aebf-33c4ab345bb8 HTTP/1.0 201 - python-swiftclient-3.11.1 gAAAAABpodN61as7... - - - tx4bade159eaa74586b1e05-0069a1d41e - 0.0256 - - 1772213278.779583216 1772213278.805182457 0
Feb 27 17:27:58 standalone container-server[128019]: 172.20.0.100 - - [27/Feb/2026:17:27:58 +0000] "HEAD /d1/645/AUTH_15f500f17d33431487a9bf6c87cdb03e/gnocchi.cbab344e-c76e-41d6-aebf-33c4ab345bb8" 204 - "HEAD http://172.18.0.2:8080/v1/AUTH_15f500f17d33431487a9bf6c87cdb03e/gnocchi.cbab344e-c76e-41d6-aebf-33c4ab345bb8?format=json&states=listing" "tx3e927ca157064d35aff7e-0069a1d41e" "proxy-server 20" 0.0021 "-" 21 0
Feb 27 17:27:58 standalone proxy-server[129990]: - - 27/Feb/2026/17/27/58 HEAD /v1/AUTH_15f500f17d33431487a9bf6c87cdb03e/gnocchi.cbab344e-c76e-41d6-aebf-33c4ab345bb8%3Fformat%3Djson%26states%3Dlisting HTTP/1.0 204 - Swift - - - - tx3e927ca157064d35aff7e-0069a1d41e - 0.0073 RL - 1772213278.812507391 1772213278.819847345 0
Feb 27 17:27:58 standalone container-server[128024]: 172.20.0.100 - - [27/Feb/2026:17:27:58 +0000] "GET /d1/645/AUTH_15f500f17d33431487a9bf6c87cdb03e/gnocchi.cbab344e-c76e-41d6-aebf-33c4ab345bb8" 200 2 "GET http://172.18.0.2:8080/v1/AUTH_15f500f17d33431487a9bf6c87cdb03e/gnocchi.cbab344e-c76e-41d6-aebf-33c4ab345bb8?format=json&states=listing" "tx3e927ca157064d35aff7e-0069a1d41e" "proxy-server 20" 0.0046 "-" 22 0
Feb 27 17:27:58 standalone proxy-server[129990]: 172.18.0.2 172.18.0.100 27/Feb/2026/17/27/58 GET /v1/AUTH_15f500f17d33431487a9bf6c87cdb03e/gnocchi.cbab344e-c76e-41d6-aebf-33c4ab345bb8%3Fformat%3Djson%26states%3Dlisting HTTP/1.0 200 - python-swiftclient-3.11.1 gAAAAABpodN61as7... - 2 - tx3e927ca157064d35aff7e-0069a1d41e - 0.0231 - - 1772213278.810752869 1772213278.833868504 0
Feb 27 17:27:58 standalone object-server[128196]: 172.20.0.100 - - [27/Feb/2026:17:27:58 +0000] "GET /d1/631/AUTH_15f500f17d33431487a9bf6c87cdb03e/gnocchi.cbab344e-c76e-41d6-aebf-33c4ab345bb8/1771200000.0_mean_300.0_v3" 404 70 "GET http://172.18.0.2:8080/v1/AUTH_15f500f17d33431487a9bf6c87cdb03e/gnocchi.cbab344e-c76e-41d6-aebf-33c4ab345bb8/1771200000.0_mean_300.0_v3" "txa77547e8497c40eea94b3-0069a1d41e" "proxy-server 20" 0.0005 "-" 25 0
Feb 27 17:27:58 standalone proxy-server[129990]: 172.18.0.2 172.18.0.100 27/Feb/2026/17/27/58 GET /v1/AUTH_15f500f17d33431487a9bf6c87cdb03e/gnocchi.cbab344e-c76e-41d6-aebf-33c4ab345bb8/1771200000.0_mean_300.0_v3 HTTP/1.0 404 - python-swiftclient-3.11.1 gAAAAABpodN61as7... - 70 - txa77547e8497c40eea94b3-0069a1d41e - 0.0087 - - 1772213278.840891361 1772213278.849550486 0
Feb 27 17:27:58 standalone container-server[128025]: 172.20.0.100 - - [27/Feb/2026:17:27:58 +0000] "PUT /d1/645/AUTH_15f500f17d33431487a9bf6c87cdb03e/gnocchi.cbab344e-c76e-41d6-aebf-33c4ab345bb8/1771200000.0_mean_300.0_v3" 201 - "PUT http://172.18.0.2:8080/d1/631/AUTH_15f500f17d33431487a9bf6c87cdb03e/gnocchi.cbab344e-c76e-41d6-aebf-33c4ab345bb8/1771200000.0_mean_300.0_v3" "tx1d068abd571d49fa8ee5a-0069a1d41e" "object-server 25" 0.0009 "-" 23 0
Feb 27 17:27:58 standalone object-server[128196]: 172.20.0.100 - - [27/Feb/2026:17:27:58 +0000] "PUT /d1/631/AUTH_15f500f17d33431487a9bf6c87cdb03e/gnocchi.cbab344e-c76e-41d6-aebf-33c4ab345bb8/1771200000.0_mean_300.0_v3" 201 - "PUT http://172.18.0.2:8080/v1/AUTH_15f500f17d33431487a9bf6c87cdb03e/gnocchi.cbab344e-c76e-41d6-aebf-33c4ab345bb8/1771200000.0_mean_300.0_v3" "tx1d068abd571d49fa8ee5a-0069a1d41e" "proxy-server 20" 0.0123 "-" 25 0
Feb 27 17:27:58 standalone proxy-server[129990]: 172.18.0.2 172.18.0.100 27/Feb/2026/17/27/58 PUT /v1/AUTH_15f500f17d33431487a9bf6c87cdb03e/gnocchi.cbab344e-c76e-41d6-aebf-33c4ab345bb8/1771200000.0_mean_300.0_v3 HTTP/1.0 201 - python-swiftclient-3.11.1 gAAAAABpodN61as7... 16 - - tx1d068abd571d49fa8ee5a-0069a1d41e - 0.0215 - - 1772213278.854360104 1772213278.875883341 0
Feb 27 17:27:58 standalone container-server[128025]: 172.20.0.100 - - [27/Feb/2026:17:27:58 +0000] "PUT /d1/645/AUTH_15f500f17d33431487a9bf6c87cdb03e/gnocchi.cbab344e-c76e-41d6-aebf-33c4ab345bb8/none_v3" 201 - "PUT http://172.18.0.2:8080/d1/952/AUTH_15f500f17d33431487a9bf6c87cdb03e/gnocchi.cbab344e-c76e-41d6-aebf-33c4ab345bb8/none_v3" "tx7e7e33a6bb84465591687-0069a1d41e" "object-server 23" 0.0009 "-" 23 0
Feb 27 17:27:58 standalone object-server[128156]: 172.20.0.100 - - [27/Feb/2026:17:27:58 +0000] "PUT /d1/952/AUTH_15f500f17d33431487a9bf6c87cdb03e/gnocchi.cbab344e-c76e-41d6-aebf-33c4ab345bb8/none_v3" 201 - "PUT http://172.18.0.2:8080/v1/AUTH_15f500f17d33431487a9bf6c87cdb03e/gnocchi.cbab344e-c76e-41d6-aebf-33c4ab345bb8/none_v3" "tx7e7e33a6bb84465591687-0069a1d41e" "proxy-server 20" 0.0117 "-" 23 0
Feb 27 17:27:58 standalone proxy-server[129990]: 172.18.0.2 172.18.0.100 27/Feb/2026/17/27/58 PUT /v1/AUTH_15f500f17d33431487a9bf6c87cdb03e/gnocchi.cbab344e-c76e-41d6-aebf-33c4ab345bb8/none_v3 HTTP/1.0 201 - python-swiftclient-3.11.1 gAAAAABpodN61as7... 22 - - tx7e7e33a6bb84465591687-0069a1d41e - 0.0211 - - 1772213278.879886150 1772213278.900953293 0
Feb 27 17:27:58 standalone container-server[128019]: 172.20.0.100 - - [27/Feb/2026:17:27:58 +0000] "HEAD /d1/457/AUTH_15f500f17d33431487a9bf6c87cdb03e/gnocchi.060a030e-77cf-4730-a8f2-d07b74ff8054" 404 - "HEAD http://172.18.0.2:8080/v1/AUTH_15f500f17d33431487a9bf6c87cdb03e/gnocchi.060a030e-77cf-4730-a8f2-d07b74ff8054?format=json&states=listing" "tx6150537470ef407fae035-0069a1d41e" "proxy-server 20" 0.0006 "-" 21 0
Feb 27 17:27:58 standalone object-server[128169]: 172.20.0.100 - - [27/Feb/2026:17:27:58 +0000] "GET /d1/570/AUTH_15f500f17d33431487a9bf6c87cdb03e/gnocchi.060a030e-77cf-4730-a8f2-d07b74ff8054/none_v3" 404 70 "GET http://172.18.0.2:8080/v1/AUTH_15f500f17d33431487a9bf6c87cdb03e/gnocchi.060a030e-77cf-4730-a8f2-d07b74ff8054/none_v3" "tx6150537470ef407fae035-0069a1d41e" "proxy-server 20" 0.0005 "-" 24 0
Feb 27 17:27:58 standalone proxy-server[129990]: 172.18.0.2 172.18.0.100 27/Feb/2026/17/27/58 GET /v1/AUTH_15f500f17d33431487a9bf6c87cdb03e/gnocchi.060a030e-77cf-4730-a8f2-d07b74ff8054/none_v3 HTTP/1.0 404 - python-swiftclient-3.11.1 gAAAAABpodN61as7... - 70 - tx6150537470ef407fae035-0069a1d41e - 0.0129 - - 1772213278.917105198 1772213278.930022478 0
Feb 27 17:27:58 standalone account-server[128003]: 172.20.0.100 - - [27/Feb/2026:17:27:58 +0000] "PUT /d1/518/AUTH_15f500f17d33431487a9bf6c87cdb03e/gnocchi.060a030e-77cf-4730-a8f2-d07b74ff8054" 201 - "PUT http://172.20.0.100:6001/d1/457/AUTH_15f500f17d33431487a9bf6c87cdb03e/gnocchi.060a030e-77cf-4730-a8f2-d07b74ff8054" "txcbdec0b568234c189aff0-0069a1d41e" "container-server 22" 0.0044 "-" 20 0
Feb 27 17:27:58 standalone container-server[128024]: 172.20.0.100 - - [27/Feb/2026:17:27:58 +0000] "PUT /d1/457/AUTH_15f500f17d33431487a9bf6c87cdb03e/gnocchi.060a030e-77cf-4730-a8f2-d07b74ff8054" 201 - "PUT http://172.18.0.2:8080/v1/AUTH_15f500f17d33431487a9bf6c87cdb03e/gnocchi.060a030e-77cf-4730-a8f2-d07b74ff8054" "txcbdec0b568234c189aff0-0069a1d41e" "proxy-server 20" 0.0195 "-" 22 0
Feb 27 17:27:58 standalone proxy-server[129990]: 172.18.0.2 172.18.0.100 27/Feb/2026/17/27/58 PUT /v1/AUTH_15f500f17d33431487a9bf6c87cdb03e/gnocchi.060a030e-77cf-4730-a8f2-d07b74ff8054 HTTP/1.0 201 - python-swiftclient-3.11.1 gAAAAABpodN61as7... - - - txcbdec0b568234c189aff0-0069a1d41e - 0.0252 - - 1772213278.933217049 1772213278.958425522 0
Feb 27 17:27:58 standalone container-server[128025]: 172.20.0.100 - - [27/Feb/2026:17:27:58 +0000] "HEAD /d1/457/AUTH_15f500f17d33431487a9bf6c87cdb03e/gnocchi.060a030e-77cf-4730-a8f2-d07b74ff8054" 204 - "HEAD http://172.18.0.2:8080/v1/AUTH_15f500f17d33431487a9bf6c87cdb03e/gnocchi.060a030e-77cf-4730-a8f2-d07b74ff8054?format=json&states=listing" "tx91d821e30ed34fdd922d3-0069a1d41e" "proxy-server 20" 0.0012 "-" 23 0
Feb 27 17:27:58 standalone proxy-server[129990]: - - 27/Feb/2026/17/27/58 HEAD /v1/AUTH_15f500f17d33431487a9bf6c87cdb03e/gnocchi.060a030e-77cf-4730-a8f2-d07b74ff8054%3Fformat%3Djson%26states%3Dlisting HTTP/1.0 204 - Swift - - - - tx91d821e30ed34fdd922d3-0069a1d41e - 0.0043 RL - 1772213278.964509726 1772213278.968784809 0
Feb 27 17:27:58 standalone container-server[128024]: 172.20.0.100 - - [27/Feb/2026:17:27:58 +0000] "GET /d1/457/AUTH_15f500f17d33431487a9bf6c87cdb03e/gnocchi.060a030e-77cf-4730-a8f2-d07b74ff8054" 200 2 "GET http://172.18.0.2:8080/v1/AUTH_15f500f17d33431487a9bf6c87cdb03e/gnocchi.060a030e-77cf-4730-a8f2-d07b74ff8054?format=json&states=listing" "tx91d821e30ed34fdd922d3-0069a1d41e" "proxy-server 20" 0.0032 "-" 22 0
Feb 27 17:27:58 standalone proxy-server[129990]: 172.18.0.2 172.18.0.100 27/Feb/2026/17/27/58 GET /v1/AUTH_15f500f17d33431487a9bf6c87cdb03e/gnocchi.060a030e-77cf-4730-a8f2-d07b74ff8054%3Fformat%3Djson%26states%3Dlisting HTTP/1.0 200 - python-swiftclient-3.11.1 gAAAAABpodN61as7... - 2 - tx91d821e30ed34fdd922d3-0069a1d41e - 0.0144 - - 1772213278.963659048 1772213278.978079557 0
Feb 27 17:27:58 standalone object-server[128156]: 172.20.0.100 - - [27/Feb/2026:17:27:58 +0000] "GET /d1/216/AUTH_15f500f17d33431487a9bf6c87cdb03e/gnocchi.060a030e-77cf-4730-a8f2-d07b74ff8054/1771200000.0_mean_300.0_v3" 404 70 "GET http://172.18.0.2:8080/v1/AUTH_15f500f17d33431487a9bf6c87cdb03e/gnocchi.060a030e-77cf-4730-a8f2-d07b74ff8054/1771200000.0_mean_300.0_v3" "txafd7642502f24742a8bb7-0069a1d41e" "proxy-server 20" 0.0006 "-" 23 0
Feb 27 17:27:58 standalone proxy-server[129990]: 172.18.0.2 172.18.0.100 27/Feb/2026/17/27/58 GET /v1/AUTH_15f500f17d33431487a9bf6c87cdb03e/gnocchi.060a030e-77cf-4730-a8f2-d07b74ff8054/1771200000.0_mean_300.0_v3 HTTP/1.0 404 - python-swiftclient-3.11.1 gAAAAABpodN61as7... - 70 - txafd7642502f24742a8bb7-0069a1d41e - 0.0057 - - 1772213278.982848406 1772213278.988565683 0
Feb 27 17:27:59 standalone container-server[128025]: 172.20.0.100 - - [27/Feb/2026:17:27:59 +0000] "PUT /d1/457/AUTH_15f500f17d33431487a9bf6c87cdb03e/gnocchi.060a030e-77cf-4730-a8f2-d07b74ff8054/1771200000.0_mean_300.0_v3" 201 - "PUT http://172.18.0.2:8080/d1/216/AUTH_15f500f17d33431487a9bf6c87cdb03e/gnocchi.060a030e-77cf-4730-a8f2-d07b74ff8054/1771200000.0_mean_300.0_v3" "tx789aab6696cb45d7a6c00-0069a1d41e" "object-server 25" 0.0007 "-" 23 0
Feb 27 17:27:59 standalone object-server[128196]: 172.20.0.100 - - [27/Feb/2026:17:27:59 +0000] "PUT /d1/216/AUTH_15f500f17d33431487a9bf6c87cdb03e/gnocchi.060a030e-77cf-4730-a8f2-d07b74ff8054/1771200000.0_mean_300.0_v3" 201 - "PUT http://172.18.0.2:8080/v1/AUTH_15f500f17d33431487a9bf6c87cdb03e/gnocchi.060a030e-77cf-4730-a8f2-d07b74ff8054/1771200000.0_mean_300.0_v3" "tx789aab6696cb45d7a6c00-0069a1d41e" "proxy-server 20" 0.0148 "-" 25 0
Feb 27 17:27:59 standalone proxy-server[129990]: 172.18.0.2 172.18.0.100 27/Feb/2026/17/27/59 PUT /v1/AUTH_15f500f17d33431487a9bf6c87cdb03e/gnocchi.060a030e-77cf-4730-a8f2-d07b74ff8054/1771200000.0_mean_300.0_v3 HTTP/1.0 201 - python-swiftclient-3.11.1 gAAAAABpodN61as7... 16 - - tx789aab6696cb45d7a6c00-0069a1d41e - 0.0222 - - 1772213278.992214203 1772213279.014397144 0
Feb 27 17:27:59 standalone container-server[128024]: 172.20.0.100 - - [27/Feb/2026:17:27:59 +0000] "PUT /d1/457/AUTH_15f500f17d33431487a9bf6c87cdb03e/gnocchi.060a030e-77cf-4730-a8f2-d07b74ff8054/none_v3" 201 - "PUT http://172.18.0.2:8080/d1/570/AUTH_15f500f17d33431487a9bf6c87cdb03e/gnocchi.060a030e-77cf-4730-a8f2-d07b74ff8054/none_v3" "tx82c699d4f07d40baabeba-0069a1d41f" "object-server 22" 0.0008 "-" 22 0
Feb 27 17:27:59 standalone object-server[128150]: 172.20.0.100 - - [27/Feb/2026:17:27:59 +0000] "PUT /d1/570/AUTH_15f500f17d33431487a9bf6c87cdb03e/gnocchi.060a030e-77cf-4730-a8f2-d07b74ff8054/none_v3" 201 - "PUT http://172.18.0.2:8080/v1/AUTH_15f500f17d33431487a9bf6c87cdb03e/gnocchi.060a030e-77cf-4730-a8f2-d07b74ff8054/none_v3" "tx82c699d4f07d40baabeba-0069a1d41f" "proxy-server 20" 0.0133 "-" 22 0
Feb 27 17:27:59 standalone proxy-server[129990]: 172.18.0.2 172.18.0.100 27/Feb/2026/17/27/59 PUT /v1/AUTH_15f500f17d33431487a9bf6c87cdb03e/gnocchi.060a030e-77cf-4730-a8f2-d07b74ff8054/none_v3 HTTP/1.0 201 - python-swiftclient-3.11.1 gAAAAABpodN61as7... 22 - - tx82c699d4f07d40baabeba-0069a1d41f - 0.0205 - - 1772213279.018877983 1772213279.039426327 0
Feb 27 17:27:59 standalone container-server[128025]: 172.20.0.100 - - [27/Feb/2026:17:27:59 +0000] "HEAD /d1/222/AUTH_15f500f17d33431487a9bf6c87cdb03e/gnocchi.06b24145-8ad3-4091-832e-c43ee419393c" 404 - "HEAD http://172.18.0.2:8080/v1/AUTH_15f500f17d33431487a9bf6c87cdb03e/gnocchi.06b24145-8ad3-4091-832e-c43ee419393c?format=json&states=listing" "txef301fc6e3c74677aae32-0069a1d41f" "proxy-server 20" 0.0005 "-" 23 0
Feb 27 17:27:59 standalone object-server[128150]: 172.20.0.100 - - [27/Feb/2026:17:27:59 +0000] "GET /d1/957/AUTH_15f500f17d33431487a9bf6c87cdb03e/gnocchi.06b24145-8ad3-4091-832e-c43ee419393c/none_v3" 404 70 "GET http://172.18.0.2:8080/v1/AUTH_15f500f17d33431487a9bf6c87cdb03e/gnocchi.06b24145-8ad3-4091-832e-c43ee419393c/none_v3" "txef301fc6e3c74677aae32-0069a1d41f" "proxy-server 20" 0.0006 "-" 22 0
Feb 27 17:27:59 standalone proxy-server[129990]: 172.18.0.2 172.18.0.100 27/Feb/2026/17/27/59 GET /v1/AUTH_15f500f17d33431487a9bf6c87cdb03e/gnocchi.06b24145-8ad3-4091-832e-c43ee419393c/none_v3 HTTP/1.0 404 - python-swiftclient-3.11.1 gAAAAABpodN61as7... - 70 - txef301fc6e3c74677aae32-0069a1d41f - 0.0109 - - 1772213279.054533482 1772213279.065435171 0
Feb 27 17:27:59 standalone account-server[128009]: 172.20.0.100 - - [27/Feb/2026:17:27:59 +0000] "PUT /d1/518/AUTH_15f500f17d33431487a9bf6c87cdb03e/gnocchi.06b24145-8ad3-4091-832e-c43ee419393c" 201 - "PUT http://172.20.0.100:6001/d1/222/AUTH_15f500f17d33431487a9bf6c87cdb03e/gnocchi.06b24145-8ad3-4091-832e-c43ee419393c" "txd6c81d6bff0c413c84913-0069a1d41f" "container-server 22" 0.0067 "-" 22 0
Feb 27 17:27:59 standalone container-server[128024]: 172.20.0.100 - - [27/Feb/2026:17:27:59 +0000] "PUT /d1/222/AUTH_15f500f17d33431487a9bf6c87cdb03e/gnocchi.06b24145-8ad3-4091-832e-c43ee419393c" 201 - "PUT http://172.18.0.2:8080/v1/AUTH_15f500f17d33431487a9bf6c87cdb03e/gnocchi.06b24145-8ad3-4091-832e-c43ee419393c" "txd6c81d6bff0c413c84913-0069a1d41f" "proxy-server 20" 0.0215 "-" 22 0
Feb 27 17:27:59 standalone proxy-server[129990]: 172.18.0.2 172.18.0.100 27/Feb/2026/17/27/59 PUT /v1/AUTH_15f500f17d33431487a9bf6c87cdb03e/gnocchi.06b24145-8ad3-4091-832e-c43ee419393c HTTP/1.0 201 - python-swiftclient-3.11.1 gAAAAABpodN61as7... - - - txd6c81d6bff0c413c84913-0069a1d41f - 0.0270 - - 1772213279.068638325 1772213279.095629930 0
Feb 27 17:27:59 standalone container-server[128025]: 172.20.0.100 - - [27/Feb/2026:17:27:59 +0000] "HEAD /d1/967/AUTH_15f500f17d33431487a9bf6c87cdb03e/gnocchi.f82ecec4-7259-46de-a4b8-56a902d5babc" 404 - "HEAD http://172.18.0.2:8080/v1/AUTH_15f500f17d33431487a9bf6c87cdb03e/gnocchi.f82ecec4-7259-46de-a4b8-56a902d5babc?format=json&states=listing" "tx26857ee7dd694cbeaac56-0069a1d41f" "proxy-server 20" 0.0004 "-" 23 0
Feb 27 17:27:59 standalone object-server[128150]: 172.20.0.100 - - [27/Feb/2026:17:27:59 +0000] "GET /d1/4/AUTH_15f500f17d33431487a9bf6c87cdb03e/gnocchi.f82ecec4-7259-46de-a4b8-56a902d5babc/none_v3" 404 70 "GET http://172.18.0.2:8080/v1/AUTH_15f500f17d33431487a9bf6c87cdb03e/gnocchi.f82ecec4-7259-46de-a4b8-56a902d5babc/none_v3" "tx26857ee7dd694cbeaac56-0069a1d41f" "proxy-server 20" 0.0004 "-" 22 0
Feb 27 17:27:59 standalone proxy-server[129990]: 172.18.0.2 172.18.0.100 27/Feb/2026/17/27/59 GET /v1/AUTH_15f500f17d33431487a9bf6c87cdb03e/gnocchi.f82ecec4-7259-46de-a4b8-56a902d5babc/none_v3 HTTP/1.0 404 - python-swiftclient-3.11.1 gAAAAABpodN61as7... - 70 - tx26857ee7dd694cbeaac56-0069a1d41f - 0.0097 - - 1772213279.099383831 1772213279.109080791 0
Feb 27 17:27:59 standalone account-server[128003]: 172.20.0.100 - - [27/Feb/2026:17:27:59 +0000] "PUT /d1/518/AUTH_15f500f17d33431487a9bf6c87cdb03e/gnocchi.f82ecec4-7259-46de-a4b8-56a902d5babc" 201 - "PUT http://172.20.0.100:6001/d1/967/AUTH_15f500f17d33431487a9bf6c87cdb03e/gnocchi.f82ecec4-7259-46de-a4b8-56a902d5babc" "tx3034c29c44c14236993da-0069a1d41f" "container-server 20" 0.0057 "-" 20 0
Feb 27 17:27:59 standalone container-server[128014]: 172.20.0.100 - - [27/Feb/2026:17:27:59 +0000] "PUT /d1/967/AUTH_15f500f17d33431487a9bf6c87cdb03e/gnocchi.f82ecec4-7259-46de-a4b8-56a902d5babc" 201 - "PUT http://172.18.0.2:8080/v1/AUTH_15f500f17d33431487a9bf6c87cdb03e/gnocchi.f82ecec4-7259-46de-a4b8-56a902d5babc" "tx3034c29c44c14236993da-0069a1d41f" "proxy-server 20" 0.0157 "-" 20 0
Feb 27 17:27:59 standalone proxy-server[129990]: 172.18.0.2 172.18.0.100 27/Feb/2026/17/27/59 PUT /v1/AUTH_15f500f17d33431487a9bf6c87cdb03e/gnocchi.f82ecec4-7259-46de-a4b8-56a902d5babc HTTP/1.0 201 - python-swiftclient-3.11.1 gAAAAABpodN61as7... - - - tx3034c29c44c14236993da-0069a1d41f - 0.0210 - - 1772213279.112398386 1772213279.133368254 0
Feb 27 17:27:59 standalone container-server[128014]: 172.20.0.100 - - [27/Feb/2026:17:27:59 +0000] "HEAD /d1/222/AUTH_15f500f17d33431487a9bf6c87cdb03e/gnocchi.06b24145-8ad3-4091-832e-c43ee419393c" 204 - "HEAD http://172.18.0.2:8080/v1/AUTH_15f500f17d33431487a9bf6c87cdb03e/gnocchi.06b24145-8ad3-4091-832e-c43ee419393c?format=json&states=listing" "tx154d079122b549be9b7b9-0069a1d41f" "proxy-server 20" 0.0013 "-" 20 0
Feb 27 17:27:59 standalone proxy-server[129990]: - - 27/Feb/2026/17/27/59 HEAD /v1/AUTH_15f500f17d33431487a9bf6c87cdb03e/gnocchi.06b24145-8ad3-4091-832e-c43ee419393c%3Fformat%3Djson%26states%3Dlisting HTTP/1.0 204 - Swift - - - - tx154d079122b549be9b7b9-0069a1d41f - 0.0048 RL - 1772213279.139293671 1772213279.144099236 0
Feb 27 17:27:59 standalone container-server[128014]: 172.20.0.100 - - [27/Feb/2026:17:27:59 +0000] "GET /d1/222/AUTH_15f500f17d33431487a9bf6c87cdb03e/gnocchi.06b24145-8ad3-4091-832e-c43ee419393c" 200 2 "GET http://172.18.0.2:8080/v1/AUTH_15f500f17d33431487a9bf6c87cdb03e/gnocchi.06b24145-8ad3-4091-832e-c43ee419393c?format=json&states=listing" "tx154d079122b549be9b7b9-0069a1d41f" "proxy-server 20" 0.0020 "-" 20 0
Feb 27 17:27:59 standalone proxy-server[129990]: 172.18.0.2 172.18.0.100 27/Feb/2026/17/27/59 GET /v1/AUTH_15f500f17d33431487a9bf6c87cdb03e/gnocchi.06b24145-8ad3-4091-832e-c43ee419393c%3Fformat%3Djson%26states%3Dlisting HTTP/1.0 200 - python-swiftclient-3.11.1 gAAAAABpodN61as7... - 2 - tx154d079122b549be9b7b9-0069a1d41f - 0.0143 - - 1772213279.138153791 1772213279.152497053 0
Feb 27 17:27:59 standalone container-server[128014]: 172.20.0.100 - - [27/Feb/2026:17:27:59 +0000] "HEAD /d1/967/AUTH_15f500f17d33431487a9bf6c87cdb03e/gnocchi.f82ecec4-7259-46de-a4b8-56a902d5babc" 204 - "HEAD http://172.18.0.2:8080/v1/AUTH_15f500f17d33431487a9bf6c87cdb03e/gnocchi.f82ecec4-7259-46de-a4b8-56a902d5babc?format=json&states=listing" "txd9b3755929ef4cc491143-0069a1d41f" "proxy-server 20" 0.0012 "-" 20 0
Feb 27 17:27:59 standalone proxy-server[129990]: - - 27/Feb/2026/17/27/59 HEAD /v1/AUTH_15f500f17d33431487a9bf6c87cdb03e/gnocchi.f82ecec4-7259-46de-a4b8-56a902d5babc%3Fformat%3Djson%26states%3Dlisting HTTP/1.0 204 - Swift - - - - txd9b3755929ef4cc491143-0069a1d41f - 0.0047 RL - 1772213279.161579847 1772213279.166280985 0
Feb 27 17:27:59 standalone container-server[128025]: 172.20.0.100 - - [27/Feb/2026:17:27:59 +0000] "GET /d1/967/AUTH_15f500f17d33431487a9bf6c87cdb03e/gnocchi.f82ecec4-7259-46de-a4b8-56a902d5babc" 200 2 "GET http://172.18.0.2:8080/v1/AUTH_15f500f17d33431487a9bf6c87cdb03e/gnocchi.f82ecec4-7259-46de-a4b8-56a902d5babc?format=json&states=listing" "txd9b3755929ef4cc491143-0069a1d41f" "proxy-server 20" 0.0022 "-" 23 0
Feb 27 17:27:59 standalone proxy-server[129990]: 172.18.0.2 172.18.0.100 27/Feb/2026/17/27/59 GET /v1/AUTH_15f500f17d33431487a9bf6c87cdb03e/gnocchi.f82ecec4-7259-46de-a4b8-56a902d5babc%3Fformat%3Djson%26states%3Dlisting HTTP/1.0 200 - python-swiftclient-3.11.1 gAAAAABpodN61as7... - 2 - txd9b3755929ef4cc491143-0069a1d41f - 0.0140 - - 1772213279.160486221 1772213279.174535513 0
Feb 27 17:27:59 standalone object-server[128150]: 172.20.0.100 - - [27/Feb/2026:17:27:59 +0000] "GET /d1/301/AUTH_15f500f17d33431487a9bf6c87cdb03e/gnocchi.06b24145-8ad3-4091-832e-c43ee419393c/1771200000.0_mean_300.0_v3" 404 70 "GET http://172.18.0.2:8080/v1/AUTH_15f500f17d33431487a9bf6c87cdb03e/gnocchi.06b24145-8ad3-4091-832e-c43ee419393c/1771200000.0_mean_300.0_v3" "txc7e0a9a9499a4b01af46b-0069a1d41f" "proxy-server 20" 0.0006 "-" 22 0
Feb 27 17:27:59 standalone proxy-server[129990]: 172.18.0.2 172.18.0.100 27/Feb/2026/17/27/59 GET /v1/AUTH_15f500f17d33431487a9bf6c87cdb03e/gnocchi.06b24145-8ad3-4091-832e-c43ee419393c/1771200000.0_mean_300.0_v3 HTTP/1.0 404 - python-swiftclient-3.11.1 gAAAAABpodN61as7... - 70 - txc7e0a9a9499a4b01af46b-0069a1d41f - 0.0066 - - 1772213279.180722475 1772213279.187367678 0
Feb 27 17:27:59 standalone object-server[128150]: 172.20.0.100 - - [27/Feb/2026:17:27:59 +0000] "GET /d1/112/AUTH_15f500f17d33431487a9bf6c87cdb03e/gnocchi.f82ecec4-7259-46de-a4b8-56a902d5babc/1771200000.0_mean_300.0_v3" 404 70 "GET http://172.18.0.2:8080/v1/AUTH_15f500f17d33431487a9bf6c87cdb03e/gnocchi.f82ecec4-7259-46de-a4b8-56a902d5babc/1771200000.0_mean_300.0_v3" "tx68159a5f1602455c96c53-0069a1d41f" "proxy-server 20" 0.0003 "-" 22 0
Feb 27 17:27:59 standalone proxy-server[129990]: 172.18.0.2 172.18.0.100 27/Feb/2026/17/27/59 GET /v1/AUTH_15f500f17d33431487a9bf6c87cdb03e/gnocchi.f82ecec4-7259-46de-a4b8-56a902d5babc/1771200000.0_mean_300.0_v3 HTTP/1.0 404 - python-swiftclient-3.11.1 gAAAAABpodN61as7... - 70 - tx68159a5f1602455c96c53-0069a1d41f - 0.0059 - - 1772213279.190988064 1772213279.196859837 0
Feb 27 17:27:59 standalone container-server[128014]: 172.20.0.100 - - [27/Feb/2026:17:27:59 +0000] "PUT /d1/222/AUTH_15f500f17d33431487a9bf6c87cdb03e/gnocchi.06b24145-8ad3-4091-832e-c43ee419393c/1771200000.0_mean_300.0_v3" 201 - "PUT http://172.18.0.2:8080/d1/301/AUTH_15f500f17d33431487a9bf6c87cdb03e/gnocchi.06b24145-8ad3-4091-832e-c43ee419393c/1771200000.0_mean_300.0_v3" "txda815044585d4e4bbc917-0069a1d41f" "object-server 22" 0.0007 "-" 20 0
Feb 27 17:27:59 standalone object-server[128150]: 172.20.0.100 - - [27/Feb/2026:17:27:59 +0000] "PUT /d1/301/AUTH_15f500f17d33431487a9bf6c87cdb03e/gnocchi.06b24145-8ad3-4091-832e-c43ee419393c/1771200000.0_mean_300.0_v3" 201 - "PUT http://172.18.0.2:8080/v1/AUTH_15f500f17d33431487a9bf6c87cdb03e/gnocchi.06b24145-8ad3-4091-832e-c43ee419393c/1771200000.0_mean_300.0_v3" "txda815044585d4e4bbc917-0069a1d41f" "proxy-server 20" 0.0116 "-" 22 0
Feb 27 17:27:59 standalone proxy-server[129990]: 172.18.0.2 172.18.0.100 27/Feb/2026/17/27/59 PUT /v1/AUTH_15f500f17d33431487a9bf6c87cdb03e/gnocchi.06b24145-8ad3-4091-832e-c43ee419393c/1771200000.0_mean_300.0_v3 HTTP/1.0 201 - python-swiftclient-3.11.1 gAAAAABpodN61as7... 16 - - txda815044585d4e4bbc917-0069a1d41f - 0.0172 - - 1772213279.201586485 1772213279.218813419 0
Feb 27 17:27:59 standalone container-server[128014]: 172.20.0.100 - - [27/Feb/2026:17:27:59 +0000] "PUT /d1/967/AUTH_15f500f17d33431487a9bf6c87cdb03e/gnocchi.f82ecec4-7259-46de-a4b8-56a902d5babc/1771200000.0_mean_300.0_v3" 201 - "PUT http://172.18.0.2:8080/d1/112/AUTH_15f500f17d33431487a9bf6c87cdb03e/gnocchi.f82ecec4-7259-46de-a4b8-56a902d5babc/1771200000.0_mean_300.0_v3" "tx8a65d4de5aad486ab9b40-0069a1d41f" "object-server 24" 0.0006 "-" 20 0
Feb 27 17:27:59 standalone object-server[128169]: 172.20.0.100 - - [27/Feb/2026:17:27:59 +0000] "PUT /d1/112/AUTH_15f500f17d33431487a9bf6c87cdb03e/gnocchi.f82ecec4-7259-46de-a4b8-56a902d5babc/1771200000.0_mean_300.0_v3" 201 - "PUT http://172.18.0.2:8080/v1/AUTH_15f500f17d33431487a9bf6c87cdb03e/gnocchi.f82ecec4-7259-46de-a4b8-56a902d5babc/1771200000.0_mean_300.0_v3" "tx8a65d4de5aad486ab9b40-0069a1d41f" "proxy-server 20" 0.0098 "-" 24 0
Feb 27 17:27:59 standalone proxy-server[129990]: 172.18.0.2 172.18.0.100 27/Feb/2026/17/27/59 PUT /v1/AUTH_15f500f17d33431487a9bf6c87cdb03e/gnocchi.f82ecec4-7259-46de-a4b8-56a902d5babc/1771200000.0_mean_300.0_v3 HTTP/1.0 201 - python-swiftclient-3.11.1 gAAAAABpodN61as7... 16 - - tx8a65d4de5aad486ab9b40-0069a1d41f - 0.0161 - - 1772213279.223312378 1772213279.239411116 0
Feb 27 17:27:59 standalone container-server[128024]: 172.20.0.100 - - [27/Feb/2026:17:27:59 +0000] "PUT /d1/222/AUTH_15f500f17d33431487a9bf6c87cdb03e/gnocchi.06b24145-8ad3-4091-832e-c43ee419393c/none_v3" 201 - "PUT http://172.18.0.2:8080/d1/957/AUTH_15f500f17d33431487a9bf6c87cdb03e/gnocchi.06b24145-8ad3-4091-832e-c43ee419393c/none_v3" "tx6fa9fe2b280d4b0f88cf0-0069a1d41f" "object-server 23" 0.0009 "-" 22 0
Feb 27 17:27:59 standalone object-server[128156]: 172.20.0.100 - - [27/Feb/2026:17:27:59 +0000] "PUT /d1/957/AUTH_15f500f17d33431487a9bf6c87cdb03e/gnocchi.06b24145-8ad3-4091-832e-c43ee419393c/none_v3" 201 - "PUT http://172.18.0.2:8080/v1/AUTH_15f500f17d33431487a9bf6c87cdb03e/gnocchi.06b24145-8ad3-4091-832e-c43ee419393c/none_v3" "tx6fa9fe2b280d4b0f88cf0-0069a1d41f" "proxy-server 20" 0.0107 "-" 23 0
Feb 27 17:27:59 standalone proxy-server[129990]: 172.18.0.2 172.18.0.100 27/Feb/2026/17/27/59 PUT /v1/AUTH_15f500f17d33431487a9bf6c87cdb03e/gnocchi.06b24145-8ad3-4091-832e-c43ee419393c/none_v3 HTTP/1.0 201 - python-swiftclient-3.11.1 gAAAAABpodN61as7... 22 - - tx6fa9fe2b280d4b0f88cf0-0069a1d41f - 0.0164 - - 1772213279.244540453 1772213279.260931015 0
Feb 27 17:27:59 standalone container-server[128014]: 172.20.0.100 - - [27/Feb/2026:17:27:59 +0000] "PUT /d1/967/AUTH_15f500f17d33431487a9bf6c87cdb03e/gnocchi.f82ecec4-7259-46de-a4b8-56a902d5babc/none_v3" 201 - "PUT http://172.18.0.2:8080/d1/4/AUTH_15f500f17d33431487a9bf6c87cdb03e/gnocchi.f82ecec4-7259-46de-a4b8-56a902d5babc/none_v3" "tx64d6c113638a4fc686311-0069a1d41f" "object-server 22" 0.0005 "-" 20 0
Feb 27 17:27:59 standalone object-server[128150]: 172.20.0.100 - - [27/Feb/2026:17:27:59 +0000] "PUT /d1/4/AUTH_15f500f17d33431487a9bf6c87cdb03e/gnocchi.f82ecec4-7259-46de-a4b8-56a902d5babc/none_v3" 201 - "PUT http://172.18.0.2:8080/v1/AUTH_15f500f17d33431487a9bf6c87cdb03e/gnocchi.f82ecec4-7259-46de-a4b8-56a902d5babc/none_v3" "tx64d6c113638a4fc686311-0069a1d41f" "proxy-server 20" 0.0102 "-" 22 0
Feb 27 17:27:59 standalone proxy-server[129990]: 172.18.0.2 172.18.0.100 27/Feb/2026/17/27/59 PUT /v1/AUTH_15f500f17d33431487a9bf6c87cdb03e/gnocchi.f82ecec4-7259-46de-a4b8-56a902d5babc/none_v3 HTTP/1.0 201 - python-swiftclient-3.11.1 gAAAAABpodN61as7... 22 - - tx64d6c113638a4fc686311-0069a1d41f - 0.0182 - - 1772213279.265208483 1772213279.283399343 0
Feb 27 17:27:59 standalone container-server[128024]: 172.20.0.100 - - [27/Feb/2026:17:27:59 +0000] "HEAD /d1/966/AUTH_15f500f17d33431487a9bf6c87cdb03e/gnocchi.3dcf1cd9-9080-4282-a811-2056f03a5434" 404 - "HEAD http://172.18.0.2:8080/v1/AUTH_15f500f17d33431487a9bf6c87cdb03e/gnocchi.3dcf1cd9-9080-4282-a811-2056f03a5434?format=json&states=listing" "txb55f59b7825a417cb45b5-0069a1d41f" "proxy-server 20" 0.0008 "-" 22 0
Feb 27 17:27:59 standalone object-server[128150]: 172.20.0.100 - - [27/Feb/2026:17:27:59 +0000] "GET /d1/793/AUTH_15f500f17d33431487a9bf6c87cdb03e/gnocchi.3dcf1cd9-9080-4282-a811-2056f03a5434/none_v3" 404 70 "GET http://172.18.0.2:8080/v1/AUTH_15f500f17d33431487a9bf6c87cdb03e/gnocchi.3dcf1cd9-9080-4282-a811-2056f03a5434/none_v3" "txb55f59b7825a417cb45b5-0069a1d41f" "proxy-server 20" 0.0004 "-" 22 0
Feb 27 17:27:59 standalone proxy-server[129990]: 172.18.0.2 172.18.0.100 27/Feb/2026/17/27/59 GET /v1/AUTH_15f500f17d33431487a9bf6c87cdb03e/gnocchi.3dcf1cd9-9080-4282-a811-2056f03a5434/none_v3 HTTP/1.0 404 - python-swiftclient-3.11.1 gAAAAABpodN61as7... - 70 - txb55f59b7825a417cb45b5-0069a1d41f - 0.0093 - - 1772213279.299746037 1772213279.309022188 0
Feb 27 17:27:59 standalone account-server[128012]: 172.20.0.100 - - [27/Feb/2026:17:27:59 +0000] "PUT /d1/518/AUTH_15f500f17d33431487a9bf6c87cdb03e/gnocchi.3dcf1cd9-9080-4282-a811-2056f03a5434" 201 - "PUT http://172.20.0.100:6001/d1/966/AUTH_15f500f17d33431487a9bf6c87cdb03e/gnocchi.3dcf1cd9-9080-4282-a811-2056f03a5434" "tx8358625a70ae4d71b6622-0069a1d41f" "container-server 23" 0.0073 "-" 23 0
Feb 27 17:27:59 standalone container-server[128025]: 172.20.0.100 - - [27/Feb/2026:17:27:59 +0000] "PUT /d1/966/AUTH_15f500f17d33431487a9bf6c87cdb03e/gnocchi.3dcf1cd9-9080-4282-a811-2056f03a5434" 201 - "PUT http://172.18.0.2:8080/v1/AUTH_15f500f17d33431487a9bf6c87cdb03e/gnocchi.3dcf1cd9-9080-4282-a811-2056f03a5434" "tx8358625a70ae4d71b6622-0069a1d41f" "proxy-server 20" 0.0199 "-" 23 0
Feb 27 17:27:59 standalone proxy-server[129990]: 172.18.0.2 172.18.0.100 27/Feb/2026/17/27/59 PUT /v1/AUTH_15f500f17d33431487a9bf6c87cdb03e/gnocchi.3dcf1cd9-9080-4282-a811-2056f03a5434 HTTP/1.0 201 - python-swiftclient-3.11.1 gAAAAABpodN61as7... - - - tx8358625a70ae4d71b6622-0069a1d41f - 0.0261 - - 1772213279.313796043 1772213279.339874268 0
Feb 27 17:27:59 standalone container-server[128025]: 172.20.0.100 - - [27/Feb/2026:17:27:59 +0000] "HEAD /d1/966/AUTH_15f500f17d33431487a9bf6c87cdb03e/gnocchi.3dcf1cd9-9080-4282-a811-2056f03a5434" 204 - "HEAD http://172.18.0.2:8080/v1/AUTH_15f500f17d33431487a9bf6c87cdb03e/gnocchi.3dcf1cd9-9080-4282-a811-2056f03a5434?format=json&states=listing" "tx0978343ff2ed4df8ba50a-0069a1d41f" "proxy-server 20" 0.0018 "-" 23 0
Feb 27 17:27:59 standalone proxy-server[129990]: - - 27/Feb/2026/17/27/59 HEAD /v1/AUTH_15f500f17d33431487a9bf6c87cdb03e/gnocchi.3dcf1cd9-9080-4282-a811-2056f03a5434%3Fformat%3Djson%26states%3Dlisting HTTP/1.0 204 - Swift - - - - tx0978343ff2ed4df8ba50a-0069a1d41f - 0.0054 RL - 1772213279.345810652 1772213279.351168156 0
Feb 27 17:27:59 standalone container-server[128019]: 172.20.0.100 - - [27/Feb/2026:17:27:59 +0000] "GET /d1/966/AUTH_15f500f17d33431487a9bf6c87cdb03e/gnocchi.3dcf1cd9-9080-4282-a811-2056f03a5434" 200 2 "GET http://172.18.0.2:8080/v1/AUTH_15f500f17d33431487a9bf6c87cdb03e/gnocchi.3dcf1cd9-9080-4282-a811-2056f03a5434?format=json&states=listing" "tx0978343ff2ed4df8ba50a-0069a1d41f" "proxy-server 20" 0.0039 "-" 21 0
Feb 27 17:27:59 standalone proxy-server[129990]: 172.18.0.2 172.18.0.100 27/Feb/2026/17/27/59 GET /v1/AUTH_15f500f17d33431487a9bf6c87cdb03e/gnocchi.3dcf1cd9-9080-4282-a811-2056f03a5434%3Fformat%3Djson%26states%3Dlisting HTTP/1.0 200 - python-swiftclient-3.11.1 gAAAAABpodN61as7... - 2 - tx0978343ff2ed4df8ba50a-0069a1d41f - 0.0168 - - 1772213279.344721079 1772213279.361503124 0
Feb 27 17:27:59 standalone object-server[128156]: 172.20.0.100 - - [27/Feb/2026:17:27:59 +0000] "GET /d1/26/AUTH_15f500f17d33431487a9bf6c87cdb03e/gnocchi.3dcf1cd9-9080-4282-a811-2056f03a5434/1771200000.0_mean_300.0_v3" 404 70 "GET http://172.18.0.2:8080/v1/AUTH_15f500f17d33431487a9bf6c87cdb03e/gnocchi.3dcf1cd9-9080-4282-a811-2056f03a5434/1771200000.0_mean_300.0_v3" "txa45a1207f7e84e58b418e-0069a1d41f" "proxy-server 20" 0.0004 "-" 23 0
Feb 27 17:27:59 standalone proxy-server[129990]: 172.18.0.2 172.18.0.100 27/Feb/2026/17/27/59 GET /v1/AUTH_15f500f17d33431487a9bf6c87cdb03e/gnocchi.3dcf1cd9-9080-4282-a811-2056f03a5434/1771200000.0_mean_300.0_v3 HTTP/1.0 404 - python-swiftclient-3.11.1 gAAAAABpodN61as7... - 70 - txa45a1207f7e84e58b418e-0069a1d41f - 0.0060 - - 1772213279.365869284 1772213279.371903181 0
Feb 27 17:27:59 standalone container-server[128024]: 172.20.0.100 - - [27/Feb/2026:17:27:59 +0000] "PUT /d1/966/AUTH_15f500f17d33431487a9bf6c87cdb03e/gnocchi.3dcf1cd9-9080-4282-a811-2056f03a5434/1771200000.0_mean_300.0_v3" 201 - "PUT http://172.18.0.2:8080/d1/26/AUTH_15f500f17d33431487a9bf6c87cdb03e/gnocchi.3dcf1cd9-9080-4282-a811-2056f03a5434/1771200000.0_mean_300.0_v3" "tx92f4108498bf4830ad499-0069a1d41f" "object-server 22" 0.0009 "-" 22 0
Feb 27 17:27:59 standalone object-server[128150]: 172.20.0.100 - - [27/Feb/2026:17:27:59 +0000] "PUT /d1/26/AUTH_15f500f17d33431487a9bf6c87cdb03e/gnocchi.3dcf1cd9-9080-4282-a811-2056f03a5434/1771200000.0_mean_300.0_v3" 201 - "PUT http://172.18.0.2:8080/v1/AUTH_15f500f17d33431487a9bf6c87cdb03e/gnocchi.3dcf1cd9-9080-4282-a811-2056f03a5434/1771200000.0_mean_300.0_v3" "tx92f4108498bf4830ad499-0069a1d41f" "proxy-server 20" 0.0112 "-" 22 0
Feb 27 17:27:59 standalone proxy-server[129990]: 172.18.0.2 172.18.0.100 27/Feb/2026/17/27/59 PUT /v1/AUTH_15f500f17d33431487a9bf6c87cdb03e/gnocchi.3dcf1cd9-9080-4282-a811-2056f03a5434/1771200000.0_mean_300.0_v3 HTTP/1.0 201 - python-swiftclient-3.11.1 gAAAAABpodN61as7... 16 - - tx92f4108498bf4830ad499-0069a1d41f - 0.0168 - - 1772213279.375448942 1772213279.392297268 0
Feb 27 17:27:59 standalone container-server[128014]: 172.20.0.100 - - [27/Feb/2026:17:27:59 +0000] "PUT /d1/966/AUTH_15f500f17d33431487a9bf6c87cdb03e/gnocchi.3dcf1cd9-9080-4282-a811-2056f03a5434/none_v3" 201 - "PUT http://172.18.0.2:8080/d1/793/AUTH_15f500f17d33431487a9bf6c87cdb03e/gnocchi.3dcf1cd9-9080-4282-a811-2056f03a5434/none_v3" "tx18c670ae1dd84e6187e3c-0069a1d41f" "object-server 23" 0.0006 "-" 20 0
Feb 27 17:27:59 standalone object-server[128156]: 172.20.0.100 - - [27/Feb/2026:17:27:59 +0000] "PUT /d1/793/AUTH_15f500f17d33431487a9bf6c87cdb03e/gnocchi.3dcf1cd9-9080-4282-a811-2056f03a5434/none_v3" 201 - "PUT http://172.18.0.2:8080/v1/AUTH_15f500f17d33431487a9bf6c87cdb03e/gnocchi.3dcf1cd9-9080-4282-a811-2056f03a5434/none_v3" "tx18c670ae1dd84e6187e3c-0069a1d41f" "proxy-server 20" 0.0113 "-" 23 0
Feb 27 17:27:59 standalone proxy-server[129990]: 172.18.0.2 172.18.0.100 27/Feb/2026/17/27/59 PUT /v1/AUTH_15f500f17d33431487a9bf6c87cdb03e/gnocchi.3dcf1cd9-9080-4282-a811-2056f03a5434/none_v3 HTTP/1.0 201 - python-swiftclient-3.11.1 gAAAAABpodN61as7... 22 - - tx18c670ae1dd84e6187e3c-0069a1d41f - 0.0166 - - 1772213279.395370245 1772213279.411978006 0
Feb 27 17:27:59 standalone container-server[128019]: 172.20.0.100 - - [27/Feb/2026:17:27:59 +0000] "HEAD /d1/457/AUTH_15f500f17d33431487a9bf6c87cdb03e/gnocchi.2248e081-1f9c-4474-ba53-a24d479af184" 404 - "HEAD http://172.18.0.2:8080/v1/AUTH_15f500f17d33431487a9bf6c87cdb03e/gnocchi.2248e081-1f9c-4474-ba53-a24d479af184?format=json&states=listing" "txdae5efa8df3f41fc9326d-0069a1d41f" "proxy-server 20" 0.0006 "-" 21 0
Feb 27 17:27:59 standalone object-server[128150]: 172.20.0.100 - - [27/Feb/2026:17:27:59 +0000] "GET /d1/205/AUTH_15f500f17d33431487a9bf6c87cdb03e/gnocchi.2248e081-1f9c-4474-ba53-a24d479af184/none_v3" 404 70 "GET http://172.18.0.2:8080/v1/AUTH_15f500f17d33431487a9bf6c87cdb03e/gnocchi.2248e081-1f9c-4474-ba53-a24d479af184/none_v3" "txdae5efa8df3f41fc9326d-0069a1d41f" "proxy-server 20" 0.0003 "-" 22 0
Feb 27 17:27:59 standalone proxy-server[129990]: 172.18.0.2 172.18.0.100 27/Feb/2026/17/27/59 GET /v1/AUTH_15f500f17d33431487a9bf6c87cdb03e/gnocchi.2248e081-1f9c-4474-ba53-a24d479af184/none_v3 HTTP/1.0 404 - python-swiftclient-3.11.1 gAAAAABpodN61as7... - 70 - txdae5efa8df3f41fc9326d-0069a1d41f - 0.0095 - - 1772213279.424964428 1772213279.434446812 0
Feb 27 17:27:59 standalone account-server[128012]: 172.20.0.100 - - [27/Feb/2026:17:27:59 +0000] "PUT /d1/518/AUTH_15f500f17d33431487a9bf6c87cdb03e/gnocchi.2248e081-1f9c-4474-ba53-a24d479af184" 201 - "PUT http://172.20.0.100:6001/d1/457/AUTH_15f500f17d33431487a9bf6c87cdb03e/gnocchi.2248e081-1f9c-4474-ba53-a24d479af184" "tx2e32b7c2b3fd47369c7a5-0069a1d41f" "container-server 20" 0.0062 "-" 23 0
Feb 27 17:27:59 standalone container-server[128014]: 172.20.0.100 - - [27/Feb/2026:17:27:59 +0000] "PUT /d1/457/AUTH_15f500f17d33431487a9bf6c87cdb03e/gnocchi.2248e081-1f9c-4474-ba53-a24d479af184" 201 - "PUT http://172.18.0.2:8080/v1/AUTH_15f500f17d33431487a9bf6c87cdb03e/gnocchi.2248e081-1f9c-4474-ba53-a24d479af184" "tx2e32b7c2b3fd47369c7a5-0069a1d41f" "proxy-server 20" 0.0173 "-" 20 0
Feb 27 17:27:59 standalone proxy-server[129990]: 172.18.0.2 172.18.0.100 27/Feb/2026/17/27/59 PUT /v1/AUTH_15f500f17d33431487a9bf6c87cdb03e/gnocchi.2248e081-1f9c-4474-ba53-a24d479af184 HTTP/1.0 201 - python-swiftclient-3.11.1 gAAAAABpodN61as7... - - - tx2e32b7c2b3fd47369c7a5-0069a1d41f - 0.0223 - - 1772213279.437778234 1772213279.460031271 0
Feb 27 17:27:59 standalone container-server[128024]: 172.20.0.100 - - [27/Feb/2026:17:27:59 +0000] "HEAD /d1/457/AUTH_15f500f17d33431487a9bf6c87cdb03e/gnocchi.2248e081-1f9c-4474-ba53-a24d479af184" 204 - "HEAD http://172.18.0.2:8080/v1/AUTH_15f500f17d33431487a9bf6c87cdb03e/gnocchi.2248e081-1f9c-4474-ba53-a24d479af184?format=json&states=listing" "tx1eb0596f3d2a4a77bd5bf-0069a1d41f" "proxy-server 20" 0.0023 "-" 22 0
Feb 27 17:27:59 standalone proxy-server[129990]: - - 27/Feb/2026/17/27/59 HEAD /v1/AUTH_15f500f17d33431487a9bf6c87cdb03e/gnocchi.2248e081-1f9c-4474-ba53-a24d479af184%3Fformat%3Djson%26states%3Dlisting HTTP/1.0 204 - Swift - - - - tx1eb0596f3d2a4a77bd5bf-0069a1d41f - 0.0063 RL - 1772213279.466331959 1772213279.472598791 0
Feb 27 17:27:59 standalone container-server[128025]: 172.20.0.100 - - [27/Feb/2026:17:27:59 +0000] "GET /d1/457/AUTH_15f500f17d33431487a9bf6c87cdb03e/gnocchi.2248e081-1f9c-4474-ba53-a24d479af184" 200 2 "GET http://172.18.0.2:8080/v1/AUTH_15f500f17d33431487a9bf6c87cdb03e/gnocchi.2248e081-1f9c-4474-ba53-a24d479af184?format=json&states=listing" "tx1eb0596f3d2a4a77bd5bf-0069a1d41f" "proxy-server 20" 0.0034 "-" 23 0
Feb 27 17:27:59 standalone proxy-server[129990]: 172.18.0.2 172.18.0.100 27/Feb/2026/17/27/59 GET /v1/AUTH_15f500f17d33431487a9bf6c87cdb03e/gnocchi.2248e081-1f9c-4474-ba53-a24d479af184%3Fformat%3Djson%26states%3Dlisting HTTP/1.0 200 - python-swiftclient-3.11.1 gAAAAABpodN61as7... - 2 - tx1eb0596f3d2a4a77bd5bf-0069a1d41f - 0.0180 - - 1772213279.465240479 1772213279.483229160 0
Feb 27 17:27:59 standalone object-server[128156]: 172.20.0.100 - - [27/Feb/2026:17:27:59 +0000] "GET /d1/740/AUTH_15f500f17d33431487a9bf6c87cdb03e/gnocchi.2248e081-1f9c-4474-ba53-a24d479af184/1771200000.0_mean_300.0_v3" 404 70 "GET http://172.18.0.2:8080/v1/AUTH_15f500f17d33431487a9bf6c87cdb03e/gnocchi.2248e081-1f9c-4474-ba53-a24d479af184/1771200000.0_mean_300.0_v3" "txc1663f5b38e945ff85f49-0069a1d41f" "proxy-server 20" 0.0005 "-" 23 0
Feb 27 17:27:59 standalone proxy-server[129990]: 172.18.0.2 172.18.0.100 27/Feb/2026/17/27/59 GET /v1/AUTH_15f500f17d33431487a9bf6c87cdb03e/gnocchi.2248e081-1f9c-4474-ba53-a24d479af184/1771200000.0_mean_300.0_v3 HTTP/1.0 404 - python-swiftclient-3.11.1 gAAAAABpodN61as7... - 70 - txc1663f5b38e945ff85f49-0069a1d41f - 0.0063 - - 1772213279.487838268 1772213279.494120598 0
Feb 27 17:27:59 standalone container-server[128019]: 172.20.0.100 - - [27/Feb/2026:17:27:59 +0000] "PUT /d1/457/AUTH_15f500f17d33431487a9bf6c87cdb03e/gnocchi.2248e081-1f9c-4474-ba53-a24d479af184/1771200000.0_mean_300.0_v3" 201 - "PUT http://172.18.0.2:8080/d1/740/AUTH_15f500f17d33431487a9bf6c87cdb03e/gnocchi.2248e081-1f9c-4474-ba53-a24d479af184/1771200000.0_mean_300.0_v3" "tx7ce49c67475e412581d27-0069a1d41f" "object-server 22" 0.0009 "-" 21 0
Feb 27 17:27:59 standalone object-server[128150]: 172.20.0.100 - - [27/Feb/2026:17:27:59 +0000] "PUT /d1/740/AUTH_15f500f17d33431487a9bf6c87cdb03e/gnocchi.2248e081-1f9c-4474-ba53-a24d479af184/1771200000.0_mean_300.0_v3" 201 - "PUT http://172.18.0.2:8080/v1/AUTH_15f500f17d33431487a9bf6c87cdb03e/gnocchi.2248e081-1f9c-4474-ba53-a24d479af184/1771200000.0_mean_300.0_v3" "tx7ce49c67475e412581d27-0069a1d41f" "proxy-server 20" 0.0126 "-" 22 0
Feb 27 17:27:59 standalone proxy-server[129990]: 172.18.0.2 172.18.0.100 27/Feb/2026/17/27/59 PUT /v1/AUTH_15f500f17d33431487a9bf6c87cdb03e/gnocchi.2248e081-1f9c-4474-ba53-a24d479af184/1771200000.0_mean_300.0_v3 HTTP/1.0 201 - python-swiftclient-3.11.1 gAAAAABpodN61as7... 16 - - tx7ce49c67475e412581d27-0069a1d41f - 0.0183 - - 1772213279.497664452 1772213279.516008615 0
Feb 27 17:27:59 standalone container-server[128019]: 172.20.0.100 - - [27/Feb/2026:17:27:59 +0000] "PUT /d1/457/AUTH_15f500f17d33431487a9bf6c87cdb03e/gnocchi.2248e081-1f9c-4474-ba53-a24d479af184/none_v3" 201 - "PUT http://172.18.0.2:8080/d1/205/AUTH_15f500f17d33431487a9bf6c87cdb03e/gnocchi.2248e081-1f9c-4474-ba53-a24d479af184/none_v3" "tx3e0097fc486540fc8ea7c-0069a1d41f" "object-server 22" 0.0007 "-" 21 0
Feb 27 17:27:59 standalone object-server[128150]: 172.20.0.100 - - [27/Feb/2026:17:27:59 +0000] "PUT /d1/205/AUTH_15f500f17d33431487a9bf6c87cdb03e/gnocchi.2248e081-1f9c-4474-ba53-a24d479af184/none_v3" 201 - "PUT http://172.18.0.2:8080/v1/AUTH_15f500f17d33431487a9bf6c87cdb03e/gnocchi.2248e081-1f9c-4474-ba53-a24d479af184/none_v3" "tx3e0097fc486540fc8ea7c-0069a1d41f" "proxy-server 20" 0.0121 "-" 22 0
Feb 27 17:27:59 standalone proxy-server[129990]: 172.18.0.2 172.18.0.100 27/Feb/2026/17/27/59 PUT /v1/AUTH_15f500f17d33431487a9bf6c87cdb03e/gnocchi.2248e081-1f9c-4474-ba53-a24d479af184/none_v3 HTTP/1.0 201 - python-swiftclient-3.11.1 gAAAAABpodN61as7... 22 - - tx3e0097fc486540fc8ea7c-0069a1d41f - 0.0179 - - 1772213279.519084454 1772213279.537014723 0
Feb 27 17:27:59 standalone container-server[128014]: 172.20.0.100 - - [27/Feb/2026:17:27:59 +0000] "HEAD /d1/97/AUTH_15f500f17d33431487a9bf6c87cdb03e/gnocchi.2f25f0b6-af79-4a03-b4f0-1b0402666be8" 404 - "HEAD http://172.18.0.2:8080/v1/AUTH_15f500f17d33431487a9bf6c87cdb03e/gnocchi.2f25f0b6-af79-4a03-b4f0-1b0402666be8?format=json&states=listing" "txdc553be587294ac6a8eb9-0069a1d41f" "proxy-server 20" 0.0004 "-" 20 0
Feb 27 17:27:59 standalone object-server[128196]: 172.20.0.100 - - [27/Feb/2026:17:27:59 +0000] "GET /d1/756/AUTH_15f500f17d33431487a9bf6c87cdb03e/gnocchi.2f25f0b6-af79-4a03-b4f0-1b0402666be8/none_v3" 404 70 "GET http://172.18.0.2:8080/v1/AUTH_15f500f17d33431487a9bf6c87cdb03e/gnocchi.2f25f0b6-af79-4a03-b4f0-1b0402666be8/none_v3" "txdc553be587294ac6a8eb9-0069a1d41f" "proxy-server 20" 0.0007 "-" 25 0
