Feb 27 17:27:09 standalone container-server[128014]: 172.20.0.100 - - [27/Feb/2026:17:27:09 +0000] "PUT /d1/76/AUTH_15f500f17d33431487a9bf6c87cdb03e/gnocchi.280b94b9-7c62-479e-a8a0-915fa69a56bb" 201 - "PUT http://172.18.0.2:8080/v1/AUTH_15f500f17d33431487a9bf6c87cdb03e/gnocchi.280b94b9-7c62-479e-a8a0-915fa69a56bb" "txa93987e49f6d439196b89-0069a1d3ed" "proxy-server 20" 0.0224 "-" 20 0
Feb 27 17:27:09 standalone proxy-server[129990]: 172.18.0.2 172.18.0.100 27/Feb/2026/17/27/09 PUT /v1/AUTH_15f500f17d33431487a9bf6c87cdb03e/gnocchi.280b94b9-7c62-479e-a8a0-915fa69a56bb HTTP/1.0 201 - python-swiftclient-3.11.1 gAAAAABpodN61as7... - - - txa93987e49f6d439196b89-0069a1d3ed - 0.0317 - - 1772213229.551438332 1772213229.583089113 0
Feb 27 17:27:09 standalone container-server[128024]: 172.20.0.100 - - [27/Feb/2026:17:27:09 +0000] "HEAD /d1/76/AUTH_15f500f17d33431487a9bf6c87cdb03e/gnocchi.280b94b9-7c62-479e-a8a0-915fa69a56bb" 204 - "HEAD http://172.18.0.2:8080/v1/AUTH_15f500f17d33431487a9bf6c87cdb03e/gnocchi.280b94b9-7c62-479e-a8a0-915fa69a56bb?format=json&states=listing" "tx84b3d5604c92410896e0b-0069a1d3ed" "proxy-server 20" 0.0022 "-" 22 0
Feb 27 17:27:09 standalone proxy-server[129990]: - - 27/Feb/2026/17/27/09 HEAD /v1/AUTH_15f500f17d33431487a9bf6c87cdb03e/gnocchi.280b94b9-7c62-479e-a8a0-915fa69a56bb%3Fformat%3Djson%26states%3Dlisting HTTP/1.0 204 - Swift - - - - tx84b3d5604c92410896e0b-0069a1d3ed - 0.0107 RL - 1772213229.590675831 1772213229.601401329 0
Feb 27 17:27:09 standalone container-server[128014]: 172.20.0.100 - - [27/Feb/2026:17:27:09 +0000] "GET /d1/76/AUTH_15f500f17d33431487a9bf6c87cdb03e/gnocchi.280b94b9-7c62-479e-a8a0-915fa69a56bb" 200 2 "GET http://172.18.0.2:8080/v1/AUTH_15f500f17d33431487a9bf6c87cdb03e/gnocchi.280b94b9-7c62-479e-a8a0-915fa69a56bb?format=json&states=listing" "tx84b3d5604c92410896e0b-0069a1d3ed" "proxy-server 20" 0.0048 "-" 20 0
Feb 27 17:27:09 standalone proxy-server[129990]: 172.18.0.2 172.18.0.100 27/Feb/2026/17/27/09 GET /v1/AUTH_15f500f17d33431487a9bf6c87cdb03e/gnocchi.280b94b9-7c62-479e-a8a0-915fa69a56bb%3Fformat%3Djson%26states%3Dlisting HTTP/1.0 200 - python-swiftclient-3.11.1 gAAAAABpodN61as7... - 2 - tx84b3d5604c92410896e0b-0069a1d3ed - 0.0319 - - 1772213229.588946104 1772213229.620800734 0
Feb 27 17:27:09 standalone object-server[128150]: 172.20.0.100 - - [27/Feb/2026:17:27:09 +0000] "GET /d1/653/AUTH_15f500f17d33431487a9bf6c87cdb03e/gnocchi.280b94b9-7c62-479e-a8a0-915fa69a56bb/1771200000.0_mean_300.0_v3" 404 70 "GET http://172.18.0.2:8080/v1/AUTH_15f500f17d33431487a9bf6c87cdb03e/gnocchi.280b94b9-7c62-479e-a8a0-915fa69a56bb/1771200000.0_mean_300.0_v3" "txe41e96f9af6e434d81e55-0069a1d3ed" "proxy-server 20" 0.0008 "-" 22 0
Feb 27 17:27:09 standalone proxy-server[129990]: 172.18.0.2 172.18.0.100 27/Feb/2026/17/27/09 GET /v1/AUTH_15f500f17d33431487a9bf6c87cdb03e/gnocchi.280b94b9-7c62-479e-a8a0-915fa69a56bb/1771200000.0_mean_300.0_v3 HTTP/1.0 404 - python-swiftclient-3.11.1 gAAAAABpodN61as7... - 70 - txe41e96f9af6e434d81e55-0069a1d3ed - 0.0091 - - 1772213229.628087044 1772213229.637218714 0
Feb 27 17:27:09 standalone container-server[128024]: 172.20.0.100 - - [27/Feb/2026:17:27:09 +0000] "PUT /d1/76/AUTH_15f500f17d33431487a9bf6c87cdb03e/gnocchi.280b94b9-7c62-479e-a8a0-915fa69a56bb/1771200000.0_mean_300.0_v3" 201 - "PUT http://172.18.0.2:8080/d1/653/AUTH_15f500f17d33431487a9bf6c87cdb03e/gnocchi.280b94b9-7c62-479e-a8a0-915fa69a56bb/1771200000.0_mean_300.0_v3" "tx6698e112f24e4ceca3155-0069a1d3ed" "object-server 23" 0.0009 "-" 22 0
Feb 27 17:27:09 standalone object-server[128156]: 172.20.0.100 - - [27/Feb/2026:17:27:09 +0000] "PUT /d1/653/AUTH_15f500f17d33431487a9bf6c87cdb03e/gnocchi.280b94b9-7c62-479e-a8a0-915fa69a56bb/1771200000.0_mean_300.0_v3" 201 - "PUT http://172.18.0.2:8080/v1/AUTH_15f500f17d33431487a9bf6c87cdb03e/gnocchi.280b94b9-7c62-479e-a8a0-915fa69a56bb/1771200000.0_mean_300.0_v3" "tx6698e112f24e4ceca3155-0069a1d3ed" "proxy-server 20" 0.0130 "-" 23 0
Feb 27 17:27:09 standalone proxy-server[129990]: 172.18.0.2 172.18.0.100 27/Feb/2026/17/27/09 PUT /v1/AUTH_15f500f17d33431487a9bf6c87cdb03e/gnocchi.280b94b9-7c62-479e-a8a0-915fa69a56bb/1771200000.0_mean_300.0_v3 HTTP/1.0 201 - python-swiftclient-3.11.1 gAAAAABpodN61as7... 16 - - tx6698e112f24e4ceca3155-0069a1d3ed - 0.0198 - - 1772213229.642594814 1772213229.662348986 0
Feb 27 17:27:09 standalone container-server[128014]: 172.20.0.100 - - [27/Feb/2026:17:27:09 +0000] "PUT /d1/76/AUTH_15f500f17d33431487a9bf6c87cdb03e/gnocchi.280b94b9-7c62-479e-a8a0-915fa69a56bb/none_v3" 201 - "PUT http://172.18.0.2:8080/d1/743/AUTH_15f500f17d33431487a9bf6c87cdb03e/gnocchi.280b94b9-7c62-479e-a8a0-915fa69a56bb/none_v3" "txc42b4aa34ba247a3a68ea-0069a1d3ed" "object-server 23" 0.0007 "-" 20 0
Feb 27 17:27:09 standalone object-server[128156]: 172.20.0.100 - - [27/Feb/2026:17:27:09 +0000] "PUT /d1/743/AUTH_15f500f17d33431487a9bf6c87cdb03e/gnocchi.280b94b9-7c62-479e-a8a0-915fa69a56bb/none_v3" 201 - "PUT http://172.18.0.2:8080/v1/AUTH_15f500f17d33431487a9bf6c87cdb03e/gnocchi.280b94b9-7c62-479e-a8a0-915fa69a56bb/none_v3" "txc42b4aa34ba247a3a68ea-0069a1d3ed" "proxy-server 20" 0.0114 "-" 23 0
Feb 27 17:27:09 standalone proxy-server[129990]: 172.18.0.2 172.18.0.100 27/Feb/2026/17/27/09 PUT /v1/AUTH_15f500f17d33431487a9bf6c87cdb03e/gnocchi.280b94b9-7c62-479e-a8a0-915fa69a56bb/none_v3 HTTP/1.0 201 - python-swiftclient-3.11.1 gAAAAABpodN61as7... 22 - - txc42b4aa34ba247a3a68ea-0069a1d3ed - 0.0172 - - 1772213229.667558908 1772213229.684803247 0
Feb 27 17:27:10 standalone object-server[128156]: 172.20.0.100 - - [27/Feb/2026:17:27:10 +0000] "GET /d1/743/AUTH_15f500f17d33431487a9bf6c87cdb03e/gnocchi.280b94b9-7c62-479e-a8a0-915fa69a56bb/none_v3" 200 22 "GET http://172.18.0.2:8080/v1/AUTH_15f500f17d33431487a9bf6c87cdb03e/gnocchi.280b94b9-7c62-479e-a8a0-915fa69a56bb/none_v3" "tx8af14c5c945544c3ad8eb-0069a1d3ee" "proxy-server 20" 0.0018 "-" 23 0
Feb 27 17:27:10 standalone proxy-server[129990]: 172.18.0.2 172.18.0.100 27/Feb/2026/17/27/10 GET /v1/AUTH_15f500f17d33431487a9bf6c87cdb03e/gnocchi.280b94b9-7c62-479e-a8a0-915fa69a56bb/none_v3 HTTP/1.0 200 - python-swiftclient-3.11.1 gAAAAABpodN61as7... - 22 - tx8af14c5c945544c3ad8eb-0069a1d3ee - 0.0139 - - 1772213230.682819366 1772213230.696714640 0
Feb 27 17:27:10 standalone container-server[128025]: 172.20.0.100 - - [27/Feb/2026:17:27:10 +0000] "GET /d1/76/AUTH_15f500f17d33431487a9bf6c87cdb03e/gnocchi.280b94b9-7c62-479e-a8a0-915fa69a56bb" 200 357 "GET http://172.18.0.2:8080/v1/AUTH_15f500f17d33431487a9bf6c87cdb03e/gnocchi.280b94b9-7c62-479e-a8a0-915fa69a56bb?format=json&states=listing" "txff6b91d130474764883e8-0069a1d3ee" "proxy-server 20" 0.0098 "-" 23 0
Feb 27 17:27:10 standalone proxy-server[129990]: 172.18.0.2 172.18.0.100 27/Feb/2026/17/27/10 GET /v1/AUTH_15f500f17d33431487a9bf6c87cdb03e/gnocchi.280b94b9-7c62-479e-a8a0-915fa69a56bb%3Fformat%3Djson%26states%3Dlisting HTTP/1.0 200 - python-swiftclient-3.11.1 gAAAAABpodN61as7... - 357 - txff6b91d130474764883e8-0069a1d3ee - 0.0156 - - 1772213230.700179815 1772213230.715778828 0
Feb 27 17:27:10 standalone container-server[128024]: 172.20.0.100 - - [27/Feb/2026:17:27:10 +0000] "GET /d1/76/AUTH_15f500f17d33431487a9bf6c87cdb03e/gnocchi.280b94b9-7c62-479e-a8a0-915fa69a56bb" 200 2 "GET http://172.18.0.2:8080/v1/AUTH_15f500f17d33431487a9bf6c87cdb03e/gnocchi.280b94b9-7c62-479e-a8a0-915fa69a56bb?format=json&marker=none_v3&states=listing" "txc34824d65e1740c3badc2-0069a1d3ee" "proxy-server 20" 0.0020 "-" 22 0
Feb 27 17:27:10 standalone proxy-server[129990]: 172.18.0.2 172.18.0.100 27/Feb/2026/17/27/10 GET /v1/AUTH_15f500f17d33431487a9bf6c87cdb03e/gnocchi.280b94b9-7c62-479e-a8a0-915fa69a56bb%3Fformat%3Djson%26marker%3Dnone_v3%26states%3Dlisting HTTP/1.0 200 - python-swiftclient-3.11.1 gAAAAABpodN61as7... - 2 - txc34824d65e1740c3badc2-0069a1d3ee - 0.0058 - - 1772213230.718416929 1772213230.724256754 0
Feb 27 17:27:10 standalone object-server[128156]: 172.20.0.100 - - [27/Feb/2026:17:27:10 +0000] "GET /d1/653/AUTH_15f500f17d33431487a9bf6c87cdb03e/gnocchi.280b94b9-7c62-479e-a8a0-915fa69a56bb/1771200000.0_mean_300.0_v3" 200 16 "GET http://172.18.0.2:8080/v1/AUTH_15f500f17d33431487a9bf6c87cdb03e/gnocchi.280b94b9-7c62-479e-a8a0-915fa69a56bb/1771200000.0_mean_300.0_v3" "txc461c4e9f4b54edabbbcc-0069a1d3ee" "proxy-server 20" 0.0012 "-" 23 0
Feb 27 17:27:10 standalone proxy-server[129990]: 172.18.0.2 172.18.0.100 27/Feb/2026/17/27/10 GET /v1/AUTH_15f500f17d33431487a9bf6c87cdb03e/gnocchi.280b94b9-7c62-479e-a8a0-915fa69a56bb/1771200000.0_mean_300.0_v3 HTTP/1.0 200 - python-swiftclient-3.11.1 gAAAAABpodN61as7... - 16 - txc461c4e9f4b54edabbbcc-0069a1d3ee - 0.0063 - - 1772213230.727498770 1772213230.733808279 0
Feb 27 17:27:10 standalone container-server[128019]: 172.20.0.100 - - [27/Feb/2026:17:27:10 +0000] "PUT /d1/76/AUTH_15f500f17d33431487a9bf6c87cdb03e/gnocchi.280b94b9-7c62-479e-a8a0-915fa69a56bb/1771200000.0_mean_300.0_v3" 201 - "PUT http://172.18.0.2:8080/d1/653/AUTH_15f500f17d33431487a9bf6c87cdb03e/gnocchi.280b94b9-7c62-479e-a8a0-915fa69a56bb/1771200000.0_mean_300.0_v3" "txeb8e83519803422491ebb-0069a1d3ee" "object-server 24" 0.0008 "-" 21 0
Feb 27 17:27:10 standalone object-server[128169]: 172.20.0.100 - - [27/Feb/2026:17:27:10 +0000] "PUT /d1/653/AUTH_15f500f17d33431487a9bf6c87cdb03e/gnocchi.280b94b9-7c62-479e-a8a0-915fa69a56bb/1771200000.0_mean_300.0_v3" 201 - "PUT http://172.18.0.2:8080/v1/AUTH_15f500f17d33431487a9bf6c87cdb03e/gnocchi.280b94b9-7c62-479e-a8a0-915fa69a56bb/1771200000.0_mean_300.0_v3" "txeb8e83519803422491ebb-0069a1d3ee" "proxy-server 20" 0.0098 "-" 24 0
Feb 27 17:27:10 standalone proxy-server[129990]: 172.18.0.2 172.18.0.100 27/Feb/2026/17/27/10 PUT /v1/AUTH_15f500f17d33431487a9bf6c87cdb03e/gnocchi.280b94b9-7c62-479e-a8a0-915fa69a56bb/1771200000.0_mean_300.0_v3 HTTP/1.0 201 - python-swiftclient-3.11.1 gAAAAABpodN61as7... 16 - - txeb8e83519803422491ebb-0069a1d3ee - 0.0137 - - 1772213230.736922026 1772213230.750575542 0
Feb 27 17:27:10 standalone container-server[128019]: 172.20.0.100 - - [27/Feb/2026:17:27:10 +0000] "PUT /d1/76/AUTH_15f500f17d33431487a9bf6c87cdb03e/gnocchi.280b94b9-7c62-479e-a8a0-915fa69a56bb/none_v3" 201 - "PUT http://172.18.0.2:8080/d1/743/AUTH_15f500f17d33431487a9bf6c87cdb03e/gnocchi.280b94b9-7c62-479e-a8a0-915fa69a56bb/none_v3" "tx3de7800704ae43188128a-0069a1d3ee" "object-server 22" 0.0007 "-" 21 0
Feb 27 17:27:10 standalone object-server[128150]: 172.20.0.100 - - [27/Feb/2026:17:27:10 +0000] "PUT /d1/743/AUTH_15f500f17d33431487a9bf6c87cdb03e/gnocchi.280b94b9-7c62-479e-a8a0-915fa69a56bb/none_v3" 201 - "PUT http://172.18.0.2:8080/v1/AUTH_15f500f17d33431487a9bf6c87cdb03e/gnocchi.280b94b9-7c62-479e-a8a0-915fa69a56bb/none_v3" "tx3de7800704ae43188128a-0069a1d3ee" "proxy-server 20" 0.0130 "-" 22 0
Feb 27 17:27:10 standalone proxy-server[129990]: 172.18.0.2 172.18.0.100 27/Feb/2026/17/27/10 PUT /v1/AUTH_15f500f17d33431487a9bf6c87cdb03e/gnocchi.280b94b9-7c62-479e-a8a0-915fa69a56bb/none_v3 HTTP/1.0 201 - python-swiftclient-3.11.1 gAAAAABpodN61as7... 31 - - tx3de7800704ae43188128a-0069a1d3ee - 0.0171 - - 1772213230.753139496 1772213230.770267963 0
Feb 27 17:27:19 standalone account-server[128003]: 172.20.0.100 - - [27/Feb/2026:17:27:19 +0000] "HEAD /d1/518/AUTH_15f500f17d33431487a9bf6c87cdb03e" 204 - "HEAD http://172.18.0.2:8080/v1/AUTH_15f500f17d33431487a9bf6c87cdb03e?format=json" "tx3b08a39ca62940359fc01-0069a1d3f7" "proxy-server 20" 0.0064 "-" 20 -
Feb 27 17:27:19 standalone proxy-server[129990]: - - 27/Feb/2026/17/27/19 HEAD /v1/AUTH_15f500f17d33431487a9bf6c87cdb03e%3Fformat%3Djson HTTP/1.0 204 - Swift - - - - tx3b08a39ca62940359fc01-0069a1d3f7 - 0.0104 RL - 1772213239.020860910 1772213239.031295776 -
Feb 27 17:27:19 standalone object-server[128156]: 172.20.0.100 - - [27/Feb/2026:17:27:19 +0000] "GET /d1/427/AUTH_15f500f17d33431487a9bf6c87cdb03e/gnocchi.3c854167-7f9a-4c7a-8f18-7e9be0eb5777/none_v3" 200 32 "GET http://172.18.0.2:8080/v1/AUTH_15f500f17d33431487a9bf6c87cdb03e/gnocchi.3c854167-7f9a-4c7a-8f18-7e9be0eb5777/none_v3" "tx3b08a39ca62940359fc01-0069a1d3f7" "proxy-server 20" 0.0011 "-" 23 0
Feb 27 17:27:19 standalone proxy-server[129990]: 172.18.0.2 172.18.0.100 27/Feb/2026/17/27/19 GET /v1/AUTH_15f500f17d33431487a9bf6c87cdb03e/gnocchi.3c854167-7f9a-4c7a-8f18-7e9be0eb5777/none_v3 HTTP/1.0 200 - python-swiftclient-3.11.1 gAAAAABpodN61as7... - 32 - tx3b08a39ca62940359fc01-0069a1d3f7 - 0.0201 - - 1772213239.019225836 1772213239.039347887 0
Feb 27 17:27:19 standalone container-server[128025]: 172.20.0.100 - - [27/Feb/2026:17:27:19 +0000] "GET /d1/675/AUTH_15f500f17d33431487a9bf6c87cdb03e/gnocchi.3c854167-7f9a-4c7a-8f18-7e9be0eb5777" 200 357 "GET http://172.18.0.2:8080/v1/AUTH_15f500f17d33431487a9bf6c87cdb03e/gnocchi.3c854167-7f9a-4c7a-8f18-7e9be0eb5777?format=json&states=listing" "txc31356ed92da463ba08e4-0069a1d3f7" "proxy-server 20" 0.0056 "-" 23 0
Feb 27 17:27:19 standalone proxy-server[129990]: 172.18.0.2 172.18.0.100 27/Feb/2026/17/27/19 GET /v1/AUTH_15f500f17d33431487a9bf6c87cdb03e/gnocchi.3c854167-7f9a-4c7a-8f18-7e9be0eb5777%3Fformat%3Djson%26states%3Dlisting HTTP/1.0 200 - python-swiftclient-3.11.1 gAAAAABpodN61as7... - 357 - txc31356ed92da463ba08e4-0069a1d3f7 - 0.0101 - - 1772213239.042333126 1772213239.052428961 0
Feb 27 17:27:19 standalone container-server[128024]: 172.20.0.100 - - [27/Feb/2026:17:27:19 +0000] "GET /d1/675/AUTH_15f500f17d33431487a9bf6c87cdb03e/gnocchi.3c854167-7f9a-4c7a-8f18-7e9be0eb5777" 200 2 "GET http://172.18.0.2:8080/v1/AUTH_15f500f17d33431487a9bf6c87cdb03e/gnocchi.3c854167-7f9a-4c7a-8f18-7e9be0eb5777?format=json&marker=none_v3&states=listing" "tx4566f3acaf0440c2b4114-0069a1d3f7" "proxy-server 20" 0.0021 "-" 22 0
Feb 27 17:27:19 standalone proxy-server[129990]: 172.18.0.2 172.18.0.100 27/Feb/2026/17/27/19 GET /v1/AUTH_15f500f17d33431487a9bf6c87cdb03e/gnocchi.3c854167-7f9a-4c7a-8f18-7e9be0eb5777%3Fformat%3Djson%26marker%3Dnone_v3%26states%3Dlisting HTTP/1.0 200 - python-swiftclient-3.11.1 gAAAAABpodN61as7... - 2 - tx4566f3acaf0440c2b4114-0069a1d3f7 - 0.0064 - - 1772213239.054357767 1772213239.060743093 0
Feb 27 17:27:19 standalone object-server[128169]: 172.20.0.100 - - [27/Feb/2026:17:27:19 +0000] "GET /d1/45/AUTH_15f500f17d33431487a9bf6c87cdb03e/gnocchi.3c854167-7f9a-4c7a-8f18-7e9be0eb5777/1771200000.0_mean_300.0_v3" 200 16 "GET http://172.18.0.2:8080/v1/AUTH_15f500f17d33431487a9bf6c87cdb03e/gnocchi.3c854167-7f9a-4c7a-8f18-7e9be0eb5777/1771200000.0_mean_300.0_v3" "tx5bf0cc322b0b428f9e0b6-0069a1d3f7" "proxy-server 20" 0.0012 "-" 24 0
Feb 27 17:27:19 standalone proxy-server[129990]: 172.18.0.2 172.18.0.100 27/Feb/2026/17/27/19 GET /v1/AUTH_15f500f17d33431487a9bf6c87cdb03e/gnocchi.3c854167-7f9a-4c7a-8f18-7e9be0eb5777/1771200000.0_mean_300.0_v3 HTTP/1.0 200 - python-swiftclient-3.11.1 gAAAAABpodN61as7... - 16 - tx5bf0cc322b0b428f9e0b6-0069a1d3f7 - 0.0076 - - 1772213239.063554049 1772213239.071125984 0
Feb 27 17:27:19 standalone container-server[128014]: 172.20.0.100 - - [27/Feb/2026:17:27:19 +0000] "PUT /d1/675/AUTH_15f500f17d33431487a9bf6c87cdb03e/gnocchi.3c854167-7f9a-4c7a-8f18-7e9be0eb5777/1771200000.0_mean_300.0_v3" 201 - "PUT http://172.18.0.2:8080/d1/45/AUTH_15f500f17d33431487a9bf6c87cdb03e/gnocchi.3c854167-7f9a-4c7a-8f18-7e9be0eb5777/1771200000.0_mean_300.0_v3" "tx7d46ca3499bb48578e80c-0069a1d3f7" "object-server 25" 0.0015 "-" 20 0
Feb 27 17:27:19 standalone object-server[128196]: 172.20.0.100 - - [27/Feb/2026:17:27:19 +0000] "PUT /d1/45/AUTH_15f500f17d33431487a9bf6c87cdb03e/gnocchi.3c854167-7f9a-4c7a-8f18-7e9be0eb5777/1771200000.0_mean_300.0_v3" 201 - "PUT http://172.18.0.2:8080/v1/AUTH_15f500f17d33431487a9bf6c87cdb03e/gnocchi.3c854167-7f9a-4c7a-8f18-7e9be0eb5777/1771200000.0_mean_300.0_v3" "tx7d46ca3499bb48578e80c-0069a1d3f7" "proxy-server 20" 0.0177 "-" 25 0
Feb 27 17:27:19 standalone proxy-server[129990]: 172.18.0.2 172.18.0.100 27/Feb/2026/17/27/19 PUT /v1/AUTH_15f500f17d33431487a9bf6c87cdb03e/gnocchi.3c854167-7f9a-4c7a-8f18-7e9be0eb5777/1771200000.0_mean_300.0_v3 HTTP/1.0 201 - python-swiftclient-3.11.1 gAAAAABpodN61as7... 16 - - tx7d46ca3499bb48578e80c-0069a1d3f7 - 0.0224 - - 1772213239.073385477 1772213239.095756292 0
Feb 27 17:27:19 standalone container-server[128019]: 172.20.0.100 - - [27/Feb/2026:17:27:19 +0000] "PUT /d1/675/AUTH_15f500f17d33431487a9bf6c87cdb03e/gnocchi.3c854167-7f9a-4c7a-8f18-7e9be0eb5777/none_v3" 201 - "PUT http://172.18.0.2:8080/d1/427/AUTH_15f500f17d33431487a9bf6c87cdb03e/gnocchi.3c854167-7f9a-4c7a-8f18-7e9be0eb5777/none_v3" "txe7112245c3754030a9d15-0069a1d3f7" "object-server 22" 0.0006 "-" 21 0
Feb 27 17:27:19 standalone object-server[128150]: 172.20.0.100 - - [27/Feb/2026:17:27:19 +0000] "PUT /d1/427/AUTH_15f500f17d33431487a9bf6c87cdb03e/gnocchi.3c854167-7f9a-4c7a-8f18-7e9be0eb5777/none_v3" 201 - "PUT http://172.18.0.2:8080/v1/AUTH_15f500f17d33431487a9bf6c87cdb03e/gnocchi.3c854167-7f9a-4c7a-8f18-7e9be0eb5777/none_v3" "txe7112245c3754030a9d15-0069a1d3f7" "proxy-server 20" 0.0101 "-" 22 0
Feb 27 17:27:19 standalone proxy-server[129990]: 172.18.0.2 172.18.0.100 27/Feb/2026/17/27/19 PUT /v1/AUTH_15f500f17d33431487a9bf6c87cdb03e/gnocchi.3c854167-7f9a-4c7a-8f18-7e9be0eb5777/none_v3 HTTP/1.0 201 - python-swiftclient-3.11.1 gAAAAABpodN61as7... 46 - - txe7112245c3754030a9d15-0069a1d3f7 - 0.0180 - - 1772213239.098382473 1772213239.116370916 0
Feb 27 17:27:20 standalone object-server[128150]: 172.20.0.100 - - [27/Feb/2026:17:27:20 +0000] "GET /d1/427/AUTH_15f500f17d33431487a9bf6c87cdb03e/gnocchi.3c854167-7f9a-4c7a-8f18-7e9be0eb5777/none_v3" 200 46 "GET http://172.18.0.2:8080/v1/AUTH_15f500f17d33431487a9bf6c87cdb03e/gnocchi.3c854167-7f9a-4c7a-8f18-7e9be0eb5777/none_v3" "tx5e7a75b8ed944911b0197-0069a1d3f8" "proxy-server 20" 0.0015 "-" 22 0
Feb 27 17:27:20 standalone proxy-server[129990]: 172.18.0.2 172.18.0.100 27/Feb/2026/17/27/20 GET /v1/AUTH_15f500f17d33431487a9bf6c87cdb03e/gnocchi.3c854167-7f9a-4c7a-8f18-7e9be0eb5777/none_v3 HTTP/1.0 200 - python-swiftclient-3.11.1 gAAAAABpodN61as7... - 46 - tx5e7a75b8ed944911b0197-0069a1d3f8 - 0.0076 - - 1772213240.030835152 1772213240.038476229 0
Feb 27 17:27:20 standalone container-server[128025]: 172.20.0.100 - - [27/Feb/2026:17:27:20 +0000] "GET /d1/675/AUTH_15f500f17d33431487a9bf6c87cdb03e/gnocchi.3c854167-7f9a-4c7a-8f18-7e9be0eb5777" 200 357 "GET http://172.18.0.2:8080/v1/AUTH_15f500f17d33431487a9bf6c87cdb03e/gnocchi.3c854167-7f9a-4c7a-8f18-7e9be0eb5777?format=json&states=listing" "txcd511b51d9ad47619c205-0069a1d3f8" "proxy-server 20" 0.0091 "-" 23 0
Feb 27 17:27:20 standalone proxy-server[129990]: 172.18.0.2 172.18.0.100 27/Feb/2026/17/27/20 GET /v1/AUTH_15f500f17d33431487a9bf6c87cdb03e/gnocchi.3c854167-7f9a-4c7a-8f18-7e9be0eb5777%3Fformat%3Djson%26states%3Dlisting HTTP/1.0 200 - python-swiftclient-3.11.1 gAAAAABpodN61as7... - 357 - txcd511b51d9ad47619c205-0069a1d3f8 - 0.0153 - - 1772213240.042790890 1772213240.058085680 0
Feb 27 17:27:20 standalone container-server[128024]: 172.20.0.100 - - [27/Feb/2026:17:27:20 +0000] "GET /d1/675/AUTH_15f500f17d33431487a9bf6c87cdb03e/gnocchi.3c854167-7f9a-4c7a-8f18-7e9be0eb5777" 200 2 "GET http://172.18.0.2:8080/v1/AUTH_15f500f17d33431487a9bf6c87cdb03e/gnocchi.3c854167-7f9a-4c7a-8f18-7e9be0eb5777?format=json&marker=none_v3&states=listing" "txb22d51602339489da5ccb-0069a1d3f8" "proxy-server 20" 0.0036 "-" 22 0
Feb 27 17:27:20 standalone proxy-server[129990]: 172.18.0.2 172.18.0.100 27/Feb/2026/17/27/20 GET /v1/AUTH_15f500f17d33431487a9bf6c87cdb03e/gnocchi.3c854167-7f9a-4c7a-8f18-7e9be0eb5777%3Fformat%3Djson%26marker%3Dnone_v3%26states%3Dlisting HTTP/1.0 200 - python-swiftclient-3.11.1 gAAAAABpodN61as7... - 2 - txb22d51602339489da5ccb-0069a1d3f8 - 0.0098 - - 1772213240.068211317 1772213240.077993631 0
Feb 27 17:27:20 standalone object-server[128196]: 172.20.0.100 - - [27/Feb/2026:17:27:20 +0000] "GET /d1/45/AUTH_15f500f17d33431487a9bf6c87cdb03e/gnocchi.3c854167-7f9a-4c7a-8f18-7e9be0eb5777/1771200000.0_mean_300.0_v3" 200 16 "GET http://172.18.0.2:8080/v1/AUTH_15f500f17d33431487a9bf6c87cdb03e/gnocchi.3c854167-7f9a-4c7a-8f18-7e9be0eb5777/1771200000.0_mean_300.0_v3" "txdbbbc0d9eccd46d3a6e0d-0069a1d3f8" "proxy-server 20" 0.0009 "-" 25 0
Feb 27 17:27:20 standalone proxy-server[129990]: 172.18.0.2 172.18.0.100 27/Feb/2026/17/27/20 GET /v1/AUTH_15f500f17d33431487a9bf6c87cdb03e/gnocchi.3c854167-7f9a-4c7a-8f18-7e9be0eb5777/1771200000.0_mean_300.0_v3 HTTP/1.0 200 - python-swiftclient-3.11.1 gAAAAABpodN61as7... - 16 - txdbbbc0d9eccd46d3a6e0d-0069a1d3f8 - 0.0060 - - 1772213240.085816622 1772213240.091788292 0
Feb 27 17:27:20 standalone container-server[128014]: 172.20.0.100 - - [27/Feb/2026:17:27:20 +0000] "PUT /d1/675/AUTH_15f500f17d33431487a9bf6c87cdb03e/gnocchi.3c854167-7f9a-4c7a-8f18-7e9be0eb5777/1771200000.0_mean_300.0_v3" 201 - "PUT http://172.18.0.2:8080/d1/45/AUTH_15f500f17d33431487a9bf6c87cdb03e/gnocchi.3c854167-7f9a-4c7a-8f18-7e9be0eb5777/1771200000.0_mean_300.0_v3" "tx4a129bf234d145c38a2bb-0069a1d3f8" "object-server 25" 0.0011 "-" 20 0
Feb 27 17:27:20 standalone object-server[128196]: 172.20.0.100 - - [27/Feb/2026:17:27:20 +0000] "PUT /d1/45/AUTH_15f500f17d33431487a9bf6c87cdb03e/gnocchi.3c854167-7f9a-4c7a-8f18-7e9be0eb5777/1771200000.0_mean_300.0_v3" 201 - "PUT http://172.18.0.2:8080/v1/AUTH_15f500f17d33431487a9bf6c87cdb03e/gnocchi.3c854167-7f9a-4c7a-8f18-7e9be0eb5777/1771200000.0_mean_300.0_v3" "tx4a129bf234d145c38a2bb-0069a1d3f8" "proxy-server 20" 0.0114 "-" 25 0
Feb 27 17:27:20 standalone proxy-server[129990]: 172.18.0.2 172.18.0.100 27/Feb/2026/17/27/20 PUT /v1/AUTH_15f500f17d33431487a9bf6c87cdb03e/gnocchi.3c854167-7f9a-4c7a-8f18-7e9be0eb5777/1771200000.0_mean_300.0_v3 HTTP/1.0 201 - python-swiftclient-3.11.1 gAAAAABpodN61as7... 16 - - tx4a129bf234d145c38a2bb-0069a1d3f8 - 0.0164 - - 1772213240.097507000 1772213240.113889217 0
Feb 27 17:27:20 standalone container-server[128014]: 172.20.0.100 - - [27/Feb/2026:17:27:20 +0000] "PUT /d1/675/AUTH_15f500f17d33431487a9bf6c87cdb03e/gnocchi.3c854167-7f9a-4c7a-8f18-7e9be0eb5777/none_v3" 201 - "PUT http://172.18.0.2:8080/d1/427/AUTH_15f500f17d33431487a9bf6c87cdb03e/gnocchi.3c854167-7f9a-4c7a-8f18-7e9be0eb5777/none_v3" "tx634dd85c47bb44e3805a9-0069a1d3f8" "object-server 23" 0.0012 "-" 20 0
Feb 27 17:27:20 standalone object-server[128156]: 172.20.0.100 - - [27/Feb/2026:17:27:20 +0000] "PUT /d1/427/AUTH_15f500f17d33431487a9bf6c87cdb03e/gnocchi.3c854167-7f9a-4c7a-8f18-7e9be0eb5777/none_v3" 201 - "PUT http://172.18.0.2:8080/v1/AUTH_15f500f17d33431487a9bf6c87cdb03e/gnocchi.3c854167-7f9a-4c7a-8f18-7e9be0eb5777/none_v3" "tx634dd85c47bb44e3805a9-0069a1d3f8" "proxy-server 20" 0.0128 "-" 23 0
Feb 27 17:27:20 standalone proxy-server[129990]: 172.18.0.2 172.18.0.100 27/Feb/2026/17/27/20 PUT /v1/AUTH_15f500f17d33431487a9bf6c87cdb03e/gnocchi.3c854167-7f9a-4c7a-8f18-7e9be0eb5777/none_v3 HTTP/1.0 201 - python-swiftclient-3.11.1 gAAAAABpodN61as7... 51 - - tx634dd85c47bb44e3805a9-0069a1d3f8 - 0.0185 - - 1772213240.116758347 1772213240.135234594 0
Feb 27 17:27:20 standalone object-server[128150]: 172.20.0.100 - - [27/Feb/2026:17:27:20 +0000] "GET /d1/502/AUTH_15f500f17d33431487a9bf6c87cdb03e/gnocchi.624bc04f-c211-40a4-8005-e62c0becf3cf/none_v3" 200 22 "GET http://172.18.0.2:8080/v1/AUTH_15f500f17d33431487a9bf6c87cdb03e/gnocchi.624bc04f-c211-40a4-8005-e62c0becf3cf/none_v3" "txd117c6900d28454d938fb-0069a1d3f8" "proxy-server 20" 0.0012 "-" 22 0
Feb 27 17:27:20 standalone proxy-server[129990]: 172.18.0.2 172.18.0.100 27/Feb/2026/17/27/20 GET /v1/AUTH_15f500f17d33431487a9bf6c87cdb03e/gnocchi.624bc04f-c211-40a4-8005-e62c0becf3cf/none_v3 HTTP/1.0 200 - python-swiftclient-3.11.1 gAAAAABpodN61as7... - 22 - txd117c6900d28454d938fb-0069a1d3f8 - 0.0083 - - 1772213240.149745464 1772213240.158051014 0
Feb 27 17:27:20 standalone container-server[128014]: 172.20.0.100 - - [27/Feb/2026:17:27:20 +0000] "GET /d1/615/AUTH_15f500f17d33431487a9bf6c87cdb03e/gnocchi.624bc04f-c211-40a4-8005-e62c0becf3cf" 200 357 "GET http://172.18.0.2:8080/v1/AUTH_15f500f17d33431487a9bf6c87cdb03e/gnocchi.624bc04f-c211-40a4-8005-e62c0becf3cf?format=json&states=listing" "tx6f6ec681fd744200bf8cd-0069a1d3f8" "proxy-server 20" 0.0066 "-" 20 0
Feb 27 17:27:20 standalone proxy-server[129990]: 172.18.0.2 172.18.0.100 27/Feb/2026/17/27/20 GET /v1/AUTH_15f500f17d33431487a9bf6c87cdb03e/gnocchi.624bc04f-c211-40a4-8005-e62c0becf3cf%3Fformat%3Djson%26states%3Dlisting HTTP/1.0 200 - python-swiftclient-3.11.1 gAAAAABpodN61as7... - 357 - tx6f6ec681fd744200bf8cd-0069a1d3f8 - 0.0141 - - 1772213240.161841154 1772213240.175976992 0
Feb 27 17:27:20 standalone container-server[128014]: 172.20.0.100 - - [27/Feb/2026:17:27:20 +0000] "GET /d1/615/AUTH_15f500f17d33431487a9bf6c87cdb03e/gnocchi.624bc04f-c211-40a4-8005-e62c0becf3cf" 200 2 "GET http://172.18.0.2:8080/v1/AUTH_15f500f17d33431487a9bf6c87cdb03e/gnocchi.624bc04f-c211-40a4-8005-e62c0becf3cf?format=json&marker=none_v3&states=listing" "tx3ba65e8543914ef08af44-0069a1d3f8" "proxy-server 20" 0.0048 "-" 20 0
Feb 27 17:27:20 standalone proxy-server[129990]: 172.18.0.2 172.18.0.100 27/Feb/2026/17/27/20 GET /v1/AUTH_15f500f17d33431487a9bf6c87cdb03e/gnocchi.624bc04f-c211-40a4-8005-e62c0becf3cf%3Fformat%3Djson%26marker%3Dnone_v3%26states%3Dlisting HTTP/1.0 200 - python-swiftclient-3.11.1 gAAAAABpodN61as7... - 2 - tx3ba65e8543914ef08af44-0069a1d3f8 - 0.0133 - - 1772213240.179577827 1772213240.192875147 0
Feb 27 17:27:20 standalone object-server[128169]: 172.20.0.100 - - [27/Feb/2026:17:27:20 +0000] "GET /d1/917/AUTH_15f500f17d33431487a9bf6c87cdb03e/gnocchi.624bc04f-c211-40a4-8005-e62c0becf3cf/1771200000.0_mean_300.0_v3" 200 16 "GET http://172.18.0.2:8080/v1/AUTH_15f500f17d33431487a9bf6c87cdb03e/gnocchi.624bc04f-c211-40a4-8005-e62c0becf3cf/1771200000.0_mean_300.0_v3" "tx988bd1798a0b4909b5de3-0069a1d3f8" "proxy-server 20" 0.0008 "-" 24 0
Feb 27 17:27:20 standalone proxy-server[129990]: 172.18.0.2 172.18.0.100 27/Feb/2026/17/27/20 GET /v1/AUTH_15f500f17d33431487a9bf6c87cdb03e/gnocchi.624bc04f-c211-40a4-8005-e62c0becf3cf/1771200000.0_mean_300.0_v3 HTTP/1.0 200 - python-swiftclient-3.11.1 gAAAAABpodN61as7... - 16 - tx988bd1798a0b4909b5de3-0069a1d3f8 - 0.0071 - - 1772213240.197074413 1772213240.204199791 0
Feb 27 17:27:20 standalone container-server[128025]: 172.20.0.100 - - [27/Feb/2026:17:27:20 +0000] "PUT /d1/615/AUTH_15f500f17d33431487a9bf6c87cdb03e/gnocchi.624bc04f-c211-40a4-8005-e62c0becf3cf/1771200000.0_mean_300.0_v3" 201 - "PUT http://172.18.0.2:8080/d1/917/AUTH_15f500f17d33431487a9bf6c87cdb03e/gnocchi.624bc04f-c211-40a4-8005-e62c0becf3cf/1771200000.0_mean_300.0_v3" "tx4d7fa387b65a4aaa99bb7-0069a1d3f8" "object-server 22" 0.0007 "-" 23 0
Feb 27 17:27:20 standalone object-server[128150]: 172.20.0.100 - - [27/Feb/2026:17:27:20 +0000] "PUT /d1/917/AUTH_15f500f17d33431487a9bf6c87cdb03e/gnocchi.624bc04f-c211-40a4-8005-e62c0becf3cf/1771200000.0_mean_300.0_v3" 201 - "PUT http://172.18.0.2:8080/v1/AUTH_15f500f17d33431487a9bf6c87cdb03e/gnocchi.624bc04f-c211-40a4-8005-e62c0becf3cf/1771200000.0_mean_300.0_v3" "tx4d7fa387b65a4aaa99bb7-0069a1d3f8" "proxy-server 20" 0.0118 "-" 22 0
Feb 27 17:27:20 standalone proxy-server[129990]: 172.18.0.2 172.18.0.100 27/Feb/2026/17/27/20 PUT /v1/AUTH_15f500f17d33431487a9bf6c87cdb03e/gnocchi.624bc04f-c211-40a4-8005-e62c0becf3cf/1771200000.0_mean_300.0_v3 HTTP/1.0 201 - python-swiftclient-3.11.1 gAAAAABpodN61as7... 16 - - tx4d7fa387b65a4aaa99bb7-0069a1d3f8 - 0.0181 - - 1772213240.207571268 1772213240.225717068 0
Feb 27 17:27:20 standalone container-server[128014]: 172.20.0.100 - - [27/Feb/2026:17:27:20 +0000] "PUT /d1/615/AUTH_15f500f17d33431487a9bf6c87cdb03e/gnocchi.624bc04f-c211-40a4-8005-e62c0becf3cf/none_v3" 201 - "PUT http://172.18.0.2:8080/d1/502/AUTH_15f500f17d33431487a9bf6c87cdb03e/gnocchi.624bc04f-c211-40a4-8005-e62c0becf3cf/none_v3" "txabd6b95e156c4cb98af70-0069a1d3f8" "object-server 25" 0.0007 "-" 20 0
Feb 27 17:27:20 standalone object-server[128196]: 172.20.0.100 - - [27/Feb/2026:17:27:20 +0000] "PUT /d1/502/AUTH_15f500f17d33431487a9bf6c87cdb03e/gnocchi.624bc04f-c211-40a4-8005-e62c0becf3cf/none_v3" 201 - "PUT http://172.18.0.2:8080/v1/AUTH_15f500f17d33431487a9bf6c87cdb03e/gnocchi.624bc04f-c211-40a4-8005-e62c0becf3cf/none_v3" "txabd6b95e156c4cb98af70-0069a1d3f8" "proxy-server 20" 0.0092 "-" 25 0
Feb 27 17:27:20 standalone proxy-server[129990]: 172.18.0.2 172.18.0.100 27/Feb/2026/17/27/20 PUT /v1/AUTH_15f500f17d33431487a9bf6c87cdb03e/gnocchi.624bc04f-c211-40a4-8005-e62c0becf3cf/none_v3 HTTP/1.0 201 - python-swiftclient-3.11.1 gAAAAABpodN61as7... 32 - - txabd6b95e156c4cb98af70-0069a1d3f8 - 0.0150 - - 1772213240.228446960 1772213240.243415833 0
Feb 27 17:27:20 standalone object-server[128169]: 172.20.0.100 - - [27/Feb/2026:17:27:20 +0000] "GET /d1/479/AUTH_15f500f17d33431487a9bf6c87cdb03e/gnocchi.eccecac7-682a-40fa-bbf1-15c1132cc45f/none_v3" 200 22 "GET http://172.18.0.2:8080/v1/AUTH_15f500f17d33431487a9bf6c87cdb03e/gnocchi.eccecac7-682a-40fa-bbf1-15c1132cc45f/none_v3" "txb0eaf92a39144d1487794-0069a1d3f8" "proxy-server 20" 0.0008 "-" 24 0
Feb 27 17:27:20 standalone proxy-server[129990]: 172.18.0.2 172.18.0.100 27/Feb/2026/17/27/20 GET /v1/AUTH_15f500f17d33431487a9bf6c87cdb03e/gnocchi.eccecac7-682a-40fa-bbf1-15c1132cc45f/none_v3 HTTP/1.0 200 - python-swiftclient-3.11.1 gAAAAABpodN61as7... - 22 - txb0eaf92a39144d1487794-0069a1d3f8 - 0.0074 - - 1772213240.253473282 1772213240.260871649 0
Feb 27 17:27:20 standalone container-server[128025]: 172.20.0.100 - - [27/Feb/2026:17:27:20 +0000] "GET /d1/820/AUTH_15f500f17d33431487a9bf6c87cdb03e/gnocchi.eccecac7-682a-40fa-bbf1-15c1132cc45f" 200 357 "GET http://172.18.0.2:8080/v1/AUTH_15f500f17d33431487a9bf6c87cdb03e/gnocchi.eccecac7-682a-40fa-bbf1-15c1132cc45f?format=json&states=listing" "tx8202b28376cb4cc4aeaaa-0069a1d3f8" "proxy-server 20" 0.0036 "-" 23 0
Feb 27 17:27:20 standalone proxy-server[129990]: 172.18.0.2 172.18.0.100 27/Feb/2026/17/27/20 GET /v1/AUTH_15f500f17d33431487a9bf6c87cdb03e/gnocchi.eccecac7-682a-40fa-bbf1-15c1132cc45f%3Fformat%3Djson%26states%3Dlisting HTTP/1.0 200 - python-swiftclient-3.11.1 gAAAAABpodN61as7... - 357 - tx8202b28376cb4cc4aeaaa-0069a1d3f8 - 0.0106 - - 1772213240.263657331 1772213240.274265051 0
Feb 27 17:27:20 standalone container-server[128024]: 172.20.0.100 - - [27/Feb/2026:17:27:20 +0000] "GET /d1/820/AUTH_15f500f17d33431487a9bf6c87cdb03e/gnocchi.eccecac7-682a-40fa-bbf1-15c1132cc45f" 200 2 "GET http://172.18.0.2:8080/v1/AUTH_15f500f17d33431487a9bf6c87cdb03e/gnocchi.eccecac7-682a-40fa-bbf1-15c1132cc45f?format=json&marker=none_v3&states=listing" "tx9c950dd6f99549edb0d75-0069a1d3f8" "proxy-server 20" 0.0020 "-" 22 0
Feb 27 17:27:20 standalone proxy-server[129990]: 172.18.0.2 172.18.0.100 27/Feb/2026/17/27/20 GET /v1/AUTH_15f500f17d33431487a9bf6c87cdb03e/gnocchi.eccecac7-682a-40fa-bbf1-15c1132cc45f%3Fformat%3Djson%26marker%3Dnone_v3%26states%3Dlisting HTTP/1.0 200 - python-swiftclient-3.11.1 gAAAAABpodN61as7... - 2 - tx9c950dd6f99549edb0d75-0069a1d3f8 - 0.0075 - - 1772213240.276506186 1772213240.283958197 0
Feb 27 17:27:20 standalone object-server[128169]: 172.20.0.100 - - [27/Feb/2026:17:27:20 +0000] "GET /d1/222/AUTH_15f500f17d33431487a9bf6c87cdb03e/gnocchi.eccecac7-682a-40fa-bbf1-15c1132cc45f/1771200000.0_mean_300.0_v3" 200 16 "GET http://172.18.0.2:8080/v1/AUTH_15f500f17d33431487a9bf6c87cdb03e/gnocchi.eccecac7-682a-40fa-bbf1-15c1132cc45f/1771200000.0_mean_300.0_v3" "tx11f87d18834a433096fea-0069a1d3f8" "proxy-server 20" 0.0008 "-" 24 0
Feb 27 17:27:20 standalone proxy-server[129990]: 172.18.0.2 172.18.0.100 27/Feb/2026/17/27/20 GET /v1/AUTH_15f500f17d33431487a9bf6c87cdb03e/gnocchi.eccecac7-682a-40fa-bbf1-15c1132cc45f/1771200000.0_mean_300.0_v3 HTTP/1.0 200 - python-swiftclient-3.11.1 gAAAAABpodN61as7... - 16 - tx11f87d18834a433096fea-0069a1d3f8 - 0.0067 - - 1772213240.286858797 1772213240.293593407 0
Feb 27 17:27:20 standalone container-server[128019]: 172.20.0.100 - - [27/Feb/2026:17:27:20 +0000] "PUT /d1/820/AUTH_15f500f17d33431487a9bf6c87cdb03e/gnocchi.eccecac7-682a-40fa-bbf1-15c1132cc45f/1771200000.0_mean_300.0_v3" 201 - "PUT http://172.18.0.2:8080/d1/222/AUTH_15f500f17d33431487a9bf6c87cdb03e/gnocchi.eccecac7-682a-40fa-bbf1-15c1132cc45f/1771200000.0_mean_300.0_v3" "tx69e21282a54b4c7ca6e41-0069a1d3f8" "object-server 23" 0.0008 "-" 21 0
Feb 27 17:27:20 standalone object-server[128156]: 172.20.0.100 - - [27/Feb/2026:17:27:20 +0000] "PUT /d1/222/AUTH_15f500f17d33431487a9bf6c87cdb03e/gnocchi.eccecac7-682a-40fa-bbf1-15c1132cc45f/1771200000.0_mean_300.0_v3" 201 - "PUT http://172.18.0.2:8080/v1/AUTH_15f500f17d33431487a9bf6c87cdb03e/gnocchi.eccecac7-682a-40fa-bbf1-15c1132cc45f/1771200000.0_mean_300.0_v3" "tx69e21282a54b4c7ca6e41-0069a1d3f8" "proxy-server 20" 0.0109 "-" 23 0
Feb 27 17:27:20 standalone proxy-server[129990]: 172.18.0.2 172.18.0.100 27/Feb/2026/17/27/20 PUT /v1/AUTH_15f500f17d33431487a9bf6c87cdb03e/gnocchi.eccecac7-682a-40fa-bbf1-15c1132cc45f/1771200000.0_mean_300.0_v3 HTTP/1.0 201 - python-swiftclient-3.11.1 gAAAAABpodN61as7... 16 - - tx69e21282a54b4c7ca6e41-0069a1d3f8 - 0.0168 - - 1772213240.298323870 1772213240.315124989 0
Feb 27 17:27:20 standalone container-server[128025]: 172.20.0.100 - - [27/Feb/2026:17:27:20 +0000] "PUT /d1/820/AUTH_15f500f17d33431487a9bf6c87cdb03e/gnocchi.eccecac7-682a-40fa-bbf1-15c1132cc45f/none_v3" 201 - "PUT http://172.18.0.2:8080/d1/479/AUTH_15f500f17d33431487a9bf6c87cdb03e/gnocchi.eccecac7-682a-40fa-bbf1-15c1132cc45f/none_v3" "tx8785930e574a45bab1181-0069a1d3f8" "object-server 25" 0.0008 "-" 23 0
Feb 27 17:27:20 standalone object-server[128196]: 172.20.0.100 - - [27/Feb/2026:17:27:20 +0000] "PUT /d1/479/AUTH_15f500f17d33431487a9bf6c87cdb03e/gnocchi.eccecac7-682a-40fa-bbf1-15c1132cc45f/none_v3" 201 - "PUT http://172.18.0.2:8080/v1/AUTH_15f500f17d33431487a9bf6c87cdb03e/gnocchi.eccecac7-682a-40fa-bbf1-15c1132cc45f/none_v3" "tx8785930e574a45bab1181-0069a1d3f8" "proxy-server 20" 0.0096 "-" 25 0
Feb 27 17:27:20 standalone proxy-server[129990]: 172.18.0.2 172.18.0.100 27/Feb/2026/17/27/20 PUT /v1/AUTH_15f500f17d33431487a9bf6c87cdb03e/gnocchi.eccecac7-682a-40fa-bbf1-15c1132cc45f/none_v3 HTTP/1.0 201 - python-swiftclient-3.11.1 gAAAAABpodN61as7... 32 - - tx8785930e574a45bab1181-0069a1d3f8 - 0.0150 - - 1772213240.318130970 1772213240.333139420 0
Feb 27 17:27:20 standalone object-server[128156]: 172.20.0.100 - - [27/Feb/2026:17:27:20 +0000] "GET /d1/422/AUTH_15f500f17d33431487a9bf6c87cdb03e/gnocchi.214ff383-5984-4de2-b015-cfb2a379668d/none_v3" 200 22 "GET http://172.18.0.2:8080/v1/AUTH_15f500f17d33431487a9bf6c87cdb03e/gnocchi.214ff383-5984-4de2-b015-cfb2a379668d/none_v3" "tx3c53dadcce7444a7a43b6-0069a1d3f8" "proxy-server 20" 0.0012 "-" 23 0
Feb 27 17:27:20 standalone proxy-server[129990]: 172.18.0.2 172.18.0.100 27/Feb/2026/17/27/20 GET /v1/AUTH_15f500f17d33431487a9bf6c87cdb03e/gnocchi.214ff383-5984-4de2-b015-cfb2a379668d/none_v3 HTTP/1.0 200 - python-swiftclient-3.11.1 gAAAAABpodN61as7... - 22 - tx3c53dadcce7444a7a43b6-0069a1d3f8 - 0.0083 - - 1772213240.343770981 1772213240.352070332 0
Feb 27 17:27:20 standalone container-server[128024]: 172.20.0.100 - - [27/Feb/2026:17:27:20 +0000] "GET /d1/577/AUTH_15f500f17d33431487a9bf6c87cdb03e/gnocchi.214ff383-5984-4de2-b015-cfb2a379668d" 200 357 "GET http://172.18.0.2:8080/v1/AUTH_15f500f17d33431487a9bf6c87cdb03e/gnocchi.214ff383-5984-4de2-b015-cfb2a379668d?format=json&states=listing" "txfa6843c1e8814490a7c25-0069a1d3f8" "proxy-server 20" 0.0025 "-" 22 0
Feb 27 17:27:20 standalone proxy-server[129990]: 172.18.0.2 172.18.0.100 27/Feb/2026/17/27/20 GET /v1/AUTH_15f500f17d33431487a9bf6c87cdb03e/gnocchi.214ff383-5984-4de2-b015-cfb2a379668d%3Fformat%3Djson%26states%3Dlisting HTTP/1.0 200 - python-swiftclient-3.11.1 gAAAAABpodN61as7... - 357 - txfa6843c1e8814490a7c25-0069a1d3f8 - 0.0085 - - 1772213240.355534554 1772213240.364059210 0
Feb 27 17:27:20 standalone container-server[128014]: 172.20.0.100 - - [27/Feb/2026:17:27:20 +0000] "GET /d1/577/AUTH_15f500f17d33431487a9bf6c87cdb03e/gnocchi.214ff383-5984-4de2-b015-cfb2a379668d" 200 2 "GET http://172.18.0.2:8080/v1/AUTH_15f500f17d33431487a9bf6c87cdb03e/gnocchi.214ff383-5984-4de2-b015-cfb2a379668d?format=json&marker=none_v3&states=listing" "tx9075146cc650455cab539-0069a1d3f8" "proxy-server 20" 0.0064 "-" 20 0
Feb 27 17:27:20 standalone proxy-server[129990]: 172.18.0.2 172.18.0.100 27/Feb/2026/17/27/20 GET /v1/AUTH_15f500f17d33431487a9bf6c87cdb03e/gnocchi.214ff383-5984-4de2-b015-cfb2a379668d%3Fformat%3Djson%26marker%3Dnone_v3%26states%3Dlisting HTTP/1.0 200 - python-swiftclient-3.11.1 gAAAAABpodN61as7... - 2 - tx9075146cc650455cab539-0069a1d3f8 - 0.0143 - - 1772213240.367428780 1772213240.381723642 0
Feb 27 17:27:20 standalone object-server[128150]: 172.20.0.100 - - [27/Feb/2026:17:27:20 +0000] "GET /d1/933/AUTH_15f500f17d33431487a9bf6c87cdb03e/gnocchi.214ff383-5984-4de2-b015-cfb2a379668d/1771200000.0_mean_300.0_v3" 200 16 "GET http://172.18.0.2:8080/v1/AUTH_15f500f17d33431487a9bf6c87cdb03e/gnocchi.214ff383-5984-4de2-b015-cfb2a379668d/1771200000.0_mean_300.0_v3" "tx25908d5958c544ee93417-0069a1d3f8" "proxy-server 20" 0.0013 "-" 22 0
Feb 27 17:27:20 standalone proxy-server[129990]: 172.18.0.2 172.18.0.100 27/Feb/2026/17/27/20 GET /v1/AUTH_15f500f17d33431487a9bf6c87cdb03e/gnocchi.214ff383-5984-4de2-b015-cfb2a379668d/1771200000.0_mean_300.0_v3 HTTP/1.0 200 - python-swiftclient-3.11.1 gAAAAABpodN61as7... - 16 - tx25908d5958c544ee93417-0069a1d3f8 - 0.0078 - - 1772213240.385567427 1772213240.393396854 0
Feb 27 17:27:20 standalone container-server[128019]: 172.20.0.100 - - [27/Feb/2026:17:27:20 +0000] "PUT /d1/577/AUTH_15f500f17d33431487a9bf6c87cdb03e/gnocchi.214ff383-5984-4de2-b015-cfb2a379668d/1771200000.0_mean_300.0_v3" 201 - "PUT http://172.18.0.2:8080/d1/933/AUTH_15f500f17d33431487a9bf6c87cdb03e/gnocchi.214ff383-5984-4de2-b015-cfb2a379668d/1771200000.0_mean_300.0_v3" "tx88f2ea29386842a0b7688-0069a1d3f8" "object-server 24" 0.0009 "-" 21 0
Feb 27 17:27:20 standalone object-server[128169]: 172.20.0.100 - - [27/Feb/2026:17:27:20 +0000] "PUT /d1/933/AUTH_15f500f17d33431487a9bf6c87cdb03e/gnocchi.214ff383-5984-4de2-b015-cfb2a379668d/1771200000.0_mean_300.0_v3" 201 - "PUT http://172.18.0.2:8080/v1/AUTH_15f500f17d33431487a9bf6c87cdb03e/gnocchi.214ff383-5984-4de2-b015-cfb2a379668d/1771200000.0_mean_300.0_v3" "tx88f2ea29386842a0b7688-0069a1d3f8" "proxy-server 20" 0.0124 "-" 24 0
Feb 27 17:27:20 standalone proxy-server[129990]: 172.18.0.2 172.18.0.100 27/Feb/2026/17/27/20 PUT /v1/AUTH_15f500f17d33431487a9bf6c87cdb03e/gnocchi.214ff383-5984-4de2-b015-cfb2a379668d/1771200000.0_mean_300.0_v3 HTTP/1.0 201 - python-swiftclient-3.11.1 gAAAAABpodN61as7... 16 - - tx88f2ea29386842a0b7688-0069a1d3f8 - 0.0211 - - 1772213240.396379471 1772213240.417471886 0
Feb 27 17:27:20 standalone container-server[128014]: 172.20.0.100 - - [27/Feb/2026:17:27:20 +0000] "PUT /d1/577/AUTH_15f500f17d33431487a9bf6c87cdb03e/gnocchi.214ff383-5984-4de2-b015-cfb2a379668d/none_v3" 201 - "PUT http://172.18.0.2:8080/d1/422/AUTH_15f500f17d33431487a9bf6c87cdb03e/gnocchi.214ff383-5984-4de2-b015-cfb2a379668d/none_v3" "txcc45e0c4467143209f098-0069a1d3f8" "object-server 22" 0.0008 "-" 20 0
Feb 27 17:27:20 standalone object-server[128150]: 172.20.0.100 - - [27/Feb/2026:17:27:20 +0000] "PUT /d1/422/AUTH_15f500f17d33431487a9bf6c87cdb03e/gnocchi.214ff383-5984-4de2-b015-cfb2a379668d/none_v3" 201 - "PUT http://172.18.0.2:8080/v1/AUTH_15f500f17d33431487a9bf6c87cdb03e/gnocchi.214ff383-5984-4de2-b015-cfb2a379668d/none_v3" "txcc45e0c4467143209f098-0069a1d3f8" "proxy-server 20" 0.0134 "-" 22 0
Feb 27 17:27:20 standalone proxy-server[129990]: 172.18.0.2 172.18.0.100 27/Feb/2026/17/27/20 PUT /v1/AUTH_15f500f17d33431487a9bf6c87cdb03e/gnocchi.214ff383-5984-4de2-b015-cfb2a379668d/none_v3 HTTP/1.0 201 - python-swiftclient-3.11.1 gAAAAABpodN61as7... 32 - - txcc45e0c4467143209f098-0069a1d3f8 - 0.0232 - - 1772213240.421831846 1772213240.445021391 0
Feb 27 17:27:20 standalone object-server[128150]: 172.20.0.100 - - [27/Feb/2026:17:27:20 +0000] "GET /d1/516/AUTH_15f500f17d33431487a9bf6c87cdb03e/gnocchi.89485282-dca1-40d5-badd-8bfbc8ad17fa/none_v3" 200 22 "GET http://172.18.0.2:8080/v1/AUTH_15f500f17d33431487a9bf6c87cdb03e/gnocchi.89485282-dca1-40d5-badd-8bfbc8ad17fa/none_v3" "txc0af70c2ec344a26a9cd0-0069a1d3f8" "proxy-server 20" 0.0011 "-" 22 0
Feb 27 17:27:20 standalone proxy-server[129990]: 172.18.0.2 172.18.0.100 27/Feb/2026/17/27/20 GET /v1/AUTH_15f500f17d33431487a9bf6c87cdb03e/gnocchi.89485282-dca1-40d5-badd-8bfbc8ad17fa/none_v3 HTTP/1.0 200 - python-swiftclient-3.11.1 gAAAAABpodN61as7... - 22 - txc0af70c2ec344a26a9cd0-0069a1d3f8 - 0.0108 - - 1772213240.453644276 1772213240.464394569 0
Feb 27 17:27:20 standalone container-server[128024]: 172.20.0.100 - - [27/Feb/2026:17:27:20 +0000] "GET /d1/425/AUTH_15f500f17d33431487a9bf6c87cdb03e/gnocchi.89485282-dca1-40d5-badd-8bfbc8ad17fa" 200 357 "GET http://172.18.0.2:8080/v1/AUTH_15f500f17d33431487a9bf6c87cdb03e/gnocchi.89485282-dca1-40d5-badd-8bfbc8ad17fa?format=json&states=listing" "txecdf7baf81ed473cb4dae-0069a1d3f8" "proxy-server 20" 0.0054 "-" 22 0
Feb 27 17:27:20 standalone proxy-server[129990]: 172.18.0.2 172.18.0.100 27/Feb/2026/17/27/20 GET /v1/AUTH_15f500f17d33431487a9bf6c87cdb03e/gnocchi.89485282-dca1-40d5-badd-8bfbc8ad17fa%3Fformat%3Djson%26states%3Dlisting HTTP/1.0 200 - python-swiftclient-3.11.1 gAAAAABpodN61as7... - 357 - txecdf7baf81ed473cb4dae-0069a1d3f8 - 0.0172 - - 1772213240.468332767 1772213240.485538721 0
Feb 27 17:27:20 standalone container-server[128024]: 172.20.0.100 - - [27/Feb/2026:17:27:20 +0000] "GET /d1/425/AUTH_15f500f17d33431487a9bf6c87cdb03e/gnocchi.89485282-dca1-40d5-badd-8bfbc8ad17fa" 200 2 "GET http://172.18.0.2:8080/v1/AUTH_15f500f17d33431487a9bf6c87cdb03e/gnocchi.89485282-dca1-40d5-badd-8bfbc8ad17fa?format=json&marker=none_v3&states=listing" "tx28195edc08714f25b1621-0069a1d3f8" "proxy-server 20" 0.0037 "-" 22 0
Feb 27 17:27:20 standalone proxy-server[129990]: 172.18.0.2 172.18.0.100 27/Feb/2026/17/27/20 GET /v1/AUTH_15f500f17d33431487a9bf6c87cdb03e/gnocchi.89485282-dca1-40d5-badd-8bfbc8ad17fa%3Fformat%3Djson%26marker%3Dnone_v3%26states%3Dlisting HTTP/1.0 200 - python-swiftclient-3.11.1 gAAAAABpodN61as7... - 2 - tx28195edc08714f25b1621-0069a1d3f8 - 0.0106 - - 1772213240.489305973 1772213240.499947309 0
Feb 27 17:27:20 standalone object-server[128150]: 172.20.0.100 - - [27/Feb/2026:17:27:20 +0000] "GET /d1/996/AUTH_15f500f17d33431487a9bf6c87cdb03e/gnocchi.89485282-dca1-40d5-badd-8bfbc8ad17fa/1771200000.0_mean_300.0_v3" 200 16 "GET http://172.18.0.2:8080/v1/AUTH_15f500f17d33431487a9bf6c87cdb03e/gnocchi.89485282-dca1-40d5-badd-8bfbc8ad17fa/1771200000.0_mean_300.0_v3" "tx4b337de9987349539341c-0069a1d3f8" "proxy-server 20" 0.0012 "-" 22 0
Feb 27 17:27:20 standalone proxy-server[129990]: 172.18.0.2 172.18.0.100 27/Feb/2026/17/27/20 GET /v1/AUTH_15f500f17d33431487a9bf6c87cdb03e/gnocchi.89485282-dca1-40d5-badd-8bfbc8ad17fa/1771200000.0_mean_300.0_v3 HTTP/1.0 200 - python-swiftclient-3.11.1 gAAAAABpodN61as7... - 16 - tx4b337de9987349539341c-0069a1d3f8 - 0.0098 - - 1772213240.503736734 1772213240.513583422 0
Feb 27 17:27:20 standalone container-server[128019]: 172.20.0.100 - - [27/Feb/2026:17:27:20 +0000] "PUT /d1/425/AUTH_15f500f17d33431487a9bf6c87cdb03e/gnocchi.89485282-dca1-40d5-badd-8bfbc8ad17fa/1771200000.0_mean_300.0_v3" 201 - "PUT http://172.18.0.2:8080/d1/996/AUTH_15f500f17d33431487a9bf6c87cdb03e/gnocchi.89485282-dca1-40d5-badd-8bfbc8ad17fa/1771200000.0_mean_300.0_v3" "tx22c7ce4003474033b12f3-0069a1d3f8" "object-server 22" 0.0008 "-" 21 0
Feb 27 17:27:20 standalone object-server[128150]: 172.20.0.100 - - [27/Feb/2026:17:27:20 +0000] "PUT /d1/996/AUTH_15f500f17d33431487a9bf6c87cdb03e/gnocchi.89485282-dca1-40d5-badd-8bfbc8ad17fa/1771200000.0_mean_300.0_v3" 201 - "PUT http://172.18.0.2:8080/v1/AUTH_15f500f17d33431487a9bf6c87cdb03e/gnocchi.89485282-dca1-40d5-badd-8bfbc8ad17fa/1771200000.0_mean_300.0_v3" "tx22c7ce4003474033b12f3-0069a1d3f8" "proxy-server 20" 0.0111 "-" 22 0
Feb 27 17:27:20 standalone proxy-server[129990]: 172.18.0.2 172.18.0.100 27/Feb/2026/17/27/20 PUT /v1/AUTH_15f500f17d33431487a9bf6c87cdb03e/gnocchi.89485282-dca1-40d5-badd-8bfbc8ad17fa/1771200000.0_mean_300.0_v3 HTTP/1.0 201 - python-swiftclient-3.11.1 gAAAAABpodN61as7... 16 - - tx22c7ce4003474033b12f3-0069a1d3f8 - 0.0190 - - 1772213240.517775059 1772213240.536747217 0
Feb 27 17:27:20 standalone container-server[128019]: 172.20.0.100 - - [27/Feb/2026:17:27:20 +0000] "PUT /d1/425/AUTH_15f500f17d33431487a9bf6c87cdb03e/gnocchi.89485282-dca1-40d5-badd-8bfbc8ad17fa/none_v3" 201 - "PUT http://172.18.0.2:8080/d1/516/AUTH_15f500f17d33431487a9bf6c87cdb03e/gnocchi.89485282-dca1-40d5-badd-8bfbc8ad17fa/none_v3" "tx06a7bf127ced46ba8d605-0069a1d3f8" "object-server 24" 0.0004 "-" 21 0
Feb 27 17:27:20 standalone object-server[128169]: 172.20.0.100 - - [27/Feb/2026:17:27:20 +0000] "PUT /d1/516/AUTH_15f500f17d33431487a9bf6c87cdb03e/gnocchi.89485282-dca1-40d5-badd-8bfbc8ad17fa/none_v3" 201 - "PUT http://172.18.0.2:8080/v1/AUTH_15f500f17d33431487a9bf6c87cdb03e/gnocchi.89485282-dca1-40d5-badd-8bfbc8ad17fa/none_v3" "tx06a7bf127ced46ba8d605-0069a1d3f8" "proxy-server 20" 0.0087 "-" 24 0
Feb 27 17:27:20 standalone proxy-server[129990]: 172.18.0.2 172.18.0.100 27/Feb/2026/17/27/20 PUT /v1/AUTH_15f500f17d33431487a9bf6c87cdb03e/gnocchi.89485282-dca1-40d5-badd-8bfbc8ad17fa/none_v3 HTTP/1.0 201 - python-swiftclient-3.11.1 gAAAAABpodN61as7... 32 - - tx06a7bf127ced46ba8d605-0069a1d3f8 - 0.0159 - - 1772213240.540222168 1772213240.556083679 0
Feb 27 17:27:23 standalone container-server[128024]: 172.20.0.100 - - [27/Feb/2026:17:27:23 +0000] "HEAD /d1/259/AUTH_15f500f17d33431487a9bf6c87cdb03e/gnocchi.8a91b1a9-2e26-47c4-8c6c-76251bac376d" 404 - "HEAD http://172.18.0.2:8080/v1/AUTH_15f500f17d33431487a9bf6c87cdb03e/gnocchi.8a91b1a9-2e26-47c4-8c6c-76251bac376d?format=json&states=listing" "tx02276664c35e44c9a962f-0069a1d3fb" "proxy-server 20" 0.0009 "-" 22 0
Feb 27 17:27:23 standalone object-server[128169]: 172.20.0.100 - - [27/Feb/2026:17:27:23 +0000] "GET /d1/1019/AUTH_15f500f17d33431487a9bf6c87cdb03e/gnocchi.8a91b1a9-2e26-47c4-8c6c-76251bac376d/none_v3" 404 70 "GET http://172.18.0.2:8080/v1/AUTH_15f500f17d33431487a9bf6c87cdb03e/gnocchi.8a91b1a9-2e26-47c4-8c6c-76251bac376d/none_v3" "tx02276664c35e44c9a962f-0069a1d3fb" "proxy-server 20" 0.0009 "-" 24 0
Feb 27 17:27:23 standalone proxy-server[129990]: 172.18.0.2 172.18.0.100 27/Feb/2026/17/27/23 GET /v1/AUTH_15f500f17d33431487a9bf6c87cdb03e/gnocchi.8a91b1a9-2e26-47c4-8c6c-76251bac376d/none_v3 HTTP/1.0 404 - python-swiftclient-3.11.1 gAAAAABpodN61as7... - 70 - tx02276664c35e44c9a962f-0069a1d3fb - 0.0201 - - 1772213243.699877739 1772213243.719966650 0
Feb 27 17:27:23 standalone account-server[128003]: 172.20.0.100 - - [27/Feb/2026:17:27:23 +0000] "PUT /d1/518/AUTH_15f500f17d33431487a9bf6c87cdb03e/gnocchi.8a91b1a9-2e26-47c4-8c6c-76251bac376d" 201 - "PUT http://172.20.0.100:6001/d1/259/AUTH_15f500f17d33431487a9bf6c87cdb03e/gnocchi.8a91b1a9-2e26-47c4-8c6c-76251bac376d" "txd3d13d2c8b374e068cb59-0069a1d3fb" "container-server 21" 0.0028 "-" 20 0
Feb 27 17:27:23 standalone container-server[128019]: 172.20.0.100 - - [27/Feb/2026:17:27:23 +0000] "PUT /d1/259/AUTH_15f500f17d33431487a9bf6c87cdb03e/gnocchi.8a91b1a9-2e26-47c4-8c6c-76251bac376d" 201 - "PUT http://172.18.0.2:8080/v1/AUTH_15f500f17d33431487a9bf6c87cdb03e/gnocchi.8a91b1a9-2e26-47c4-8c6c-76251bac376d" "txd3d13d2c8b374e068cb59-0069a1d3fb" "proxy-server 20" 0.0199 "-" 21 0
Feb 27 17:27:23 standalone proxy-server[129990]: 172.18.0.2 172.18.0.100 27/Feb/2026/17/27/23 PUT /v1/AUTH_15f500f17d33431487a9bf6c87cdb03e/gnocchi.8a91b1a9-2e26-47c4-8c6c-76251bac376d HTTP/1.0 201 - python-swiftclient-3.11.1 gAAAAABpodN61as7... - - - txd3d13d2c8b374e068cb59-0069a1d3fb - 0.0300 - - 1772213243.726822376 1772213243.756843567 0
Feb 27 17:27:23 standalone container-server[128024]: 172.20.0.100 - - [27/Feb/2026:17:27:23 +0000] "HEAD /d1/259/AUTH_15f500f17d33431487a9bf6c87cdb03e/gnocchi.8a91b1a9-2e26-47c4-8c6c-76251bac376d" 204 - "HEAD http://172.18.0.2:8080/v1/AUTH_15f500f17d33431487a9bf6c87cdb03e/gnocchi.8a91b1a9-2e26-47c4-8c6c-76251bac376d?format=json&states=listing" "txb265f9151e8d4eaa99a55-0069a1d3fb" "proxy-server 20" 0.0033 "-" 22 0
Feb 27 17:27:23 standalone proxy-server[129990]: - - 27/Feb/2026/17/27/23 HEAD /v1/AUTH_15f500f17d33431487a9bf6c87cdb03e/gnocchi.8a91b1a9-2e26-47c4-8c6c-76251bac376d%3Fformat%3Djson%26states%3Dlisting HTTP/1.0 204 - Swift - - - - txb265f9151e8d4eaa99a55-0069a1d3fb - 0.0104 RL - 1772213243.767171860 1772213243.777579069 0
Feb 27 17:27:23 standalone container-server[128024]: 172.20.0.100 - - [27/Feb/2026:17:27:23 +0000] "GET /d1/259/AUTH_15f500f17d33431487a9bf6c87cdb03e/gnocchi.8a91b1a9-2e26-47c4-8c6c-76251bac376d" 200 2 "GET http://172.18.0.2:8080/v1/AUTH_15f500f17d33431487a9bf6c87cdb03e/gnocchi.8a91b1a9-2e26-47c4-8c6c-76251bac376d?format=json&states=listing" "txb265f9151e8d4eaa99a55-0069a1d3fb" "proxy-server 20" 0.0073 "-" 22 0
Feb 27 17:27:23 standalone proxy-server[129990]: 172.18.0.2 172.18.0.100 27/Feb/2026/17/27/23 GET /v1/AUTH_15f500f17d33431487a9bf6c87cdb03e/gnocchi.8a91b1a9-2e26-47c4-8c6c-76251bac376d%3Fformat%3Djson%26states%3Dlisting HTTP/1.0 200 - python-swiftclient-3.11.1 gAAAAABpodN61as7... - 2 - txb265f9151e8d4eaa99a55-0069a1d3fb - 0.0319 - - 1772213243.764776230 1772213243.796630621 0
Feb 27 17:27:23 standalone object-server[128169]: 172.20.0.100 - - [27/Feb/2026:17:27:23 +0000] "GET /d1/138/AUTH_15f500f17d33431487a9bf6c87cdb03e/gnocchi.8a91b1a9-2e26-47c4-8c6c-76251bac376d/1771200000.0_mean_300.0_v3" 404 70 "GET http://172.18.0.2:8080/v1/AUTH_15f500f17d33431487a9bf6c87cdb03e/gnocchi.8a91b1a9-2e26-47c4-8c6c-76251bac376d/1771200000.0_mean_300.0_v3" "tx98041394344a4a6a88b1a-0069a1d3fb" "proxy-server 20" 0.0004 "-" 24 0
Feb 27 17:27:23 standalone proxy-server[129990]: 172.18.0.2 172.18.0.100 27/Feb/2026/17/27/23 GET /v1/AUTH_15f500f17d33431487a9bf6c87cdb03e/gnocchi.8a91b1a9-2e26-47c4-8c6c-76251bac376d/1771200000.0_mean_300.0_v3 HTTP/1.0 404 - python-swiftclient-3.11.1 gAAAAABpodN61as7... - 70 - tx98041394344a4a6a88b1a-0069a1d3fb - 0.0096 - - 1772213243.801434278 1772213243.811084270 0
