Feb 19 22:37:49 standalone account-server[123219]: Starting 2
Feb 19 22:37:49 standalone container-server[123230]: Option allow_versions is deprecated. Configure the versioned_writes middleware in the proxy-server instead. This option will be ignored in a future release.
Feb 19 22:37:49 standalone container-server[123591]: Option allow_versions is deprecated. Configure the versioned_writes middleware in the proxy-server instead. This option will be ignored in a future release.
Feb 19 22:37:49 standalone container-server[123230]: Started child 20 from parent 2
Feb 19 22:37:49 standalone container-server[123602]: Option allow_versions is deprecated. Configure the versioned_writes middleware in the proxy-server instead. This option will be ignored in a future release.
Feb 19 22:37:49 standalone container-server[123230]: Started child 21 from parent 2
Feb 19 22:37:49 standalone container-server[123606]: Option allow_versions is deprecated. Configure the versioned_writes middleware in the proxy-server instead. This option will be ignored in a future release.
Feb 19 22:37:49 standalone container-server[123230]: Started child 22 from parent 2
Feb 19 22:37:49 standalone container-server[123616]: Option allow_versions is deprecated. Configure the versioned_writes middleware in the proxy-server instead. This option will be ignored in a future release.
Feb 19 22:37:49 standalone container-server[123230]: Started child 23 from parent 2
Feb 19 22:37:49 standalone account-server[123340]: Started child 20 from parent 2
Feb 19 22:37:49 standalone account-server[123340]: Started child 21 from parent 2
Feb 19 22:37:49 standalone account-server[123340]: Started child 22 from parent 2
Feb 19 22:37:49 standalone account-server[123340]: Started child 23 from parent 2
Feb 19 22:37:49 standalone container-server[123619]: Starting 2
Feb 19 22:37:50 standalone object-expirer[123634]: Starting 2
Feb 19 22:37:50 standalone object-expirer[123634]: Option auto_create_account_prefix is deprecated. Configure auto_create_account_prefix under the swift-constraints section of swift.conf. This option will be ignored in a future release.
Feb 19 22:37:50 standalone object-server[123675]: Starting 2
Feb 19 22:37:50 standalone object-server[123721]: Started child 20 from parent 2
Feb 19 22:37:50 standalone object-server[123721]: Started child 21 from parent 2
Feb 19 22:37:50 standalone object-server[123721]: Started child 22 from parent 2
Feb 19 22:37:50 standalone object-server[123721]: Started child 23 from parent 2
Feb 19 22:37:56 standalone proxy-server[125412]: Starting Keystone auth_token middleware
Feb 19 22:37:56 standalone proxy-server[125412]: AuthToken middleware is set with keystone_authtoken.service_token_roles_required set to False. This is backwards compatible but deprecated behaviour. Please set this to True.
Feb 19 22:37:56 standalone proxy-server[125697]: Starting Keystone auth_token middleware
Feb 19 22:37:56 standalone proxy-server[125697]: STDERR: The option "bind_port" is not known to keystonemiddleware
Feb 19 22:37:56 standalone proxy-server[125697]: STDERR: The option "workers" is not known to keystonemiddleware
Feb 19 22:37:56 standalone proxy-server[125697]: STDERR: The option "user" is not known to keystonemiddleware
Feb 19 22:37:56 standalone proxy-server[125697]: STDERR: The option "bind_ip" is not known to keystonemiddleware
Feb 19 22:37:56 standalone proxy-server[125697]: STDERR: The option "log_name" is not known to keystonemiddleware
Feb 19 22:37:56 standalone proxy-server[125697]: STDERR: The option "log_facility" is not known to keystonemiddleware
Feb 19 22:37:56 standalone proxy-server[125697]: STDERR: The option "log_level" is not known to keystonemiddleware
Feb 19 22:37:56 standalone proxy-server[125697]: STDERR: The option "log_headers" is not known to keystonemiddleware
Feb 19 22:37:56 standalone proxy-server[125697]: STDERR: The option "log_address" is not known to keystonemiddleware
Feb 19 22:37:56 standalone proxy-server[125697]: STDERR: The option "project_name" is not known to keystonemiddleware
Feb 19 22:37:56 standalone proxy-server[125697]: STDERR: The option "username" is not known to keystonemiddleware
Feb 19 22:37:56 standalone proxy-server[125697]: STDERR: The option "password" is not known to keystonemiddleware
Feb 19 22:37:56 standalone proxy-server[125697]: STDERR: The option "auth_url" is not known to keystonemiddleware
Feb 19 22:37:56 standalone proxy-server[125697]: STDERR: The option "signing_dir" is not known to keystonemiddleware
Feb 19 22:37:56 standalone proxy-server[125697]: STDERR: The option "project_domain_id" is not known to keystonemiddleware
Feb 19 22:37:56 standalone proxy-server[125697]: STDERR: The option "user_domain_id" is not known to keystonemiddleware
Feb 19 22:37:56 standalone proxy-server[125697]: STDERR: The option "__name__" is not known to keystonemiddleware
Feb 19 22:37:56 standalone proxy-server[125697]: AuthToken middleware is set with keystone_authtoken.service_token_roles_required set to False. This is backwards compatible but deprecated behaviour. Please set this to True.
Feb 19 22:37:56 standalone proxy-server[125412]: Started child 21 from parent 2
Feb 19 22:38:20 standalone object-server[123675]: Begin object update sweep
Feb 19 22:38:20 standalone object-server[128668]: Object update sweep starting on /srv/node/d1 (pid: 11)
Feb 19 22:38:20 standalone object-server[128668]: Object update sweep completed on /srv/node/d1 in 0.00s seconds:, 0 successes, 0 failures, 0 quarantines, 0 unlinks, 0 errors, 0 redirects (pid: 11)
Feb 19 22:38:20 standalone object-server[128668]: Object update sweep of d1 completed: 0.00s, 0 successes, 0 failures, 0 quarantines, 0 unlinks, 0 errors, 0 redirects
Feb 19 22:38:20 standalone object-server[123675]: Object update sweep completed: 0.08s
Feb 19 22:39:06 standalone account-server[123665]: 172.20.0.100 - - [19/Feb/2026:22:39:06 +0000] "HEAD /d1/137/.expiring_objects" 404 - "HEAD http://localhost/v1/.expiring_objects?format=json" "txe47411fb3dd8433ebf9d2-006997910a" "proxy-server 2" 0.0017 "-" 22 -
Feb 19 22:39:06 standalone object-expirer[123634]: Pass completed in 0s; 0 objects expired (txn: txe47411fb3dd8433ebf9d2-006997910a)
Feb 19 22:39:22 standalone account-server[123657]: 172.20.0.100 - - [19/Feb/2026:22:39:22 +0000] "HEAD /d1/137/.expiring_objects" 404 - "HEAD http://localhost/v1/.expiring_objects?format=json" "txe465813ba9354150842c6-006997911a" "proxy-server 2" 0.0015 "-" 20 -
Feb 19 22:39:22 standalone object-expirer[123634]: Pass completed in 0s; 0 objects expired (txn: txe465813ba9354150842c6-006997911a)
Feb 19 22:39:33 standalone container-server[123619]: Begin container update sweep
Feb 19 22:39:33 standalone container-server[123619]: Container update sweep completed: 0.00s
Feb 19 22:41:27 standalone account-server[123666]: 172.20.0.100 - - [19/Feb/2026:22:41:27 +0000] "HEAD /d1/137/.expiring_objects" 404 - "HEAD http://localhost/v1/.expiring_objects?format=json" "tx9a65b2c731304ab18be34-0069979197" "proxy-server 2" 0.0020 "-" 23 -
Feb 19 22:41:27 standalone object-expirer[123634]: Pass completed in 0s; 0 objects expired (txn: tx9a65b2c731304ab18be34-0069979197)
Feb 19 22:43:21 standalone object-server[123675]: Begin object update sweep
Feb 19 22:43:21 standalone object-server[162822]: Object update sweep starting on /srv/node/d1 (pid: 13)
Feb 19 22:43:21 standalone object-server[162822]: Object update sweep completed on /srv/node/d1 in 0.00s seconds:, 0 successes, 0 failures, 0 quarantines, 0 unlinks, 0 errors, 0 redirects (pid: 13)
Feb 19 22:43:21 standalone object-server[162822]: Object update sweep of d1 completed: 0.00s, 0 successes, 0 failures, 0 quarantines, 0 unlinks, 0 errors, 0 redirects
Feb 19 22:43:21 standalone object-server[123675]: Object update sweep completed: 0.08s
Feb 19 22:44:21 standalone account-server[123665]: 172.20.0.100 - - [19/Feb/2026:22:44:21 +0000] "HEAD /d1/391/AUTH_f9d071aef7c9482087fa717fc5039b4f" 404 - "HEAD http://localhost:8080/v1/AUTH_f9d071aef7c9482087fa717fc5039b4f?format=json" "tx659b40845fbf432ba26a0-0069979245" "proxy-server 21" 0.0004 "-" 22 -
Feb 19 22:44:21 standalone proxy-server[125697]: - - 19/Feb/2026/22/44/21 HEAD /v1/AUTH_f9d071aef7c9482087fa717fc5039b4f%3Fformat%3Djson HTTP/1.0 200 - Swift - - - - tx659b40845fbf432ba26a0-0069979245 - 0.0061 RL - 1771541061.495233774 1771541061.501336813 -
Feb 19 22:44:21 standalone proxy-server[125697]: 172.18.0.2 ::1 19/Feb/2026/22/44/21 HEAD /v1/AUTH_f9d071aef7c9482087fa717fc5039b4f/glance%3Fformat%3Djson HTTP/1.0 404 - python-swiftclient-3.11.1 gAAAAABpl5JFtzzV... - - - tx659b40845fbf432ba26a0-0069979245 - 0.4759 - - 1771541061.489298582 1771541061.965176821 -
Feb 19 22:44:21 standalone account-server[123661]: 172.20.0.100 - - [19/Feb/2026:22:44:21 +0000] "PUT /d1/391/AUTH_f9d071aef7c9482087fa717fc5039b4f" 201 - "-" "tx6abd0293d3ce47bda0262-0069979245" "-" 0.0186 "-" 21 -
Feb 19 22:44:21 standalone proxy-server[125697]: autocreate account '/AUTH_f9d071aef7c9482087fa717fc5039b4f' (txn: tx6abd0293d3ce47bda0262-0069979245)
Feb 19 22:44:22 standalone account-server[123666]: 172.20.0.100 - - [19/Feb/2026:22:44:22 +0000] "HEAD /d1/391/AUTH_f9d071aef7c9482087fa717fc5039b4f" 204 - "HEAD http://localhost:8080/v1/AUTH_f9d071aef7c9482087fa717fc5039b4f?format=json" "tx6abd0293d3ce47bda0262-0069979245" "proxy-server 21" 0.0024 "-" 23 -
Feb 19 22:44:22 standalone account-server[123666]: 172.20.0.100 - - [19/Feb/2026:22:44:22 +0000] "PUT /d1/391/AUTH_f9d071aef7c9482087fa717fc5039b4f/glance" 201 - "PUT http://172.20.0.100:6001/d1/11/AUTH_f9d071aef7c9482087fa717fc5039b4f/glance" "tx6abd0293d3ce47bda0262-0069979245" "container-server 23" 0.0019 "-" 23 0
Feb 19 22:44:22 standalone container-server[123616]: 172.20.0.100 - - [19/Feb/2026:22:44:22 +0000] "PUT /d1/11/AUTH_f9d071aef7c9482087fa717fc5039b4f/glance" 201 - "PUT http://localhost:8080/v1/AUTH_f9d071aef7c9482087fa717fc5039b4f/glance" "tx6abd0293d3ce47bda0262-0069979245" "proxy-server 21" 0.0116 "-" 23 0
Feb 19 22:44:22 standalone proxy-server[125697]: 172.18.0.2 ::1 19/Feb/2026/22/44/22 PUT /v1/AUTH_f9d071aef7c9482087fa717fc5039b4f/glance HTTP/1.0 201 - python-swiftclient-3.11.1 gAAAAABpl5JFtzzV... - - - tx6abd0293d3ce47bda0262-0069979245 - 0.0489 - - 1771541061.970078468 1771541062.018965244 0
Feb 19 22:44:22 standalone container-server[123591]: 172.20.0.100 - - [19/Feb/2026:22:44:22 +0000] "HEAD /d1/11/AUTH_f9d071aef7c9482087fa717fc5039b4f/glance" 204 - "HEAD http://localhost:8080/v1/AUTH_f9d071aef7c9482087fa717fc5039b4f/glance?format=json&states=listing" "tx50fe7d2d596d4f9683bbd-0069979246" "proxy-server 21" 0.0128 "-" 20 0
Feb 19 22:44:22 standalone proxy-server[125697]: - - 19/Feb/2026/22/44/22 HEAD /v1/AUTH_f9d071aef7c9482087fa717fc5039b4f/glance%3Fformat%3Djson%26states%3Dlisting HTTP/1.0 204 - Swift - - - - tx50fe7d2d596d4f9683bbd-0069979246 - 0.0223 RL - 1771541062.025400162 1771541062.047713041 0
Feb 19 22:44:33 standalone container-server[123619]: Begin container update sweep
Feb 19 22:44:33 standalone account-server[123661]: 172.20.0.100 - - [19/Feb/2026:22:44:33 +0000] "PUT /d1/391/AUTH_f9d071aef7c9482087fa717fc5039b4f/glance" 201 - "-" "-" "container-updater 2" 0.0008 "-" 21 0
Feb 19 22:44:33 standalone container-server[123619]: Container update sweep completed: 0.09s
Feb 19 22:44:41 standalone container-server[123606]: 172.20.0.100 - - [19/Feb/2026:22:44:41 +0000] "PUT /d1/11/AUTH_f9d071aef7c9482087fa717fc5039b4f/glance/cfd2c5d0-5320-477b-ab64-b143a05a93ae" 201 - "PUT http://localhost:8080/d1/936/AUTH_f9d071aef7c9482087fa717fc5039b4f/glance/cfd2c5d0-5320-477b-ab64-b143a05a93ae" "tx50fe7d2d596d4f9683bbd-0069979246" "object-server 23" 0.0014 "-" 22 0
Feb 19 22:44:41 standalone object-server[123833]: 172.20.0.100 - - [19/Feb/2026:22:44:41 +0000] "PUT /d1/936/AUTH_f9d071aef7c9482087fa717fc5039b4f/glance/cfd2c5d0-5320-477b-ab64-b143a05a93ae" 201 - "PUT http://localhost:8080/v1/AUTH_f9d071aef7c9482087fa717fc5039b4f/glance/cfd2c5d0-5320-477b-ab64-b143a05a93ae" "tx50fe7d2d596d4f9683bbd-0069979246" "proxy-server 21" 18.9995 "-" 23 0
Feb 19 22:44:41 standalone proxy-server[125697]: 172.18.0.2 ::1 19/Feb/2026/22/44/41 PUT /v1/AUTH_f9d071aef7c9482087fa717fc5039b4f/glance/cfd2c5d0-5320-477b-ab64-b143a05a93ae HTTP/1.0 201 - python-swiftclient-3.11.1 gAAAAABpl5JFtzzV... 1481900032 - - tx50fe7d2d596d4f9683bbd-0069979246 - 19.0417 - - 1771541062.023736238 1771541081.065415382 0
Feb 19 22:45:08 standalone account-server[123666]: 172.20.0.100 - - [19/Feb/2026:22:45:08 +0000] "HEAD /d1/137/.expiring_objects" 404 - "HEAD http://localhost/v1/.expiring_objects?format=json" "tx9e364888ec0a4ccd9f280-0069979274" "proxy-server 2" 0.0007 "-" 23 -
Feb 19 22:45:08 standalone object-expirer[123634]: Pass completed in 0s; 0 objects expired (txn: tx9e364888ec0a4ccd9f280-0069979274)
Feb 19 22:48:21 standalone object-server[123675]: Begin object update sweep
Feb 19 22:48:21 standalone object-server[202111]: Object update sweep starting on /srv/node/d1 (pid: 14)
Feb 19 22:48:21 standalone object-server[202111]: Object update sweep completed on /srv/node/d1 in 0.00s seconds:, 0 successes, 0 failures, 0 quarantines, 0 unlinks, 0 errors, 0 redirects (pid: 14)
Feb 19 22:48:21 standalone object-server[202111]: Object update sweep of d1 completed: 0.00s, 0 successes, 0 failures, 0 quarantines, 0 unlinks, 0 errors, 0 redirects
Feb 19 22:48:21 standalone object-server[123675]: Object update sweep completed: 0.08s
Feb 19 22:49:06 standalone account-server[123665]: 172.20.0.100 - - [19/Feb/2026:22:49:06 +0000] "HEAD /d1/137/.expiring_objects" 404 - "HEAD http://localhost/v1/.expiring_objects?format=json" "txd35470a1fb9248f6af84b-0069979362" "proxy-server 2" 0.0013 "-" 22 -
Feb 19 22:49:06 standalone object-expirer[123634]: Pass completed in 0s; 0 objects expired (txn: txd35470a1fb9248f6af84b-0069979362)
Feb 19 22:49:30 standalone account-server[123657]: 172.20.0.100 - - [19/Feb/2026:22:49:30 +0000] "HEAD /d1/391/AUTH_f9d071aef7c9482087fa717fc5039b4f" 204 - "HEAD http://localhost:8080/v1/AUTH_f9d071aef7c9482087fa717fc5039b4f?format=json" "tx7aa655c590794f9bbe9a7-006997937a" "proxy-server 21" 0.0076 "-" 20 -
Feb 19 22:49:30 standalone proxy-server[125697]: - - 19/Feb/2026/22/49/30 HEAD /v1/AUTH_f9d071aef7c9482087fa717fc5039b4f%3Fformat%3Djson HTTP/1.0 204 - Swift - - - - tx7aa655c590794f9bbe9a7-006997937a - 0.0177 RL - 1771541370.468772173 1771541370.486427307 -
Feb 19 22:49:30 standalone container-server[123591]: 172.20.0.100 - - [19/Feb/2026:22:49:30 +0000] "HEAD /d1/11/AUTH_f9d071aef7c9482087fa717fc5039b4f/glance" 204 - "HEAD http://localhost:8080/v1/AUTH_f9d071aef7c9482087fa717fc5039b4f/glance?format=json&states=listing" "tx7aa655c590794f9bbe9a7-006997937a" "proxy-server 21" 0.0161 "-" 20 0
Feb 19 22:49:30 standalone proxy-server[125697]: 172.18.0.2 ::1 19/Feb/2026/22/49/30 HEAD /v1/AUTH_f9d071aef7c9482087fa717fc5039b4f/glance%3Fformat%3Djson%26states%3Dlisting HTTP/1.0 204 - python-swiftclient-3.11.1 gAAAAABpl5N6ufnd... - - - tx7aa655c590794f9bbe9a7-006997937a - 0.1188 - - 1771541370.464880466 1771541370.583719969 0
Feb 19 22:49:33 standalone container-server[123619]: Begin container update sweep
Feb 19 22:49:33 standalone account-server[123661]: 172.20.0.100 - - [19/Feb/2026:22:49:33 +0000] "PUT /d1/391/AUTH_f9d071aef7c9482087fa717fc5039b4f/glance" 201 - "-" "-" "container-updater 2" 0.0009 "-" 21 0
Feb 19 22:49:33 standalone container-server[123591]: 172.20.0.100 - - [19/Feb/2026:22:49:33 +0000] "PUT /d1/11/AUTH_f9d071aef7c9482087fa717fc5039b4f/glance/12769d57-ee17-4f36-ab7c-e53d31ba1ccf-00001" 201 - "PUT http://localhost:8080/d1/111/AUTH_f9d071aef7c9482087fa717fc5039b4f/glance/12769d57-ee17-4f36-ab7c-e53d31ba1ccf-00001" "tx8b20eefab162442b9a319-006997937a" "object-server 22" 0.0008 "-" 20 0
Feb 19 22:49:33 standalone object-server[123828]: 172.20.0.100 - - [19/Feb/2026:22:49:33 +0000] "PUT /d1/111/AUTH_f9d071aef7c9482087fa717fc5039b4f/glance/12769d57-ee17-4f36-ab7c-e53d31ba1ccf-00001" 201 - "PUT http://localhost:8080/v1/AUTH_f9d071aef7c9482087fa717fc5039b4f/glance/12769d57-ee17-4f36-ab7c-e53d31ba1ccf-00001" "tx8b20eefab162442b9a319-006997937a" "proxy-server 21" 3.1078 "-" 22 0
Feb 19 22:49:33 standalone proxy-server[125697]: 172.18.0.2 ::1 19/Feb/2026/22/49/33 PUT /v1/AUTH_f9d071aef7c9482087fa717fc5039b4f/glance/12769d57-ee17-4f36-ab7c-e53d31ba1ccf-00001 HTTP/1.0 201 - python-swiftclient-3.11.1 gAAAAABpl5N6ufnd... 21692416 - - tx8b20eefab162442b9a319-006997937a - 3.1253 - - 1771541370.592855453 1771541373.718137264 0
Feb 19 22:49:33 standalone container-server[123606]: 172.20.0.100 - - [19/Feb/2026:22:49:33 +0000] "PUT /d1/11/AUTH_f9d071aef7c9482087fa717fc5039b4f/glance/12769d57-ee17-4f36-ab7c-e53d31ba1ccf" 201 - "PUT http://localhost:8080/d1/924/AUTH_f9d071aef7c9482087fa717fc5039b4f/glance/12769d57-ee17-4f36-ab7c-e53d31ba1ccf" "tx3dfb901b9d3f453db44e7-006997937d" "object-server 22" 0.0010 "-" 22 0
Feb 19 22:49:33 standalone object-server[123828]: 172.20.0.100 - - [19/Feb/2026:22:49:33 +0000] "PUT /d1/924/AUTH_f9d071aef7c9482087fa717fc5039b4f/glance/12769d57-ee17-4f36-ab7c-e53d31ba1ccf" 201 - "PUT http://localhost:8080/v1/AUTH_f9d071aef7c9482087fa717fc5039b4f/glance/12769d57-ee17-4f36-ab7c-e53d31ba1ccf" "tx3dfb901b9d3f453db44e7-006997937d" "proxy-server 21" 0.0092 "-" 22 0
Feb 19 22:49:33 standalone proxy-server[125697]: 172.18.0.2 ::1 19/Feb/2026/22/49/33 PUT /v1/AUTH_f9d071aef7c9482087fa717fc5039b4f/glance/12769d57-ee17-4f36-ab7c-e53d31ba1ccf HTTP/1.0 201 - python-swiftclient-3.11.1 gAAAAABpl5N6ufnd... - - - tx3dfb901b9d3f453db44e7-006997937d - 0.0154 - - 1771541373.724153519 1771541373.739557981 0
Feb 19 22:49:33 standalone container-server[123619]: Container update sweep completed: 0.09s
Feb 19 22:49:34 standalone container-server[123616]: 172.20.0.100 - - [19/Feb/2026:22:49:34 +0000] "HEAD /d1/766/AUTH_f9d071aef7c9482087fa717fc5039b4f/gnocchi.9ba05cf0-7096-4053-8843-ad6244c8a1bf" 404 - "HEAD http://localhost:8080/v1/AUTH_f9d071aef7c9482087fa717fc5039b4f/gnocchi.9ba05cf0-7096-4053-8843-ad6244c8a1bf?format=json&states=listing" "txa8d605f7c24c49f29fdf5-006997937e" "proxy-server 21" 0.0007 "-" 23 0
Feb 19 22:49:34 standalone object-server[123828]: 172.20.0.100 - - [19/Feb/2026:22:49:34 +0000] "GET /d1/1011/AUTH_f9d071aef7c9482087fa717fc5039b4f/gnocchi.9ba05cf0-7096-4053-8843-ad6244c8a1bf/none_v3" 404 70 "GET http://localhost:8080/v1/AUTH_f9d071aef7c9482087fa717fc5039b4f/gnocchi.9ba05cf0-7096-4053-8843-ad6244c8a1bf/none_v3" "txa8d605f7c24c49f29fdf5-006997937e" "proxy-server 21" 0.0005 "-" 22 0
Feb 19 22:49:34 standalone proxy-server[125697]: 172.18.0.2 ::1 19/Feb/2026/22/49/34 GET /v1/AUTH_f9d071aef7c9482087fa717fc5039b4f/gnocchi.9ba05cf0-7096-4053-8843-ad6244c8a1bf/none_v3 HTTP/1.0 404 - python-swiftclient-3.11.1 gAAAAABpl5N-UZqp... - 70 - txa8d605f7c24c49f29fdf5-006997937e - 0.0338 - - 1771541374.352905512 1771541374.386731863 0
Feb 19 22:49:34 standalone account-server[123665]: 172.20.0.100 - - [19/Feb/2026:22:49:34 +0000] "PUT /d1/391/AUTH_f9d071aef7c9482087fa717fc5039b4f/gnocchi.9ba05cf0-7096-4053-8843-ad6244c8a1bf" 201 - "PUT http://172.20.0.100:6001/d1/766/AUTH_f9d071aef7c9482087fa717fc5039b4f/gnocchi.9ba05cf0-7096-4053-8843-ad6244c8a1bf" "tx72a0187d8824465aadd55-006997937e" "container-server 22" 0.0059 "-" 22 0
Feb 19 22:49:34 standalone container-server[123606]: 172.20.0.100 - - [19/Feb/2026:22:49:34 +0000] "PUT /d1/766/AUTH_f9d071aef7c9482087fa717fc5039b4f/gnocchi.9ba05cf0-7096-4053-8843-ad6244c8a1bf" 201 - "PUT http://localhost:8080/v1/AUTH_f9d071aef7c9482087fa717fc5039b4f/gnocchi.9ba05cf0-7096-4053-8843-ad6244c8a1bf" "tx72a0187d8824465aadd55-006997937e" "proxy-server 21" 0.0253 "-" 22 0
Feb 19 22:49:34 standalone proxy-server[125697]: 172.18.0.2 ::1 19/Feb/2026/22/49/34 PUT /v1/AUTH_f9d071aef7c9482087fa717fc5039b4f/gnocchi.9ba05cf0-7096-4053-8843-ad6244c8a1bf HTTP/1.0 201 - python-swiftclient-3.11.1 gAAAAABpl5N-UZqp... - - - tx72a0187d8824465aadd55-006997937e - 0.0316 - - 1771541374.390357971 1771541374.421967983 0
Feb 19 22:49:34 standalone container-server[123591]: 172.20.0.100 - - [19/Feb/2026:22:49:34 +0000] "HEAD /d1/766/AUTH_f9d071aef7c9482087fa717fc5039b4f/gnocchi.9ba05cf0-7096-4053-8843-ad6244c8a1bf" 204 - "HEAD http://localhost:8080/v1/AUTH_f9d071aef7c9482087fa717fc5039b4f/gnocchi.9ba05cf0-7096-4053-8843-ad6244c8a1bf?format=json&states=listing" "tx22a05e9490064004a5d68-006997937e" "proxy-server 21" 0.0027 "-" 20 0
Feb 19 22:49:34 standalone proxy-server[125697]: - - 19/Feb/2026/22/49/34 HEAD /v1/AUTH_f9d071aef7c9482087fa717fc5039b4f/gnocchi.9ba05cf0-7096-4053-8843-ad6244c8a1bf%3Fformat%3Djson%26states%3Dlisting HTTP/1.0 204 - Swift - - - - tx22a05e9490064004a5d68-006997937e - 0.0067 RL - 1771541374.430793762 1771541374.437511683 0
Feb 19 22:49:34 standalone container-server[123591]: 172.20.0.100 - - [19/Feb/2026:22:49:34 +0000] "GET /d1/766/AUTH_f9d071aef7c9482087fa717fc5039b4f/gnocchi.9ba05cf0-7096-4053-8843-ad6244c8a1bf" 200 2 "GET http://localhost:8080/v1/AUTH_f9d071aef7c9482087fa717fc5039b4f/gnocchi.9ba05cf0-7096-4053-8843-ad6244c8a1bf?format=json&states=listing" "tx22a05e9490064004a5d68-006997937e" "proxy-server 21" 0.0039 "-" 20 0
Feb 19 22:49:34 standalone proxy-server[125697]: 172.18.0.2 ::1 19/Feb/2026/22/49/34 GET /v1/AUTH_f9d071aef7c9482087fa717fc5039b4f/gnocchi.9ba05cf0-7096-4053-8843-ad6244c8a1bf%3Fformat%3Djson%26states%3Dlisting HTTP/1.0 200 - python-swiftclient-3.11.1 gAAAAABpl5N-UZqp... - 2 - tx22a05e9490064004a5d68-006997937e - 0.0166 - - 1771541374.429920197 1771541374.446555376 0
Feb 19 22:49:34 standalone object-server[123833]: 172.20.0.100 - - [19/Feb/2026:22:49:34 +0000] "GET /d1/222/AUTH_f9d071aef7c9482087fa717fc5039b4f/gnocchi.9ba05cf0-7096-4053-8843-ad6244c8a1bf/1771200000.0_mean_300.0_v3" 404 70 "GET http://localhost:8080/v1/AUTH_f9d071aef7c9482087fa717fc5039b4f/gnocchi.9ba05cf0-7096-4053-8843-ad6244c8a1bf/1771200000.0_mean_300.0_v3" "tx0c72a4b19ccb4ac686746-006997937e" "proxy-server 21" 0.0012 "-" 23 0
Feb 19 22:49:34 standalone proxy-server[125697]: 172.18.0.2 ::1 19/Feb/2026/22/49/34 GET /v1/AUTH_f9d071aef7c9482087fa717fc5039b4f/gnocchi.9ba05cf0-7096-4053-8843-ad6244c8a1bf/1771200000.0_mean_300.0_v3 HTTP/1.0 404 - python-swiftclient-3.11.1 gAAAAABpl5N-UZqp... - 70 - tx0c72a4b19ccb4ac686746-006997937e - 0.0073 - - 1771541374.450650454 1771541374.457987785 0
Feb 19 22:49:34 standalone container-server[123606]: 172.20.0.100 - - [19/Feb/2026:22:49:34 +0000] "PUT /d1/766/AUTH_f9d071aef7c9482087fa717fc5039b4f/gnocchi.9ba05cf0-7096-4053-8843-ad6244c8a1bf/1771200000.0_mean_300.0_v3" 201 - "PUT http://localhost:8080/d1/222/AUTH_f9d071aef7c9482087fa717fc5039b4f/gnocchi.9ba05cf0-7096-4053-8843-ad6244c8a1bf/1771200000.0_mean_300.0_v3" "tx1cc72e28f50c4e35adcaf-006997937e" "object-server 21" 0.0012 "-" 22 0
Feb 19 22:49:34 standalone object-server[123821]: 172.20.0.100 - - [19/Feb/2026:22:49:34 +0000] "PUT /d1/222/AUTH_f9d071aef7c9482087fa717fc5039b4f/gnocchi.9ba05cf0-7096-4053-8843-ad6244c8a1bf/1771200000.0_mean_300.0_v3" 201 - "PUT http://localhost:8080/v1/AUTH_f9d071aef7c9482087fa717fc5039b4f/gnocchi.9ba05cf0-7096-4053-8843-ad6244c8a1bf/1771200000.0_mean_300.0_v3" "tx1cc72e28f50c4e35adcaf-006997937e" "proxy-server 21" 0.0273 "-" 21 0
Feb 19 22:49:34 standalone proxy-server[125697]: 172.18.0.2 ::1 19/Feb/2026/22/49/34 PUT /v1/AUTH_f9d071aef7c9482087fa717fc5039b4f/gnocchi.9ba05cf0-7096-4053-8843-ad6244c8a1bf/1771200000.0_mean_300.0_v3 HTTP/1.0 201 - python-swiftclient-3.11.1 gAAAAABpl5N-UZqp... 16 - - tx1cc72e28f50c4e35adcaf-006997937e - 0.0321 - - 1771541374.461232185 1771541374.493298531 0
Feb 19 22:49:34 standalone container-server[123616]: 172.20.0.100 - - [19/Feb/2026:22:49:34 +0000] "PUT /d1/766/AUTH_f9d071aef7c9482087fa717fc5039b4f/gnocchi.9ba05cf0-7096-4053-8843-ad6244c8a1bf/none_v3" 201 - "PUT http://localhost:8080/d1/1011/AUTH_f9d071aef7c9482087fa717fc5039b4f/gnocchi.9ba05cf0-7096-4053-8843-ad6244c8a1bf/none_v3" "txda52aca474294f568c562-006997937e" "object-server 23" 0.0013 "-" 23 0
Feb 19 22:49:34 standalone object-server[123833]: 172.20.0.100 - - [19/Feb/2026:22:49:34 +0000] "PUT /d1/1011/AUTH_f9d071aef7c9482087fa717fc5039b4f/gnocchi.9ba05cf0-7096-4053-8843-ad6244c8a1bf/none_v3" 201 - "PUT http://localhost:8080/v1/AUTH_f9d071aef7c9482087fa717fc5039b4f/gnocchi.9ba05cf0-7096-4053-8843-ad6244c8a1bf/none_v3" "txda52aca474294f568c562-006997937e" "proxy-server 21" 0.0144 "-" 23 0
Feb 19 22:49:34 standalone proxy-server[125697]: 172.18.0.2 ::1 19/Feb/2026/22/49/34 PUT /v1/AUTH_f9d071aef7c9482087fa717fc5039b4f/gnocchi.9ba05cf0-7096-4053-8843-ad6244c8a1bf/none_v3 HTTP/1.0 201 - python-swiftclient-3.11.1 gAAAAABpl5N-UZqp... 22 - - txda52aca474294f568c562-006997937e - 0.0199 - - 1771541374.497753382 1771541374.517624378 0
Feb 19 22:50:04 standalone object-server[123833]: 172.20.0.100 - - [19/Feb/2026:22:50:04 +0000] "GET /d1/1011/AUTH_f9d071aef7c9482087fa717fc5039b4f/gnocchi.9ba05cf0-7096-4053-8843-ad6244c8a1bf/none_v3" 200 22 "GET http://localhost:8080/v1/AUTH_f9d071aef7c9482087fa717fc5039b4f/gnocchi.9ba05cf0-7096-4053-8843-ad6244c8a1bf/none_v3" "tx7898f4bc3eae4c8db0a30-006997939c" "proxy-server 21" 0.0012 "-" 23 0
Feb 19 22:50:04 standalone proxy-server[125697]: 172.18.0.2 ::1 19/Feb/2026/22/50/04 GET /v1/AUTH_f9d071aef7c9482087fa717fc5039b4f/gnocchi.9ba05cf0-7096-4053-8843-ad6244c8a1bf/none_v3 HTTP/1.0 200 - python-swiftclient-3.11.1 gAAAAABpl5N-UZqp... - 22 - tx7898f4bc3eae4c8db0a30-006997939c - 0.0112 - - 1771541404.086027622 1771541404.097230673 0
Feb 19 22:50:04 standalone container-server[123616]: 172.20.0.100 - - [19/Feb/2026:22:50:04 +0000] "GET /d1/766/AUTH_f9d071aef7c9482087fa717fc5039b4f/gnocchi.9ba05cf0-7096-4053-8843-ad6244c8a1bf" 200 357 "GET http://localhost:8080/v1/AUTH_f9d071aef7c9482087fa717fc5039b4f/gnocchi.9ba05cf0-7096-4053-8843-ad6244c8a1bf?format=json&states=listing" "tx249ce47f6cd843de81dc1-006997939c" "proxy-server 21" 0.0204 "-" 23 0
Feb 19 22:50:04 standalone proxy-server[125697]: 172.18.0.2 ::1 19/Feb/2026/22/50/04 GET /v1/AUTH_f9d071aef7c9482087fa717fc5039b4f/gnocchi.9ba05cf0-7096-4053-8843-ad6244c8a1bf%3Fformat%3Djson%26states%3Dlisting HTTP/1.0 200 - python-swiftclient-3.11.1 gAAAAABpl5N-UZqp... - 357 - tx249ce47f6cd843de81dc1-006997939c - 0.0356 - - 1771541404.104547024 1771541404.140145302 0
Feb 19 22:50:04 standalone container-server[123616]: 172.20.0.100 - - [19/Feb/2026:22:50:04 +0000] "GET /d1/766/AUTH_f9d071aef7c9482087fa717fc5039b4f/gnocchi.9ba05cf0-7096-4053-8843-ad6244c8a1bf" 200 2 "GET http://localhost:8080/v1/AUTH_f9d071aef7c9482087fa717fc5039b4f/gnocchi.9ba05cf0-7096-4053-8843-ad6244c8a1bf?format=json&marker=none_v3&states=listing" "txb26bee029c0549fda9ef8-006997939c" "proxy-server 21" 0.0037 "-" 23 0
Feb 19 22:50:04 standalone proxy-server[125697]: 172.18.0.2 ::1 19/Feb/2026/22/50/04 GET /v1/AUTH_f9d071aef7c9482087fa717fc5039b4f/gnocchi.9ba05cf0-7096-4053-8843-ad6244c8a1bf%3Fformat%3Djson%26marker%3Dnone_v3%26states%3Dlisting HTTP/1.0 200 - python-swiftclient-3.11.1 gAAAAABpl5N-UZqp... - 2 - txb26bee029c0549fda9ef8-006997939c - 0.0139 - - 1771541404.148085833 1771541404.161976337 0
Feb 19 22:50:04 standalone object-server[123828]: 172.20.0.100 - - [19/Feb/2026:22:50:04 +0000] "GET /d1/222/AUTH_f9d071aef7c9482087fa717fc5039b4f/gnocchi.9ba05cf0-7096-4053-8843-ad6244c8a1bf/1771200000.0_mean_300.0_v3" 200 16 "GET http://localhost:8080/v1/AUTH_f9d071aef7c9482087fa717fc5039b4f/gnocchi.9ba05cf0-7096-4053-8843-ad6244c8a1bf/1771200000.0_mean_300.0_v3" "tx02be34710fc14a79abe85-006997939c" "proxy-server 21" 0.0013 "-" 22 0
Feb 19 22:50:04 standalone proxy-server[125697]: 172.18.0.2 ::1 19/Feb/2026/22/50/04 GET /v1/AUTH_f9d071aef7c9482087fa717fc5039b4f/gnocchi.9ba05cf0-7096-4053-8843-ad6244c8a1bf/1771200000.0_mean_300.0_v3 HTTP/1.0 200 - python-swiftclient-3.11.1 gAAAAABpl5N-UZqp... - 16 - tx02be34710fc14a79abe85-006997939c - 0.0134 - - 1771541404.168436050 1771541404.181861639 0
Feb 19 22:50:04 standalone container-server[123602]: 172.20.0.100 - - [19/Feb/2026:22:50:04 +0000] "PUT /d1/766/AUTH_f9d071aef7c9482087fa717fc5039b4f/gnocchi.9ba05cf0-7096-4053-8843-ad6244c8a1bf/1771200000.0_mean_300.0_v3" 201 - "PUT http://localhost:8080/d1/222/AUTH_f9d071aef7c9482087fa717fc5039b4f/gnocchi.9ba05cf0-7096-4053-8843-ad6244c8a1bf/1771200000.0_mean_300.0_v3" "txf5b6cd595dcd43e59d33f-006997939c" "object-server 22" 0.0016 "-" 21 0
Feb 19 22:50:04 standalone object-server[123828]: 172.20.0.100 - - [19/Feb/2026:22:50:04 +0000] "PUT /d1/222/AUTH_f9d071aef7c9482087fa717fc5039b4f/gnocchi.9ba05cf0-7096-4053-8843-ad6244c8a1bf/1771200000.0_mean_300.0_v3" 201 - "PUT http://localhost:8080/v1/AUTH_f9d071aef7c9482087fa717fc5039b4f/gnocchi.9ba05cf0-7096-4053-8843-ad6244c8a1bf/1771200000.0_mean_300.0_v3" "txf5b6cd595dcd43e59d33f-006997939c" "proxy-server 21" 0.0191 "-" 22 0
Feb 19 22:50:04 standalone proxy-server[125697]: 172.18.0.2 ::1 19/Feb/2026/22/50/04 PUT /v1/AUTH_f9d071aef7c9482087fa717fc5039b4f/gnocchi.9ba05cf0-7096-4053-8843-ad6244c8a1bf/1771200000.0_mean_300.0_v3 HTTP/1.0 201 - python-swiftclient-3.11.1 gAAAAABpl5N-UZqp... 16 - - txf5b6cd595dcd43e59d33f-006997939c - 0.0282 - - 1771541404.187148094 1771541404.215373755 0
Feb 19 22:50:04 standalone container-server[123591]: 172.20.0.100 - - [19/Feb/2026:22:50:04 +0000] "PUT /d1/766/AUTH_f9d071aef7c9482087fa717fc5039b4f/gnocchi.9ba05cf0-7096-4053-8843-ad6244c8a1bf/none_v3" 201 - "PUT http://localhost:8080/d1/1011/AUTH_f9d071aef7c9482087fa717fc5039b4f/gnocchi.9ba05cf0-7096-4053-8843-ad6244c8a1bf/none_v3" "txc49ed05b25a241e29a973-006997939c" "object-server 23" 0.0008 "-" 20 0
Feb 19 22:50:04 standalone object-server[123833]: 172.20.0.100 - - [19/Feb/2026:22:50:04 +0000] "PUT /d1/1011/AUTH_f9d071aef7c9482087fa717fc5039b4f/gnocchi.9ba05cf0-7096-4053-8843-ad6244c8a1bf/none_v3" 201 - "PUT http://localhost:8080/v1/AUTH_f9d071aef7c9482087fa717fc5039b4f/gnocchi.9ba05cf0-7096-4053-8843-ad6244c8a1bf/none_v3" "txc49ed05b25a241e29a973-006997939c" "proxy-server 21" 0.0127 "-" 23 0
Feb 19 22:50:04 standalone proxy-server[125697]: 172.18.0.2 ::1 19/Feb/2026/22/50/04 PUT /v1/AUTH_f9d071aef7c9482087fa717fc5039b4f/gnocchi.9ba05cf0-7096-4053-8843-ad6244c8a1bf/none_v3 HTTP/1.0 201 - python-swiftclient-3.11.1 gAAAAABpl5N-UZqp... 32 - - txc49ed05b25a241e29a973-006997939c - 0.0216 - - 1771541404.220481396 1771541404.242130518 0
Feb 19 22:50:37 standalone account-server[123657]: 172.20.0.100 - - [19/Feb/2026:22:50:37 +0000] "HEAD /d1/391/AUTH_f9d071aef7c9482087fa717fc5039b4f" 204 - "HEAD http://localhost:8080/v1/AUTH_f9d071aef7c9482087fa717fc5039b4f?format=json" "tx52f9a3e1bf9a4dafab8bb-00699793bd" "proxy-server 21" 0.0056 "-" 20 -
Feb 19 22:50:37 standalone proxy-server[125697]: - - 19/Feb/2026/22/50/37 HEAD /v1/AUTH_f9d071aef7c9482087fa717fc5039b4f%3Fformat%3Djson HTTP/1.0 204 - Swift - - - - tx52f9a3e1bf9a4dafab8bb-00699793bd - 0.0093 RL - 1771541437.506322384 1771541437.515659332 -
Feb 19 22:50:37 standalone container-server[123616]: 172.20.0.100 - - [19/Feb/2026:22:50:37 +0000] "HEAD /d1/11/AUTH_f9d071aef7c9482087fa717fc5039b4f/glance" 204 - "HEAD http://localhost:8080/v1/AUTH_f9d071aef7c9482087fa717fc5039b4f/glance?format=json&states=listing" "tx52f9a3e1bf9a4dafab8bb-00699793bd" "proxy-server 21" 0.0114 "-" 23 0
Feb 19 22:50:37 standalone object-server[123828]: 172.20.0.100 - - [19/Feb/2026:22:50:37 +0000] "GET /d1/924/AUTH_f9d071aef7c9482087fa717fc5039b4f/glance/12769d57-ee17-4f36-ab7c-e53d31ba1ccf" 200 - "GET http://localhost:8080/v1/AUTH_f9d071aef7c9482087fa717fc5039b4f/glance/12769d57-ee17-4f36-ab7c-e53d31ba1ccf" "tx52f9a3e1bf9a4dafab8bb-00699793bd" "proxy-server 21" 0.0011 "-" 22 0
Feb 19 22:50:37 standalone container-server[123591]: 172.20.0.100 - - [19/Feb/2026:22:50:37 +0000] "GET /d1/11/AUTH_f9d071aef7c9482087fa717fc5039b4f/glance" 200 210 "GET http://localhost:8080/v1/AUTH_f9d071aef7c9482087fa717fc5039b4f/glance?prefix=12769d57-ee17-4f36-ab7c-e53d31ba1ccf-&format=json&states=listing" "tx52f9a3e1bf9a4dafab8bb-00699793bd" "proxy-server 21" 0.0026 "-" 20 0
Feb 19 22:50:37 standalone proxy-server[125697]: - - 19/Feb/2026/22/50/37 GET /v1/AUTH_f9d071aef7c9482087fa717fc5039b4f/glance%3Fprefix%3D12769d57-ee17-4f36-ab7c-e53d31ba1ccf-%26format%3Djson%26states%3Dlisting HTTP/1.0 200 - python-swiftclient-3.11.1%20DLO%20MultipartGET gAAAAABpl5O9k0gx... - 210 - tx52f9a3e1bf9a4dafab8bb-00699793bd - 0.0063 DLO - 1771541437.612458229 1771541437.618801117 0
Feb 19 22:50:37 standalone object-server[123828]: 172.20.0.100 - - [19/Feb/2026:22:50:37 +0000] "GET /d1/111/AUTH_f9d071aef7c9482087fa717fc5039b4f/glance/12769d57-ee17-4f36-ab7c-e53d31ba1ccf-00001" 200 21692416 "GET http://localhost:8080/v1/AUTH_f9d071aef7c9482087fa717fc5039b4f/glance/12769d57-ee17-4f36-ab7c-e53d31ba1ccf-00001?multipart-manifest=get" "tx52f9a3e1bf9a4dafab8bb-00699793bd" "proxy-server 21" 0.0006 "-" 22 0
Feb 19 22:50:37 standalone proxy-server[125697]: - - 19/Feb/2026/22/50/37 GET /v1/AUTH_f9d071aef7c9482087fa717fc5039b4f/glance/12769d57-ee17-4f36-ab7c-e53d31ba1ccf-00001%3Fmultipart-manifest%3Dget HTTP/1.0 200 - python-swiftclient-3.11.1%20%20DLO%20MultipartGET gAAAAABpl5O9k0gx... - 21692416 - tx52f9a3e1bf9a4dafab8bb-00699793bd - 0.1808 DLO - 1771541437.619522333 1771541437.800362825 0
Feb 19 22:50:37 standalone proxy-server[125697]: 172.18.0.2 ::1 19/Feb/2026/22/50/37 GET /v1/AUTH_f9d071aef7c9482087fa717fc5039b4f/glance/12769d57-ee17-4f36-ab7c-e53d31ba1ccf HTTP/1.0 200 - python-swiftclient-3.11.1 gAAAAABpl5O9k0gx... - 21692416 - tx52f9a3e1bf9a4dafab8bb-00699793bd - 0.3019 - - 1771541437.505537271 1771541437.807471275 0
Feb 19 22:50:38 standalone container-server[123606]: 172.20.0.100 - - [19/Feb/2026:22:50:38 +0000] "HEAD /d1/475/AUTH_f9d071aef7c9482087fa717fc5039b4f/gnocchi.403c00db-a100-4078-9559-ef0a4195408b" 404 - "HEAD http://localhost:8080/v1/AUTH_f9d071aef7c9482087fa717fc5039b4f/gnocchi.403c00db-a100-4078-9559-ef0a4195408b?format=json&states=listing" "txbb87a5a2ace74d569c49e-00699793be" "proxy-server 21" 0.0011 "-" 22 0
Feb 19 22:50:38 standalone object-server[123828]: 172.20.0.100 - - [19/Feb/2026:22:50:38 +0000] "GET /d1/253/AUTH_f9d071aef7c9482087fa717fc5039b4f/gnocchi.403c00db-a100-4078-9559-ef0a4195408b/none_v3" 404 70 "GET http://localhost:8080/v1/AUTH_f9d071aef7c9482087fa717fc5039b4f/gnocchi.403c00db-a100-4078-9559-ef0a4195408b/none_v3" "txbb87a5a2ace74d569c49e-00699793be" "proxy-server 21" 0.0005 "-" 22 0
Feb 19 22:50:38 standalone proxy-server[125697]: 172.18.0.2 ::1 19/Feb/2026/22/50/38 GET /v1/AUTH_f9d071aef7c9482087fa717fc5039b4f/gnocchi.403c00db-a100-4078-9559-ef0a4195408b/none_v3 HTTP/1.0 404 - python-swiftclient-3.11.1 gAAAAABpl5N-UZqp... - 70 - txbb87a5a2ace74d569c49e-00699793be - 0.0128 - - 1771541438.111122370 1771541438.123910666 0
Feb 19 22:50:38 standalone account-server[123666]: 172.20.0.100 - - [19/Feb/2026:22:50:38 +0000] "PUT /d1/391/AUTH_f9d071aef7c9482087fa717fc5039b4f/gnocchi.403c00db-a100-4078-9559-ef0a4195408b" 201 - "PUT http://172.20.0.100:6001/d1/475/AUTH_f9d071aef7c9482087fa717fc5039b4f/gnocchi.403c00db-a100-4078-9559-ef0a4195408b" "tx3175d3ed26aa4b46a44c6-00699793be" "container-server 21" 0.0025 "-" 23 0
Feb 19 22:50:38 standalone container-server[123602]: 172.20.0.100 - - [19/Feb/2026:22:50:38 +0000] "PUT /d1/475/AUTH_f9d071aef7c9482087fa717fc5039b4f/gnocchi.403c00db-a100-4078-9559-ef0a4195408b" 201 - "PUT http://localhost:8080/v1/AUTH_f9d071aef7c9482087fa717fc5039b4f/gnocchi.403c00db-a100-4078-9559-ef0a4195408b" "tx3175d3ed26aa4b46a44c6-00699793be" "proxy-server 21" 0.0150 "-" 21 0
Feb 19 22:50:38 standalone proxy-server[125697]: 172.18.0.2 ::1 19/Feb/2026/22/50/38 PUT /v1/AUTH_f9d071aef7c9482087fa717fc5039b4f/gnocchi.403c00db-a100-4078-9559-ef0a4195408b HTTP/1.0 201 - python-swiftclient-3.11.1 gAAAAABpl5N-UZqp... - - - tx3175d3ed26aa4b46a44c6-00699793be - 0.0207 - - 1771541438.127038002 1771541438.147754431 0
Feb 19 22:50:38 standalone container-server[123591]: 172.20.0.100 - - [19/Feb/2026:22:50:38 +0000] "HEAD /d1/475/AUTH_f9d071aef7c9482087fa717fc5039b4f/gnocchi.403c00db-a100-4078-9559-ef0a4195408b" 204 - "HEAD http://localhost:8080/v1/AUTH_f9d071aef7c9482087fa717fc5039b4f/gnocchi.403c00db-a100-4078-9559-ef0a4195408b?format=json&states=listing" "tx54fc0b9a7b2d490b9b494-00699793be" "proxy-server 21" 0.0013 "-" 20 0
Feb 19 22:50:38 standalone proxy-server[125697]: - - 19/Feb/2026/22/50/38 HEAD /v1/AUTH_f9d071aef7c9482087fa717fc5039b4f/gnocchi.403c00db-a100-4078-9559-ef0a4195408b%3Fformat%3Djson%26states%3Dlisting HTTP/1.0 204 - Swift - - - - tx54fc0b9a7b2d490b9b494-00699793be - 0.0046 RL - 1771541438.152394533 1771541438.156963825 0
Feb 19 22:50:38 standalone container-server[123591]: 172.20.0.100 - - [19/Feb/2026:22:50:38 +0000] "GET /d1/475/AUTH_f9d071aef7c9482087fa717fc5039b4f/gnocchi.403c00db-a100-4078-9559-ef0a4195408b" 200 2 "GET http://localhost:8080/v1/AUTH_f9d071aef7c9482087fa717fc5039b4f/gnocchi.403c00db-a100-4078-9559-ef0a4195408b?format=json&states=listing" "tx54fc0b9a7b2d490b9b494-00699793be" "proxy-server 21" 0.0020 "-" 20 0
Feb 19 22:50:38 standalone proxy-server[125697]: 172.18.0.2 ::1 19/Feb/2026/22/50/38 GET /v1/AUTH_f9d071aef7c9482087fa717fc5039b4f/gnocchi.403c00db-a100-4078-9559-ef0a4195408b%3Fformat%3Djson%26states%3Dlisting HTTP/1.0 200 - python-swiftclient-3.11.1 gAAAAABpl5N-UZqp... - 2 - tx54fc0b9a7b2d490b9b494-00699793be - 0.0141 - - 1771541438.151327848 1771541438.165407181 0
Feb 19 22:50:38 standalone object-server[123821]: 172.20.0.100 - - [19/Feb/2026:22:50:38 +0000] "GET /d1/848/AUTH_f9d071aef7c9482087fa717fc5039b4f/gnocchi.403c00db-a100-4078-9559-ef0a4195408b/1771200000.0_mean_300.0_v3" 404 70 "GET http://localhost:8080/v1/AUTH_f9d071aef7c9482087fa717fc5039b4f/gnocchi.403c00db-a100-4078-9559-ef0a4195408b/1771200000.0_mean_300.0_v3" "tx8bc11ebe992a403b9e3d6-00699793be" "proxy-server 21" 0.0006 "-" 21 0
Feb 19 22:50:38 standalone proxy-server[125697]: 172.18.0.2 ::1 19/Feb/2026/22/50/38 GET /v1/AUTH_f9d071aef7c9482087fa717fc5039b4f/gnocchi.403c00db-a100-4078-9559-ef0a4195408b/1771200000.0_mean_300.0_v3 HTTP/1.0 404 - python-swiftclient-3.11.1 gAAAAABpl5N-UZqp... - 70 - tx8bc11ebe992a403b9e3d6-00699793be - 0.0054 - - 1771541438.169750929 1771541438.175186396 0
Feb 19 22:50:38 standalone container-server[123616]: 172.20.0.100 - - [19/Feb/2026:22:50:38 +0000] "PUT /d1/475/AUTH_f9d071aef7c9482087fa717fc5039b4f/gnocchi.403c00db-a100-4078-9559-ef0a4195408b/1771200000.0_mean_300.0_v3" 201 - "PUT http://localhost:8080/d1/848/AUTH_f9d071aef7c9482087fa717fc5039b4f/gnocchi.403c00db-a100-4078-9559-ef0a4195408b/1771200000.0_mean_300.0_v3" "txc30ceca2698b481087fb8-00699793be" "object-server 23" 0.0009 "-" 23 0
Feb 19 22:50:38 standalone object-server[123833]: 172.20.0.100 - - [19/Feb/2026:22:50:38 +0000] "PUT /d1/848/AUTH_f9d071aef7c9482087fa717fc5039b4f/gnocchi.403c00db-a100-4078-9559-ef0a4195408b/1771200000.0_mean_300.0_v3" 201 - "PUT http://localhost:8080/v1/AUTH_f9d071aef7c9482087fa717fc5039b4f/gnocchi.403c00db-a100-4078-9559-ef0a4195408b/1771200000.0_mean_300.0_v3" "txc30ceca2698b481087fb8-00699793be" "proxy-server 21" 0.0112 "-" 23 0
Feb 19 22:50:38 standalone proxy-server[125697]: 172.18.0.2 ::1 19/Feb/2026/22/50/38 PUT /v1/AUTH_f9d071aef7c9482087fa717fc5039b4f/gnocchi.403c00db-a100-4078-9559-ef0a4195408b/1771200000.0_mean_300.0_v3 HTTP/1.0 201 - python-swiftclient-3.11.1 gAAAAABpl5N-UZqp... 16 - - txc30ceca2698b481087fb8-00699793be - 0.0184 - - 1771541438.177697420 1771541438.196133375 0
Feb 19 22:50:38 standalone container-server[123606]: 172.20.0.100 - - [19/Feb/2026:22:50:38 +0000] "PUT /d1/475/AUTH_f9d071aef7c9482087fa717fc5039b4f/gnocchi.403c00db-a100-4078-9559-ef0a4195408b/none_v3" 201 - "PUT http://localhost:8080/d1/253/AUTH_f9d071aef7c9482087fa717fc5039b4f/gnocchi.403c00db-a100-4078-9559-ef0a4195408b/none_v3" "tx9e35eea2ef7f41c9a52cd-00699793be" "object-server 22" 0.0008 "-" 22 0
Feb 19 22:50:38 standalone object-server[123828]: 172.20.0.100 - - [19/Feb/2026:22:50:38 +0000] "PUT /d1/253/AUTH_f9d071aef7c9482087fa717fc5039b4f/gnocchi.403c00db-a100-4078-9559-ef0a4195408b/none_v3" 201 - "PUT http://localhost:8080/v1/AUTH_f9d071aef7c9482087fa717fc5039b4f/gnocchi.403c00db-a100-4078-9559-ef0a4195408b/none_v3" "tx9e35eea2ef7f41c9a52cd-00699793be" "proxy-server 21" 0.0076 "-" 22 0
Feb 19 22:50:38 standalone proxy-server[125697]: 172.18.0.2 ::1 19/Feb/2026/22/50/38 PUT /v1/AUTH_f9d071aef7c9482087fa717fc5039b4f/gnocchi.403c00db-a100-4078-9559-ef0a4195408b/none_v3 HTTP/1.0 201 - python-swiftclient-3.11.1 gAAAAABpl5N-UZqp... 22 - - tx9e35eea2ef7f41c9a52cd-00699793be - 0.0125 - - 1771541438.198866606 1771541438.211387634 0
Feb 19 22:50:38 standalone container-server[123591]: 172.20.0.100 - - [19/Feb/2026:22:50:38 +0000] "HEAD /d1/903/AUTH_f9d071aef7c9482087fa717fc5039b4f/gnocchi.4efef0a8-3a15-4312-981b-6f0e6473cc92" 404 - "HEAD http://localhost:8080/v1/AUTH_f9d071aef7c9482087fa717fc5039b4f/gnocchi.4efef0a8-3a15-4312-981b-6f0e6473cc92?format=json&states=listing" "txebdfb5b056e14e4680d74-00699793be" "proxy-server 21" 0.0003 "-" 20 0
Feb 19 22:50:38 standalone object-server[123816]: 172.20.0.100 - - [19/Feb/2026:22:50:38 +0000] "GET /d1/462/AUTH_f9d071aef7c9482087fa717fc5039b4f/gnocchi.4efef0a8-3a15-4312-981b-6f0e6473cc92/none_v3" 404 70 "GET http://localhost:8080/v1/AUTH_f9d071aef7c9482087fa717fc5039b4f/gnocchi.4efef0a8-3a15-4312-981b-6f0e6473cc92/none_v3" "txebdfb5b056e14e4680d74-00699793be" "proxy-server 21" 0.0006 "-" 20 0
Feb 19 22:50:38 standalone proxy-server[125697]: 172.18.0.2 ::1 19/Feb/2026/22/50/38 GET /v1/AUTH_f9d071aef7c9482087fa717fc5039b4f/gnocchi.4efef0a8-3a15-4312-981b-6f0e6473cc92/none_v3 HTTP/1.0 404 - python-swiftclient-3.11.1 gAAAAABpl5N-UZqp... - 70 - txebdfb5b056e14e4680d74-00699793be - 0.0093 - - 1771541438.248730183 1771541438.258061886 0
Feb 19 22:50:38 standalone account-server[123666]: 172.20.0.100 - - [19/Feb/2026:22:50:38 +0000] "PUT /d1/391/AUTH_f9d071aef7c9482087fa717fc5039b4f/gnocchi.4efef0a8-3a15-4312-981b-6f0e6473cc92" 201 - "PUT http://172.20.0.100:6001/d1/903/AUTH_f9d071aef7c9482087fa717fc5039b4f/gnocchi.4efef0a8-3a15-4312-981b-6f0e6473cc92" "tx235ef5b6c94344969529a-00699793be" "container-server 21" 0.0044 "-" 23 0
Feb 19 22:50:38 standalone container-server[123602]: 172.20.0.100 - - [19/Feb/2026:22:50:38 +0000] "PUT /d1/903/AUTH_f9d071aef7c9482087fa717fc5039b4f/gnocchi.4efef0a8-3a15-4312-981b-6f0e6473cc92" 201 - "PUT http://localhost:8080/v1/AUTH_f9d071aef7c9482087fa717fc5039b4f/gnocchi.4efef0a8-3a15-4312-981b-6f0e6473cc92" "tx235ef5b6c94344969529a-00699793be" "proxy-server 21" 0.0123 "-" 21 0
Feb 19 22:50:38 standalone proxy-server[125697]: 172.18.0.2 ::1 19/Feb/2026/22/50/38 PUT /v1/AUTH_f9d071aef7c9482087fa717fc5039b4f/gnocchi.4efef0a8-3a15-4312-981b-6f0e6473cc92 HTTP/1.0 201 - python-swiftclient-3.11.1 gAAAAABpl5N-UZqp... - - - tx235ef5b6c94344969529a-00699793be - 0.0173 - - 1771541438.260722637 1771541438.278066874 0
Feb 19 22:50:38 standalone container-server[123616]: 172.20.0.100 - - [19/Feb/2026:22:50:38 +0000] "HEAD /d1/903/AUTH_f9d071aef7c9482087fa717fc5039b4f/gnocchi.4efef0a8-3a15-4312-981b-6f0e6473cc92" 204 - "HEAD http://localhost:8080/v1/AUTH_f9d071aef7c9482087fa717fc5039b4f/gnocchi.4efef0a8-3a15-4312-981b-6f0e6473cc92?format=json&states=listing" "tx90eb7adbb724486da4fd6-00699793be" "proxy-server 21" 0.0030 "-" 23 0
Feb 19 22:50:38 standalone proxy-server[125697]: - - 19/Feb/2026/22/50/38 HEAD /v1/AUTH_f9d071aef7c9482087fa717fc5039b4f/gnocchi.4efef0a8-3a15-4312-981b-6f0e6473cc92%3Fformat%3Djson%26states%3Dlisting HTTP/1.0 204 - Swift - - - - tx90eb7adbb724486da4fd6-00699793be - 0.0107 RL - 1771541438.293765545 1771541438.304429054 0
Feb 19 22:50:38 standalone container-server[123616]: 172.20.0.100 - - [19/Feb/2026:22:50:38 +0000] "GET /d1/903/AUTH_f9d071aef7c9482087fa717fc5039b4f/gnocchi.4efef0a8-3a15-4312-981b-6f0e6473cc92" 200 2 "GET http://localhost:8080/v1/AUTH_f9d071aef7c9482087fa717fc5039b4f/gnocchi.4efef0a8-3a15-4312-981b-6f0e6473cc92?format=json&states=listing" "tx90eb7adbb724486da4fd6-00699793be" "proxy-server 21" 0.0031 "-" 23 0
Feb 19 22:50:38 standalone proxy-server[125697]: 172.18.0.2 ::1 19/Feb/2026/22/50/38 GET /v1/AUTH_f9d071aef7c9482087fa717fc5039b4f/gnocchi.4efef0a8-3a15-4312-981b-6f0e6473cc92%3Fformat%3Djson%26states%3Dlisting HTTP/1.0 200 - python-swiftclient-3.11.1 gAAAAABpl5N-UZqp... - 2 - tx90eb7adbb724486da4fd6-00699793be - 0.0369 - - 1771541438.283787966 1771541438.320718288 0
Feb 19 22:50:38 standalone object-server[123816]: 172.20.0.100 - - [19/Feb/2026:22:50:38 +0000] "GET /d1/220/AUTH_f9d071aef7c9482087fa717fc5039b4f/gnocchi.4efef0a8-3a15-4312-981b-6f0e6473cc92/1771200000.0_mean_300.0_v3" 404 70 "GET http://localhost:8080/v1/AUTH_f9d071aef7c9482087fa717fc5039b4f/gnocchi.4efef0a8-3a15-4312-981b-6f0e6473cc92/1771200000.0_mean_300.0_v3" "tx8c28cdb2197b4906a98aa-00699793be" "proxy-server 21" 0.0005 "-" 20 0
Feb 19 22:50:38 standalone proxy-server[125697]: 172.18.0.2 ::1 19/Feb/2026/22/50/38 GET /v1/AUTH_f9d071aef7c9482087fa717fc5039b4f/gnocchi.4efef0a8-3a15-4312-981b-6f0e6473cc92/1771200000.0_mean_300.0_v3 HTTP/1.0 404 - python-swiftclient-3.11.1 gAAAAABpl5N-UZqp... - 70 - tx8c28cdb2197b4906a98aa-00699793be - 0.0078 - - 1771541438.327746153 1771541438.335571766 0
Feb 19 22:50:38 standalone container-server[123616]: 172.20.0.100 - - [19/Feb/2026:22:50:38 +0000] "PUT /d1/903/AUTH_f9d071aef7c9482087fa717fc5039b4f/gnocchi.4efef0a8-3a15-4312-981b-6f0e6473cc92/1771200000.0_mean_300.0_v3" 201 - "PUT http://localhost:8080/d1/220/AUTH_f9d071aef7c9482087fa717fc5039b4f/gnocchi.4efef0a8-3a15-4312-981b-6f0e6473cc92/1771200000.0_mean_300.0_v3" "txf61d3e3e1d504097a686b-00699793be" "object-server 20" 0.0009 "-" 23 0
Feb 19 22:50:38 standalone object-server[123816]: 172.20.0.100 - - [19/Feb/2026:22:50:38 +0000] "PUT /d1/220/AUTH_f9d071aef7c9482087fa717fc5039b4f/gnocchi.4efef0a8-3a15-4312-981b-6f0e6473cc92/1771200000.0_mean_300.0_v3" 201 - "PUT http://localhost:8080/v1/AUTH_f9d071aef7c9482087fa717fc5039b4f/gnocchi.4efef0a8-3a15-4312-981b-6f0e6473cc92/1771200000.0_mean_300.0_v3" "txf61d3e3e1d504097a686b-00699793be" "proxy-server 21" 0.0264 "-" 20 0
Feb 19 22:50:38 standalone proxy-server[125697]: 172.18.0.2 ::1 19/Feb/2026/22/50/38 PUT /v1/AUTH_f9d071aef7c9482087fa717fc5039b4f/gnocchi.4efef0a8-3a15-4312-981b-6f0e6473cc92/1771200000.0_mean_300.0_v3 HTTP/1.0 201 - python-swiftclient-3.11.1 gAAAAABpl5N-UZqp... 16 - - txf61d3e3e1d504097a686b-00699793be - 0.0339 - - 1771541438.338833809 1771541438.372756004 0
Feb 19 22:50:38 standalone container-server[123606]: 172.20.0.100 - - [19/Feb/2026:22:50:38 +0000] "PUT /d1/903/AUTH_f9d071aef7c9482087fa717fc5039b4f/gnocchi.4efef0a8-3a15-4312-981b-6f0e6473cc92/none_v3" 201 - "PUT http://localhost:8080/d1/462/AUTH_f9d071aef7c9482087fa717fc5039b4f/gnocchi.4efef0a8-3a15-4312-981b-6f0e6473cc92/none_v3" "tx40309ec7229f4bf1b003e-00699793be" "object-server 20" 0.0007 "-" 22 0
Feb 19 22:50:38 standalone object-server[123816]: 172.20.0.100 - - [19/Feb/2026:22:50:38 +0000] "PUT /d1/462/AUTH_f9d071aef7c9482087fa717fc5039b4f/gnocchi.4efef0a8-3a15-4312-981b-6f0e6473cc92/none_v3" 201 - "PUT http://localhost:8080/v1/AUTH_f9d071aef7c9482087fa717fc5039b4f/gnocchi.4efef0a8-3a15-4312-981b-6f0e6473cc92/none_v3" "tx40309ec7229f4bf1b003e-00699793be" "proxy-server 21" 0.0118 "-" 20 0
Feb 19 22:50:38 standalone proxy-server[125697]: 172.18.0.2 ::1 19/Feb/2026/22/50/38 PUT /v1/AUTH_f9d071aef7c9482087fa717fc5039b4f/gnocchi.4efef0a8-3a15-4312-981b-6f0e6473cc92/none_v3 HTTP/1.0 201 - python-swiftclient-3.11.1 gAAAAABpl5N-UZqp... 22 - - tx40309ec7229f4bf1b003e-00699793be - 0.0197 - - 1771541438.376805544 1771541438.396493673 0
Feb 19 22:50:42 standalone container-server[123606]: 172.20.0.100 - - [19/Feb/2026:22:50:42 +0000] "HEAD /d1/797/AUTH_f9d071aef7c9482087fa717fc5039b4f/gnocchi.e3edb30c-7c02-4435-94e9-841e835d4429" 404 - "HEAD http://localhost:8080/v1/AUTH_f9d071aef7c9482087fa717fc5039b4f/gnocchi.e3edb30c-7c02-4435-94e9-841e835d4429?format=json&states=listing" "tx2f04441cc2c04d04b48cf-00699793c2" "proxy-server 21" 0.0007 "-" 22 0
Feb 19 22:50:42 standalone object-server[123833]: 172.20.0.100 - - [19/Feb/2026:22:50:42 +0000] "GET /d1/605/AUTH_f9d071aef7c9482087fa717fc5039b4f/gnocchi.e3edb30c-7c02-4435-94e9-841e835d4429/none_v3" 404 70 "GET http://localhost:8080/v1/AUTH_f9d071aef7c9482087fa717fc5039b4f/gnocchi.e3edb30c-7c02-4435-94e9-841e835d4429/none_v3" "tx2f04441cc2c04d04b48cf-00699793c2" "proxy-server 21" 0.0008 "-" 23 0
Feb 19 22:50:42 standalone proxy-server[125697]: 172.18.0.2 ::1 19/Feb/2026/22/50/42 GET /v1/AUTH_f9d071aef7c9482087fa717fc5039b4f/gnocchi.e3edb30c-7c02-4435-94e9-841e835d4429/none_v3 HTTP/1.0 404 - python-swiftclient-3.11.1 gAAAAABpl5N-UZqp... - 70 - tx2f04441cc2c04d04b48cf-00699793c2 - 0.0153 - - 1771541442.921530724 1771541442.936872721 0
Feb 19 22:50:42 standalone account-server[123666]: 172.20.0.100 - - [19/Feb/2026:22:50:42 +0000] "PUT /d1/391/AUTH_f9d071aef7c9482087fa717fc5039b4f/gnocchi.e3edb30c-7c02-4435-94e9-841e835d4429" 201 - "PUT http://172.20.0.100:6001/d1/797/AUTH_f9d071aef7c9482087fa717fc5039b4f/gnocchi.e3edb30c-7c02-4435-94e9-841e835d4429" "tx2b7b99e539d04290999d0-00699793c2" "container-server 20" 0.0071 "-" 23 0
Feb 19 22:50:42 standalone container-server[123591]: 172.20.0.100 - - [19/Feb/2026:22:50:42 +0000] "PUT /d1/797/AUTH_f9d071aef7c9482087fa717fc5039b4f/gnocchi.e3edb30c-7c02-4435-94e9-841e835d4429" 201 - "PUT http://localhost:8080/v1/AUTH_f9d071aef7c9482087fa717fc5039b4f/gnocchi.e3edb30c-7c02-4435-94e9-841e835d4429" "tx2b7b99e539d04290999d0-00699793c2" "proxy-server 21" 0.0209 "-" 20 0
Feb 19 22:50:42 standalone proxy-server[125697]: 172.18.0.2 ::1 19/Feb/2026/22/50/42 PUT /v1/AUTH_f9d071aef7c9482087fa717fc5039b4f/gnocchi.e3edb30c-7c02-4435-94e9-841e835d4429 HTTP/1.0 201 - python-swiftclient-3.11.1 gAAAAABpl5N-UZqp... - - - tx2b7b99e539d04290999d0-00699793c2 - 0.0262 - - 1771541442.943488598 1771541442.969730616 0
