Feb 19 22:52:47 standalone proxy-server[125697]: - - 19/Feb/2026/22/52/47 HEAD /v1/AUTH_f9d071aef7c9482087fa717fc5039b4f/gnocchi.5a760302-aaa4-4d67-9579-780ea527f2e0%3Fformat%3Djson%26states%3Dlisting HTTP/1.0 204 - Swift - - - - tx20c62b635ba94c64bac02-006997943f - 0.0056 RL - 1771541567.660806656 1771541567.666363478 0
Feb 19 22:52:47 standalone container-server[123591]: 172.20.0.100 - - [19/Feb/2026:22:52:47 +0000] "GET /d1/242/AUTH_f9d071aef7c9482087fa717fc5039b4f/gnocchi.5a760302-aaa4-4d67-9579-780ea527f2e0" 200 2 "GET http://localhost:8080/v1/AUTH_f9d071aef7c9482087fa717fc5039b4f/gnocchi.5a760302-aaa4-4d67-9579-780ea527f2e0?format=json&states=listing" "tx20c62b635ba94c64bac02-006997943f" "proxy-server 21" 0.0016 "-" 20 0
Feb 19 22:52:47 standalone proxy-server[125697]: 172.18.0.2 ::1 19/Feb/2026/22/52/47 GET /v1/AUTH_f9d071aef7c9482087fa717fc5039b4f/gnocchi.5a760302-aaa4-4d67-9579-780ea527f2e0%3Fformat%3Djson%26states%3Dlisting HTTP/1.0 200 - python-swiftclient-3.11.1 gAAAAABpl5N-UZqp... - 2 - tx20c62b635ba94c64bac02-006997943f - 0.0181 - - 1771541567.659059286 1771541567.677139521 0
Feb 19 22:52:47 standalone object-server[123821]: 172.20.0.100 - - [19/Feb/2026:22:52:47 +0000] "GET /d1/17/AUTH_f9d071aef7c9482087fa717fc5039b4f/gnocchi.5a760302-aaa4-4d67-9579-780ea527f2e0/1771200000.0_mean_300.0_v3" 404 70 "GET http://localhost:8080/v1/AUTH_f9d071aef7c9482087fa717fc5039b4f/gnocchi.5a760302-aaa4-4d67-9579-780ea527f2e0/1771200000.0_mean_300.0_v3" "txb7fc1e7b17104fc283cb2-006997943f" "proxy-server 21" 0.0004 "-" 21 0
Feb 19 22:52:47 standalone proxy-server[125697]: 172.18.0.2 ::1 19/Feb/2026/22/52/47 GET /v1/AUTH_f9d071aef7c9482087fa717fc5039b4f/gnocchi.5a760302-aaa4-4d67-9579-780ea527f2e0/1771200000.0_mean_300.0_v3 HTTP/1.0 404 - python-swiftclient-3.11.1 gAAAAABpl5N-UZqp... - 70 - txb7fc1e7b17104fc283cb2-006997943f - 0.0077 - - 1771541567.681318045 1771541567.689016342 0
Feb 19 22:52:47 standalone container-server[123606]: 172.20.0.100 - - [19/Feb/2026:22:52:47 +0000] "PUT /d1/242/AUTH_f9d071aef7c9482087fa717fc5039b4f/gnocchi.5a760302-aaa4-4d67-9579-780ea527f2e0/1771200000.0_mean_300.0_v3" 201 - "PUT http://localhost:8080/d1/17/AUTH_f9d071aef7c9482087fa717fc5039b4f/gnocchi.5a760302-aaa4-4d67-9579-780ea527f2e0/1771200000.0_mean_300.0_v3" "tx091593e6afdc43d1987c6-006997943f" "object-server 22" 0.0005 "-" 22 0
Feb 19 22:52:47 standalone object-server[123828]: 172.20.0.100 - - [19/Feb/2026:22:52:47 +0000] "PUT /d1/17/AUTH_f9d071aef7c9482087fa717fc5039b4f/gnocchi.5a760302-aaa4-4d67-9579-780ea527f2e0/1771200000.0_mean_300.0_v3" 201 - "PUT http://localhost:8080/v1/AUTH_f9d071aef7c9482087fa717fc5039b4f/gnocchi.5a760302-aaa4-4d67-9579-780ea527f2e0/1771200000.0_mean_300.0_v3" "tx091593e6afdc43d1987c6-006997943f" "proxy-server 21" 0.0086 "-" 22 0
Feb 19 22:52:47 standalone proxy-server[125697]: 172.18.0.2 ::1 19/Feb/2026/22/52/47 PUT /v1/AUTH_f9d071aef7c9482087fa717fc5039b4f/gnocchi.5a760302-aaa4-4d67-9579-780ea527f2e0/1771200000.0_mean_300.0_v3 HTTP/1.0 201 - python-swiftclient-3.11.1 gAAAAABpl5N-UZqp... 16 - - tx091593e6afdc43d1987c6-006997943f - 0.0156 - - 1771541567.692559242 1771541567.708192587 0
Feb 19 22:52:47 standalone container-server[123602]: 172.20.0.100 - - [19/Feb/2026:22:52:47 +0000] "PUT /d1/242/AUTH_f9d071aef7c9482087fa717fc5039b4f/gnocchi.5a760302-aaa4-4d67-9579-780ea527f2e0/none_v3" 201 - "PUT http://localhost:8080/d1/994/AUTH_f9d071aef7c9482087fa717fc5039b4f/gnocchi.5a760302-aaa4-4d67-9579-780ea527f2e0/none_v3" "tx13375ed6786c4aec91246-006997943f" "object-server 22" 0.0004 "-" 21 0
Feb 19 22:52:47 standalone object-server[123828]: 172.20.0.100 - - [19/Feb/2026:22:52:47 +0000] "PUT /d1/994/AUTH_f9d071aef7c9482087fa717fc5039b4f/gnocchi.5a760302-aaa4-4d67-9579-780ea527f2e0/none_v3" 201 - "PUT http://localhost:8080/v1/AUTH_f9d071aef7c9482087fa717fc5039b4f/gnocchi.5a760302-aaa4-4d67-9579-780ea527f2e0/none_v3" "tx13375ed6786c4aec91246-006997943f" "proxy-server 21" 0.0085 "-" 22 0
Feb 19 22:52:47 standalone proxy-server[125697]: 172.18.0.2 ::1 19/Feb/2026/22/52/47 PUT /v1/AUTH_f9d071aef7c9482087fa717fc5039b4f/gnocchi.5a760302-aaa4-4d67-9579-780ea527f2e0/none_v3 HTTP/1.0 201 - python-swiftclient-3.11.1 gAAAAABpl5N-UZqp... 22 - - tx13375ed6786c4aec91246-006997943f - 0.0154 - - 1771541567.711536169 1771541567.726973772 0
Feb 19 22:52:47 standalone container-server[123606]: 172.20.0.100 - - [19/Feb/2026:22:52:47 +0000] "HEAD /d1/630/AUTH_f9d071aef7c9482087fa717fc5039b4f/gnocchi.0cb3d1f6-7e02-4334-abeb-ed12ec163836" 404 - "HEAD http://localhost:8080/v1/AUTH_f9d071aef7c9482087fa717fc5039b4f/gnocchi.0cb3d1f6-7e02-4334-abeb-ed12ec163836?format=json&states=listing" "tx8ea97824a5504480ad7c6-006997943f" "proxy-server 21" 0.0003 "-" 22 0
Feb 19 22:52:47 standalone object-server[123828]: 172.20.0.100 - - [19/Feb/2026:22:52:47 +0000] "GET /d1/626/AUTH_f9d071aef7c9482087fa717fc5039b4f/gnocchi.0cb3d1f6-7e02-4334-abeb-ed12ec163836/none_v3" 404 70 "GET http://localhost:8080/v1/AUTH_f9d071aef7c9482087fa717fc5039b4f/gnocchi.0cb3d1f6-7e02-4334-abeb-ed12ec163836/none_v3" "tx8ea97824a5504480ad7c6-006997943f" "proxy-server 21" 0.0003 "-" 22 0
Feb 19 22:52:47 standalone proxy-server[125697]: 172.18.0.2 ::1 19/Feb/2026/22/52/47 GET /v1/AUTH_f9d071aef7c9482087fa717fc5039b4f/gnocchi.0cb3d1f6-7e02-4334-abeb-ed12ec163836/none_v3 HTTP/1.0 404 - python-swiftclient-3.11.1 gAAAAABpl5N-UZqp... - 70 - tx8ea97824a5504480ad7c6-006997943f - 0.0111 - - 1771541567.736626863 1771541567.747751474 0
Feb 19 22:52:47 standalone account-server[123661]: 172.20.0.100 - - [19/Feb/2026:22:52:47 +0000] "PUT /d1/391/AUTH_f9d071aef7c9482087fa717fc5039b4f/gnocchi.0cb3d1f6-7e02-4334-abeb-ed12ec163836" 201 - "PUT http://172.20.0.100:6001/d1/630/AUTH_f9d071aef7c9482087fa717fc5039b4f/gnocchi.0cb3d1f6-7e02-4334-abeb-ed12ec163836" "txa56e78588548440f98050-006997943f" "container-server 22" 0.0062 "-" 21 0
Feb 19 22:52:47 standalone container-server[123606]: 172.20.0.100 - - [19/Feb/2026:22:52:47 +0000] "PUT /d1/630/AUTH_f9d071aef7c9482087fa717fc5039b4f/gnocchi.0cb3d1f6-7e02-4334-abeb-ed12ec163836" 201 - "PUT http://localhost:8080/v1/AUTH_f9d071aef7c9482087fa717fc5039b4f/gnocchi.0cb3d1f6-7e02-4334-abeb-ed12ec163836" "txa56e78588548440f98050-006997943f" "proxy-server 21" 0.0184 "-" 22 0
Feb 19 22:52:47 standalone proxy-server[125697]: 172.18.0.2 ::1 19/Feb/2026/22/52/47 PUT /v1/AUTH_f9d071aef7c9482087fa717fc5039b4f/gnocchi.0cb3d1f6-7e02-4334-abeb-ed12ec163836 HTTP/1.0 201 - python-swiftclient-3.11.1 gAAAAABpl5N-UZqp... - - - txa56e78588548440f98050-006997943f - 0.0246 - - 1771541567.750630140 1771541567.775251627 0
Feb 19 22:52:47 standalone container-server[123602]: 172.20.0.100 - - [19/Feb/2026:22:52:47 +0000] "HEAD /d1/630/AUTH_f9d071aef7c9482087fa717fc5039b4f/gnocchi.0cb3d1f6-7e02-4334-abeb-ed12ec163836" 204 - "HEAD http://localhost:8080/v1/AUTH_f9d071aef7c9482087fa717fc5039b4f/gnocchi.0cb3d1f6-7e02-4334-abeb-ed12ec163836?format=json&states=listing" "tx485db787b5014e9a87210-006997943f" "proxy-server 21" 0.0011 "-" 21 0
Feb 19 22:52:47 standalone proxy-server[125697]: - - 19/Feb/2026/22/52/47 HEAD /v1/AUTH_f9d071aef7c9482087fa717fc5039b4f/gnocchi.0cb3d1f6-7e02-4334-abeb-ed12ec163836%3Fformat%3Djson%26states%3Dlisting HTTP/1.0 204 - Swift - - - - tx485db787b5014e9a87210-006997943f - 0.0056 RL - 1771541567.780946255 1771541567.786522627 0
Feb 19 22:52:47 standalone container-server[123616]: 172.20.0.100 - - [19/Feb/2026:22:52:47 +0000] "GET /d1/630/AUTH_f9d071aef7c9482087fa717fc5039b4f/gnocchi.0cb3d1f6-7e02-4334-abeb-ed12ec163836" 200 2 "GET http://localhost:8080/v1/AUTH_f9d071aef7c9482087fa717fc5039b4f/gnocchi.0cb3d1f6-7e02-4334-abeb-ed12ec163836?format=json&states=listing" "tx485db787b5014e9a87210-006997943f" "proxy-server 21" 0.0016 "-" 23 0
Feb 19 22:52:47 standalone proxy-server[125697]: 172.18.0.2 ::1 19/Feb/2026/22/52/47 GET /v1/AUTH_f9d071aef7c9482087fa717fc5039b4f/gnocchi.0cb3d1f6-7e02-4334-abeb-ed12ec163836%3Fformat%3Djson%26states%3Dlisting HTTP/1.0 200 - python-swiftclient-3.11.1 gAAAAABpl5N-UZqp... - 2 - tx485db787b5014e9a87210-006997943f - 0.0171 - - 1771541567.779465437 1771541567.796609640 0
Feb 19 22:52:47 standalone object-server[123821]: 172.20.0.100 - - [19/Feb/2026:22:52:47 +0000] "GET /d1/999/AUTH_f9d071aef7c9482087fa717fc5039b4f/gnocchi.0cb3d1f6-7e02-4334-abeb-ed12ec163836/1771200000.0_mean_300.0_v3" 404 70 "GET http://localhost:8080/v1/AUTH_f9d071aef7c9482087fa717fc5039b4f/gnocchi.0cb3d1f6-7e02-4334-abeb-ed12ec163836/1771200000.0_mean_300.0_v3" "txc0f545ed9f3e4b9dab41b-006997943f" "proxy-server 21" 0.0005 "-" 21 0
Feb 19 22:52:47 standalone proxy-server[125697]: 172.18.0.2 ::1 19/Feb/2026/22/52/47 GET /v1/AUTH_f9d071aef7c9482087fa717fc5039b4f/gnocchi.0cb3d1f6-7e02-4334-abeb-ed12ec163836/1771200000.0_mean_300.0_v3 HTTP/1.0 404 - python-swiftclient-3.11.1 gAAAAABpl5N-UZqp... - 70 - txc0f545ed9f3e4b9dab41b-006997943f - 0.0081 - - 1771541567.800302267 1771541567.808434248 0
Feb 19 22:52:47 standalone container-server[123616]: 172.20.0.100 - - [19/Feb/2026:22:52:47 +0000] "PUT /d1/630/AUTH_f9d071aef7c9482087fa717fc5039b4f/gnocchi.0cb3d1f6-7e02-4334-abeb-ed12ec163836/1771200000.0_mean_300.0_v3" 201 - "PUT http://localhost:8080/d1/999/AUTH_f9d071aef7c9482087fa717fc5039b4f/gnocchi.0cb3d1f6-7e02-4334-abeb-ed12ec163836/1771200000.0_mean_300.0_v3" "tx1f315cb667d8403fa235e-006997943f" "object-server 20" 0.0005 "-" 23 0
Feb 19 22:52:47 standalone object-server[123816]: 172.20.0.100 - - [19/Feb/2026:22:52:47 +0000] "PUT /d1/999/AUTH_f9d071aef7c9482087fa717fc5039b4f/gnocchi.0cb3d1f6-7e02-4334-abeb-ed12ec163836/1771200000.0_mean_300.0_v3" 201 - "PUT http://localhost:8080/v1/AUTH_f9d071aef7c9482087fa717fc5039b4f/gnocchi.0cb3d1f6-7e02-4334-abeb-ed12ec163836/1771200000.0_mean_300.0_v3" "tx1f315cb667d8403fa235e-006997943f" "proxy-server 21" 0.0085 "-" 20 0
Feb 19 22:52:47 standalone proxy-server[125697]: 172.18.0.2 ::1 19/Feb/2026/22/52/47 PUT /v1/AUTH_f9d071aef7c9482087fa717fc5039b4f/gnocchi.0cb3d1f6-7e02-4334-abeb-ed12ec163836/1771200000.0_mean_300.0_v3 HTTP/1.0 201 - python-swiftclient-3.11.1 gAAAAABpl5N-UZqp... 16 - - tx1f315cb667d8403fa235e-006997943f - 0.0136 - - 1771541567.811285496 1771541567.824890614 0
Feb 19 22:52:47 standalone container-server[123602]: 172.20.0.100 - - [19/Feb/2026:22:52:47 +0000] "PUT /d1/630/AUTH_f9d071aef7c9482087fa717fc5039b4f/gnocchi.0cb3d1f6-7e02-4334-abeb-ed12ec163836/none_v3" 201 - "PUT http://localhost:8080/d1/626/AUTH_f9d071aef7c9482087fa717fc5039b4f/gnocchi.0cb3d1f6-7e02-4334-abeb-ed12ec163836/none_v3" "tx7209674e0125432ba3352-006997943f" "object-server 20" 0.0005 "-" 21 0
Feb 19 22:52:47 standalone object-server[123816]: 172.20.0.100 - - [19/Feb/2026:22:52:47 +0000] "PUT /d1/626/AUTH_f9d071aef7c9482087fa717fc5039b4f/gnocchi.0cb3d1f6-7e02-4334-abeb-ed12ec163836/none_v3" 201 - "PUT http://localhost:8080/v1/AUTH_f9d071aef7c9482087fa717fc5039b4f/gnocchi.0cb3d1f6-7e02-4334-abeb-ed12ec163836/none_v3" "tx7209674e0125432ba3352-006997943f" "proxy-server 21" 0.0082 "-" 20 0
Feb 19 22:52:47 standalone proxy-server[125697]: 172.18.0.2 ::1 19/Feb/2026/22/52/47 PUT /v1/AUTH_f9d071aef7c9482087fa717fc5039b4f/gnocchi.0cb3d1f6-7e02-4334-abeb-ed12ec163836/none_v3 HTTP/1.0 201 - python-swiftclient-3.11.1 gAAAAABpl5N-UZqp... 22 - - tx7209674e0125432ba3352-006997943f - 0.0125 - - 1771541567.827674389 1771541567.840165615 0
Feb 19 22:52:47 standalone container-server[123591]: 172.20.0.100 - - [19/Feb/2026:22:52:47 +0000] "HEAD /d1/631/AUTH_f9d071aef7c9482087fa717fc5039b4f/gnocchi.bad41b83-560f-4b84-892b-49850280d9f2" 404 - "HEAD http://localhost:8080/v1/AUTH_f9d071aef7c9482087fa717fc5039b4f/gnocchi.bad41b83-560f-4b84-892b-49850280d9f2?format=json&states=listing" "txfa26d5cfc3cd40c9a8792-006997943f" "proxy-server 21" 0.0003 "-" 20 0
Feb 19 22:52:47 standalone object-server[123833]: 172.20.0.100 - - [19/Feb/2026:22:52:47 +0000] "GET /d1/62/AUTH_f9d071aef7c9482087fa717fc5039b4f/gnocchi.bad41b83-560f-4b84-892b-49850280d9f2/none_v3" 404 70 "GET http://localhost:8080/v1/AUTH_f9d071aef7c9482087fa717fc5039b4f/gnocchi.bad41b83-560f-4b84-892b-49850280d9f2/none_v3" "txfa26d5cfc3cd40c9a8792-006997943f" "proxy-server 21" 0.0003 "-" 23 0
Feb 19 22:52:47 standalone proxy-server[125697]: 172.18.0.2 ::1 19/Feb/2026/22/52/47 GET /v1/AUTH_f9d071aef7c9482087fa717fc5039b4f/gnocchi.bad41b83-560f-4b84-892b-49850280d9f2/none_v3 HTTP/1.0 404 - python-swiftclient-3.11.1 gAAAAABpl5N-UZqp... - 70 - txfa26d5cfc3cd40c9a8792-006997943f - 0.0117 - - 1771541567.848473072 1771541567.860191584 0
Feb 19 22:52:47 standalone account-server[123657]: 172.20.0.100 - - [19/Feb/2026:22:52:47 +0000] "PUT /d1/391/AUTH_f9d071aef7c9482087fa717fc5039b4f/gnocchi.bad41b83-560f-4b84-892b-49850280d9f2" 201 - "PUT http://172.20.0.100:6001/d1/631/AUTH_f9d071aef7c9482087fa717fc5039b4f/gnocchi.bad41b83-560f-4b84-892b-49850280d9f2" "tx36c2a6c8dfb147619f974-006997943f" "container-server 23" 0.0056 "-" 20 0
Feb 19 22:52:47 standalone container-server[123616]: 172.20.0.100 - - [19/Feb/2026:22:52:47 +0000] "PUT /d1/631/AUTH_f9d071aef7c9482087fa717fc5039b4f/gnocchi.bad41b83-560f-4b84-892b-49850280d9f2" 201 - "PUT http://localhost:8080/v1/AUTH_f9d071aef7c9482087fa717fc5039b4f/gnocchi.bad41b83-560f-4b84-892b-49850280d9f2" "tx36c2a6c8dfb147619f974-006997943f" "proxy-server 21" 0.0176 "-" 23 0
Feb 19 22:52:47 standalone proxy-server[125697]: 172.18.0.2 ::1 19/Feb/2026/22/52/47 PUT /v1/AUTH_f9d071aef7c9482087fa717fc5039b4f/gnocchi.bad41b83-560f-4b84-892b-49850280d9f2 HTTP/1.0 201 - python-swiftclient-3.11.1 gAAAAABpl5N-UZqp... - - - tx36c2a6c8dfb147619f974-006997943f - 0.0240 - - 1771541567.863301992 1771541567.887346029 0
Feb 19 22:52:47 standalone container-server[123606]: 172.20.0.100 - - [19/Feb/2026:22:52:47 +0000] "HEAD /d1/631/AUTH_f9d071aef7c9482087fa717fc5039b4f/gnocchi.bad41b83-560f-4b84-892b-49850280d9f2" 204 - "HEAD http://localhost:8080/v1/AUTH_f9d071aef7c9482087fa717fc5039b4f/gnocchi.bad41b83-560f-4b84-892b-49850280d9f2?format=json&states=listing" "tx1e8cbee336c849eb8dd1e-006997943f" "proxy-server 21" 0.0057 "-" 22 0
Feb 19 22:52:47 standalone proxy-server[125697]: - - 19/Feb/2026/22/52/47 HEAD /v1/AUTH_f9d071aef7c9482087fa717fc5039b4f/gnocchi.bad41b83-560f-4b84-892b-49850280d9f2%3Fformat%3Djson%26states%3Dlisting HTTP/1.0 204 - Swift - - - - tx1e8cbee336c849eb8dd1e-006997943f - 0.0102 RL - 1771541567.892864704 1771541567.903096676 0
Feb 19 22:52:47 standalone container-server[123602]: 172.20.0.100 - - [19/Feb/2026:22:52:47 +0000] "GET /d1/631/AUTH_f9d071aef7c9482087fa717fc5039b4f/gnocchi.bad41b83-560f-4b84-892b-49850280d9f2" 200 2 "GET http://localhost:8080/v1/AUTH_f9d071aef7c9482087fa717fc5039b4f/gnocchi.bad41b83-560f-4b84-892b-49850280d9f2?format=json&states=listing" "tx1e8cbee336c849eb8dd1e-006997943f" "proxy-server 21" 0.0031 "-" 21 0
Feb 19 22:52:47 standalone proxy-server[125697]: 172.18.0.2 ::1 19/Feb/2026/22/52/47 GET /v1/AUTH_f9d071aef7c9482087fa717fc5039b4f/gnocchi.bad41b83-560f-4b84-892b-49850280d9f2%3Fformat%3Djson%26states%3Dlisting HTTP/1.0 200 - python-swiftclient-3.11.1 gAAAAABpl5N-UZqp... - 2 - tx1e8cbee336c849eb8dd1e-006997943f - 0.0291 - - 1771541567.891113281 1771541567.920240402 0
Feb 19 22:52:47 standalone object-server[123821]: 172.20.0.100 - - [19/Feb/2026:22:52:47 +0000] "GET /d1/502/AUTH_f9d071aef7c9482087fa717fc5039b4f/gnocchi.bad41b83-560f-4b84-892b-49850280d9f2/1771200000.0_mean_300.0_v3" 404 70 "GET http://localhost:8080/v1/AUTH_f9d071aef7c9482087fa717fc5039b4f/gnocchi.bad41b83-560f-4b84-892b-49850280d9f2/1771200000.0_mean_300.0_v3" "tx5d5922fecf0045daa3179-006997943f" "proxy-server 21" 0.0005 "-" 21 0
Feb 19 22:52:47 standalone proxy-server[125697]: 172.18.0.2 ::1 19/Feb/2026/22/52/47 GET /v1/AUTH_f9d071aef7c9482087fa717fc5039b4f/gnocchi.bad41b83-560f-4b84-892b-49850280d9f2/1771200000.0_mean_300.0_v3 HTTP/1.0 404 - python-swiftclient-3.11.1 gAAAAABpl5N-UZqp... - 70 - tx5d5922fecf0045daa3179-006997943f - 0.0078 - - 1771541567.924556732 1771541567.932331085 0
Feb 19 22:52:47 standalone container-server[123616]: 172.20.0.100 - - [19/Feb/2026:22:52:47 +0000] "PUT /d1/631/AUTH_f9d071aef7c9482087fa717fc5039b4f/gnocchi.bad41b83-560f-4b84-892b-49850280d9f2/1771200000.0_mean_300.0_v3" 201 - "PUT http://localhost:8080/d1/502/AUTH_f9d071aef7c9482087fa717fc5039b4f/gnocchi.bad41b83-560f-4b84-892b-49850280d9f2/1771200000.0_mean_300.0_v3" "txabf5ee60894d46c1bc24a-006997943f" "object-server 21" 0.0008 "-" 23 0
Feb 19 22:52:47 standalone object-server[123821]: 172.20.0.100 - - [19/Feb/2026:22:52:47 +0000] "PUT /d1/502/AUTH_f9d071aef7c9482087fa717fc5039b4f/gnocchi.bad41b83-560f-4b84-892b-49850280d9f2/1771200000.0_mean_300.0_v3" 201 - "PUT http://localhost:8080/v1/AUTH_f9d071aef7c9482087fa717fc5039b4f/gnocchi.bad41b83-560f-4b84-892b-49850280d9f2/1771200000.0_mean_300.0_v3" "txabf5ee60894d46c1bc24a-006997943f" "proxy-server 21" 0.0118 "-" 21 0
Feb 19 22:52:47 standalone proxy-server[125697]: 172.18.0.2 ::1 19/Feb/2026/22/52/47 PUT /v1/AUTH_f9d071aef7c9482087fa717fc5039b4f/gnocchi.bad41b83-560f-4b84-892b-49850280d9f2/1771200000.0_mean_300.0_v3 HTTP/1.0 201 - python-swiftclient-3.11.1 gAAAAABpl5N-UZqp... 16 - - txabf5ee60894d46c1bc24a-006997943f - 0.0190 - - 1771541567.935466766 1771541567.954425573 0
Feb 19 22:52:47 standalone container-server[123591]: 172.20.0.100 - - [19/Feb/2026:22:52:47 +0000] "PUT /d1/631/AUTH_f9d071aef7c9482087fa717fc5039b4f/gnocchi.bad41b83-560f-4b84-892b-49850280d9f2/none_v3" 201 - "PUT http://localhost:8080/d1/62/AUTH_f9d071aef7c9482087fa717fc5039b4f/gnocchi.bad41b83-560f-4b84-892b-49850280d9f2/none_v3" "txc2c725aa94cb4aeb987ec-006997943f" "object-server 23" 0.0006 "-" 20 0
Feb 19 22:52:47 standalone object-server[123833]: 172.20.0.100 - - [19/Feb/2026:22:52:47 +0000] "PUT /d1/62/AUTH_f9d071aef7c9482087fa717fc5039b4f/gnocchi.bad41b83-560f-4b84-892b-49850280d9f2/none_v3" 201 - "PUT http://localhost:8080/v1/AUTH_f9d071aef7c9482087fa717fc5039b4f/gnocchi.bad41b83-560f-4b84-892b-49850280d9f2/none_v3" "txc2c725aa94cb4aeb987ec-006997943f" "proxy-server 21" 0.0089 "-" 23 0
Feb 19 22:52:47 standalone proxy-server[125697]: 172.18.0.2 ::1 19/Feb/2026/22/52/47 PUT /v1/AUTH_f9d071aef7c9482087fa717fc5039b4f/gnocchi.bad41b83-560f-4b84-892b-49850280d9f2/none_v3 HTTP/1.0 201 - python-swiftclient-3.11.1 gAAAAABpl5N-UZqp... 22 - - txc2c725aa94cb4aeb987ec-006997943f - 0.0146 - - 1771541567.958173990 1771541567.972803116 0
Feb 19 22:52:47 standalone container-server[123606]: 172.20.0.100 - - [19/Feb/2026:22:52:47 +0000] "HEAD /d1/1017/AUTH_f9d071aef7c9482087fa717fc5039b4f/gnocchi.6b540020-8b96-4124-b734-d95f9f8f5e26" 404 - "HEAD http://localhost:8080/v1/AUTH_f9d071aef7c9482087fa717fc5039b4f/gnocchi.6b540020-8b96-4124-b734-d95f9f8f5e26?format=json&states=listing" "txcd14740b49144687b47ef-006997943f" "proxy-server 21" 0.0005 "-" 22 0
Feb 19 22:52:47 standalone object-server[123821]: 172.20.0.100 - - [19/Feb/2026:22:52:47 +0000] "GET /d1/381/AUTH_f9d071aef7c9482087fa717fc5039b4f/gnocchi.6b540020-8b96-4124-b734-d95f9f8f5e26/none_v3" 404 70 "GET http://localhost:8080/v1/AUTH_f9d071aef7c9482087fa717fc5039b4f/gnocchi.6b540020-8b96-4124-b734-d95f9f8f5e26/none_v3" "txcd14740b49144687b47ef-006997943f" "proxy-server 21" 0.0005 "-" 21 0
Feb 19 22:52:47 standalone proxy-server[125697]: 172.18.0.2 ::1 19/Feb/2026/22/52/47 GET /v1/AUTH_f9d071aef7c9482087fa717fc5039b4f/gnocchi.6b540020-8b96-4124-b734-d95f9f8f5e26/none_v3 HTTP/1.0 404 - python-swiftclient-3.11.1 gAAAAABpl5N-UZqp... - 70 - txcd14740b49144687b47ef-006997943f - 0.0115 - - 1771541567.981714487 1771541567.993187904 0
Feb 19 22:52:48 standalone account-server[123661]: 172.20.0.100 - - [19/Feb/2026:22:52:48 +0000] "PUT /d1/391/AUTH_f9d071aef7c9482087fa717fc5039b4f/gnocchi.6b540020-8b96-4124-b734-d95f9f8f5e26" 201 - "PUT http://172.20.0.100:6001/d1/1017/AUTH_f9d071aef7c9482087fa717fc5039b4f/gnocchi.6b540020-8b96-4124-b734-d95f9f8f5e26" "tx8ff7cfb5a74143b1a1096-006997943f" "container-server 20" 0.0059 "-" 21 0
Feb 19 22:52:48 standalone container-server[123591]: 172.20.0.100 - - [19/Feb/2026:22:52:48 +0000] "PUT /d1/1017/AUTH_f9d071aef7c9482087fa717fc5039b4f/gnocchi.6b540020-8b96-4124-b734-d95f9f8f5e26" 201 - "PUT http://localhost:8080/v1/AUTH_f9d071aef7c9482087fa717fc5039b4f/gnocchi.6b540020-8b96-4124-b734-d95f9f8f5e26" "tx8ff7cfb5a74143b1a1096-006997943f" "proxy-server 21" 0.0193 "-" 20 0
Feb 19 22:52:48 standalone proxy-server[125697]: 172.18.0.2 ::1 19/Feb/2026/22/52/48 PUT /v1/AUTH_f9d071aef7c9482087fa717fc5039b4f/gnocchi.6b540020-8b96-4124-b734-d95f9f8f5e26 HTTP/1.0 201 - python-swiftclient-3.11.1 gAAAAABpl5N-UZqp... - - - tx8ff7cfb5a74143b1a1096-006997943f - 0.0261 - - 1771541567.996586800 1771541568.022654057 0
Feb 19 22:52:48 standalone container-server[123591]: 172.20.0.100 - - [19/Feb/2026:22:52:48 +0000] "HEAD /d1/1017/AUTH_f9d071aef7c9482087fa717fc5039b4f/gnocchi.6b540020-8b96-4124-b734-d95f9f8f5e26" 204 - "HEAD http://localhost:8080/v1/AUTH_f9d071aef7c9482087fa717fc5039b4f/gnocchi.6b540020-8b96-4124-b734-d95f9f8f5e26?format=json&states=listing" "txebf6de4f005a4bbd9c7f9-0069979440" "proxy-server 21" 0.0020 "-" 20 0
Feb 19 22:52:48 standalone proxy-server[125697]: - - 19/Feb/2026/22/52/48 HEAD /v1/AUTH_f9d071aef7c9482087fa717fc5039b4f/gnocchi.6b540020-8b96-4124-b734-d95f9f8f5e26%3Fformat%3Djson%26states%3Dlisting HTTP/1.0 204 - Swift - - - - txebf6de4f005a4bbd9c7f9-0069979440 - 0.0069 RL - 1771541568.028594017 1771541568.035489559 0
Feb 19 22:52:48 standalone container-server[123606]: 172.20.0.100 - - [19/Feb/2026:22:52:48 +0000] "GET /d1/1017/AUTH_f9d071aef7c9482087fa717fc5039b4f/gnocchi.6b540020-8b96-4124-b734-d95f9f8f5e26" 200 2 "GET http://localhost:8080/v1/AUTH_f9d071aef7c9482087fa717fc5039b4f/gnocchi.6b540020-8b96-4124-b734-d95f9f8f5e26?format=json&states=listing" "txebf6de4f005a4bbd9c7f9-0069979440" "proxy-server 21" 0.0036 "-" 22 0
Feb 19 22:52:48 standalone proxy-server[125697]: 172.18.0.2 ::1 19/Feb/2026/22/52/48 GET /v1/AUTH_f9d071aef7c9482087fa717fc5039b4f/gnocchi.6b540020-8b96-4124-b734-d95f9f8f5e26%3Fformat%3Djson%26states%3Dlisting HTTP/1.0 200 - python-swiftclient-3.11.1 gAAAAABpl5N-UZqp... - 2 - txebf6de4f005a4bbd9c7f9-0069979440 - 0.0208 - - 1771541568.026848793 1771541568.047611713 0
Feb 19 22:52:48 standalone object-server[123821]: 172.20.0.100 - - [19/Feb/2026:22:52:48 +0000] "GET /d1/639/AUTH_f9d071aef7c9482087fa717fc5039b4f/gnocchi.6b540020-8b96-4124-b734-d95f9f8f5e26/1771200000.0_mean_300.0_v3" 404 70 "GET http://localhost:8080/v1/AUTH_f9d071aef7c9482087fa717fc5039b4f/gnocchi.6b540020-8b96-4124-b734-d95f9f8f5e26/1771200000.0_mean_300.0_v3" "tx3e598b12faea4ba6a4908-0069979440" "proxy-server 21" 0.0005 "-" 21 0
Feb 19 22:52:48 standalone proxy-server[125697]: 172.18.0.2 ::1 19/Feb/2026/22/52/48 GET /v1/AUTH_f9d071aef7c9482087fa717fc5039b4f/gnocchi.6b540020-8b96-4124-b734-d95f9f8f5e26/1771200000.0_mean_300.0_v3 HTTP/1.0 404 - python-swiftclient-3.11.1 gAAAAABpl5N-UZqp... - 70 - tx3e598b12faea4ba6a4908-0069979440 - 0.0096 - - 1771541568.051775455 1771541568.061419010 0
Feb 19 22:52:48 standalone container-server[123591]: 172.20.0.100 - - [19/Feb/2026:22:52:48 +0000] "PUT /d1/1017/AUTH_f9d071aef7c9482087fa717fc5039b4f/gnocchi.6b540020-8b96-4124-b734-d95f9f8f5e26/1771200000.0_mean_300.0_v3" 201 - "PUT http://localhost:8080/d1/639/AUTH_f9d071aef7c9482087fa717fc5039b4f/gnocchi.6b540020-8b96-4124-b734-d95f9f8f5e26/1771200000.0_mean_300.0_v3" "txa47f07adc5514d848f32f-0069979440" "object-server 20" 0.0007 "-" 20 0
Feb 19 22:52:48 standalone object-server[123816]: 172.20.0.100 - - [19/Feb/2026:22:52:48 +0000] "PUT /d1/639/AUTH_f9d071aef7c9482087fa717fc5039b4f/gnocchi.6b540020-8b96-4124-b734-d95f9f8f5e26/1771200000.0_mean_300.0_v3" 201 - "PUT http://localhost:8080/v1/AUTH_f9d071aef7c9482087fa717fc5039b4f/gnocchi.6b540020-8b96-4124-b734-d95f9f8f5e26/1771200000.0_mean_300.0_v3" "txa47f07adc5514d848f32f-0069979440" "proxy-server 21" 0.0118 "-" 20 0
Feb 19 22:52:48 standalone proxy-server[125697]: 172.18.0.2 ::1 19/Feb/2026/22/52/48 PUT /v1/AUTH_f9d071aef7c9482087fa717fc5039b4f/gnocchi.6b540020-8b96-4124-b734-d95f9f8f5e26/1771200000.0_mean_300.0_v3 HTTP/1.0 201 - python-swiftclient-3.11.1 gAAAAABpl5N-UZqp... 16 - - txa47f07adc5514d848f32f-0069979440 - 0.0181 - - 1771541568.064957619 1771541568.083025455 0
Feb 19 22:52:48 standalone container-server[123616]: 172.20.0.100 - - [19/Feb/2026:22:52:48 +0000] "PUT /d1/1017/AUTH_f9d071aef7c9482087fa717fc5039b4f/gnocchi.6b540020-8b96-4124-b734-d95f9f8f5e26/none_v3" 201 - "PUT http://localhost:8080/d1/381/AUTH_f9d071aef7c9482087fa717fc5039b4f/gnocchi.6b540020-8b96-4124-b734-d95f9f8f5e26/none_v3" "tx8cea37979aab48a0b7e1e-0069979440" "object-server 21" 0.0008 "-" 23 0
Feb 19 22:52:48 standalone object-server[123821]: 172.20.0.100 - - [19/Feb/2026:22:52:48 +0000] "PUT /d1/381/AUTH_f9d071aef7c9482087fa717fc5039b4f/gnocchi.6b540020-8b96-4124-b734-d95f9f8f5e26/none_v3" 201 - "PUT http://localhost:8080/v1/AUTH_f9d071aef7c9482087fa717fc5039b4f/gnocchi.6b540020-8b96-4124-b734-d95f9f8f5e26/none_v3" "tx8cea37979aab48a0b7e1e-0069979440" "proxy-server 21" 0.0120 "-" 21 0
Feb 19 22:52:48 standalone proxy-server[125697]: 172.18.0.2 ::1 19/Feb/2026/22/52/48 PUT /v1/AUTH_f9d071aef7c9482087fa717fc5039b4f/gnocchi.6b540020-8b96-4124-b734-d95f9f8f5e26/none_v3 HTTP/1.0 201 - python-swiftclient-3.11.1 gAAAAABpl5N-UZqp... 22 - - tx8cea37979aab48a0b7e1e-0069979440 - 0.0183 - - 1771541568.086361885 1771541568.104646206 0
Feb 19 22:52:48 standalone container-server[123606]: 172.20.0.100 - - [19/Feb/2026:22:52:48 +0000] "HEAD /d1/177/AUTH_f9d071aef7c9482087fa717fc5039b4f/gnocchi.cef2c47d-5402-4ad8-96e8-f26d05422464" 404 - "HEAD http://localhost:8080/v1/AUTH_f9d071aef7c9482087fa717fc5039b4f/gnocchi.cef2c47d-5402-4ad8-96e8-f26d05422464?format=json&states=listing" "tx2a59dd37481a453fa8ae1-0069979440" "proxy-server 21" 0.0006 "-" 22 0
Feb 19 22:52:48 standalone object-server[123828]: 172.20.0.100 - - [19/Feb/2026:22:52:48 +0000] "GET /d1/127/AUTH_f9d071aef7c9482087fa717fc5039b4f/gnocchi.cef2c47d-5402-4ad8-96e8-f26d05422464/none_v3" 404 70 "GET http://localhost:8080/v1/AUTH_f9d071aef7c9482087fa717fc5039b4f/gnocchi.cef2c47d-5402-4ad8-96e8-f26d05422464/none_v3" "tx2a59dd37481a453fa8ae1-0069979440" "proxy-server 21" 0.0007 "-" 22 0
Feb 19 22:52:48 standalone proxy-server[125697]: 172.18.0.2 ::1 19/Feb/2026/22/52/48 GET /v1/AUTH_f9d071aef7c9482087fa717fc5039b4f/gnocchi.cef2c47d-5402-4ad8-96e8-f26d05422464/none_v3 HTTP/1.0 404 - python-swiftclient-3.11.1 gAAAAABpl5N-UZqp... - 70 - tx2a59dd37481a453fa8ae1-0069979440 - 0.0099 - - 1771541568.115036964 1771541568.124899387 0
Feb 19 22:52:48 standalone account-server[123661]: 172.20.0.100 - - [19/Feb/2026:22:52:48 +0000] "PUT /d1/391/AUTH_f9d071aef7c9482087fa717fc5039b4f/gnocchi.cef2c47d-5402-4ad8-96e8-f26d05422464" 201 - "PUT http://172.20.0.100:6001/d1/177/AUTH_f9d071aef7c9482087fa717fc5039b4f/gnocchi.cef2c47d-5402-4ad8-96e8-f26d05422464" "txe37e56727f9342d6b934c-0069979440" "container-server 20" 0.0062 "-" 21 0
Feb 19 22:52:48 standalone container-server[123591]: 172.20.0.100 - - [19/Feb/2026:22:52:48 +0000] "PUT /d1/177/AUTH_f9d071aef7c9482087fa717fc5039b4f/gnocchi.cef2c47d-5402-4ad8-96e8-f26d05422464" 201 - "PUT http://localhost:8080/v1/AUTH_f9d071aef7c9482087fa717fc5039b4f/gnocchi.cef2c47d-5402-4ad8-96e8-f26d05422464" "txe37e56727f9342d6b934c-0069979440" "proxy-server 21" 0.0169 "-" 20 0
Feb 19 22:52:48 standalone proxy-server[125697]: 172.18.0.2 ::1 19/Feb/2026/22/52/48 PUT /v1/AUTH_f9d071aef7c9482087fa717fc5039b4f/gnocchi.cef2c47d-5402-4ad8-96e8-f26d05422464 HTTP/1.0 201 - python-swiftclient-3.11.1 gAAAAABpl5N-UZqp... - - - txe37e56727f9342d6b934c-0069979440 - 0.0213 - - 1771541568.127644777 1771541568.148952246 0
Feb 19 22:52:48 standalone container-server[123616]: 172.20.0.100 - - [19/Feb/2026:22:52:48 +0000] "HEAD /d1/177/AUTH_f9d071aef7c9482087fa717fc5039b4f/gnocchi.cef2c47d-5402-4ad8-96e8-f26d05422464" 204 - "HEAD http://localhost:8080/v1/AUTH_f9d071aef7c9482087fa717fc5039b4f/gnocchi.cef2c47d-5402-4ad8-96e8-f26d05422464?format=json&states=listing" "tx809d393829d6422aa65f3-0069979440" "proxy-server 21" 0.0023 "-" 23 0
Feb 19 22:52:48 standalone proxy-server[125697]: - - 19/Feb/2026/22/52/48 HEAD /v1/AUTH_f9d071aef7c9482087fa717fc5039b4f/gnocchi.cef2c47d-5402-4ad8-96e8-f26d05422464%3Fformat%3Djson%26states%3Dlisting HTTP/1.0 204 - Swift - - - - tx809d393829d6422aa65f3-0069979440 - 0.0063 RL - 1771541568.155512810 1771541568.161832333 0
Feb 19 22:52:48 standalone container-server[123606]: 172.20.0.100 - - [19/Feb/2026:22:52:48 +0000] "GET /d1/177/AUTH_f9d071aef7c9482087fa717fc5039b4f/gnocchi.cef2c47d-5402-4ad8-96e8-f26d05422464" 200 2 "GET http://localhost:8080/v1/AUTH_f9d071aef7c9482087fa717fc5039b4f/gnocchi.cef2c47d-5402-4ad8-96e8-f26d05422464?format=json&states=listing" "tx809d393829d6422aa65f3-0069979440" "proxy-server 21" 0.0033 "-" 22 0
Feb 19 22:52:48 standalone proxy-server[125697]: 172.18.0.2 ::1 19/Feb/2026/22/52/48 GET /v1/AUTH_f9d071aef7c9482087fa717fc5039b4f/gnocchi.cef2c47d-5402-4ad8-96e8-f26d05422464%3Fformat%3Djson%26states%3Dlisting HTTP/1.0 200 - python-swiftclient-3.11.1 gAAAAABpl5N-UZqp... - 2 - tx809d393829d6422aa65f3-0069979440 - 0.0181 - - 1771541568.153773069 1771541568.171916723 0
Feb 19 22:52:48 standalone object-server[123828]: 172.20.0.100 - - [19/Feb/2026:22:52:48 +0000] "GET /d1/622/AUTH_f9d071aef7c9482087fa717fc5039b4f/gnocchi.cef2c47d-5402-4ad8-96e8-f26d05422464/1771200000.0_mean_300.0_v3" 404 70 "GET http://localhost:8080/v1/AUTH_f9d071aef7c9482087fa717fc5039b4f/gnocchi.cef2c47d-5402-4ad8-96e8-f26d05422464/1771200000.0_mean_300.0_v3" "tx9b7c7bd5d55443c7a4009-0069979440" "proxy-server 21" 0.0005 "-" 22 0
Feb 19 22:52:48 standalone proxy-server[125697]: 172.18.0.2 ::1 19/Feb/2026/22/52/48 GET /v1/AUTH_f9d071aef7c9482087fa717fc5039b4f/gnocchi.cef2c47d-5402-4ad8-96e8-f26d05422464/1771200000.0_mean_300.0_v3 HTTP/1.0 404 - python-swiftclient-3.11.1 gAAAAABpl5N-UZqp... - 70 - tx9b7c7bd5d55443c7a4009-0069979440 - 0.0064 - - 1771541568.176558256 1771541568.182975292 0
Feb 19 22:52:48 standalone container-server[123602]: 172.20.0.100 - - [19/Feb/2026:22:52:48 +0000] "PUT /d1/177/AUTH_f9d071aef7c9482087fa717fc5039b4f/gnocchi.cef2c47d-5402-4ad8-96e8-f26d05422464/1771200000.0_mean_300.0_v3" 201 - "PUT http://localhost:8080/d1/622/AUTH_f9d071aef7c9482087fa717fc5039b4f/gnocchi.cef2c47d-5402-4ad8-96e8-f26d05422464/1771200000.0_mean_300.0_v3" "txb1e433ad600c4e5cbc717-0069979440" "object-server 23" 0.0009 "-" 21 0
Feb 19 22:52:48 standalone object-server[123833]: 172.20.0.100 - - [19/Feb/2026:22:52:48 +0000] "PUT /d1/622/AUTH_f9d071aef7c9482087fa717fc5039b4f/gnocchi.cef2c47d-5402-4ad8-96e8-f26d05422464/1771200000.0_mean_300.0_v3" 201 - "PUT http://localhost:8080/v1/AUTH_f9d071aef7c9482087fa717fc5039b4f/gnocchi.cef2c47d-5402-4ad8-96e8-f26d05422464/1771200000.0_mean_300.0_v3" "txb1e433ad600c4e5cbc717-0069979440" "proxy-server 21" 0.0144 "-" 23 0
Feb 19 22:52:48 standalone proxy-server[125697]: 172.18.0.2 ::1 19/Feb/2026/22/52/48 PUT /v1/AUTH_f9d071aef7c9482087fa717fc5039b4f/gnocchi.cef2c47d-5402-4ad8-96e8-f26d05422464/1771200000.0_mean_300.0_v3 HTTP/1.0 201 - python-swiftclient-3.11.1 gAAAAABpl5N-UZqp... 16 - - txb1e433ad600c4e5cbc717-0069979440 - 0.0237 - - 1771541568.187017441 1771541568.210676193 0
Feb 19 22:52:48 standalone container-server[123602]: 172.20.0.100 - - [19/Feb/2026:22:52:48 +0000] "PUT /d1/177/AUTH_f9d071aef7c9482087fa717fc5039b4f/gnocchi.cef2c47d-5402-4ad8-96e8-f26d05422464/none_v3" 201 - "PUT http://localhost:8080/d1/127/AUTH_f9d071aef7c9482087fa717fc5039b4f/gnocchi.cef2c47d-5402-4ad8-96e8-f26d05422464/none_v3" "tx18fa66ef3b5f44b8bbf82-0069979440" "object-server 20" 0.0008 "-" 21 0
Feb 19 22:52:48 standalone object-server[123816]: 172.20.0.100 - - [19/Feb/2026:22:52:48 +0000] "PUT /d1/127/AUTH_f9d071aef7c9482087fa717fc5039b4f/gnocchi.cef2c47d-5402-4ad8-96e8-f26d05422464/none_v3" 201 - "PUT http://localhost:8080/v1/AUTH_f9d071aef7c9482087fa717fc5039b4f/gnocchi.cef2c47d-5402-4ad8-96e8-f26d05422464/none_v3" "tx18fa66ef3b5f44b8bbf82-0069979440" "proxy-server 21" 0.0131 "-" 20 0
Feb 19 22:52:48 standalone proxy-server[125697]: 172.18.0.2 ::1 19/Feb/2026/22/52/48 PUT /v1/AUTH_f9d071aef7c9482087fa717fc5039b4f/gnocchi.cef2c47d-5402-4ad8-96e8-f26d05422464/none_v3 HTTP/1.0 201 - python-swiftclient-3.11.1 gAAAAABpl5N-UZqp... 22 - - tx18fa66ef3b5f44b8bbf82-0069979440 - 0.0216 - - 1771541568.214585543 1771541568.236202240 0
Feb 19 22:52:48 standalone container-server[123591]: 172.20.0.100 - - [19/Feb/2026:22:52:48 +0000] "HEAD /d1/890/AUTH_f9d071aef7c9482087fa717fc5039b4f/gnocchi.f1d60c7f-f589-442c-8bbc-3ff61f75aea3" 404 - "HEAD http://localhost:8080/v1/AUTH_f9d071aef7c9482087fa717fc5039b4f/gnocchi.f1d60c7f-f589-442c-8bbc-3ff61f75aea3?format=json&states=listing" "tx68ae4e8a23574752b833b-0069979440" "proxy-server 21" 0.0004 "-" 20 0
Feb 19 22:52:48 standalone object-server[123821]: 172.20.0.100 - - [19/Feb/2026:22:52:48 +0000] "GET /d1/830/AUTH_f9d071aef7c9482087fa717fc5039b4f/gnocchi.f1d60c7f-f589-442c-8bbc-3ff61f75aea3/none_v3" 404 70 "GET http://localhost:8080/v1/AUTH_f9d071aef7c9482087fa717fc5039b4f/gnocchi.f1d60c7f-f589-442c-8bbc-3ff61f75aea3/none_v3" "tx68ae4e8a23574752b833b-0069979440" "proxy-server 21" 0.0005 "-" 21 0
Feb 19 22:52:48 standalone proxy-server[125697]: 172.18.0.2 ::1 19/Feb/2026/22/52/48 GET /v1/AUTH_f9d071aef7c9482087fa717fc5039b4f/gnocchi.f1d60c7f-f589-442c-8bbc-3ff61f75aea3/none_v3 HTTP/1.0 404 - python-swiftclient-3.11.1 gAAAAABpl5N-UZqp... - 70 - tx68ae4e8a23574752b833b-0069979440 - 0.0133 - - 1771541568.248320818 1771541568.261629581 0
Feb 19 22:52:48 standalone account-server[123666]: 172.20.0.100 - - [19/Feb/2026:22:52:48 +0000] "PUT /d1/391/AUTH_f9d071aef7c9482087fa717fc5039b4f/gnocchi.f1d60c7f-f589-442c-8bbc-3ff61f75aea3" 201 - "PUT http://172.20.0.100:6001/d1/890/AUTH_f9d071aef7c9482087fa717fc5039b4f/gnocchi.f1d60c7f-f589-442c-8bbc-3ff61f75aea3" "tx00acd37062434fbe871c0-0069979440" "container-server 23" 0.0065 "-" 23 0
Feb 19 22:52:48 standalone container-server[123616]: 172.20.0.100 - - [19/Feb/2026:22:52:48 +0000] "PUT /d1/890/AUTH_f9d071aef7c9482087fa717fc5039b4f/gnocchi.f1d60c7f-f589-442c-8bbc-3ff61f75aea3" 201 - "PUT http://localhost:8080/v1/AUTH_f9d071aef7c9482087fa717fc5039b4f/gnocchi.f1d60c7f-f589-442c-8bbc-3ff61f75aea3" "tx00acd37062434fbe871c0-0069979440" "proxy-server 21" 0.0201 "-" 23 0
Feb 19 22:52:48 standalone proxy-server[125697]: 172.18.0.2 ::1 19/Feb/2026/22/52/48 PUT /v1/AUTH_f9d071aef7c9482087fa717fc5039b4f/gnocchi.f1d60c7f-f589-442c-8bbc-3ff61f75aea3 HTTP/1.0 201 - python-swiftclient-3.11.1 gAAAAABpl5N-UZqp... - - - tx00acd37062434fbe871c0-0069979440 - 0.0273 - - 1771541568.265969992 1771541568.293237925 0
Feb 19 22:52:48 standalone container-server[123606]: 172.20.0.100 - - [19/Feb/2026:22:52:48 +0000] "HEAD /d1/890/AUTH_f9d071aef7c9482087fa717fc5039b4f/gnocchi.f1d60c7f-f589-442c-8bbc-3ff61f75aea3" 204 - "HEAD http://localhost:8080/v1/AUTH_f9d071aef7c9482087fa717fc5039b4f/gnocchi.f1d60c7f-f589-442c-8bbc-3ff61f75aea3?format=json&states=listing" "txb98c45b1b6a04c04afdaa-0069979440" "proxy-server 21" 0.0023 "-" 22 0
Feb 19 22:52:48 standalone proxy-server[125697]: - - 19/Feb/2026/22/52/48 HEAD /v1/AUTH_f9d071aef7c9482087fa717fc5039b4f/gnocchi.f1d60c7f-f589-442c-8bbc-3ff61f75aea3%3Fformat%3Djson%26states%3Dlisting HTTP/1.0 204 - Swift - - - - txb98c45b1b6a04c04afdaa-0069979440 - 0.0079 RL - 1771541568.299674988 1771541568.307560682 0
Feb 19 22:52:48 standalone container-server[123606]: 172.20.0.100 - - [19/Feb/2026:22:52:48 +0000] "GET /d1/890/AUTH_f9d071aef7c9482087fa717fc5039b4f/gnocchi.f1d60c7f-f589-442c-8bbc-3ff61f75aea3" 200 2 "GET http://localhost:8080/v1/AUTH_f9d071aef7c9482087fa717fc5039b4f/gnocchi.f1d60c7f-f589-442c-8bbc-3ff61f75aea3?format=json&states=listing" "txb98c45b1b6a04c04afdaa-0069979440" "proxy-server 21" 0.0030 "-" 22 0
Feb 19 22:52:48 standalone proxy-server[125697]: 172.18.0.2 ::1 19/Feb/2026/22/52/48 GET /v1/AUTH_f9d071aef7c9482087fa717fc5039b4f/gnocchi.f1d60c7f-f589-442c-8bbc-3ff61f75aea3%3Fformat%3Djson%26states%3Dlisting HTTP/1.0 200 - python-swiftclient-3.11.1 gAAAAABpl5N-UZqp... - 2 - txb98c45b1b6a04c04afdaa-0069979440 - 0.0211 - - 1771541568.297862291 1771541568.318953991 0
Feb 19 22:52:48 standalone object-server[123828]: 172.20.0.100 - - [19/Feb/2026:22:52:48 +0000] "GET /d1/506/AUTH_f9d071aef7c9482087fa717fc5039b4f/gnocchi.f1d60c7f-f589-442c-8bbc-3ff61f75aea3/1771200000.0_mean_300.0_v3" 404 70 "GET http://localhost:8080/v1/AUTH_f9d071aef7c9482087fa717fc5039b4f/gnocchi.f1d60c7f-f589-442c-8bbc-3ff61f75aea3/1771200000.0_mean_300.0_v3" "txc0a191c398874f3f8d78f-0069979440" "proxy-server 21" 0.0005 "-" 22 0
Feb 19 22:52:48 standalone proxy-server[125697]: 172.18.0.2 ::1 19/Feb/2026/22/52/48 GET /v1/AUTH_f9d071aef7c9482087fa717fc5039b4f/gnocchi.f1d60c7f-f589-442c-8bbc-3ff61f75aea3/1771200000.0_mean_300.0_v3 HTTP/1.0 404 - python-swiftclient-3.11.1 gAAAAABpl5N-UZqp... - 70 - txc0a191c398874f3f8d78f-0069979440 - 0.0073 - - 1771541568.323434591 1771541568.330763102 0
Feb 19 22:52:48 standalone container-server[123602]: 172.20.0.100 - - [19/Feb/2026:22:52:48 +0000] "PUT /d1/890/AUTH_f9d071aef7c9482087fa717fc5039b4f/gnocchi.f1d60c7f-f589-442c-8bbc-3ff61f75aea3/1771200000.0_mean_300.0_v3" 201 - "PUT http://localhost:8080/d1/506/AUTH_f9d071aef7c9482087fa717fc5039b4f/gnocchi.f1d60c7f-f589-442c-8bbc-3ff61f75aea3/1771200000.0_mean_300.0_v3" "txb9f5f105fb8640729e7ca-0069979440" "object-server 20" 0.0008 "-" 21 0
Feb 19 22:52:48 standalone object-server[123816]: 172.20.0.100 - - [19/Feb/2026:22:52:48 +0000] "PUT /d1/506/AUTH_f9d071aef7c9482087fa717fc5039b4f/gnocchi.f1d60c7f-f589-442c-8bbc-3ff61f75aea3/1771200000.0_mean_300.0_v3" 201 - "PUT http://localhost:8080/v1/AUTH_f9d071aef7c9482087fa717fc5039b4f/gnocchi.f1d60c7f-f589-442c-8bbc-3ff61f75aea3/1771200000.0_mean_300.0_v3" "txb9f5f105fb8640729e7ca-0069979440" "proxy-server 21" 0.0125 "-" 20 0
Feb 19 22:52:48 standalone proxy-server[125697]: 172.18.0.2 ::1 19/Feb/2026/22/52/48 PUT /v1/AUTH_f9d071aef7c9482087fa717fc5039b4f/gnocchi.f1d60c7f-f589-442c-8bbc-3ff61f75aea3/1771200000.0_mean_300.0_v3 HTTP/1.0 201 - python-swiftclient-3.11.1 gAAAAABpl5N-UZqp... 16 - - txb9f5f105fb8640729e7ca-0069979440 - 0.0175 - - 1771541568.333816051 1771541568.351329327 0
Feb 19 22:52:48 standalone container-server[123591]: 172.20.0.100 - - [19/Feb/2026:22:52:48 +0000] "PUT /d1/890/AUTH_f9d071aef7c9482087fa717fc5039b4f/gnocchi.f1d60c7f-f589-442c-8bbc-3ff61f75aea3/none_v3" 201 - "PUT http://localhost:8080/d1/830/AUTH_f9d071aef7c9482087fa717fc5039b4f/gnocchi.f1d60c7f-f589-442c-8bbc-3ff61f75aea3/none_v3" "tx16ec592486de48169bc8f-0069979440" "object-server 20" 0.0005 "-" 20 0
Feb 19 22:52:48 standalone object-server[123816]: 172.20.0.100 - - [19/Feb/2026:22:52:48 +0000] "PUT /d1/830/AUTH_f9d071aef7c9482087fa717fc5039b4f/gnocchi.f1d60c7f-f589-442c-8bbc-3ff61f75aea3/none_v3" 201 - "PUT http://localhost:8080/v1/AUTH_f9d071aef7c9482087fa717fc5039b4f/gnocchi.f1d60c7f-f589-442c-8bbc-3ff61f75aea3/none_v3" "tx16ec592486de48169bc8f-0069979440" "proxy-server 21" 0.0107 "-" 20 0
Feb 19 22:52:48 standalone proxy-server[125697]: 172.18.0.2 ::1 19/Feb/2026/22/52/48 PUT /v1/AUTH_f9d071aef7c9482087fa717fc5039b4f/gnocchi.f1d60c7f-f589-442c-8bbc-3ff61f75aea3/none_v3 HTTP/1.0 201 - python-swiftclient-3.11.1 gAAAAABpl5N-UZqp... 22 - - tx16ec592486de48169bc8f-0069979440 - 0.0157 - - 1771541568.354713917 1771541568.370437145 0
Feb 19 22:52:48 standalone container-server[123602]: 172.20.0.100 - - [19/Feb/2026:22:52:48 +0000] "HEAD /d1/605/AUTH_f9d071aef7c9482087fa717fc5039b4f/gnocchi.91277201-31b7-4b23-90ff-25ceaa3547dc" 404 - "HEAD http://localhost:8080/v1/AUTH_f9d071aef7c9482087fa717fc5039b4f/gnocchi.91277201-31b7-4b23-90ff-25ceaa3547dc?format=json&states=listing" "tx86cd1040ca1644e283545-0069979440" "proxy-server 21" 0.0005 "-" 21 0
Feb 19 22:52:48 standalone object-server[123816]: 172.20.0.100 - - [19/Feb/2026:22:52:48 +0000] "GET /d1/150/AUTH_f9d071aef7c9482087fa717fc5039b4f/gnocchi.91277201-31b7-4b23-90ff-25ceaa3547dc/none_v3" 404 70 "GET http://localhost:8080/v1/AUTH_f9d071aef7c9482087fa717fc5039b4f/gnocchi.91277201-31b7-4b23-90ff-25ceaa3547dc/none_v3" "tx86cd1040ca1644e283545-0069979440" "proxy-server 21" 0.0005 "-" 20 0
Feb 19 22:52:48 standalone proxy-server[125697]: 172.18.0.2 ::1 19/Feb/2026/22/52/48 GET /v1/AUTH_f9d071aef7c9482087fa717fc5039b4f/gnocchi.91277201-31b7-4b23-90ff-25ceaa3547dc/none_v3 HTTP/1.0 404 - python-swiftclient-3.11.1 gAAAAABpl5N-UZqp... - 70 - tx86cd1040ca1644e283545-0069979440 - 0.0090 - - 1771541568.381860018 1771541568.390878439 0
Feb 19 22:52:48 standalone account-server[123665]: 172.20.0.100 - - [19/Feb/2026:22:52:48 +0000] "PUT /d1/391/AUTH_f9d071aef7c9482087fa717fc5039b4f/gnocchi.91277201-31b7-4b23-90ff-25ceaa3547dc" 201 - "PUT http://172.20.0.100:6001/d1/605/AUTH_f9d071aef7c9482087fa717fc5039b4f/gnocchi.91277201-31b7-4b23-90ff-25ceaa3547dc" "txde43c22e9d754b7995e8f-0069979440" "container-server 20" 0.0068 "-" 22 0
Feb 19 22:52:48 standalone container-server[123591]: 172.20.0.100 - - [19/Feb/2026:22:52:48 +0000] "PUT /d1/605/AUTH_f9d071aef7c9482087fa717fc5039b4f/gnocchi.91277201-31b7-4b23-90ff-25ceaa3547dc" 201 - "PUT http://localhost:8080/v1/AUTH_f9d071aef7c9482087fa717fc5039b4f/gnocchi.91277201-31b7-4b23-90ff-25ceaa3547dc" "txde43c22e9d754b7995e8f-0069979440" "proxy-server 21" 0.0201 "-" 20 0
Feb 19 22:52:48 standalone proxy-server[125697]: 172.18.0.2 ::1 19/Feb/2026/22/52/48 PUT /v1/AUTH_f9d071aef7c9482087fa717fc5039b4f/gnocchi.91277201-31b7-4b23-90ff-25ceaa3547dc HTTP/1.0 201 - python-swiftclient-3.11.1 gAAAAABpl5N-UZqp... - - - txde43c22e9d754b7995e8f-0069979440 - 0.0246 - - 1771541568.394204855 1771541568.418807745 0
Feb 19 22:52:48 standalone container-server[123591]: 172.20.0.100 - - [19/Feb/2026:22:52:48 +0000] "HEAD /d1/605/AUTH_f9d071aef7c9482087fa717fc5039b4f/gnocchi.91277201-31b7-4b23-90ff-25ceaa3547dc" 204 - "HEAD http://localhost:8080/v1/AUTH_f9d071aef7c9482087fa717fc5039b4f/gnocchi.91277201-31b7-4b23-90ff-25ceaa3547dc?format=json&states=listing" "tx37bc6c172a474c66943d7-0069979440" "proxy-server 21" 0.0025 "-" 20 0
Feb 19 22:52:48 standalone proxy-server[125697]: - - 19/Feb/2026/22/52/48 HEAD /v1/AUTH_f9d071aef7c9482087fa717fc5039b4f/gnocchi.91277201-31b7-4b23-90ff-25ceaa3547dc%3Fformat%3Djson%26states%3Dlisting HTTP/1.0 204 - Swift - - - - tx37bc6c172a474c66943d7-0069979440 - 0.0095 RL - 1771541568.423656702 1771541568.433135271 0
Feb 19 22:52:48 standalone container-server[123602]: 172.20.0.100 - - [19/Feb/2026:22:52:48 +0000] "GET /d1/605/AUTH_f9d071aef7c9482087fa717fc5039b4f/gnocchi.91277201-31b7-4b23-90ff-25ceaa3547dc" 200 2 "GET http://localhost:8080/v1/AUTH_f9d071aef7c9482087fa717fc5039b4f/gnocchi.91277201-31b7-4b23-90ff-25ceaa3547dc?format=json&states=listing" "tx37bc6c172a474c66943d7-0069979440" "proxy-server 21" 0.0033 "-" 21 0
Feb 19 22:52:48 standalone proxy-server[125697]: 172.18.0.2 ::1 19/Feb/2026/22/52/48 GET /v1/AUTH_f9d071aef7c9482087fa717fc5039b4f/gnocchi.91277201-31b7-4b23-90ff-25ceaa3547dc%3Fformat%3Djson%26states%3Dlisting HTTP/1.0 200 - python-swiftclient-3.11.1 gAAAAABpl5N-UZqp... - 2 - tx37bc6c172a474c66943d7-0069979440 - 0.0213 - - 1771541568.422763824 1771541568.444026470 0
Feb 19 22:52:48 standalone object-server[123821]: 172.20.0.100 - - [19/Feb/2026:22:52:48 +0000] "GET /d1/906/AUTH_f9d071aef7c9482087fa717fc5039b4f/gnocchi.91277201-31b7-4b23-90ff-25ceaa3547dc/1771200000.0_mean_300.0_v3" 404 70 "GET http://localhost:8080/v1/AUTH_f9d071aef7c9482087fa717fc5039b4f/gnocchi.91277201-31b7-4b23-90ff-25ceaa3547dc/1771200000.0_mean_300.0_v3" "tx2afb861e05a945ffbd721-0069979440" "proxy-server 21" 0.0007 "-" 21 0
Feb 19 22:52:48 standalone proxy-server[125697]: 172.18.0.2 ::1 19/Feb/2026/22/52/48 GET /v1/AUTH_f9d071aef7c9482087fa717fc5039b4f/gnocchi.91277201-31b7-4b23-90ff-25ceaa3547dc/1771200000.0_mean_300.0_v3 HTTP/1.0 404 - python-swiftclient-3.11.1 gAAAAABpl5N-UZqp... - 70 - tx2afb861e05a945ffbd721-0069979440 - 0.0073 - - 1771541568.449302197 1771541568.456650734 0
Feb 19 22:52:48 standalone container-server[123591]: 172.20.0.100 - - [19/Feb/2026:22:52:48 +0000] "PUT /d1/605/AUTH_f9d071aef7c9482087fa717fc5039b4f/gnocchi.91277201-31b7-4b23-90ff-25ceaa3547dc/1771200000.0_mean_300.0_v3" 201 - "PUT http://localhost:8080/d1/906/AUTH_f9d071aef7c9482087fa717fc5039b4f/gnocchi.91277201-31b7-4b23-90ff-25ceaa3547dc/1771200000.0_mean_300.0_v3" "txe66de3c1409d4c96b1329-0069979440" "object-server 22" 0.0008 "-" 20 0
Feb 19 22:52:48 standalone object-server[123828]: 172.20.0.100 - - [19/Feb/2026:22:52:48 +0000] "PUT /d1/906/AUTH_f9d071aef7c9482087fa717fc5039b4f/gnocchi.91277201-31b7-4b23-90ff-25ceaa3547dc/1771200000.0_mean_300.0_v3" 201 - "PUT http://localhost:8080/v1/AUTH_f9d071aef7c9482087fa717fc5039b4f/gnocchi.91277201-31b7-4b23-90ff-25ceaa3547dc/1771200000.0_mean_300.0_v3" "txe66de3c1409d4c96b1329-0069979440" "proxy-server 21" 0.0104 "-" 22 0
Feb 19 22:52:48 standalone proxy-server[125697]: 172.18.0.2 ::1 19/Feb/2026/22/52/48 PUT /v1/AUTH_f9d071aef7c9482087fa717fc5039b4f/gnocchi.91277201-31b7-4b23-90ff-25ceaa3547dc/1771200000.0_mean_300.0_v3 HTTP/1.0 201 - python-swiftclient-3.11.1 gAAAAABpl5N-UZqp... 16 - - txe66de3c1409d4c96b1329-0069979440 - 0.0165 - - 1771541568.460520744 1771541568.477048397 0
Feb 19 22:52:48 standalone container-server[123602]: 172.20.0.100 - - [19/Feb/2026:22:52:48 +0000] "PUT /d1/605/AUTH_f9d071aef7c9482087fa717fc5039b4f/gnocchi.91277201-31b7-4b23-90ff-25ceaa3547dc/none_v3" 201 - "PUT http://localhost:8080/d1/150/AUTH_f9d071aef7c9482087fa717fc5039b4f/gnocchi.91277201-31b7-4b23-90ff-25ceaa3547dc/none_v3" "txfd4896cac22f45d888b77-0069979440" "object-server 22" 0.0007 "-" 21 0
Feb 19 22:52:48 standalone object-server[123828]: 172.20.0.100 - - [19/Feb/2026:22:52:48 +0000] "PUT /d1/150/AUTH_f9d071aef7c9482087fa717fc5039b4f/gnocchi.91277201-31b7-4b23-90ff-25ceaa3547dc/none_v3" 201 - "PUT http://localhost:8080/v1/AUTH_f9d071aef7c9482087fa717fc5039b4f/gnocchi.91277201-31b7-4b23-90ff-25ceaa3547dc/none_v3" "txfd4896cac22f45d888b77-0069979440" "proxy-server 21" 0.0105 "-" 22 0
Feb 19 22:52:48 standalone proxy-server[125697]: 172.18.0.2 ::1 19/Feb/2026/22/52/48 PUT /v1/AUTH_f9d071aef7c9482087fa717fc5039b4f/gnocchi.91277201-31b7-4b23-90ff-25ceaa3547dc/none_v3 HTTP/1.0 201 - python-swiftclient-3.11.1 gAAAAABpl5N-UZqp... 22 - - txfd4896cac22f45d888b77-0069979440 - 0.0163 - - 1771541568.480991125 1771541568.497300148 0
Feb 19 22:52:48 standalone container-server[123606]: 172.20.0.100 - - [19/Feb/2026:22:52:48 +0000] "HEAD /d1/480/AUTH_f9d071aef7c9482087fa717fc5039b4f/gnocchi.1aec23fb-3e40-4b55-b4bf-1f64552d3290" 404 - "HEAD http://localhost:8080/v1/AUTH_f9d071aef7c9482087fa717fc5039b4f/gnocchi.1aec23fb-3e40-4b55-b4bf-1f64552d3290?format=json&states=listing" "tx9b049d09ca344cc697fcc-0069979440" "proxy-server 21" 0.0006 "-" 22 0
Feb 19 22:52:48 standalone object-server[123816]: 172.20.0.100 - - [19/Feb/2026:22:52:48 +0000] "GET /d1/93/AUTH_f9d071aef7c9482087fa717fc5039b4f/gnocchi.1aec23fb-3e40-4b55-b4bf-1f64552d3290/none_v3" 404 70 "GET http://localhost:8080/v1/AUTH_f9d071aef7c9482087fa717fc5039b4f/gnocchi.1aec23fb-3e40-4b55-b4bf-1f64552d3290/none_v3" "tx9b049d09ca344cc697fcc-0069979440" "proxy-server 21" 0.0006 "-" 20 0
Feb 19 22:52:48 standalone proxy-server[125697]: 172.18.0.2 ::1 19/Feb/2026/22/52/48 GET /v1/AUTH_f9d071aef7c9482087fa717fc5039b4f/gnocchi.1aec23fb-3e40-4b55-b4bf-1f64552d3290/none_v3 HTTP/1.0 404 - python-swiftclient-3.11.1 gAAAAABpl5N-UZqp... - 70 - tx9b049d09ca344cc697fcc-0069979440 - 0.0118 - - 1771541568.509284496 1771541568.521041155 0
Feb 19 22:52:48 standalone account-server[123657]: 172.20.0.100 - - [19/Feb/2026:22:52:48 +0000] "PUT /d1/391/AUTH_f9d071aef7c9482087fa717fc5039b4f/gnocchi.1aec23fb-3e40-4b55-b4bf-1f64552d3290" 201 - "PUT http://172.20.0.100:6001/d1/480/AUTH_f9d071aef7c9482087fa717fc5039b4f/gnocchi.1aec23fb-3e40-4b55-b4bf-1f64552d3290" "txeab88d76f591404083191-0069979440" "container-server 23" 0.0045 "-" 20 0
Feb 19 22:52:48 standalone container-server[123616]: 172.20.0.100 - - [19/Feb/2026:22:52:48 +0000] "PUT /d1/480/AUTH_f9d071aef7c9482087fa717fc5039b4f/gnocchi.1aec23fb-3e40-4b55-b4bf-1f64552d3290" 201 - "PUT http://localhost:8080/v1/AUTH_f9d071aef7c9482087fa717fc5039b4f/gnocchi.1aec23fb-3e40-4b55-b4bf-1f64552d3290" "txeab88d76f591404083191-0069979440" "proxy-server 21" 0.0182 "-" 23 0
Feb 19 22:52:48 standalone proxy-server[125697]: 172.18.0.2 ::1 19/Feb/2026/22/52/48 PUT /v1/AUTH_f9d071aef7c9482087fa717fc5039b4f/gnocchi.1aec23fb-3e40-4b55-b4bf-1f64552d3290 HTTP/1.0 201 - python-swiftclient-3.11.1 gAAAAABpl5N-UZqp... - - - txeab88d76f591404083191-0069979440 - 0.0237 - - 1771541568.525056362 1771541568.548799515 0
Feb 19 22:52:48 standalone container-server[123602]: 172.20.0.100 - - [19/Feb/2026:22:52:48 +0000] "HEAD /d1/847/AUTH_f9d071aef7c9482087fa717fc5039b4f/gnocchi.5d5cb7b7-e31c-4016-8059-2bb9b1a4b610" 404 - "HEAD http://localhost:8080/v1/AUTH_f9d071aef7c9482087fa717fc5039b4f/gnocchi.5d5cb7b7-e31c-4016-8059-2bb9b1a4b610?format=json&states=listing" "tx519b04a827024f7a958be-0069979440" "proxy-server 21" 0.0005 "-" 21 0
Feb 19 22:52:48 standalone object-server[123828]: 172.20.0.100 - - [19/Feb/2026:22:52:48 +0000] "GET /d1/26/AUTH_f9d071aef7c9482087fa717fc5039b4f/gnocchi.5d5cb7b7-e31c-4016-8059-2bb9b1a4b610/none_v3" 404 70 "GET http://localhost:8080/v1/AUTH_f9d071aef7c9482087fa717fc5039b4f/gnocchi.5d5cb7b7-e31c-4016-8059-2bb9b1a4b610/none_v3" "tx519b04a827024f7a958be-0069979440" "proxy-server 21" 0.0006 "-" 22 0
Feb 19 22:52:48 standalone proxy-server[125697]: 172.18.0.2 ::1 19/Feb/2026/22/52/48 GET /v1/AUTH_f9d071aef7c9482087fa717fc5039b4f/gnocchi.5d5cb7b7-e31c-4016-8059-2bb9b1a4b610/none_v3 HTTP/1.0 404 - python-swiftclient-3.11.1 gAAAAABpl5N-UZqp... - 70 - tx519b04a827024f7a958be-0069979440 - 0.0107 - - 1771541568.552083015 1771541568.562761307 0
