Feb 19 22:52:48 standalone account-server[123665]: 172.20.0.100 - - [19/Feb/2026:22:52:48 +0000] "PUT /d1/391/AUTH_f9d071aef7c9482087fa717fc5039b4f/gnocchi.5d5cb7b7-e31c-4016-8059-2bb9b1a4b610" 201 - "PUT http://172.20.0.100:6001/d1/847/AUTH_f9d071aef7c9482087fa717fc5039b4f/gnocchi.5d5cb7b7-e31c-4016-8059-2bb9b1a4b610" "tx15af452210904b17b2024-0069979440" "container-server 21" 0.0053 "-" 22 0
Feb 19 22:52:48 standalone container-server[123602]: 172.20.0.100 - - [19/Feb/2026:22:52:48 +0000] "PUT /d1/847/AUTH_f9d071aef7c9482087fa717fc5039b4f/gnocchi.5d5cb7b7-e31c-4016-8059-2bb9b1a4b610" 201 - "PUT http://localhost:8080/v1/AUTH_f9d071aef7c9482087fa717fc5039b4f/gnocchi.5d5cb7b7-e31c-4016-8059-2bb9b1a4b610" "tx15af452210904b17b2024-0069979440" "proxy-server 21" 0.0163 "-" 21 0
Feb 19 22:52:48 standalone proxy-server[125697]: 172.18.0.2 ::1 19/Feb/2026/22/52/48 PUT /v1/AUTH_f9d071aef7c9482087fa717fc5039b4f/gnocchi.5d5cb7b7-e31c-4016-8059-2bb9b1a4b610 HTTP/1.0 201 - python-swiftclient-3.11.1 gAAAAABpl5N-UZqp... - - - tx15af452210904b17b2024-0069979440 - 0.0217 - - 1771541568.565812111 1771541568.587560654 0
Feb 19 22:52:48 standalone container-server[123602]: 172.20.0.100 - - [19/Feb/2026:22:52:48 +0000] "HEAD /d1/480/AUTH_f9d071aef7c9482087fa717fc5039b4f/gnocchi.1aec23fb-3e40-4b55-b4bf-1f64552d3290" 204 - "HEAD http://localhost:8080/v1/AUTH_f9d071aef7c9482087fa717fc5039b4f/gnocchi.1aec23fb-3e40-4b55-b4bf-1f64552d3290?format=json&states=listing" "tx28e0043295c445cc92404-0069979440" "proxy-server 21" 0.0019 "-" 21 0
Feb 19 22:52:48 standalone proxy-server[125697]: - - 19/Feb/2026/22/52/48 HEAD /v1/AUTH_f9d071aef7c9482087fa717fc5039b4f/gnocchi.1aec23fb-3e40-4b55-b4bf-1f64552d3290%3Fformat%3Djson%26states%3Dlisting HTTP/1.0 204 - Swift - - - - tx28e0043295c445cc92404-0069979440 - 0.0066 RL - 1771541568.595583916 1771541568.602140903 0
Feb 19 22:52:48 standalone container-server[123606]: 172.20.0.100 - - [19/Feb/2026:22:52:48 +0000] "GET /d1/480/AUTH_f9d071aef7c9482087fa717fc5039b4f/gnocchi.1aec23fb-3e40-4b55-b4bf-1f64552d3290" 200 2 "GET http://localhost:8080/v1/AUTH_f9d071aef7c9482087fa717fc5039b4f/gnocchi.1aec23fb-3e40-4b55-b4bf-1f64552d3290?format=json&states=listing" "tx28e0043295c445cc92404-0069979440" "proxy-server 21" 0.0035 "-" 22 0
Feb 19 22:52:48 standalone proxy-server[125697]: 172.18.0.2 ::1 19/Feb/2026/22/52/48 GET /v1/AUTH_f9d071aef7c9482087fa717fc5039b4f/gnocchi.1aec23fb-3e40-4b55-b4bf-1f64552d3290%3Fformat%3Djson%26states%3Dlisting HTTP/1.0 200 - python-swiftclient-3.11.1 gAAAAABpl5N-UZqp... - 2 - tx28e0043295c445cc92404-0069979440 - 0.0213 - - 1771541568.593647718 1771541568.614981651 0
Feb 19 22:52:48 standalone container-server[123616]: 172.20.0.100 - - [19/Feb/2026:22:52:48 +0000] "HEAD /d1/847/AUTH_f9d071aef7c9482087fa717fc5039b4f/gnocchi.5d5cb7b7-e31c-4016-8059-2bb9b1a4b610" 204 - "HEAD http://localhost:8080/v1/AUTH_f9d071aef7c9482087fa717fc5039b4f/gnocchi.5d5cb7b7-e31c-4016-8059-2bb9b1a4b610?format=json&states=listing" "txcc67cfa1c8d141a2a6703-0069979440" "proxy-server 21" 0.0015 "-" 23 0
Feb 19 22:52:48 standalone proxy-server[125697]: - - 19/Feb/2026/22/52/48 HEAD /v1/AUTH_f9d071aef7c9482087fa717fc5039b4f/gnocchi.5d5cb7b7-e31c-4016-8059-2bb9b1a4b610%3Fformat%3Djson%26states%3Dlisting HTTP/1.0 204 - Swift - - - - txcc67cfa1c8d141a2a6703-0069979440 - 0.0056 RL - 1771541568.623024702 1771541568.628619671 0
Feb 19 22:52:48 standalone container-server[123591]: 172.20.0.100 - - [19/Feb/2026:22:52:48 +0000] "GET /d1/847/AUTH_f9d071aef7c9482087fa717fc5039b4f/gnocchi.5d5cb7b7-e31c-4016-8059-2bb9b1a4b610" 200 2 "GET http://localhost:8080/v1/AUTH_f9d071aef7c9482087fa717fc5039b4f/gnocchi.5d5cb7b7-e31c-4016-8059-2bb9b1a4b610?format=json&states=listing" "txcc67cfa1c8d141a2a6703-0069979440" "proxy-server 21" 0.0033 "-" 20 0
Feb 19 22:52:48 standalone proxy-server[125697]: 172.18.0.2 ::1 19/Feb/2026/22/52/48 GET /v1/AUTH_f9d071aef7c9482087fa717fc5039b4f/gnocchi.5d5cb7b7-e31c-4016-8059-2bb9b1a4b610%3Fformat%3Djson%26states%3Dlisting HTTP/1.0 200 - python-swiftclient-3.11.1 gAAAAABpl5N-UZqp... - 2 - txcc67cfa1c8d141a2a6703-0069979440 - 0.0192 - - 1771541568.621483088 1771541568.640708685 0
Feb 19 22:52:48 standalone object-server[123816]: 172.20.0.100 - - [19/Feb/2026:22:52:48 +0000] "GET /d1/22/AUTH_f9d071aef7c9482087fa717fc5039b4f/gnocchi.1aec23fb-3e40-4b55-b4bf-1f64552d3290/1771200000.0_mean_300.0_v3" 404 70 "GET http://localhost:8080/v1/AUTH_f9d071aef7c9482087fa717fc5039b4f/gnocchi.1aec23fb-3e40-4b55-b4bf-1f64552d3290/1771200000.0_mean_300.0_v3" "txa6d2913ef8c142c49aa32-0069979440" "proxy-server 21" 0.0005 "-" 20 0
Feb 19 22:52:48 standalone proxy-server[125697]: 172.18.0.2 ::1 19/Feb/2026/22/52/48 GET /v1/AUTH_f9d071aef7c9482087fa717fc5039b4f/gnocchi.1aec23fb-3e40-4b55-b4bf-1f64552d3290/1771200000.0_mean_300.0_v3 HTTP/1.0 404 - python-swiftclient-3.11.1 gAAAAABpl5N-UZqp... - 70 - txa6d2913ef8c142c49aa32-0069979440 - 0.0080 - - 1771541568.646808863 1771541568.654812336 0
Feb 19 22:52:48 standalone object-server[123821]: 172.20.0.100 - - [19/Feb/2026:22:52:48 +0000] "GET /d1/477/AUTH_f9d071aef7c9482087fa717fc5039b4f/gnocchi.5d5cb7b7-e31c-4016-8059-2bb9b1a4b610/1771200000.0_mean_300.0_v3" 404 70 "GET http://localhost:8080/v1/AUTH_f9d071aef7c9482087fa717fc5039b4f/gnocchi.5d5cb7b7-e31c-4016-8059-2bb9b1a4b610/1771200000.0_mean_300.0_v3" "txe313f0cefa594f14a7a35-0069979440" "proxy-server 21" 0.0005 "-" 21 0
Feb 19 22:52:48 standalone proxy-server[125697]: 172.18.0.2 ::1 19/Feb/2026/22/52/48 GET /v1/AUTH_f9d071aef7c9482087fa717fc5039b4f/gnocchi.5d5cb7b7-e31c-4016-8059-2bb9b1a4b610/1771200000.0_mean_300.0_v3 HTTP/1.0 404 - python-swiftclient-3.11.1 gAAAAABpl5N-UZqp... - 70 - txe313f0cefa594f14a7a35-0069979440 - 0.0083 - - 1771541568.660217285 1771541568.668494225 0
Feb 19 22:52:48 standalone container-server[123591]: 172.20.0.100 - - [19/Feb/2026:22:52:48 +0000] "PUT /d1/480/AUTH_f9d071aef7c9482087fa717fc5039b4f/gnocchi.1aec23fb-3e40-4b55-b4bf-1f64552d3290/1771200000.0_mean_300.0_v3" 201 - "PUT http://localhost:8080/d1/22/AUTH_f9d071aef7c9482087fa717fc5039b4f/gnocchi.1aec23fb-3e40-4b55-b4bf-1f64552d3290/1771200000.0_mean_300.0_v3" "tx03e35d97a62a40e395ed7-0069979440" "object-server 22" 0.0009 "-" 20 0
Feb 19 22:52:48 standalone object-server[123828]: 172.20.0.100 - - [19/Feb/2026:22:52:48 +0000] "PUT /d1/22/AUTH_f9d071aef7c9482087fa717fc5039b4f/gnocchi.1aec23fb-3e40-4b55-b4bf-1f64552d3290/1771200000.0_mean_300.0_v3" 201 - "PUT http://localhost:8080/v1/AUTH_f9d071aef7c9482087fa717fc5039b4f/gnocchi.1aec23fb-3e40-4b55-b4bf-1f64552d3290/1771200000.0_mean_300.0_v3" "tx03e35d97a62a40e395ed7-0069979440" "proxy-server 21" 0.0119 "-" 22 0
Feb 19 22:52:48 standalone proxy-server[125697]: 172.18.0.2 ::1 19/Feb/2026/22/52/48 PUT /v1/AUTH_f9d071aef7c9482087fa717fc5039b4f/gnocchi.1aec23fb-3e40-4b55-b4bf-1f64552d3290/1771200000.0_mean_300.0_v3 HTTP/1.0 201 - python-swiftclient-3.11.1 gAAAAABpl5N-UZqp... 16 - - tx03e35d97a62a40e395ed7-0069979440 - 0.0204 - - 1771541568.673649549 1771541568.694074631 0
Feb 19 22:52:48 standalone container-server[123606]: 172.20.0.100 - - [19/Feb/2026:22:52:48 +0000] "PUT /d1/847/AUTH_f9d071aef7c9482087fa717fc5039b4f/gnocchi.5d5cb7b7-e31c-4016-8059-2bb9b1a4b610/1771200000.0_mean_300.0_v3" 201 - "PUT http://localhost:8080/d1/477/AUTH_f9d071aef7c9482087fa717fc5039b4f/gnocchi.5d5cb7b7-e31c-4016-8059-2bb9b1a4b610/1771200000.0_mean_300.0_v3" "txb49f2f7a05b443d49abee-0069979440" "object-server 20" 0.0010 "-" 22 0
Feb 19 22:52:48 standalone object-server[123816]: 172.20.0.100 - - [19/Feb/2026:22:52:48 +0000] "PUT /d1/477/AUTH_f9d071aef7c9482087fa717fc5039b4f/gnocchi.5d5cb7b7-e31c-4016-8059-2bb9b1a4b610/1771200000.0_mean_300.0_v3" 201 - "PUT http://localhost:8080/v1/AUTH_f9d071aef7c9482087fa717fc5039b4f/gnocchi.5d5cb7b7-e31c-4016-8059-2bb9b1a4b610/1771200000.0_mean_300.0_v3" "txb49f2f7a05b443d49abee-0069979440" "proxy-server 21" 0.0131 "-" 20 0
Feb 19 22:52:48 standalone proxy-server[125697]: 172.18.0.2 ::1 19/Feb/2026/22/52/48 PUT /v1/AUTH_f9d071aef7c9482087fa717fc5039b4f/gnocchi.5d5cb7b7-e31c-4016-8059-2bb9b1a4b610/1771200000.0_mean_300.0_v3 HTTP/1.0 201 - python-swiftclient-3.11.1 gAAAAABpl5N-UZqp... 16 - - txb49f2f7a05b443d49abee-0069979440 - 0.0225 - - 1771541568.699458122 1771541568.721944094 0
Feb 19 22:52:48 standalone container-server[123602]: 172.20.0.100 - - [19/Feb/2026:22:52:48 +0000] "PUT /d1/480/AUTH_f9d071aef7c9482087fa717fc5039b4f/gnocchi.1aec23fb-3e40-4b55-b4bf-1f64552d3290/none_v3" 201 - "PUT http://localhost:8080/d1/93/AUTH_f9d071aef7c9482087fa717fc5039b4f/gnocchi.1aec23fb-3e40-4b55-b4bf-1f64552d3290/none_v3" "tx47ad67d711a345d99aa06-0069979440" "object-server 21" 0.0007 "-" 21 0
Feb 19 22:52:48 standalone object-server[123821]: 172.20.0.100 - - [19/Feb/2026:22:52:48 +0000] "PUT /d1/93/AUTH_f9d071aef7c9482087fa717fc5039b4f/gnocchi.1aec23fb-3e40-4b55-b4bf-1f64552d3290/none_v3" 201 - "PUT http://localhost:8080/v1/AUTH_f9d071aef7c9482087fa717fc5039b4f/gnocchi.1aec23fb-3e40-4b55-b4bf-1f64552d3290/none_v3" "tx47ad67d711a345d99aa06-0069979440" "proxy-server 21" 0.0128 "-" 21 0
Feb 19 22:52:48 standalone proxy-server[125697]: 172.18.0.2 ::1 19/Feb/2026/22/52/48 PUT /v1/AUTH_f9d071aef7c9482087fa717fc5039b4f/gnocchi.1aec23fb-3e40-4b55-b4bf-1f64552d3290/none_v3 HTTP/1.0 201 - python-swiftclient-3.11.1 gAAAAABpl5N-UZqp... 22 - - tx47ad67d711a345d99aa06-0069979440 - 0.0228 - - 1771541568.727449179 1771541568.750212669 0
Feb 19 22:52:48 standalone container-server[123602]: 172.20.0.100 - - [19/Feb/2026:22:52:48 +0000] "PUT /d1/847/AUTH_f9d071aef7c9482087fa717fc5039b4f/gnocchi.5d5cb7b7-e31c-4016-8059-2bb9b1a4b610/none_v3" 201 - "PUT http://localhost:8080/d1/26/AUTH_f9d071aef7c9482087fa717fc5039b4f/gnocchi.5d5cb7b7-e31c-4016-8059-2bb9b1a4b610/none_v3" "tx96b7c4a802544e19a7ce3-0069979440" "object-server 21" 0.0010 "-" 21 0
Feb 19 22:52:48 standalone object-server[123821]: 172.20.0.100 - - [19/Feb/2026:22:52:48 +0000] "PUT /d1/26/AUTH_f9d071aef7c9482087fa717fc5039b4f/gnocchi.5d5cb7b7-e31c-4016-8059-2bb9b1a4b610/none_v3" 201 - "PUT http://localhost:8080/v1/AUTH_f9d071aef7c9482087fa717fc5039b4f/gnocchi.5d5cb7b7-e31c-4016-8059-2bb9b1a4b610/none_v3" "tx96b7c4a802544e19a7ce3-0069979440" "proxy-server 21" 0.0124 "-" 21 0
Feb 19 22:52:48 standalone proxy-server[125697]: 172.18.0.2 ::1 19/Feb/2026/22/52/48 PUT /v1/AUTH_f9d071aef7c9482087fa717fc5039b4f/gnocchi.5d5cb7b7-e31c-4016-8059-2bb9b1a4b610/none_v3 HTTP/1.0 201 - python-swiftclient-3.11.1 gAAAAABpl5N-UZqp... 22 - - tx96b7c4a802544e19a7ce3-0069979440 - 0.0213 - - 1771541568.755726099 1771541568.777001143 0
Feb 19 22:52:48 standalone container-server[123602]: 172.20.0.100 - - [19/Feb/2026:22:52:48 +0000] "HEAD /d1/495/AUTH_f9d071aef7c9482087fa717fc5039b4f/gnocchi.c6a5d884-3e34-4729-8559-a95869c22c3d" 404 - "HEAD http://localhost:8080/v1/AUTH_f9d071aef7c9482087fa717fc5039b4f/gnocchi.c6a5d884-3e34-4729-8559-a95869c22c3d?format=json&states=listing" "txb3a3bb07d55b4919b8bb4-0069979440" "proxy-server 21" 0.0005 "-" 21 0
Feb 19 22:52:48 standalone object-server[123821]: 172.20.0.100 - - [19/Feb/2026:22:52:48 +0000] "GET /d1/598/AUTH_f9d071aef7c9482087fa717fc5039b4f/gnocchi.c6a5d884-3e34-4729-8559-a95869c22c3d/none_v3" 404 70 "GET http://localhost:8080/v1/AUTH_f9d071aef7c9482087fa717fc5039b4f/gnocchi.c6a5d884-3e34-4729-8559-a95869c22c3d/none_v3" "txb3a3bb07d55b4919b8bb4-0069979440" "proxy-server 21" 0.0004 "-" 21 0
Feb 19 22:52:48 standalone proxy-server[125697]: 172.18.0.2 ::1 19/Feb/2026/22/52/48 GET /v1/AUTH_f9d071aef7c9482087fa717fc5039b4f/gnocchi.c6a5d884-3e34-4729-8559-a95869c22c3d/none_v3 HTTP/1.0 404 - python-swiftclient-3.11.1 gAAAAABpl5N-UZqp... - 70 - txb3a3bb07d55b4919b8bb4-0069979440 - 0.0135 - - 1771541568.792572975 1771541568.806032896 0
Feb 19 22:52:48 standalone account-server[123666]: 172.20.0.100 - - [19/Feb/2026:22:52:48 +0000] "PUT /d1/391/AUTH_f9d071aef7c9482087fa717fc5039b4f/gnocchi.c6a5d884-3e34-4729-8559-a95869c22c3d" 201 - "PUT http://172.20.0.100:6001/d1/495/AUTH_f9d071aef7c9482087fa717fc5039b4f/gnocchi.c6a5d884-3e34-4729-8559-a95869c22c3d" "txdea75e1d0b564b45993e6-0069979440" "container-server 22" 0.0052 "-" 23 0
Feb 19 22:52:48 standalone container-server[123606]: 172.20.0.100 - - [19/Feb/2026:22:52:48 +0000] "PUT /d1/495/AUTH_f9d071aef7c9482087fa717fc5039b4f/gnocchi.c6a5d884-3e34-4729-8559-a95869c22c3d" 201 - "PUT http://localhost:8080/v1/AUTH_f9d071aef7c9482087fa717fc5039b4f/gnocchi.c6a5d884-3e34-4729-8559-a95869c22c3d" "txdea75e1d0b564b45993e6-0069979440" "proxy-server 21" 0.0201 "-" 22 0
Feb 19 22:52:48 standalone proxy-server[125697]: 172.18.0.2 ::1 19/Feb/2026/22/52/48 PUT /v1/AUTH_f9d071aef7c9482087fa717fc5039b4f/gnocchi.c6a5d884-3e34-4729-8559-a95869c22c3d HTTP/1.0 201 - python-swiftclient-3.11.1 gAAAAABpl5N-UZqp... - - - txdea75e1d0b564b45993e6-0069979440 - 0.0274 - - 1771541568.810827255 1771541568.838232517 0
Feb 19 22:52:48 standalone container-server[123591]: 172.20.0.100 - - [19/Feb/2026:22:52:48 +0000] "HEAD /d1/495/AUTH_f9d071aef7c9482087fa717fc5039b4f/gnocchi.c6a5d884-3e34-4729-8559-a95869c22c3d" 204 - "HEAD http://localhost:8080/v1/AUTH_f9d071aef7c9482087fa717fc5039b4f/gnocchi.c6a5d884-3e34-4729-8559-a95869c22c3d?format=json&states=listing" "tx74d36d1c37634323a5076-0069979440" "proxy-server 21" 0.0015 "-" 20 0
Feb 19 22:52:48 standalone proxy-server[125697]: - - 19/Feb/2026/22/52/48 HEAD /v1/AUTH_f9d071aef7c9482087fa717fc5039b4f/gnocchi.c6a5d884-3e34-4729-8559-a95869c22c3d%3Fformat%3Djson%26states%3Dlisting HTTP/1.0 204 - Swift - - - - tx74d36d1c37634323a5076-0069979440 - 0.0070 RL - 1771541568.848634481 1771541568.855610371 0
Feb 19 22:52:48 standalone container-server[123616]: 172.20.0.100 - - [19/Feb/2026:22:52:48 +0000] "GET /d1/495/AUTH_f9d071aef7c9482087fa717fc5039b4f/gnocchi.c6a5d884-3e34-4729-8559-a95869c22c3d" 200 2 "GET http://localhost:8080/v1/AUTH_f9d071aef7c9482087fa717fc5039b4f/gnocchi.c6a5d884-3e34-4729-8559-a95869c22c3d?format=json&states=listing" "tx74d36d1c37634323a5076-0069979440" "proxy-server 21" 0.0024 "-" 23 0
Feb 19 22:52:48 standalone proxy-server[125697]: 172.18.0.2 ::1 19/Feb/2026/22/52/48 GET /v1/AUTH_f9d071aef7c9482087fa717fc5039b4f/gnocchi.c6a5d884-3e34-4729-8559-a95869c22c3d%3Fformat%3Djson%26states%3Dlisting HTTP/1.0 200 - python-swiftclient-3.11.1 gAAAAABpl5N-UZqp... - 2 - tx74d36d1c37634323a5076-0069979440 - 0.0215 - - 1771541568.845492363 1771541568.866979599 0
Feb 19 22:52:48 standalone object-server[123828]: 172.20.0.100 - - [19/Feb/2026:22:52:48 +0000] "GET /d1/211/AUTH_f9d071aef7c9482087fa717fc5039b4f/gnocchi.c6a5d884-3e34-4729-8559-a95869c22c3d/1771200000.0_mean_300.0_v3" 404 70 "GET http://localhost:8080/v1/AUTH_f9d071aef7c9482087fa717fc5039b4f/gnocchi.c6a5d884-3e34-4729-8559-a95869c22c3d/1771200000.0_mean_300.0_v3" "txed122f22e7c74b6fb1fa5-0069979440" "proxy-server 21" 0.0004 "-" 22 0
Feb 19 22:52:48 standalone proxy-server[125697]: 172.18.0.2 ::1 19/Feb/2026/22/52/48 GET /v1/AUTH_f9d071aef7c9482087fa717fc5039b4f/gnocchi.c6a5d884-3e34-4729-8559-a95869c22c3d/1771200000.0_mean_300.0_v3 HTTP/1.0 404 - python-swiftclient-3.11.1 gAAAAABpl5N-UZqp... - 70 - txed122f22e7c74b6fb1fa5-0069979440 - 0.0079 - - 1771541568.871687412 1771541568.879579306 0
Feb 19 22:52:48 standalone container-server[123602]: 172.20.0.100 - - [19/Feb/2026:22:52:48 +0000] "PUT /d1/495/AUTH_f9d071aef7c9482087fa717fc5039b4f/gnocchi.c6a5d884-3e34-4729-8559-a95869c22c3d/1771200000.0_mean_300.0_v3" 201 - "PUT http://localhost:8080/d1/211/AUTH_f9d071aef7c9482087fa717fc5039b4f/gnocchi.c6a5d884-3e34-4729-8559-a95869c22c3d/1771200000.0_mean_300.0_v3" "tx2b0e4afa95d340cfbd305-0069979440" "object-server 22" 0.0010 "-" 21 0
Feb 19 22:52:48 standalone object-server[123828]: 172.20.0.100 - - [19/Feb/2026:22:52:48 +0000] "PUT /d1/211/AUTH_f9d071aef7c9482087fa717fc5039b4f/gnocchi.c6a5d884-3e34-4729-8559-a95869c22c3d/1771200000.0_mean_300.0_v3" 201 - "PUT http://localhost:8080/v1/AUTH_f9d071aef7c9482087fa717fc5039b4f/gnocchi.c6a5d884-3e34-4729-8559-a95869c22c3d/1771200000.0_mean_300.0_v3" "tx2b0e4afa95d340cfbd305-0069979440" "proxy-server 21" 0.0127 "-" 22 0
Feb 19 22:52:48 standalone proxy-server[125697]: 172.18.0.2 ::1 19/Feb/2026/22/52/48 PUT /v1/AUTH_f9d071aef7c9482087fa717fc5039b4f/gnocchi.c6a5d884-3e34-4729-8559-a95869c22c3d/1771200000.0_mean_300.0_v3 HTTP/1.0 201 - python-swiftclient-3.11.1 gAAAAABpl5N-UZqp... 16 - - tx2b0e4afa95d340cfbd305-0069979440 - 0.0207 - - 1771541568.883476496 1771541568.904191017 0
Feb 19 22:52:48 standalone container-server[123591]: 172.20.0.100 - - [19/Feb/2026:22:52:48 +0000] "PUT /d1/495/AUTH_f9d071aef7c9482087fa717fc5039b4f/gnocchi.c6a5d884-3e34-4729-8559-a95869c22c3d/none_v3" 201 - "PUT http://localhost:8080/d1/598/AUTH_f9d071aef7c9482087fa717fc5039b4f/gnocchi.c6a5d884-3e34-4729-8559-a95869c22c3d/none_v3" "tx118a2a73221e4031bc260-0069979440" "object-server 22" 0.0006 "-" 20 0
Feb 19 22:52:48 standalone object-server[123828]: 172.20.0.100 - - [19/Feb/2026:22:52:48 +0000] "PUT /d1/598/AUTH_f9d071aef7c9482087fa717fc5039b4f/gnocchi.c6a5d884-3e34-4729-8559-a95869c22c3d/none_v3" 201 - "PUT http://localhost:8080/v1/AUTH_f9d071aef7c9482087fa717fc5039b4f/gnocchi.c6a5d884-3e34-4729-8559-a95869c22c3d/none_v3" "tx118a2a73221e4031bc260-0069979440" "proxy-server 21" 0.0106 "-" 22 0
Feb 19 22:52:48 standalone proxy-server[125697]: 172.18.0.2 ::1 19/Feb/2026/22/52/48 PUT /v1/AUTH_f9d071aef7c9482087fa717fc5039b4f/gnocchi.c6a5d884-3e34-4729-8559-a95869c22c3d/none_v3 HTTP/1.0 201 - python-swiftclient-3.11.1 gAAAAABpl5N-UZqp... 22 - - tx118a2a73221e4031bc260-0069979440 - 0.0180 - - 1771541568.908623695 1771541568.926656008 0
Feb 19 22:52:48 standalone container-server[123606]: 172.20.0.100 - - [19/Feb/2026:22:52:48 +0000] "HEAD /d1/391/AUTH_f9d071aef7c9482087fa717fc5039b4f/gnocchi.44518fba-251f-4504-8739-9f273f09e044" 404 - "HEAD http://localhost:8080/v1/AUTH_f9d071aef7c9482087fa717fc5039b4f/gnocchi.44518fba-251f-4504-8739-9f273f09e044?format=json&states=listing" "txc8a3648d82074667b8f6e-0069979440" "proxy-server 21" 0.0005 "-" 22 0
Feb 19 22:52:48 standalone object-server[123816]: 172.20.0.100 - - [19/Feb/2026:22:52:48 +0000] "GET /d1/509/AUTH_f9d071aef7c9482087fa717fc5039b4f/gnocchi.44518fba-251f-4504-8739-9f273f09e044/none_v3" 404 70 "GET http://localhost:8080/v1/AUTH_f9d071aef7c9482087fa717fc5039b4f/gnocchi.44518fba-251f-4504-8739-9f273f09e044/none_v3" "txc8a3648d82074667b8f6e-0069979440" "proxy-server 21" 0.0007 "-" 20 0
Feb 19 22:52:48 standalone proxy-server[125697]: 172.18.0.2 ::1 19/Feb/2026/22/52/48 GET /v1/AUTH_f9d071aef7c9482087fa717fc5039b4f/gnocchi.44518fba-251f-4504-8739-9f273f09e044/none_v3 HTTP/1.0 404 - python-swiftclient-3.11.1 gAAAAABpl5N-UZqp... - 70 - txc8a3648d82074667b8f6e-0069979440 - 0.0128 - - 1771541568.939656258 1771541568.952505112 0
Feb 19 22:52:48 standalone account-server[123661]: 172.20.0.100 - - [19/Feb/2026:22:52:48 +0000] "PUT /d1/391/AUTH_f9d071aef7c9482087fa717fc5039b4f/gnocchi.44518fba-251f-4504-8739-9f273f09e044" 201 - "PUT http://172.20.0.100:6001/d1/391/AUTH_f9d071aef7c9482087fa717fc5039b4f/gnocchi.44518fba-251f-4504-8739-9f273f09e044" "tx454bc56de4704a329e280-0069979440" "container-server 20" 0.0068 "-" 21 0
Feb 19 22:52:48 standalone container-server[123591]: 172.20.0.100 - - [19/Feb/2026:22:52:48 +0000] "PUT /d1/391/AUTH_f9d071aef7c9482087fa717fc5039b4f/gnocchi.44518fba-251f-4504-8739-9f273f09e044" 201 - "PUT http://localhost:8080/v1/AUTH_f9d071aef7c9482087fa717fc5039b4f/gnocchi.44518fba-251f-4504-8739-9f273f09e044" "tx454bc56de4704a329e280-0069979440" "proxy-server 21" 0.0223 "-" 20 0
Feb 19 22:52:48 standalone proxy-server[125697]: 172.18.0.2 ::1 19/Feb/2026/22/52/48 PUT /v1/AUTH_f9d071aef7c9482087fa717fc5039b4f/gnocchi.44518fba-251f-4504-8739-9f273f09e044 HTTP/1.0 201 - python-swiftclient-3.11.1 gAAAAABpl5N-UZqp... - - - tx454bc56de4704a329e280-0069979440 - 0.0284 - - 1771541568.956684113 1771541568.985039949 0
Feb 19 22:52:48 standalone container-server[123616]: 172.20.0.100 - - [19/Feb/2026:22:52:48 +0000] "HEAD /d1/391/AUTH_f9d071aef7c9482087fa717fc5039b4f/gnocchi.44518fba-251f-4504-8739-9f273f09e044" 204 - "HEAD http://localhost:8080/v1/AUTH_f9d071aef7c9482087fa717fc5039b4f/gnocchi.44518fba-251f-4504-8739-9f273f09e044?format=json&states=listing" "txa886b33d80494f68a18d3-0069979440" "proxy-server 21" 0.0030 "-" 23 0
Feb 19 22:52:48 standalone proxy-server[125697]: - - 19/Feb/2026/22/52/48 HEAD /v1/AUTH_f9d071aef7c9482087fa717fc5039b4f/gnocchi.44518fba-251f-4504-8739-9f273f09e044%3Fformat%3Djson%26states%3Dlisting HTTP/1.0 204 - Swift - - - - txa886b33d80494f68a18d3-0069979440 - 0.0077 RL - 1771541568.990466118 1771541568.998131037 0
Feb 19 22:52:49 standalone container-server[123591]: 172.20.0.100 - - [19/Feb/2026:22:52:49 +0000] "GET /d1/391/AUTH_f9d071aef7c9482087fa717fc5039b4f/gnocchi.44518fba-251f-4504-8739-9f273f09e044" 200 2 "GET http://localhost:8080/v1/AUTH_f9d071aef7c9482087fa717fc5039b4f/gnocchi.44518fba-251f-4504-8739-9f273f09e044?format=json&states=listing" "txa886b33d80494f68a18d3-0069979440" "proxy-server 21" 0.0028 "-" 20 0
Feb 19 22:52:49 standalone proxy-server[125697]: 172.18.0.2 ::1 19/Feb/2026/22/52/49 GET /v1/AUTH_f9d071aef7c9482087fa717fc5039b4f/gnocchi.44518fba-251f-4504-8739-9f273f09e044%3Fformat%3Djson%26states%3Dlisting HTTP/1.0 200 - python-swiftclient-3.11.1 gAAAAABpl5N-UZqp... - 2 - txa886b33d80494f68a18d3-0069979440 - 0.0177 - - 1771541568.989288330 1771541569.006964922 0
Feb 19 22:52:49 standalone object-server[123828]: 172.20.0.100 - - [19/Feb/2026:22:52:49 +0000] "GET /d1/862/AUTH_f9d071aef7c9482087fa717fc5039b4f/gnocchi.44518fba-251f-4504-8739-9f273f09e044/1771200000.0_mean_300.0_v3" 404 70 "GET http://localhost:8080/v1/AUTH_f9d071aef7c9482087fa717fc5039b4f/gnocchi.44518fba-251f-4504-8739-9f273f09e044/1771200000.0_mean_300.0_v3" "txb9f81ca794954937ae082-0069979441" "proxy-server 21" 0.0004 "-" 22 0
Feb 19 22:52:49 standalone proxy-server[125697]: 172.18.0.2 ::1 19/Feb/2026/22/52/49 GET /v1/AUTH_f9d071aef7c9482087fa717fc5039b4f/gnocchi.44518fba-251f-4504-8739-9f273f09e044/1771200000.0_mean_300.0_v3 HTTP/1.0 404 - python-swiftclient-3.11.1 gAAAAABpl5N-UZqp... - 70 - txb9f81ca794954937ae082-0069979441 - 0.0053 - - 1771541569.013975382 1771541569.019244909 0
Feb 19 22:52:49 standalone container-server[123591]: 172.20.0.100 - - [19/Feb/2026:22:52:49 +0000] "PUT /d1/391/AUTH_f9d071aef7c9482087fa717fc5039b4f/gnocchi.44518fba-251f-4504-8739-9f273f09e044/1771200000.0_mean_300.0_v3" 201 - "PUT http://localhost:8080/d1/862/AUTH_f9d071aef7c9482087fa717fc5039b4f/gnocchi.44518fba-251f-4504-8739-9f273f09e044/1771200000.0_mean_300.0_v3" "tx256d15c3be024ee99b56b-0069979441" "object-server 23" 0.0009 "-" 20 0
Feb 19 22:52:49 standalone object-server[123833]: 172.20.0.100 - - [19/Feb/2026:22:52:49 +0000] "PUT /d1/862/AUTH_f9d071aef7c9482087fa717fc5039b4f/gnocchi.44518fba-251f-4504-8739-9f273f09e044/1771200000.0_mean_300.0_v3" 201 - "PUT http://localhost:8080/v1/AUTH_f9d071aef7c9482087fa717fc5039b4f/gnocchi.44518fba-251f-4504-8739-9f273f09e044/1771200000.0_mean_300.0_v3" "tx256d15c3be024ee99b56b-0069979441" "proxy-server 21" 0.0122 "-" 23 0
Feb 19 22:52:49 standalone proxy-server[125697]: 172.18.0.2 ::1 19/Feb/2026/22/52/49 PUT /v1/AUTH_f9d071aef7c9482087fa717fc5039b4f/gnocchi.44518fba-251f-4504-8739-9f273f09e044/1771200000.0_mean_300.0_v3 HTTP/1.0 201 - python-swiftclient-3.11.1 gAAAAABpl5N-UZqp... 16 - - tx256d15c3be024ee99b56b-0069979441 - 0.0179 - - 1771541569.024176359 1771541569.042045355 0
Feb 19 22:52:49 standalone container-server[123616]: 172.20.0.100 - - [19/Feb/2026:22:52:49 +0000] "PUT /d1/391/AUTH_f9d071aef7c9482087fa717fc5039b4f/gnocchi.44518fba-251f-4504-8739-9f273f09e044/none_v3" 201 - "PUT http://localhost:8080/d1/509/AUTH_f9d071aef7c9482087fa717fc5039b4f/gnocchi.44518fba-251f-4504-8739-9f273f09e044/none_v3" "tx92ac7b041ce24246b1b9c-0069979441" "object-server 23" 0.0009 "-" 23 0
Feb 19 22:52:49 standalone object-server[123833]: 172.20.0.100 - - [19/Feb/2026:22:52:49 +0000] "PUT /d1/509/AUTH_f9d071aef7c9482087fa717fc5039b4f/gnocchi.44518fba-251f-4504-8739-9f273f09e044/none_v3" 201 - "PUT http://localhost:8080/v1/AUTH_f9d071aef7c9482087fa717fc5039b4f/gnocchi.44518fba-251f-4504-8739-9f273f09e044/none_v3" "tx92ac7b041ce24246b1b9c-0069979441" "proxy-server 21" 0.0116 "-" 23 0
Feb 19 22:52:49 standalone proxy-server[125697]: 172.18.0.2 ::1 19/Feb/2026/22/52/49 PUT /v1/AUTH_f9d071aef7c9482087fa717fc5039b4f/gnocchi.44518fba-251f-4504-8739-9f273f09e044/none_v3 HTTP/1.0 201 - python-swiftclient-3.11.1 gAAAAABpl5N-UZqp... 22 - - tx92ac7b041ce24246b1b9c-0069979441 - 0.0177 - - 1771541569.046790123 1771541569.064532280 0
Feb 19 22:52:49 standalone container-server[123602]: 172.20.0.100 - - [19/Feb/2026:22:52:49 +0000] "HEAD /d1/250/AUTH_f9d071aef7c9482087fa717fc5039b4f/gnocchi.07a66fe9-bdd4-4f97-915c-ca2772270fb2" 404 - "HEAD http://localhost:8080/v1/AUTH_f9d071aef7c9482087fa717fc5039b4f/gnocchi.07a66fe9-bdd4-4f97-915c-ca2772270fb2?format=json&states=listing" "txccad6fc4d1b14c64ad54b-0069979441" "proxy-server 21" 0.0006 "-" 21 0
Feb 19 22:52:49 standalone object-server[123821]: 172.20.0.100 - - [19/Feb/2026:22:52:49 +0000] "GET /d1/952/AUTH_f9d071aef7c9482087fa717fc5039b4f/gnocchi.07a66fe9-bdd4-4f97-915c-ca2772270fb2/none_v3" 404 70 "GET http://localhost:8080/v1/AUTH_f9d071aef7c9482087fa717fc5039b4f/gnocchi.07a66fe9-bdd4-4f97-915c-ca2772270fb2/none_v3" "txccad6fc4d1b14c64ad54b-0069979441" "proxy-server 21" 0.0007 "-" 21 0
Feb 19 22:52:49 standalone proxy-server[125697]: 172.18.0.2 ::1 19/Feb/2026/22/52/49 GET /v1/AUTH_f9d071aef7c9482087fa717fc5039b4f/gnocchi.07a66fe9-bdd4-4f97-915c-ca2772270fb2/none_v3 HTTP/1.0 404 - python-swiftclient-3.11.1 gAAAAABpl5N-UZqp... - 70 - txccad6fc4d1b14c64ad54b-0069979441 - 0.0107 - - 1771541569.083035469 1771541569.093739510 0
Feb 19 22:52:49 standalone account-server[123661]: 172.20.0.100 - - [19/Feb/2026:22:52:49 +0000] "PUT /d1/391/AUTH_f9d071aef7c9482087fa717fc5039b4f/gnocchi.07a66fe9-bdd4-4f97-915c-ca2772270fb2" 201 - "PUT http://172.20.0.100:6001/d1/250/AUTH_f9d071aef7c9482087fa717fc5039b4f/gnocchi.07a66fe9-bdd4-4f97-915c-ca2772270fb2" "tx18fe0e6c9624466c9b59e-0069979441" "container-server 22" 0.0058 "-" 21 0
Feb 19 22:52:49 standalone container-server[123606]: 172.20.0.100 - - [19/Feb/2026:22:52:49 +0000] "PUT /d1/250/AUTH_f9d071aef7c9482087fa717fc5039b4f/gnocchi.07a66fe9-bdd4-4f97-915c-ca2772270fb2" 201 - "PUT http://localhost:8080/v1/AUTH_f9d071aef7c9482087fa717fc5039b4f/gnocchi.07a66fe9-bdd4-4f97-915c-ca2772270fb2" "tx18fe0e6c9624466c9b59e-0069979441" "proxy-server 21" 0.0190 "-" 22 0
Feb 19 22:52:49 standalone proxy-server[125697]: 172.18.0.2 ::1 19/Feb/2026/22/52/49 PUT /v1/AUTH_f9d071aef7c9482087fa717fc5039b4f/gnocchi.07a66fe9-bdd4-4f97-915c-ca2772270fb2 HTTP/1.0 201 - python-swiftclient-3.11.1 gAAAAABpl5N-UZqp... - - - tx18fe0e6c9624466c9b59e-0069979441 - 0.0248 - - 1771541569.098318338 1771541569.123122454 0
Feb 19 22:52:49 standalone container-server[123616]: 172.20.0.100 - - [19/Feb/2026:22:52:49 +0000] "HEAD /d1/250/AUTH_f9d071aef7c9482087fa717fc5039b4f/gnocchi.07a66fe9-bdd4-4f97-915c-ca2772270fb2" 204 - "HEAD http://localhost:8080/v1/AUTH_f9d071aef7c9482087fa717fc5039b4f/gnocchi.07a66fe9-bdd4-4f97-915c-ca2772270fb2?format=json&states=listing" "tx32811d468fb045c38af44-0069979441" "proxy-server 21" 0.0024 "-" 23 0
Feb 19 22:52:49 standalone proxy-server[125697]: - - 19/Feb/2026/22/52/49 HEAD /v1/AUTH_f9d071aef7c9482087fa717fc5039b4f/gnocchi.07a66fe9-bdd4-4f97-915c-ca2772270fb2%3Fformat%3Djson%26states%3Dlisting HTTP/1.0 204 - Swift - - - - tx32811d468fb045c38af44-0069979441 - 0.0060 RL - 1771541569.129138470 1771541569.135126591 0
Feb 19 22:52:49 standalone container-server[123602]: 172.20.0.100 - - [19/Feb/2026:22:52:49 +0000] "GET /d1/250/AUTH_f9d071aef7c9482087fa717fc5039b4f/gnocchi.07a66fe9-bdd4-4f97-915c-ca2772270fb2" 200 2 "GET http://localhost:8080/v1/AUTH_f9d071aef7c9482087fa717fc5039b4f/gnocchi.07a66fe9-bdd4-4f97-915c-ca2772270fb2?format=json&states=listing" "tx32811d468fb045c38af44-0069979441" "proxy-server 21" 0.0033 "-" 21 0
Feb 19 22:52:49 standalone proxy-server[125697]: 172.18.0.2 ::1 19/Feb/2026/22/52/49 GET /v1/AUTH_f9d071aef7c9482087fa717fc5039b4f/gnocchi.07a66fe9-bdd4-4f97-915c-ca2772270fb2%3Fformat%3Djson%26states%3Dlisting HTTP/1.0 200 - python-swiftclient-3.11.1 gAAAAABpl5N-UZqp... - 2 - tx32811d468fb045c38af44-0069979441 - 0.0157 - - 1771541569.128083706 1771541569.143770456 0
Feb 19 22:52:49 standalone object-server[123821]: 172.20.0.100 - - [19/Feb/2026:22:52:49 +0000] "GET /d1/649/AUTH_f9d071aef7c9482087fa717fc5039b4f/gnocchi.07a66fe9-bdd4-4f97-915c-ca2772270fb2/1771200000.0_mean_300.0_v3" 404 70 "GET http://localhost:8080/v1/AUTH_f9d071aef7c9482087fa717fc5039b4f/gnocchi.07a66fe9-bdd4-4f97-915c-ca2772270fb2/1771200000.0_mean_300.0_v3" "txd3fac08db5784c9f9f018-0069979441" "proxy-server 21" 0.0005 "-" 21 0
Feb 19 22:52:49 standalone proxy-server[125697]: 172.18.0.2 ::1 19/Feb/2026/22/52/49 GET /v1/AUTH_f9d071aef7c9482087fa717fc5039b4f/gnocchi.07a66fe9-bdd4-4f97-915c-ca2772270fb2/1771200000.0_mean_300.0_v3 HTTP/1.0 404 - python-swiftclient-3.11.1 gAAAAABpl5N-UZqp... - 70 - txd3fac08db5784c9f9f018-0069979441 - 0.0057 - - 1771541569.148694754 1771541569.154400826 0
Feb 19 22:52:49 standalone container-server[123591]: 172.20.0.100 - - [19/Feb/2026:22:52:49 +0000] "PUT /d1/250/AUTH_f9d071aef7c9482087fa717fc5039b4f/gnocchi.07a66fe9-bdd4-4f97-915c-ca2772270fb2/1771200000.0_mean_300.0_v3" 201 - "PUT http://localhost:8080/d1/649/AUTH_f9d071aef7c9482087fa717fc5039b4f/gnocchi.07a66fe9-bdd4-4f97-915c-ca2772270fb2/1771200000.0_mean_300.0_v3" "txf23e6b441c514c39ad003-0069979441" "object-server 20" 0.0008 "-" 20 0
Feb 19 22:52:49 standalone object-server[123816]: 172.20.0.100 - - [19/Feb/2026:22:52:49 +0000] "PUT /d1/649/AUTH_f9d071aef7c9482087fa717fc5039b4f/gnocchi.07a66fe9-bdd4-4f97-915c-ca2772270fb2/1771200000.0_mean_300.0_v3" 201 - "PUT http://localhost:8080/v1/AUTH_f9d071aef7c9482087fa717fc5039b4f/gnocchi.07a66fe9-bdd4-4f97-915c-ca2772270fb2/1771200000.0_mean_300.0_v3" "txf23e6b441c514c39ad003-0069979441" "proxy-server 21" 0.0096 "-" 20 0
Feb 19 22:52:49 standalone proxy-server[125697]: 172.18.0.2 ::1 19/Feb/2026/22/52/49 PUT /v1/AUTH_f9d071aef7c9482087fa717fc5039b4f/gnocchi.07a66fe9-bdd4-4f97-915c-ca2772270fb2/1771200000.0_mean_300.0_v3 HTTP/1.0 201 - python-swiftclient-3.11.1 gAAAAABpl5N-UZqp... 16 - - txf23e6b441c514c39ad003-0069979441 - 0.0143 - - 1771541569.158608198 1771541569.172937155 0
Feb 19 22:52:49 standalone container-server[123602]: 172.20.0.100 - - [19/Feb/2026:22:52:49 +0000] "PUT /d1/250/AUTH_f9d071aef7c9482087fa717fc5039b4f/gnocchi.07a66fe9-bdd4-4f97-915c-ca2772270fb2/none_v3" 201 - "PUT http://localhost:8080/d1/952/AUTH_f9d071aef7c9482087fa717fc5039b4f/gnocchi.07a66fe9-bdd4-4f97-915c-ca2772270fb2/none_v3" "tx8a27b514e07e414bb1fbd-0069979441" "object-server 21" 0.0007 "-" 21 0
Feb 19 22:52:49 standalone object-server[123821]: 172.20.0.100 - - [19/Feb/2026:22:52:49 +0000] "PUT /d1/952/AUTH_f9d071aef7c9482087fa717fc5039b4f/gnocchi.07a66fe9-bdd4-4f97-915c-ca2772270fb2/none_v3" 201 - "PUT http://localhost:8080/v1/AUTH_f9d071aef7c9482087fa717fc5039b4f/gnocchi.07a66fe9-bdd4-4f97-915c-ca2772270fb2/none_v3" "tx8a27b514e07e414bb1fbd-0069979441" "proxy-server 21" 0.0103 "-" 21 0
Feb 19 22:52:49 standalone proxy-server[125697]: 172.18.0.2 ::1 19/Feb/2026/22/52/49 PUT /v1/AUTH_f9d071aef7c9482087fa717fc5039b4f/gnocchi.07a66fe9-bdd4-4f97-915c-ca2772270fb2/none_v3 HTTP/1.0 201 - python-swiftclient-3.11.1 gAAAAABpl5N-UZqp... 22 - - tx8a27b514e07e414bb1fbd-0069979441 - 0.0156 - - 1771541569.176162243 1771541569.191741943 0
Feb 19 22:53:07 standalone account-server[123657]: 172.20.0.100 - - [19/Feb/2026:22:53:07 +0000] "HEAD /d1/137/.expiring_objects" 404 - "HEAD http://localhost/v1/.expiring_objects?format=json" "tx5fdd29e0ec4c4a46ae1e6-0069979453" "proxy-server 2" 0.0007 "-" 20 -
Feb 19 22:53:07 standalone object-expirer[123634]: Pass completed in 0s; 0 objects expired (txn: tx5fdd29e0ec4c4a46ae1e6-0069979453)
Feb 19 22:53:21 standalone object-server[123675]: Begin object update sweep
Feb 19 22:53:21 standalone object-server[232231]: Object update sweep starting on /srv/node/d1 (pid: 15)
Feb 19 22:53:21 standalone object-server[232231]: Object update sweep completed on /srv/node/d1 in 0.00s seconds:, 0 successes, 0 failures, 0 quarantines, 0 unlinks, 0 errors, 0 redirects (pid: 15)
Feb 19 22:53:21 standalone object-server[232231]: Object update sweep of d1 completed: 0.00s, 0 successes, 0 failures, 0 quarantines, 0 unlinks, 0 errors, 0 redirects
Feb 19 22:53:21 standalone object-server[123675]: Object update sweep completed: 0.08s
Feb 19 22:54:33 standalone container-server[123619]: Begin container update sweep
Feb 19 22:54:33 standalone account-server[123661]: 172.20.0.100 - - [19/Feb/2026:22:54:33 +0000] "PUT /d1/391/AUTH_f9d071aef7c9482087fa717fc5039b4f/gnocchi.cef2c47d-5402-4ad8-96e8-f26d05422464" 201 - "-" "-" "container-updater 2" 0.0013 "-" 21 0
Feb 19 22:54:33 standalone account-server[123657]: 172.20.0.100 - - [19/Feb/2026:22:54:33 +0000] "PUT /d1/391/AUTH_f9d071aef7c9482087fa717fc5039b4f/gnocchi.bad41b83-560f-4b84-892b-49850280d9f2" 201 - "-" "-" "container-updater 2" 0.0006 "-" 20 0
Feb 19 22:54:34 standalone account-server[123657]: 172.20.0.100 - - [19/Feb/2026:22:54:34 +0000] "PUT /d1/391/AUTH_f9d071aef7c9482087fa717fc5039b4f/gnocchi.44518fba-251f-4504-8739-9f273f09e044" 201 - "-" "-" "container-updater 2" 0.0007 "-" 20 0
Feb 19 22:54:34 standalone account-server[123661]: 172.20.0.100 - - [19/Feb/2026:22:54:34 +0000] "PUT /d1/391/AUTH_f9d071aef7c9482087fa717fc5039b4f/gnocchi.1aec23fb-3e40-4b55-b4bf-1f64552d3290" 201 - "-" "-" "container-updater 2" 0.0005 "-" 21 0
Feb 19 22:54:34 standalone account-server[123657]: 172.20.0.100 - - [19/Feb/2026:22:54:34 +0000] "PUT /d1/391/AUTH_f9d071aef7c9482087fa717fc5039b4f/gnocchi.9e811e19-27ab-466d-b3f8-5c0b9045f47d" 201 - "-" "-" "container-updater 2" 0.0007 "-" 20 0
Feb 19 22:54:34 standalone account-server[123661]: 172.20.0.100 - - [19/Feb/2026:22:54:34 +0000] "PUT /d1/391/AUTH_f9d071aef7c9482087fa717fc5039b4f/gnocchi.07a66fe9-bdd4-4f97-915c-ca2772270fb2" 201 - "-" "-" "container-updater 2" 0.0006 "-" 21 0
Feb 19 22:54:34 standalone account-server[123665]: 172.20.0.100 - - [19/Feb/2026:22:54:34 +0000] "PUT /d1/391/AUTH_f9d071aef7c9482087fa717fc5039b4f/gnocchi.9ba05cf0-7096-4053-8843-ad6244c8a1bf" 201 - "-" "-" "container-updater 2" 0.0006 "-" 22 0
Feb 19 22:54:34 standalone account-server[123666]: 172.20.0.100 - - [19/Feb/2026:22:54:34 +0000] "PUT /d1/391/AUTH_f9d071aef7c9482087fa717fc5039b4f/gnocchi.403c00db-a100-4078-9559-ef0a4195408b" 201 - "-" "-" "container-updater 2" 0.0008 "-" 23 0
Feb 19 22:54:34 standalone account-server[123666]: 172.20.0.100 - - [19/Feb/2026:22:54:34 +0000] "PUT /d1/391/AUTH_f9d071aef7c9482087fa717fc5039b4f/gnocchi.0cb3d1f6-7e02-4334-abeb-ed12ec163836" 201 - "-" "-" "container-updater 2" 0.0005 "-" 23 0
Feb 19 22:54:34 standalone account-server[123661]: 172.20.0.100 - - [19/Feb/2026:22:54:34 +0000] "PUT /d1/391/AUTH_f9d071aef7c9482087fa717fc5039b4f/gnocchi.0ef82301-9df7-4cbd-813e-9787b07601d0" 201 - "-" "-" "container-updater 2" 0.0034 "-" 21 0
Feb 19 22:54:34 standalone account-server[123661]: 172.20.0.100 - - [19/Feb/2026:22:54:34 +0000] "PUT /d1/391/AUTH_f9d071aef7c9482087fa717fc5039b4f/gnocchi.290f4cb8-114e-48b9-ad5e-fd5d759146ce" 201 - "-" "-" "container-updater 2" 0.0008 "-" 21 0
Feb 19 22:54:34 standalone account-server[123665]: 172.20.0.100 - - [19/Feb/2026:22:54:34 +0000] "PUT /d1/391/AUTH_f9d071aef7c9482087fa717fc5039b4f/gnocchi.39aaeec4-1cf5-42fc-80ca-b879e61b02d4" 201 - "-" "-" "container-updater 2" 0.0013 "-" 22 0
Feb 19 22:54:35 standalone account-server[123665]: 172.20.0.100 - - [19/Feb/2026:22:54:35 +0000] "PUT /d1/391/AUTH_f9d071aef7c9482087fa717fc5039b4f/gnocchi.f1d60c7f-f589-442c-8bbc-3ff61f75aea3" 201 - "-" "-" "container-updater 2" 0.0007 "-" 22 0
Feb 19 22:54:35 standalone account-server[123666]: 172.20.0.100 - - [19/Feb/2026:22:54:35 +0000] "PUT /d1/391/AUTH_f9d071aef7c9482087fa717fc5039b4f/gnocchi.e3edb30c-7c02-4435-94e9-841e835d4429" 201 - "-" "-" "container-updater 2" 0.0007 "-" 23 0
Feb 19 22:54:35 standalone account-server[123666]: 172.20.0.100 - - [19/Feb/2026:22:54:35 +0000] "PUT /d1/391/AUTH_f9d071aef7c9482087fa717fc5039b4f/glance" 201 - "-" "-" "container-updater 2" 0.0005 "-" 23 0
Feb 19 22:54:35 standalone account-server[123666]: 172.20.0.100 - - [19/Feb/2026:22:54:35 +0000] "PUT /d1/391/AUTH_f9d071aef7c9482087fa717fc5039b4f/gnocchi.a5f61ac1-e71a-4158-80a0-132e6cf5e320" 201 - "-" "-" "container-updater 2" 0.0006 "-" 23 0
Feb 19 22:54:35 standalone account-server[123661]: 172.20.0.100 - - [19/Feb/2026:22:54:35 +0000] "PUT /d1/391/AUTH_f9d071aef7c9482087fa717fc5039b4f/gnocchi.4fac87f0-e4b6-4638-80a9-b96360ad8953" 201 - "-" "-" "container-updater 2" 0.0006 "-" 21 0
Feb 19 22:54:35 standalone account-server[123657]: 172.20.0.100 - - [19/Feb/2026:22:54:35 +0000] "PUT /d1/391/AUTH_f9d071aef7c9482087fa717fc5039b4f/gnocchi.6b540020-8b96-4124-b734-d95f9f8f5e26" 201 - "-" "-" "container-updater 2" 0.0008 "-" 20 0
Feb 19 22:54:35 standalone account-server[123665]: 172.20.0.100 - - [19/Feb/2026:22:54:35 +0000] "PUT /d1/391/AUTH_f9d071aef7c9482087fa717fc5039b4f/gnocchi.4efef0a8-3a15-4312-981b-6f0e6473cc92" 201 - "-" "-" "container-updater 2" 0.0006 "-" 22 0
Feb 19 22:54:35 standalone account-server[123661]: 172.20.0.100 - - [19/Feb/2026:22:54:35 +0000] "PUT /d1/391/AUTH_f9d071aef7c9482087fa717fc5039b4f/gnocchi.5a760302-aaa4-4d67-9579-780ea527f2e0" 201 - "-" "-" "container-updater 2" 0.0006 "-" 21 0
Feb 19 22:54:35 standalone account-server[123666]: 172.20.0.100 - - [19/Feb/2026:22:54:35 +0000] "PUT /d1/391/AUTH_f9d071aef7c9482087fa717fc5039b4f/gnocchi.5d5cb7b7-e31c-4016-8059-2bb9b1a4b610" 201 - "-" "-" "container-updater 2" 0.0004 "-" 23 0
Feb 19 22:54:35 standalone account-server[123657]: 172.20.0.100 - - [19/Feb/2026:22:54:35 +0000] "PUT /d1/391/AUTH_f9d071aef7c9482087fa717fc5039b4f/gnocchi.c6a5d884-3e34-4729-8559-a95869c22c3d" 201 - "-" "-" "container-updater 2" 0.0005 "-" 20 0
Feb 19 22:54:35 standalone account-server[123661]: 172.20.0.100 - - [19/Feb/2026:22:54:35 +0000] "PUT /d1/391/AUTH_f9d071aef7c9482087fa717fc5039b4f/gnocchi.91277201-31b7-4b23-90ff-25ceaa3547dc" 201 - "-" "-" "container-updater 2" 0.0007 "-" 21 0
Feb 19 22:54:36 standalone container-server[123619]: Container update sweep completed: 2.24s
Feb 19 22:55:49 standalone account-server[123665]: 172.20.0.100 - - [19/Feb/2026:22:55:49 +0000] "HEAD /d1/137/.expiring_objects" 404 - "HEAD http://localhost/v1/.expiring_objects?format=json" "tx30f78b4d946a44fb9b5b6-00699794f5" "proxy-server 2" 0.0004 "-" 22 -
Feb 19 22:55:49 standalone object-expirer[123634]: Pass completed in 0s; 0 objects expired (txn: tx30f78b4d946a44fb9b5b6-00699794f5)
Feb 19 22:58:21 standalone object-server[123675]: Begin object update sweep
Feb 19 22:58:21 standalone object-server[262295]: Object update sweep starting on /srv/node/d1 (pid: 16)
Feb 19 22:58:21 standalone object-server[262295]: Object update sweep completed on /srv/node/d1 in 0.00s seconds:, 0 successes, 0 failures, 0 quarantines, 0 unlinks, 0 errors, 0 redirects (pid: 16)
Feb 19 22:58:21 standalone object-server[262295]: Object update sweep of d1 completed: 0.00s, 0 successes, 0 failures, 0 quarantines, 0 unlinks, 0 errors, 0 redirects
Feb 19 22:58:21 standalone object-server[123675]: Object update sweep completed: 0.08s
Feb 19 22:59:33 standalone container-server[123619]: Begin container update sweep
Feb 19 22:59:35 standalone container-server[123619]: Container update sweep completed: 1.41s
Feb 19 23:00:26 standalone account-server[123657]: 172.20.0.100 - - [19/Feb/2026:23:00:26 +0000] "HEAD /d1/137/.expiring_objects" 404 - "HEAD http://localhost/v1/.expiring_objects?format=json" "txfe469036525a408c832a0-006997960a" "proxy-server 2" 0.0008 "-" 20 -
Feb 19 23:00:26 standalone object-expirer[123634]: Pass completed in 0s; 0 objects expired (txn: txfe469036525a408c832a0-006997960a)
Feb 19 23:02:57 standalone account-server[123665]: 172.20.0.31 - - [19/Feb/2026:23:02:57 +0000] "HEAD /d1/142/AUTH_c5ecd284d03240b1a530022da9a056ce" 404 - "HEAD http://swift-public-openstack.apps-crc.testing/v1/AUTH_c5ecd284d03240b1a530022da9a056ce?format=json" "txd5dba0fa82b44dc7826fc-00699796a1" "proxy-server 14" 0.0007 "-" 22 -
Feb 19 23:02:58 standalone account-server[123665]: 172.20.0.31 - - [19/Feb/2026:23:02:58 +0000] "GET /d1/142/AUTH_c5ecd284d03240b1a530022da9a056ce" 404 - "GET http://swift-public-openstack.apps-crc.testing/v1/AUTH_c5ecd284d03240b1a530022da9a056ce?format=json" "txd5dba0fa82b44dc7826fc-00699796a1" "proxy-server 14" 0.0007 "-" 22 -
Feb 19 23:03:21 standalone object-server[123675]: Begin object update sweep
Feb 19 23:03:21 standalone object-server[283228]: Object update sweep starting on /srv/node/d1 (pid: 17)
Feb 19 23:03:21 standalone object-server[283228]: Object update sweep completed on /srv/node/d1 in 0.00s seconds:, 0 successes, 0 failures, 0 quarantines, 0 unlinks, 0 errors, 0 redirects (pid: 17)
Feb 19 23:03:21 standalone object-server[283228]: Object update sweep of d1 completed: 0.00s, 0 successes, 0 failures, 0 quarantines, 0 unlinks, 0 errors, 0 redirects
Feb 19 23:03:21 standalone object-server[123675]: Object update sweep completed: 0.08s
Feb 19 23:04:11 standalone account-server[123661]: 172.20.0.100 - - [19/Feb/2026:23:04:11 +0000] "HEAD /d1/137/.expiring_objects" 404 - "HEAD http://localhost/v1/.expiring_objects?format=json" "tx92703ccf775149a1824a7-00699796eb" "proxy-server 2" 0.0008 "-" 21 -
Feb 19 23:04:11 standalone object-expirer[123634]: Pass completed in 0s; 0 objects expired (txn: tx92703ccf775149a1824a7-00699796eb)
Feb 19 23:04:34 standalone container-server[123619]: Begin container update sweep
Feb 19 23:04:35 standalone container-server[123619]: Container update sweep completed: 1.31s
Feb 19 23:04:37 standalone account-server[123657]: 172.20.0.100 - - [19/Feb/2026:23:04:37 +0000] "HEAD /d1/137/.expiring_objects" 404 - "HEAD http://localhost/v1/.expiring_objects?format=json" "tx3ec4fddbd6374d70993dc-0069979705" "proxy-server 2" 0.0006 "-" 20 -
Feb 19 23:04:37 standalone object-expirer[123634]: Pass completed in 0s; 0 objects expired (txn: tx3ec4fddbd6374d70993dc-0069979705)
Feb 19 23:08:21 standalone object-server[123675]: Begin object update sweep
Feb 19 23:08:21 standalone object-server[304056]: Object update sweep starting on /srv/node/d1 (pid: 18)
Feb 19 23:08:21 standalone object-server[304056]: Object update sweep completed on /srv/node/d1 in 0.00s seconds:, 0 successes, 0 failures, 0 quarantines, 0 unlinks, 0 errors, 0 redirects (pid: 18)
Feb 19 23:08:21 standalone object-server[304056]: Object update sweep of d1 completed: 0.00s, 0 successes, 0 failures, 0 quarantines, 0 unlinks, 0 errors, 0 redirects
Feb 19 23:08:21 standalone object-server[123675]: Object update sweep completed: 0.08s
Feb 19 23:09:01 standalone account-server[123661]: 172.20.0.100 - - [19/Feb/2026:23:09:01 +0000] "HEAD /d1/137/.expiring_objects" 404 - "HEAD http://localhost/v1/.expiring_objects?format=json" "tx200461ecac8b41b5b3c79-006997980d" "proxy-server 2" 0.0007 "-" 21 -
Feb 19 23:09:01 standalone object-expirer[123634]: Pass completed in 0s; 0 objects expired (txn: tx200461ecac8b41b5b3c79-006997980d)
Feb 19 23:09:34 standalone container-server[123619]: Begin container update sweep
Feb 19 23:09:35 standalone container-server[123619]: Container update sweep completed: 1.46s
Feb 19 23:09:43 standalone account-server[123657]: 172.20.0.31 - - [19/Feb/2026:23:09:43 +0000] "HEAD /d1/391/AUTH_f9d071aef7c9482087fa717fc5039b4f" 204 - "HEAD http://swift-internal.openstack.svc:8080/v1/AUTH_f9d071aef7c9482087fa717fc5039b4f?format=json" "tx40b6c89b0d3a4056bb4cb-0069979837" "proxy-server 5" 0.0143 "-" 20 -
Feb 19 23:09:43 standalone container-server[123606]: 172.20.0.31 - - [19/Feb/2026:23:09:43 +0000] "HEAD /d1/11/AUTH_f9d071aef7c9482087fa717fc5039b4f/glance" 204 - "HEAD http://swift-internal.openstack.svc:8080/v1/AUTH_f9d071aef7c9482087fa717fc5039b4f/glance?format=json&states=listing" "tx40b6c89b0d3a4056bb4cb-0069979837" "proxy-server 5" 0.0027 "-" 22 0
Feb 19 23:09:46 standalone container-server[123616]: 172.20.0.100 - - [19/Feb/2026:23:09:46 +0000] "PUT /d1/11/AUTH_f9d071aef7c9482087fa717fc5039b4f/glance/5f26ca4b-f0de-4c2f-bfcd-0eb148c3c838-00001" 201 - "PUT http://swift-internal.openstack.svc:8080/d1/539/AUTH_f9d071aef7c9482087fa717fc5039b4f/glance/5f26ca4b-f0de-4c2f-bfcd-0eb148c3c838-00001" "tx658792cd1b1f41f791fcf-0069979837" "object-server 23" 0.0009 "-" 23 0
Feb 19 23:09:46 standalone object-server[123833]: 172.20.0.31 - - [19/Feb/2026:23:09:46 +0000] "PUT /d1/539/AUTH_f9d071aef7c9482087fa717fc5039b4f/glance/5f26ca4b-f0de-4c2f-bfcd-0eb148c3c838-00001" 201 - "PUT http://swift-internal.openstack.svc:8080/v1/AUTH_f9d071aef7c9482087fa717fc5039b4f/glance/5f26ca4b-f0de-4c2f-bfcd-0eb148c3c838-00001" "tx658792cd1b1f41f791fcf-0069979837" "proxy-server 5" 2.1989 "-" 23 0
Feb 19 23:09:48 standalone container-server[123616]: 172.20.0.100 - - [19/Feb/2026:23:09:48 +0000] "PUT /d1/11/AUTH_f9d071aef7c9482087fa717fc5039b4f/glance/5f26ca4b-f0de-4c2f-bfcd-0eb148c3c838-00002" 201 - "PUT http://swift-internal.openstack.svc:8080/d1/906/AUTH_f9d071aef7c9482087fa717fc5039b4f/glance/5f26ca4b-f0de-4c2f-bfcd-0eb148c3c838-00002" "tx3e8df0e467904705a6407-006997983a" "object-server 20" 0.0008 "-" 23 0
Feb 19 23:09:48 standalone object-server[123816]: 172.20.0.31 - - [19/Feb/2026:23:09:48 +0000] "PUT /d1/906/AUTH_f9d071aef7c9482087fa717fc5039b4f/glance/5f26ca4b-f0de-4c2f-bfcd-0eb148c3c838-00002" 201 - "PUT http://swift-internal.openstack.svc:8080/v1/AUTH_f9d071aef7c9482087fa717fc5039b4f/glance/5f26ca4b-f0de-4c2f-bfcd-0eb148c3c838-00002" "tx3e8df0e467904705a6407-006997983a" "proxy-server 5" 2.0114 "-" 20 0
Feb 19 23:09:49 standalone container-server[123591]: 172.20.0.100 - - [19/Feb/2026:23:09:49 +0000] "PUT /d1/11/AUTH_f9d071aef7c9482087fa717fc5039b4f/glance/5f26ca4b-f0de-4c2f-bfcd-0eb148c3c838-00003" 201 - "PUT http://swift-internal.openstack.svc:8080/d1/618/AUTH_f9d071aef7c9482087fa717fc5039b4f/glance/5f26ca4b-f0de-4c2f-bfcd-0eb148c3c838-00003" "tx7bd9dbe79f0d49ec8e811-006997983c" "object-server 23" 0.0012 "-" 20 0
Feb 19 23:09:49 standalone object-server[123833]: 172.20.0.31 - - [19/Feb/2026:23:09:49 +0000] "PUT /d1/618/AUTH_f9d071aef7c9482087fa717fc5039b4f/glance/5f26ca4b-f0de-4c2f-bfcd-0eb148c3c838-00003" 201 - "PUT http://swift-internal.openstack.svc:8080/v1/AUTH_f9d071aef7c9482087fa717fc5039b4f/glance/5f26ca4b-f0de-4c2f-bfcd-0eb148c3c838-00003" "tx7bd9dbe79f0d49ec8e811-006997983c" "proxy-server 5" 1.3643 "-" 23 0
Feb 19 23:09:49 standalone container-server[123606]: 172.20.0.100 - - [19/Feb/2026:23:09:49 +0000] "PUT /d1/11/AUTH_f9d071aef7c9482087fa717fc5039b4f/glance/5f26ca4b-f0de-4c2f-bfcd-0eb148c3c838" 201 - "PUT http://swift-internal.openstack.svc:8080/d1/239/AUTH_f9d071aef7c9482087fa717fc5039b4f/glance/5f26ca4b-f0de-4c2f-bfcd-0eb148c3c838" "tx1d9401a640344b3387b8a-006997983d" "object-server 22" 0.0010 "-" 22 0
Feb 19 23:09:49 standalone object-server[123828]: 172.20.0.31 - - [19/Feb/2026:23:09:49 +0000] "PUT /d1/239/AUTH_f9d071aef7c9482087fa717fc5039b4f/glance/5f26ca4b-f0de-4c2f-bfcd-0eb148c3c838" 201 - "PUT http://swift-internal.openstack.svc:8080/v1/AUTH_f9d071aef7c9482087fa717fc5039b4f/glance/5f26ca4b-f0de-4c2f-bfcd-0eb148c3c838" "tx1d9401a640344b3387b8a-006997983d" "proxy-server 5" 0.0127 "-" 22 0
Feb 19 23:11:09 standalone account-server[123666]: 172.20.0.100 - - [19/Feb/2026:23:11:09 +0000] "HEAD /d1/137/.expiring_objects" 404 - "HEAD http://localhost/v1/.expiring_objects?format=json" "tx1008da316b1841aca9c89-006997988d" "proxy-server 2" 0.0009 "-" 23 -
Feb 19 23:11:09 standalone object-expirer[123634]: Pass completed in 0s; 0 objects expired (txn: tx1008da316b1841aca9c89-006997988d)
Feb 19 23:11:31 standalone account-server[123666]: 172.20.0.100 - - [19/Feb/2026:23:11:31 +0000] "HEAD /d1/137/.expiring_objects" 404 - "HEAD http://localhost/v1/.expiring_objects?format=json" "tx4cdbbb6eff604eababd44-00699798a3" "proxy-server 2" 0.0008 "-" 23 -
Feb 19 23:11:31 standalone object-expirer[123634]: Pass completed in 0s; 0 objects expired (txn: tx4cdbbb6eff604eababd44-00699798a3)
Feb 19 23:13:21 standalone object-server[123675]: Begin object update sweep
Feb 19 23:13:21 standalone object-server[324337]: Object update sweep starting on /srv/node/d1 (pid: 19)
Feb 19 23:13:21 standalone object-server[324337]: Object update sweep completed on /srv/node/d1 in 0.00s seconds:, 0 successes, 0 failures, 0 quarantines, 0 unlinks, 0 errors, 0 redirects (pid: 19)
Feb 19 23:13:21 standalone object-server[324337]: Object update sweep of d1 completed: 0.00s, 0 successes, 0 failures, 0 quarantines, 0 unlinks, 0 errors, 0 redirects
Feb 19 23:13:21 standalone object-server[123675]: Object update sweep completed: 0.08s
Feb 19 23:14:34 standalone container-server[123619]: Begin container update sweep
Feb 19 23:14:35 standalone account-server[123657]: 172.20.0.100 - - [19/Feb/2026:23:14:35 +0000] "PUT /d1/391/AUTH_f9d071aef7c9482087fa717fc5039b4f/glance" 201 - "-" "-" "container-updater 2" 0.0011 "-" 20 0
Feb 19 23:14:36 standalone container-server[123619]: Container update sweep completed: 1.65s
Feb 19 23:14:39 standalone account-server[123661]: 172.20.0.31 - - [19/Feb/2026:23:14:39 +0000] "HEAD /d1/142/AUTH_c5ecd284d03240b1a530022da9a056ce" 404 - "HEAD http://swift-internal.openstack.svc:8080/v1/AUTH_c5ecd284d03240b1a530022da9a056ce?format=json" "tx6fe8f4507c4742af8846b-006997995f" "proxy-server 6" 0.0007 "-" 21 -
Feb 19 23:14:40 standalone account-server[123665]: 172.20.0.31 - - [19/Feb/2026:23:14:40 +0000] "HEAD /d1/142/AUTH_c5ecd284d03240b1a530022da9a056ce" 404 - "HEAD http://swift-internal.openstack.svc:8080/v1/AUTH_c5ecd284d03240b1a530022da9a056ce?format=json" "tx6fe8f4507c4742af8846b-006997995f" "proxy-server 6" 0.0005 "-" 22 -
