Feb 19 22:50:42 standalone container-server[123591]: 172.20.0.100 - - [19/Feb/2026:22:50:42 +0000] "HEAD /d1/797/AUTH_f9d071aef7c9482087fa717fc5039b4f/gnocchi.e3edb30c-7c02-4435-94e9-841e835d4429" 204 - "HEAD http://localhost:8080/v1/AUTH_f9d071aef7c9482087fa717fc5039b4f/gnocchi.e3edb30c-7c02-4435-94e9-841e835d4429?format=json&states=listing" "txb675435fea7d48c68b943-00699793c2" "proxy-server 21" 0.0023 "-" 20 0
Feb 19 22:50:42 standalone proxy-server[125697]: - - 19/Feb/2026/22/50/42 HEAD /v1/AUTH_f9d071aef7c9482087fa717fc5039b4f/gnocchi.e3edb30c-7c02-4435-94e9-841e835d4429%3Fformat%3Djson%26states%3Dlisting HTTP/1.0 204 - Swift - - - - txb675435fea7d48c68b943-00699793c2 - 0.0058 RL - 1771541442.982475281 1771541442.988288164 0
Feb 19 22:50:42 standalone container-server[123616]: 172.20.0.100 - - [19/Feb/2026:22:50:42 +0000] "GET /d1/797/AUTH_f9d071aef7c9482087fa717fc5039b4f/gnocchi.e3edb30c-7c02-4435-94e9-841e835d4429" 200 2 "GET http://localhost:8080/v1/AUTH_f9d071aef7c9482087fa717fc5039b4f/gnocchi.e3edb30c-7c02-4435-94e9-841e835d4429?format=json&states=listing" "txb675435fea7d48c68b943-00699793c2" "proxy-server 21" 0.0032 "-" 23 0
Feb 19 22:50:42 standalone proxy-server[125697]: 172.18.0.2 ::1 19/Feb/2026/22/50/42 GET /v1/AUTH_f9d071aef7c9482087fa717fc5039b4f/gnocchi.e3edb30c-7c02-4435-94e9-841e835d4429%3Fformat%3Djson%26states%3Dlisting HTTP/1.0 200 - python-swiftclient-3.11.1 gAAAAABpl5N-UZqp... - 2 - txb675435fea7d48c68b943-00699793c2 - 0.0168 - - 1771541442.981180429 1771541442.997935057 0
Feb 19 22:50:43 standalone object-server[123821]: 172.20.0.100 - - [19/Feb/2026:22:50:43 +0000] "GET /d1/50/AUTH_f9d071aef7c9482087fa717fc5039b4f/gnocchi.e3edb30c-7c02-4435-94e9-841e835d4429/1771200000.0_mean_300.0_v3" 404 70 "GET http://localhost:8080/v1/AUTH_f9d071aef7c9482087fa717fc5039b4f/gnocchi.e3edb30c-7c02-4435-94e9-841e835d4429/1771200000.0_mean_300.0_v3" "tx309ef658b3e1438fb0186-00699793c3" "proxy-server 21" 0.0004 "-" 21 0
Feb 19 22:50:43 standalone proxy-server[125697]: 172.18.0.2 ::1 19/Feb/2026/22/50/43 GET /v1/AUTH_f9d071aef7c9482087fa717fc5039b4f/gnocchi.e3edb30c-7c02-4435-94e9-841e835d4429/1771200000.0_mean_300.0_v3 HTTP/1.0 404 - python-swiftclient-3.11.1 gAAAAABpl5N-UZqp... - 70 - tx309ef658b3e1438fb0186-00699793c3 - 0.0061 - - 1771541443.005820751 1771541443.011876583 0
Feb 19 22:50:43 standalone container-server[123606]: 172.20.0.100 - - [19/Feb/2026:22:50:43 +0000] "PUT /d1/797/AUTH_f9d071aef7c9482087fa717fc5039b4f/gnocchi.e3edb30c-7c02-4435-94e9-841e835d4429/1771200000.0_mean_300.0_v3" 201 - "PUT http://localhost:8080/d1/50/AUTH_f9d071aef7c9482087fa717fc5039b4f/gnocchi.e3edb30c-7c02-4435-94e9-841e835d4429/1771200000.0_mean_300.0_v3" "tx21fa5d53b6b840998e8c6-00699793c3" "object-server 22" 0.0008 "-" 22 0
Feb 19 22:50:43 standalone object-server[123828]: 172.20.0.100 - - [19/Feb/2026:22:50:43 +0000] "PUT /d1/50/AUTH_f9d071aef7c9482087fa717fc5039b4f/gnocchi.e3edb30c-7c02-4435-94e9-841e835d4429/1771200000.0_mean_300.0_v3" 201 - "PUT http://localhost:8080/v1/AUTH_f9d071aef7c9482087fa717fc5039b4f/gnocchi.e3edb30c-7c02-4435-94e9-841e835d4429/1771200000.0_mean_300.0_v3" "tx21fa5d53b6b840998e8c6-00699793c3" "proxy-server 21" 0.0103 "-" 22 0
Feb 19 22:50:43 standalone proxy-server[125697]: 172.18.0.2 ::1 19/Feb/2026/22/50/43 PUT /v1/AUTH_f9d071aef7c9482087fa717fc5039b4f/gnocchi.e3edb30c-7c02-4435-94e9-841e835d4429/1771200000.0_mean_300.0_v3 HTTP/1.0 201 - python-swiftclient-3.11.1 gAAAAABpl5N-UZqp... 16 - - tx21fa5d53b6b840998e8c6-00699793c3 - 0.0157 - - 1771541443.016805887 1771541443.032498360 0
Feb 19 22:50:43 standalone container-server[123591]: 172.20.0.100 - - [19/Feb/2026:22:50:43 +0000] "PUT /d1/797/AUTH_f9d071aef7c9482087fa717fc5039b4f/gnocchi.e3edb30c-7c02-4435-94e9-841e835d4429/none_v3" 201 - "PUT http://localhost:8080/d1/605/AUTH_f9d071aef7c9482087fa717fc5039b4f/gnocchi.e3edb30c-7c02-4435-94e9-841e835d4429/none_v3" "txfeecc7c3cf6947edba569-00699793c3" "object-server 22" 0.0007 "-" 20 0
Feb 19 22:50:43 standalone object-server[123828]: 172.20.0.100 - - [19/Feb/2026:22:50:43 +0000] "PUT /d1/605/AUTH_f9d071aef7c9482087fa717fc5039b4f/gnocchi.e3edb30c-7c02-4435-94e9-841e835d4429/none_v3" 201 - "PUT http://localhost:8080/v1/AUTH_f9d071aef7c9482087fa717fc5039b4f/gnocchi.e3edb30c-7c02-4435-94e9-841e835d4429/none_v3" "txfeecc7c3cf6947edba569-00699793c3" "proxy-server 21" 0.0087 "-" 22 0
Feb 19 22:50:43 standalone proxy-server[125697]: 172.18.0.2 ::1 19/Feb/2026/22/50/43 PUT /v1/AUTH_f9d071aef7c9482087fa717fc5039b4f/gnocchi.e3edb30c-7c02-4435-94e9-841e835d4429/none_v3 HTTP/1.0 201 - python-swiftclient-3.11.1 gAAAAABpl5N-UZqp... 22 - - txfeecc7c3cf6947edba569-00699793c3 - 0.0135 - - 1771541443.038258076 1771541443.051790237 0
Feb 19 22:50:43 standalone container-server[123602]: 172.20.0.100 - - [19/Feb/2026:22:50:43 +0000] "HEAD /d1/140/AUTH_f9d071aef7c9482087fa717fc5039b4f/gnocchi.4fac87f0-e4b6-4638-80a9-b96360ad8953" 404 - "HEAD http://localhost:8080/v1/AUTH_f9d071aef7c9482087fa717fc5039b4f/gnocchi.4fac87f0-e4b6-4638-80a9-b96360ad8953?format=json&states=listing" "tx49d9316e162848b89402b-00699793c3" "proxy-server 21" 0.0013 "-" 21 0
Feb 19 22:50:43 standalone object-server[123821]: 172.20.0.100 - - [19/Feb/2026:22:50:43 +0000] "GET /d1/483/AUTH_f9d071aef7c9482087fa717fc5039b4f/gnocchi.4fac87f0-e4b6-4638-80a9-b96360ad8953/none_v3" 404 70 "GET http://localhost:8080/v1/AUTH_f9d071aef7c9482087fa717fc5039b4f/gnocchi.4fac87f0-e4b6-4638-80a9-b96360ad8953/none_v3" "tx49d9316e162848b89402b-00699793c3" "proxy-server 21" 0.0005 "-" 21 0
Feb 19 22:50:43 standalone proxy-server[125697]: 172.18.0.2 ::1 19/Feb/2026/22/50/43 GET /v1/AUTH_f9d071aef7c9482087fa717fc5039b4f/gnocchi.4fac87f0-e4b6-4638-80a9-b96360ad8953/none_v3 HTTP/1.0 404 - python-swiftclient-3.11.1 gAAAAABpl5N-UZqp... - 70 - tx49d9316e162848b89402b-00699793c3 - 0.0160 - - 1771541443.072353125 1771541443.088350296 0
Feb 19 22:50:43 standalone account-server[123661]: 172.20.0.100 - - [19/Feb/2026:22:50:43 +0000] "PUT /d1/391/AUTH_f9d071aef7c9482087fa717fc5039b4f/gnocchi.4fac87f0-e4b6-4638-80a9-b96360ad8953" 201 - "PUT http://172.20.0.100:6001/d1/140/AUTH_f9d071aef7c9482087fa717fc5039b4f/gnocchi.4fac87f0-e4b6-4638-80a9-b96360ad8953" "txe1a287870cc547359f3ab-00699793c3" "container-server 22" 0.0084 "-" 21 0
Feb 19 22:50:43 standalone container-server[123606]: 172.20.0.100 - - [19/Feb/2026:22:50:43 +0000] "PUT /d1/140/AUTH_f9d071aef7c9482087fa717fc5039b4f/gnocchi.4fac87f0-e4b6-4638-80a9-b96360ad8953" 201 - "PUT http://localhost:8080/v1/AUTH_f9d071aef7c9482087fa717fc5039b4f/gnocchi.4fac87f0-e4b6-4638-80a9-b96360ad8953" "txe1a287870cc547359f3ab-00699793c3" "proxy-server 21" 0.0217 "-" 22 0
Feb 19 22:50:43 standalone proxy-server[125697]: 172.18.0.2 ::1 19/Feb/2026/22/50/43 PUT /v1/AUTH_f9d071aef7c9482087fa717fc5039b4f/gnocchi.4fac87f0-e4b6-4638-80a9-b96360ad8953 HTTP/1.0 201 - python-swiftclient-3.11.1 gAAAAABpl5N-UZqp... - - - txe1a287870cc547359f3ab-00699793c3 - 0.0273 - - 1771541443.093742609 1771541443.120993137 0
Feb 19 22:50:43 standalone container-server[123606]: 172.20.0.100 - - [19/Feb/2026:22:50:43 +0000] "HEAD /d1/140/AUTH_f9d071aef7c9482087fa717fc5039b4f/gnocchi.4fac87f0-e4b6-4638-80a9-b96360ad8953" 204 - "HEAD http://localhost:8080/v1/AUTH_f9d071aef7c9482087fa717fc5039b4f/gnocchi.4fac87f0-e4b6-4638-80a9-b96360ad8953?format=json&states=listing" "txb6be854753994b9f892f0-00699793c3" "proxy-server 21" 0.0018 "-" 22 0
Feb 19 22:50:43 standalone proxy-server[125697]: - - 19/Feb/2026/22/50/43 HEAD /v1/AUTH_f9d071aef7c9482087fa717fc5039b4f/gnocchi.4fac87f0-e4b6-4638-80a9-b96360ad8953%3Fformat%3Djson%26states%3Dlisting HTTP/1.0 204 - Swift - - - - txb6be854753994b9f892f0-00699793c3 - 0.0050 RL - 1771541443.140022755 1771541443.145020485 0
Feb 19 22:50:43 standalone container-server[123606]: 172.20.0.100 - - [19/Feb/2026:22:50:43 +0000] "GET /d1/140/AUTH_f9d071aef7c9482087fa717fc5039b4f/gnocchi.4fac87f0-e4b6-4638-80a9-b96360ad8953" 200 2 "GET http://localhost:8080/v1/AUTH_f9d071aef7c9482087fa717fc5039b4f/gnocchi.4fac87f0-e4b6-4638-80a9-b96360ad8953?format=json&states=listing" "txb6be854753994b9f892f0-00699793c3" "proxy-server 21" 0.0022 "-" 22 0
Feb 19 22:50:43 standalone proxy-server[125697]: 172.18.0.2 ::1 19/Feb/2026/22/50/43 GET /v1/AUTH_f9d071aef7c9482087fa717fc5039b4f/gnocchi.4fac87f0-e4b6-4638-80a9-b96360ad8953%3Fformat%3Djson%26states%3Dlisting HTTP/1.0 200 - python-swiftclient-3.11.1 gAAAAABpl5N-UZqp... - 2 - txb6be854753994b9f892f0-00699793c3 - 0.0141 - - 1771541443.138806820 1771541443.152883530 0
Feb 19 22:50:43 standalone object-server[123833]: 172.20.0.100 - - [19/Feb/2026:22:50:43 +0000] "GET /d1/309/AUTH_f9d071aef7c9482087fa717fc5039b4f/gnocchi.4fac87f0-e4b6-4638-80a9-b96360ad8953/1771200000.0_mean_300.0_v3" 404 70 "GET http://localhost:8080/v1/AUTH_f9d071aef7c9482087fa717fc5039b4f/gnocchi.4fac87f0-e4b6-4638-80a9-b96360ad8953/1771200000.0_mean_300.0_v3" "txaf8fd41ce7f848a393783-00699793c3" "proxy-server 21" 0.0005 "-" 23 0
Feb 19 22:50:43 standalone proxy-server[125697]: 172.18.0.2 ::1 19/Feb/2026/22/50/43 GET /v1/AUTH_f9d071aef7c9482087fa717fc5039b4f/gnocchi.4fac87f0-e4b6-4638-80a9-b96360ad8953/1771200000.0_mean_300.0_v3 HTTP/1.0 404 - python-swiftclient-3.11.1 gAAAAABpl5N-UZqp... - 70 - txaf8fd41ce7f848a393783-00699793c3 - 0.0076 - - 1771541443.161951065 1771541443.169534445 0
Feb 19 22:50:43 standalone container-server[123606]: 172.20.0.100 - - [19/Feb/2026:22:50:43 +0000] "PUT /d1/140/AUTH_f9d071aef7c9482087fa717fc5039b4f/gnocchi.4fac87f0-e4b6-4638-80a9-b96360ad8953/1771200000.0_mean_300.0_v3" 201 - "PUT http://localhost:8080/d1/309/AUTH_f9d071aef7c9482087fa717fc5039b4f/gnocchi.4fac87f0-e4b6-4638-80a9-b96360ad8953/1771200000.0_mean_300.0_v3" "txff07fc4d8eee417d83aa2-00699793c3" "object-server 22" 0.0008 "-" 22 0
Feb 19 22:50:43 standalone object-server[123828]: 172.20.0.100 - - [19/Feb/2026:22:50:43 +0000] "PUT /d1/309/AUTH_f9d071aef7c9482087fa717fc5039b4f/gnocchi.4fac87f0-e4b6-4638-80a9-b96360ad8953/1771200000.0_mean_300.0_v3" 201 - "PUT http://localhost:8080/v1/AUTH_f9d071aef7c9482087fa717fc5039b4f/gnocchi.4fac87f0-e4b6-4638-80a9-b96360ad8953/1771200000.0_mean_300.0_v3" "txff07fc4d8eee417d83aa2-00699793c3" "proxy-server 21" 0.0164 "-" 22 0
Feb 19 22:50:43 standalone proxy-server[125697]: 172.18.0.2 ::1 19/Feb/2026/22/50/43 PUT /v1/AUTH_f9d071aef7c9482087fa717fc5039b4f/gnocchi.4fac87f0-e4b6-4638-80a9-b96360ad8953/1771200000.0_mean_300.0_v3 HTTP/1.0 201 - python-swiftclient-3.11.1 gAAAAABpl5N-UZqp... 16 - - txff07fc4d8eee417d83aa2-00699793c3 - 0.0242 - - 1771541443.175226450 1771541443.199378014 0
Feb 19 22:50:43 standalone container-server[123606]: 172.20.0.100 - - [19/Feb/2026:22:50:43 +0000] "PUT /d1/140/AUTH_f9d071aef7c9482087fa717fc5039b4f/gnocchi.4fac87f0-e4b6-4638-80a9-b96360ad8953/none_v3" 201 - "PUT http://localhost:8080/d1/483/AUTH_f9d071aef7c9482087fa717fc5039b4f/gnocchi.4fac87f0-e4b6-4638-80a9-b96360ad8953/none_v3" "tx37f13152a5c9471589c15-00699793c3" "object-server 21" 0.0009 "-" 22 0
Feb 19 22:50:43 standalone object-server[123821]: 172.20.0.100 - - [19/Feb/2026:22:50:43 +0000] "PUT /d1/483/AUTH_f9d071aef7c9482087fa717fc5039b4f/gnocchi.4fac87f0-e4b6-4638-80a9-b96360ad8953/none_v3" 201 - "PUT http://localhost:8080/v1/AUTH_f9d071aef7c9482087fa717fc5039b4f/gnocchi.4fac87f0-e4b6-4638-80a9-b96360ad8953/none_v3" "tx37f13152a5c9471589c15-00699793c3" "proxy-server 21" 0.0127 "-" 21 0
Feb 19 22:50:43 standalone proxy-server[125697]: 172.18.0.2 ::1 19/Feb/2026/22/50/43 PUT /v1/AUTH_f9d071aef7c9482087fa717fc5039b4f/gnocchi.4fac87f0-e4b6-4638-80a9-b96360ad8953/none_v3 HTTP/1.0 201 - python-swiftclient-3.11.1 gAAAAABpl5N-UZqp... 22 - - tx37f13152a5c9471589c15-00699793c3 - 0.0202 - - 1771541443.204851151 1771541443.225068808 0
Feb 19 22:50:43 standalone container-server[123591]: 172.20.0.100 - - [19/Feb/2026:22:50:43 +0000] "HEAD /d1/561/AUTH_f9d071aef7c9482087fa717fc5039b4f/gnocchi.39aaeec4-1cf5-42fc-80ca-b879e61b02d4" 404 - "HEAD http://localhost:8080/v1/AUTH_f9d071aef7c9482087fa717fc5039b4f/gnocchi.39aaeec4-1cf5-42fc-80ca-b879e61b02d4?format=json&states=listing" "txec052db16e374023a4540-00699793c3" "proxy-server 21" 0.0004 "-" 20 0
Feb 19 22:50:43 standalone object-server[123828]: 172.20.0.100 - - [19/Feb/2026:22:50:43 +0000] "GET /d1/372/AUTH_f9d071aef7c9482087fa717fc5039b4f/gnocchi.39aaeec4-1cf5-42fc-80ca-b879e61b02d4/none_v3" 404 70 "GET http://localhost:8080/v1/AUTH_f9d071aef7c9482087fa717fc5039b4f/gnocchi.39aaeec4-1cf5-42fc-80ca-b879e61b02d4/none_v3" "txec052db16e374023a4540-00699793c3" "proxy-server 21" 0.0003 "-" 22 0
Feb 19 22:50:43 standalone proxy-server[125697]: 172.18.0.2 ::1 19/Feb/2026/22/50/43 GET /v1/AUTH_f9d071aef7c9482087fa717fc5039b4f/gnocchi.39aaeec4-1cf5-42fc-80ca-b879e61b02d4/none_v3 HTTP/1.0 404 - python-swiftclient-3.11.1 gAAAAABpl5N-UZqp... - 70 - txec052db16e374023a4540-00699793c3 - 0.0145 - - 1771541443.256386757 1771541443.270933151 0
Feb 19 22:50:43 standalone account-server[123657]: 172.20.0.100 - - [19/Feb/2026:22:50:43 +0000] "PUT /d1/391/AUTH_f9d071aef7c9482087fa717fc5039b4f/gnocchi.39aaeec4-1cf5-42fc-80ca-b879e61b02d4" 201 - "PUT http://172.20.0.100:6001/d1/561/AUTH_f9d071aef7c9482087fa717fc5039b4f/gnocchi.39aaeec4-1cf5-42fc-80ca-b879e61b02d4" "tx7fe75c59196941d68f183-00699793c3" "container-server 20" 0.0061 "-" 20 0
Feb 19 22:50:43 standalone container-server[123591]: 172.20.0.100 - - [19/Feb/2026:22:50:43 +0000] "PUT /d1/561/AUTH_f9d071aef7c9482087fa717fc5039b4f/gnocchi.39aaeec4-1cf5-42fc-80ca-b879e61b02d4" 201 - "PUT http://localhost:8080/v1/AUTH_f9d071aef7c9482087fa717fc5039b4f/gnocchi.39aaeec4-1cf5-42fc-80ca-b879e61b02d4" "tx7fe75c59196941d68f183-00699793c3" "proxy-server 21" 0.0221 "-" 20 0
Feb 19 22:50:43 standalone proxy-server[125697]: 172.18.0.2 ::1 19/Feb/2026/22/50/43 PUT /v1/AUTH_f9d071aef7c9482087fa717fc5039b4f/gnocchi.39aaeec4-1cf5-42fc-80ca-b879e61b02d4 HTTP/1.0 201 - python-swiftclient-3.11.1 gAAAAABpl5N-UZqp... - - - tx7fe75c59196941d68f183-00699793c3 - 0.0303 - - 1771541443.276869535 1771541443.307145357 0
Feb 19 22:50:43 standalone container-server[123591]: 172.20.0.100 - - [19/Feb/2026:22:50:43 +0000] "HEAD /d1/561/AUTH_f9d071aef7c9482087fa717fc5039b4f/gnocchi.39aaeec4-1cf5-42fc-80ca-b879e61b02d4" 204 - "HEAD http://localhost:8080/v1/AUTH_f9d071aef7c9482087fa717fc5039b4f/gnocchi.39aaeec4-1cf5-42fc-80ca-b879e61b02d4?format=json&states=listing" "tx2c28268bae09463a9442e-00699793c3" "proxy-server 21" 0.0014 "-" 20 0
Feb 19 22:50:43 standalone proxy-server[125697]: - - 19/Feb/2026/22/50/43 HEAD /v1/AUTH_f9d071aef7c9482087fa717fc5039b4f/gnocchi.39aaeec4-1cf5-42fc-80ca-b879e61b02d4%3Fformat%3Djson%26states%3Dlisting HTTP/1.0 204 - Swift - - - - tx2c28268bae09463a9442e-00699793c3 - 0.0068 RL - 1771541443.318055153 1771541443.324873924 0
Feb 19 22:50:43 standalone container-server[123602]: 172.20.0.100 - - [19/Feb/2026:22:50:43 +0000] "GET /d1/561/AUTH_f9d071aef7c9482087fa717fc5039b4f/gnocchi.39aaeec4-1cf5-42fc-80ca-b879e61b02d4" 200 2 "GET http://localhost:8080/v1/AUTH_f9d071aef7c9482087fa717fc5039b4f/gnocchi.39aaeec4-1cf5-42fc-80ca-b879e61b02d4?format=json&states=listing" "tx2c28268bae09463a9442e-00699793c3" "proxy-server 21" 0.0059 "-" 21 0
Feb 19 22:50:43 standalone proxy-server[125697]: 172.18.0.2 ::1 19/Feb/2026/22/50/43 GET /v1/AUTH_f9d071aef7c9482087fa717fc5039b4f/gnocchi.39aaeec4-1cf5-42fc-80ca-b879e61b02d4%3Fformat%3Djson%26states%3Dlisting HTTP/1.0 200 - python-swiftclient-3.11.1 gAAAAABpl5N-UZqp... - 2 - tx2c28268bae09463a9442e-00699793c3 - 0.0292 - - 1771541443.315817833 1771541443.345018625 0
Feb 19 22:50:43 standalone object-server[123833]: 172.20.0.100 - - [19/Feb/2026:22:50:43 +0000] "GET /d1/819/AUTH_f9d071aef7c9482087fa717fc5039b4f/gnocchi.39aaeec4-1cf5-42fc-80ca-b879e61b02d4/1771200000.0_mean_300.0_v3" 404 70 "GET http://localhost:8080/v1/AUTH_f9d071aef7c9482087fa717fc5039b4f/gnocchi.39aaeec4-1cf5-42fc-80ca-b879e61b02d4/1771200000.0_mean_300.0_v3" "tx41389c379ce54a0d9aa58-00699793c3" "proxy-server 21" 0.0005 "-" 23 0
Feb 19 22:50:43 standalone proxy-server[125697]: 172.18.0.2 ::1 19/Feb/2026/22/50/43 GET /v1/AUTH_f9d071aef7c9482087fa717fc5039b4f/gnocchi.39aaeec4-1cf5-42fc-80ca-b879e61b02d4/1771200000.0_mean_300.0_v3 HTTP/1.0 404 - python-swiftclient-3.11.1 gAAAAABpl5N-UZqp... - 70 - tx41389c379ce54a0d9aa58-00699793c3 - 0.0125 - - 1771541443.360194445 1771541443.372668982 0
Feb 19 22:50:43 standalone container-server[123591]: 172.20.0.100 - - [19/Feb/2026:22:50:43 +0000] "PUT /d1/561/AUTH_f9d071aef7c9482087fa717fc5039b4f/gnocchi.39aaeec4-1cf5-42fc-80ca-b879e61b02d4/1771200000.0_mean_300.0_v3" 201 - "PUT http://localhost:8080/d1/819/AUTH_f9d071aef7c9482087fa717fc5039b4f/gnocchi.39aaeec4-1cf5-42fc-80ca-b879e61b02d4/1771200000.0_mean_300.0_v3" "tx803ea7b13ab545fc87fa4-00699793c3" "object-server 21" 0.0006 "-" 20 0
Feb 19 22:50:43 standalone object-server[123821]: 172.20.0.100 - - [19/Feb/2026:22:50:43 +0000] "PUT /d1/819/AUTH_f9d071aef7c9482087fa717fc5039b4f/gnocchi.39aaeec4-1cf5-42fc-80ca-b879e61b02d4/1771200000.0_mean_300.0_v3" 201 - "PUT http://localhost:8080/v1/AUTH_f9d071aef7c9482087fa717fc5039b4f/gnocchi.39aaeec4-1cf5-42fc-80ca-b879e61b02d4/1771200000.0_mean_300.0_v3" "tx803ea7b13ab545fc87fa4-00699793c3" "proxy-server 21" 0.0180 "-" 21 0
Feb 19 22:50:43 standalone proxy-server[125697]: 172.18.0.2 ::1 19/Feb/2026/22/50/43 PUT /v1/AUTH_f9d071aef7c9482087fa717fc5039b4f/gnocchi.39aaeec4-1cf5-42fc-80ca-b879e61b02d4/1771200000.0_mean_300.0_v3 HTTP/1.0 201 - python-swiftclient-3.11.1 gAAAAABpl5N-UZqp... 16 - - tx803ea7b13ab545fc87fa4-00699793c3 - 0.0301 - - 1771541443.380491495 1771541443.410626888 0
Feb 19 22:50:43 standalone container-server[123591]: 172.20.0.100 - - [19/Feb/2026:22:50:43 +0000] "PUT /d1/561/AUTH_f9d071aef7c9482087fa717fc5039b4f/gnocchi.39aaeec4-1cf5-42fc-80ca-b879e61b02d4/none_v3" 201 - "PUT http://localhost:8080/d1/372/AUTH_f9d071aef7c9482087fa717fc5039b4f/gnocchi.39aaeec4-1cf5-42fc-80ca-b879e61b02d4/none_v3" "txa74adba650af457b9d0b9-00699793c3" "object-server 20" 0.0010 "-" 20 0
Feb 19 22:50:43 standalone object-server[123816]: 172.20.0.100 - - [19/Feb/2026:22:50:43 +0000] "PUT /d1/372/AUTH_f9d071aef7c9482087fa717fc5039b4f/gnocchi.39aaeec4-1cf5-42fc-80ca-b879e61b02d4/none_v3" 201 - "PUT http://localhost:8080/v1/AUTH_f9d071aef7c9482087fa717fc5039b4f/gnocchi.39aaeec4-1cf5-42fc-80ca-b879e61b02d4/none_v3" "txa74adba650af457b9d0b9-00699793c3" "proxy-server 21" 0.0172 "-" 20 0
Feb 19 22:50:43 standalone proxy-server[125697]: 172.18.0.2 ::1 19/Feb/2026/22/50/43 PUT /v1/AUTH_f9d071aef7c9482087fa717fc5039b4f/gnocchi.39aaeec4-1cf5-42fc-80ca-b879e61b02d4/none_v3 HTTP/1.0 201 - python-swiftclient-3.11.1 gAAAAABpl5N-UZqp... 22 - - txa74adba650af457b9d0b9-00699793c3 - 0.0362 - - 1771541443.421719313 1771541443.457901239 0
Feb 19 22:50:43 standalone container-server[123616]: 172.20.0.100 - - [19/Feb/2026:22:50:43 +0000] "HEAD /d1/873/AUTH_f9d071aef7c9482087fa717fc5039b4f/gnocchi.9e811e19-27ab-466d-b3f8-5c0b9045f47d" 404 - "HEAD http://localhost:8080/v1/AUTH_f9d071aef7c9482087fa717fc5039b4f/gnocchi.9e811e19-27ab-466d-b3f8-5c0b9045f47d?format=json&states=listing" "tx7fb9b6c95ecb407fa1925-00699793c3" "proxy-server 21" 0.0007 "-" 23 0
Feb 19 22:50:43 standalone object-server[123821]: 172.20.0.100 - - [19/Feb/2026:22:50:43 +0000] "GET /d1/861/AUTH_f9d071aef7c9482087fa717fc5039b4f/gnocchi.9e811e19-27ab-466d-b3f8-5c0b9045f47d/none_v3" 404 70 "GET http://localhost:8080/v1/AUTH_f9d071aef7c9482087fa717fc5039b4f/gnocchi.9e811e19-27ab-466d-b3f8-5c0b9045f47d/none_v3" "tx7fb9b6c95ecb407fa1925-00699793c3" "proxy-server 21" 0.0004 "-" 21 0
Feb 19 22:50:43 standalone proxy-server[125697]: 172.18.0.2 ::1 19/Feb/2026/22/50/43 GET /v1/AUTH_f9d071aef7c9482087fa717fc5039b4f/gnocchi.9e811e19-27ab-466d-b3f8-5c0b9045f47d/none_v3 HTTP/1.0 404 - python-swiftclient-3.11.1 gAAAAABpl5N-UZqp... - 70 - tx7fb9b6c95ecb407fa1925-00699793c3 - 0.0204 - - 1771541443.479705811 1771541443.500144958 0
Feb 19 22:50:43 standalone account-server[123665]: 172.20.0.100 - - [19/Feb/2026:22:50:43 +0000] "PUT /d1/391/AUTH_f9d071aef7c9482087fa717fc5039b4f/gnocchi.9e811e19-27ab-466d-b3f8-5c0b9045f47d" 201 - "PUT http://172.20.0.100:6001/d1/873/AUTH_f9d071aef7c9482087fa717fc5039b4f/gnocchi.9e811e19-27ab-466d-b3f8-5c0b9045f47d" "tx8d3f1ca0b3e5441fb94fa-00699793c3" "container-server 23" 0.0051 "-" 22 0
Feb 19 22:50:43 standalone container-server[123616]: 172.20.0.100 - - [19/Feb/2026:22:50:43 +0000] "PUT /d1/873/AUTH_f9d071aef7c9482087fa717fc5039b4f/gnocchi.9e811e19-27ab-466d-b3f8-5c0b9045f47d" 201 - "PUT http://localhost:8080/v1/AUTH_f9d071aef7c9482087fa717fc5039b4f/gnocchi.9e811e19-27ab-466d-b3f8-5c0b9045f47d" "tx8d3f1ca0b3e5441fb94fa-00699793c3" "proxy-server 21" 0.0223 "-" 23 0
Feb 19 22:50:43 standalone proxy-server[125697]: 172.18.0.2 ::1 19/Feb/2026/22/50/43 PUT /v1/AUTH_f9d071aef7c9482087fa717fc5039b4f/gnocchi.9e811e19-27ab-466d-b3f8-5c0b9045f47d HTTP/1.0 201 - python-swiftclient-3.11.1 gAAAAABpl5N-UZqp... - - - tx8d3f1ca0b3e5441fb94fa-00699793c3 - 0.0314 - - 1771541443.506756067 1771541443.538163900 0
Feb 19 22:50:43 standalone container-server[123602]: 172.20.0.100 - - [19/Feb/2026:22:50:43 +0000] "HEAD /d1/873/AUTH_f9d071aef7c9482087fa717fc5039b4f/gnocchi.9e811e19-27ab-466d-b3f8-5c0b9045f47d" 204 - "HEAD http://localhost:8080/v1/AUTH_f9d071aef7c9482087fa717fc5039b4f/gnocchi.9e811e19-27ab-466d-b3f8-5c0b9045f47d?format=json&states=listing" "tx9ad73422c60245c2b53c8-00699793c3" "proxy-server 21" 0.0036 "-" 21 0
Feb 19 22:50:43 standalone proxy-server[125697]: - - 19/Feb/2026/22/50/43 HEAD /v1/AUTH_f9d071aef7c9482087fa717fc5039b4f/gnocchi.9e811e19-27ab-466d-b3f8-5c0b9045f47d%3Fformat%3Djson%26states%3Dlisting HTTP/1.0 204 - Swift - - - - tx9ad73422c60245c2b53c8-00699793c3 - 0.0106 RL - 1771541443.548695087 1771541443.559253931 0
Feb 19 22:50:43 standalone container-server[123602]: 172.20.0.100 - - [19/Feb/2026:22:50:43 +0000] "GET /d1/873/AUTH_f9d071aef7c9482087fa717fc5039b4f/gnocchi.9e811e19-27ab-466d-b3f8-5c0b9045f47d" 200 2 "GET http://localhost:8080/v1/AUTH_f9d071aef7c9482087fa717fc5039b4f/gnocchi.9e811e19-27ab-466d-b3f8-5c0b9045f47d?format=json&states=listing" "tx9ad73422c60245c2b53c8-00699793c3" "proxy-server 21" 0.0052 "-" 21 0
Feb 19 22:50:43 standalone proxy-server[125697]: 172.18.0.2 ::1 19/Feb/2026/22/50/43 GET /v1/AUTH_f9d071aef7c9482087fa717fc5039b4f/gnocchi.9e811e19-27ab-466d-b3f8-5c0b9045f47d%3Fformat%3Djson%26states%3Dlisting HTTP/1.0 200 - python-swiftclient-3.11.1 gAAAAABpl5N-UZqp... - 2 - tx9ad73422c60245c2b53c8-00699793c3 - 0.0308 - - 1771541443.546086550 1771541443.576921940 0
Feb 19 22:50:43 standalone object-server[123816]: 172.20.0.100 - - [19/Feb/2026:22:50:43 +0000] "GET /d1/642/AUTH_f9d071aef7c9482087fa717fc5039b4f/gnocchi.9e811e19-27ab-466d-b3f8-5c0b9045f47d/1771200000.0_mean_300.0_v3" 404 70 "GET http://localhost:8080/v1/AUTH_f9d071aef7c9482087fa717fc5039b4f/gnocchi.9e811e19-27ab-466d-b3f8-5c0b9045f47d/1771200000.0_mean_300.0_v3" "txd45d3a1eb0a946fb9bc66-00699793c3" "proxy-server 21" 0.0007 "-" 20 0
Feb 19 22:50:43 standalone proxy-server[125697]: 172.18.0.2 ::1 19/Feb/2026/22/50/43 GET /v1/AUTH_f9d071aef7c9482087fa717fc5039b4f/gnocchi.9e811e19-27ab-466d-b3f8-5c0b9045f47d/1771200000.0_mean_300.0_v3 HTTP/1.0 404 - python-swiftclient-3.11.1 gAAAAABpl5N-UZqp... - 70 - txd45d3a1eb0a946fb9bc66-00699793c3 - 0.0159 - - 1771541443.584224939 1771541443.600110054 0
Feb 19 22:50:43 standalone container-server[123591]: 172.20.0.100 - - [19/Feb/2026:22:50:43 +0000] "PUT /d1/873/AUTH_f9d071aef7c9482087fa717fc5039b4f/gnocchi.9e811e19-27ab-466d-b3f8-5c0b9045f47d/1771200000.0_mean_300.0_v3" 201 - "PUT http://localhost:8080/d1/642/AUTH_f9d071aef7c9482087fa717fc5039b4f/gnocchi.9e811e19-27ab-466d-b3f8-5c0b9045f47d/1771200000.0_mean_300.0_v3" "txa6d26082b2f34f82b4efb-00699793c3" "object-server 23" 0.0012 "-" 20 0
Feb 19 22:50:43 standalone object-server[123833]: 172.20.0.100 - - [19/Feb/2026:22:50:43 +0000] "PUT /d1/642/AUTH_f9d071aef7c9482087fa717fc5039b4f/gnocchi.9e811e19-27ab-466d-b3f8-5c0b9045f47d/1771200000.0_mean_300.0_v3" 201 - "PUT http://localhost:8080/v1/AUTH_f9d071aef7c9482087fa717fc5039b4f/gnocchi.9e811e19-27ab-466d-b3f8-5c0b9045f47d/1771200000.0_mean_300.0_v3" "txa6d26082b2f34f82b4efb-00699793c3" "proxy-server 21" 0.0128 "-" 23 0
Feb 19 22:50:43 standalone proxy-server[125697]: 172.18.0.2 ::1 19/Feb/2026/22/50/43 PUT /v1/AUTH_f9d071aef7c9482087fa717fc5039b4f/gnocchi.9e811e19-27ab-466d-b3f8-5c0b9045f47d/1771200000.0_mean_300.0_v3 HTTP/1.0 201 - python-swiftclient-3.11.1 gAAAAABpl5N-UZqp... 16 - - txa6d26082b2f34f82b4efb-00699793c3 - 0.0230 - - 1771541443.607473373 1771541443.630480528 0
Feb 19 22:50:43 standalone container-server[123616]: 172.20.0.100 - - [19/Feb/2026:22:50:43 +0000] "PUT /d1/873/AUTH_f9d071aef7c9482087fa717fc5039b4f/gnocchi.9e811e19-27ab-466d-b3f8-5c0b9045f47d/none_v3" 201 - "PUT http://localhost:8080/d1/861/AUTH_f9d071aef7c9482087fa717fc5039b4f/gnocchi.9e811e19-27ab-466d-b3f8-5c0b9045f47d/none_v3" "txfddc853dfb6f4ac1b10a6-00699793c3" "object-server 22" 0.0008 "-" 23 0
Feb 19 22:50:43 standalone object-server[123828]: 172.20.0.100 - - [19/Feb/2026:22:50:43 +0000] "PUT /d1/861/AUTH_f9d071aef7c9482087fa717fc5039b4f/gnocchi.9e811e19-27ab-466d-b3f8-5c0b9045f47d/none_v3" 201 - "PUT http://localhost:8080/v1/AUTH_f9d071aef7c9482087fa717fc5039b4f/gnocchi.9e811e19-27ab-466d-b3f8-5c0b9045f47d/none_v3" "txfddc853dfb6f4ac1b10a6-00699793c3" "proxy-server 21" 0.0140 "-" 22 0
Feb 19 22:50:43 standalone proxy-server[125697]: 172.18.0.2 ::1 19/Feb/2026/22/50/43 PUT /v1/AUTH_f9d071aef7c9482087fa717fc5039b4f/gnocchi.9e811e19-27ab-466d-b3f8-5c0b9045f47d/none_v3 HTTP/1.0 201 - python-swiftclient-3.11.1 gAAAAABpl5N-UZqp... 22 - - txfddc853dfb6f4ac1b10a6-00699793c3 - 0.0287 - - 1771541443.637819290 1771541443.666564941 0
Feb 19 22:50:43 standalone container-server[123616]: 172.20.0.100 - - [19/Feb/2026:22:50:43 +0000] "HEAD /d1/195/AUTH_f9d071aef7c9482087fa717fc5039b4f/gnocchi.290f4cb8-114e-48b9-ad5e-fd5d759146ce" 404 - "HEAD http://localhost:8080/v1/AUTH_f9d071aef7c9482087fa717fc5039b4f/gnocchi.290f4cb8-114e-48b9-ad5e-fd5d759146ce?format=json&states=listing" "tx58247b0a61fe4e5f85367-00699793c3" "proxy-server 21" 0.0004 "-" 23 0
Feb 19 22:50:43 standalone object-server[123821]: 172.20.0.100 - - [19/Feb/2026:22:50:43 +0000] "GET /d1/251/AUTH_f9d071aef7c9482087fa717fc5039b4f/gnocchi.290f4cb8-114e-48b9-ad5e-fd5d759146ce/none_v3" 404 70 "GET http://localhost:8080/v1/AUTH_f9d071aef7c9482087fa717fc5039b4f/gnocchi.290f4cb8-114e-48b9-ad5e-fd5d759146ce/none_v3" "tx58247b0a61fe4e5f85367-00699793c3" "proxy-server 21" 0.0006 "-" 21 0
Feb 19 22:50:43 standalone proxy-server[125697]: 172.18.0.2 ::1 19/Feb/2026/22/50/43 GET /v1/AUTH_f9d071aef7c9482087fa717fc5039b4f/gnocchi.290f4cb8-114e-48b9-ad5e-fd5d759146ce/none_v3 HTTP/1.0 404 - python-swiftclient-3.11.1 gAAAAABpl5N-UZqp... - 70 - tx58247b0a61fe4e5f85367-00699793c3 - 0.0154 - - 1771541443.697154760 1771541443.712590218 0
Feb 19 22:50:43 standalone account-server[123657]: 172.20.0.100 - - [19/Feb/2026:22:50:43 +0000] "PUT /d1/391/AUTH_f9d071aef7c9482087fa717fc5039b4f/gnocchi.290f4cb8-114e-48b9-ad5e-fd5d759146ce" 201 - "PUT http://172.20.0.100:6001/d1/195/AUTH_f9d071aef7c9482087fa717fc5039b4f/gnocchi.290f4cb8-114e-48b9-ad5e-fd5d759146ce" "txab52b5246ac64d7aa5b41-00699793c3" "container-server 23" 0.0034 "-" 20 0
Feb 19 22:50:43 standalone container-server[123616]: 172.20.0.100 - - [19/Feb/2026:22:50:43 +0000] "PUT /d1/195/AUTH_f9d071aef7c9482087fa717fc5039b4f/gnocchi.290f4cb8-114e-48b9-ad5e-fd5d759146ce" 201 - "PUT http://localhost:8080/v1/AUTH_f9d071aef7c9482087fa717fc5039b4f/gnocchi.290f4cb8-114e-48b9-ad5e-fd5d759146ce" "txab52b5246ac64d7aa5b41-00699793c3" "proxy-server 21" 0.0137 "-" 23 0
Feb 19 22:50:43 standalone proxy-server[125697]: 172.18.0.2 ::1 19/Feb/2026/22/50/43 PUT /v1/AUTH_f9d071aef7c9482087fa717fc5039b4f/gnocchi.290f4cb8-114e-48b9-ad5e-fd5d759146ce HTTP/1.0 201 - python-swiftclient-3.11.1 gAAAAABpl5N-UZqp... - - - txab52b5246ac64d7aa5b41-00699793c3 - 0.0227 - - 1771541443.718106985 1771541443.740812302 0
Feb 19 22:50:43 standalone container-server[123606]: 172.20.0.100 - - [19/Feb/2026:22:50:43 +0000] "HEAD /d1/195/AUTH_f9d071aef7c9482087fa717fc5039b4f/gnocchi.290f4cb8-114e-48b9-ad5e-fd5d759146ce" 204 - "HEAD http://localhost:8080/v1/AUTH_f9d071aef7c9482087fa717fc5039b4f/gnocchi.290f4cb8-114e-48b9-ad5e-fd5d759146ce?format=json&states=listing" "tx63fbdfaf9eee41c9aa698-00699793c3" "proxy-server 21" 0.0017 "-" 22 0
Feb 19 22:50:43 standalone proxy-server[125697]: - - 19/Feb/2026/22/50/43 HEAD /v1/AUTH_f9d071aef7c9482087fa717fc5039b4f/gnocchi.290f4cb8-114e-48b9-ad5e-fd5d759146ce%3Fformat%3Djson%26states%3Dlisting HTTP/1.0 204 - Swift - - - - tx63fbdfaf9eee41c9aa698-00699793c3 - 0.0088 RL - 1771541443.750650167 1771541443.759405613 0
Feb 19 22:50:43 standalone container-server[123606]: 172.20.0.100 - - [19/Feb/2026:22:50:43 +0000] "GET /d1/195/AUTH_f9d071aef7c9482087fa717fc5039b4f/gnocchi.290f4cb8-114e-48b9-ad5e-fd5d759146ce" 200 2 "GET http://localhost:8080/v1/AUTH_f9d071aef7c9482087fa717fc5039b4f/gnocchi.290f4cb8-114e-48b9-ad5e-fd5d759146ce?format=json&states=listing" "tx63fbdfaf9eee41c9aa698-00699793c3" "proxy-server 21" 0.0026 "-" 22 0
Feb 19 22:50:43 standalone proxy-server[125697]: 172.18.0.2 ::1 19/Feb/2026/22/50/43 GET /v1/AUTH_f9d071aef7c9482087fa717fc5039b4f/gnocchi.290f4cb8-114e-48b9-ad5e-fd5d759146ce%3Fformat%3Djson%26states%3Dlisting HTTP/1.0 200 - python-swiftclient-3.11.1 gAAAAABpl5N-UZqp... - 2 - tx63fbdfaf9eee41c9aa698-00699793c3 - 0.0367 - - 1771541443.747461557 1771541443.784202814 0
Feb 19 22:50:43 standalone object-server[123816]: 172.20.0.100 - - [19/Feb/2026:22:50:43 +0000] "GET /d1/445/AUTH_f9d071aef7c9482087fa717fc5039b4f/gnocchi.290f4cb8-114e-48b9-ad5e-fd5d759146ce/1771200000.0_mean_300.0_v3" 404 70 "GET http://localhost:8080/v1/AUTH_f9d071aef7c9482087fa717fc5039b4f/gnocchi.290f4cb8-114e-48b9-ad5e-fd5d759146ce/1771200000.0_mean_300.0_v3" "tx4c7fa556d5c34f9896a9f-00699793c3" "proxy-server 21" 0.0006 "-" 20 0
Feb 19 22:50:43 standalone proxy-server[125697]: 172.18.0.2 ::1 19/Feb/2026/22/50/43 GET /v1/AUTH_f9d071aef7c9482087fa717fc5039b4f/gnocchi.290f4cb8-114e-48b9-ad5e-fd5d759146ce/1771200000.0_mean_300.0_v3 HTTP/1.0 404 - python-swiftclient-3.11.1 gAAAAABpl5N-UZqp... - 70 - tx4c7fa556d5c34f9896a9f-00699793c3 - 0.0123 - - 1771541443.791446447 1771541443.803771973 0
Feb 19 22:50:43 standalone container-server[123591]: 172.20.0.100 - - [19/Feb/2026:22:50:43 +0000] "PUT /d1/195/AUTH_f9d071aef7c9482087fa717fc5039b4f/gnocchi.290f4cb8-114e-48b9-ad5e-fd5d759146ce/1771200000.0_mean_300.0_v3" 201 - "PUT http://localhost:8080/d1/445/AUTH_f9d071aef7c9482087fa717fc5039b4f/gnocchi.290f4cb8-114e-48b9-ad5e-fd5d759146ce/1771200000.0_mean_300.0_v3" "txf774d36f2cc344b9ab6e5-00699793c3" "object-server 23" 0.0006 "-" 20 0
Feb 19 22:50:43 standalone object-server[123833]: 172.20.0.100 - - [19/Feb/2026:22:50:43 +0000] "PUT /d1/445/AUTH_f9d071aef7c9482087fa717fc5039b4f/gnocchi.290f4cb8-114e-48b9-ad5e-fd5d759146ce/1771200000.0_mean_300.0_v3" 201 - "PUT http://localhost:8080/v1/AUTH_f9d071aef7c9482087fa717fc5039b4f/gnocchi.290f4cb8-114e-48b9-ad5e-fd5d759146ce/1771200000.0_mean_300.0_v3" "txf774d36f2cc344b9ab6e5-00699793c3" "proxy-server 21" 0.0141 "-" 23 0
Feb 19 22:50:43 standalone proxy-server[125697]: 172.18.0.2 ::1 19/Feb/2026/22/50/43 PUT /v1/AUTH_f9d071aef7c9482087fa717fc5039b4f/gnocchi.290f4cb8-114e-48b9-ad5e-fd5d759146ce/1771200000.0_mean_300.0_v3 HTTP/1.0 201 - python-swiftclient-3.11.1 gAAAAABpl5N-UZqp... 16 - - txf774d36f2cc344b9ab6e5-00699793c3 - 0.0228 - - 1771541443.808943272 1771541443.831747770 0
Feb 19 22:50:43 standalone container-server[123591]: 172.20.0.100 - - [19/Feb/2026:22:50:43 +0000] "PUT /d1/195/AUTH_f9d071aef7c9482087fa717fc5039b4f/gnocchi.290f4cb8-114e-48b9-ad5e-fd5d759146ce/none_v3" 201 - "PUT http://localhost:8080/d1/251/AUTH_f9d071aef7c9482087fa717fc5039b4f/gnocchi.290f4cb8-114e-48b9-ad5e-fd5d759146ce/none_v3" "txfcd3fb3a03a14247aa41a-00699793c3" "object-server 21" 0.0006 "-" 20 0
Feb 19 22:50:43 standalone object-server[123821]: 172.20.0.100 - - [19/Feb/2026:22:50:43 +0000] "PUT /d1/251/AUTH_f9d071aef7c9482087fa717fc5039b4f/gnocchi.290f4cb8-114e-48b9-ad5e-fd5d759146ce/none_v3" 201 - "PUT http://localhost:8080/v1/AUTH_f9d071aef7c9482087fa717fc5039b4f/gnocchi.290f4cb8-114e-48b9-ad5e-fd5d759146ce/none_v3" "txfcd3fb3a03a14247aa41a-00699793c3" "proxy-server 21" 0.0103 "-" 21 0
Feb 19 22:50:43 standalone proxy-server[125697]: 172.18.0.2 ::1 19/Feb/2026/22/50/43 PUT /v1/AUTH_f9d071aef7c9482087fa717fc5039b4f/gnocchi.290f4cb8-114e-48b9-ad5e-fd5d759146ce/none_v3 HTTP/1.0 201 - python-swiftclient-3.11.1 gAAAAABpl5N-UZqp... 22 - - txfcd3fb3a03a14247aa41a-00699793c3 - 0.0176 - - 1771541443.837081194 1771541443.854665756 0
Feb 19 22:52:47 standalone account-server[123657]: 172.20.0.100 - - [19/Feb/2026:22:52:47 +0000] "HEAD /d1/391/AUTH_f9d071aef7c9482087fa717fc5039b4f" 204 - "HEAD http://localhost:8080/v1/AUTH_f9d071aef7c9482087fa717fc5039b4f?format=json" "txa3c33e4da3b94f898a70f-006997943f" "proxy-server 21" 0.0047 "-" 20 -
Feb 19 22:52:47 standalone proxy-server[125697]: - - 19/Feb/2026/22/52/47 HEAD /v1/AUTH_f9d071aef7c9482087fa717fc5039b4f%3Fformat%3Djson HTTP/1.0 204 - Swift - - - - txa3c33e4da3b94f898a70f-006997943f - 0.0088 RL - 1771541567.425229549 1771541567.434016705 -
Feb 19 22:52:47 standalone container-server[123606]: 172.20.0.100 - - [19/Feb/2026:22:52:47 +0000] "HEAD /d1/655/AUTH_f9d071aef7c9482087fa717fc5039b4f/gnocchi.a5f61ac1-e71a-4158-80a0-132e6cf5e320" 404 - "HEAD http://localhost:8080/v1/AUTH_f9d071aef7c9482087fa717fc5039b4f/gnocchi.a5f61ac1-e71a-4158-80a0-132e6cf5e320?format=json&states=listing" "txa3c33e4da3b94f898a70f-006997943f" "proxy-server 21" 0.0006 "-" 22 0
Feb 19 22:52:47 standalone object-server[123828]: 172.20.0.100 - - [19/Feb/2026:22:52:47 +0000] "GET /d1/785/AUTH_f9d071aef7c9482087fa717fc5039b4f/gnocchi.a5f61ac1-e71a-4158-80a0-132e6cf5e320/none_v3" 404 70 "GET http://localhost:8080/v1/AUTH_f9d071aef7c9482087fa717fc5039b4f/gnocchi.a5f61ac1-e71a-4158-80a0-132e6cf5e320/none_v3" "txa3c33e4da3b94f898a70f-006997943f" "proxy-server 21" 0.0004 "-" 22 0
Feb 19 22:52:47 standalone proxy-server[125697]: 172.18.0.2 ::1 19/Feb/2026/22/52/47 GET /v1/AUTH_f9d071aef7c9482087fa717fc5039b4f/gnocchi.a5f61ac1-e71a-4158-80a0-132e6cf5e320/none_v3 HTTP/1.0 404 - python-swiftclient-3.11.1 gAAAAABpl5N-UZqp... - 70 - txa3c33e4da3b94f898a70f-006997943f - 0.0196 - - 1771541567.424500465 1771541567.444117546 0
Feb 19 22:52:47 standalone account-server[123666]: 172.20.0.100 - - [19/Feb/2026:22:52:47 +0000] "PUT /d1/391/AUTH_f9d071aef7c9482087fa717fc5039b4f/gnocchi.a5f61ac1-e71a-4158-80a0-132e6cf5e320" 201 - "PUT http://172.20.0.100:6001/d1/655/AUTH_f9d071aef7c9482087fa717fc5039b4f/gnocchi.a5f61ac1-e71a-4158-80a0-132e6cf5e320" "tx24429a202e894e50b6efe-006997943f" "container-server 21" 0.0013 "-" 23 0
Feb 19 22:52:47 standalone container-server[123602]: 172.20.0.100 - - [19/Feb/2026:22:52:47 +0000] "PUT /d1/655/AUTH_f9d071aef7c9482087fa717fc5039b4f/gnocchi.a5f61ac1-e71a-4158-80a0-132e6cf5e320" 201 - "PUT http://localhost:8080/v1/AUTH_f9d071aef7c9482087fa717fc5039b4f/gnocchi.a5f61ac1-e71a-4158-80a0-132e6cf5e320" "tx24429a202e894e50b6efe-006997943f" "proxy-server 21" 0.0117 "-" 21 0
Feb 19 22:52:47 standalone proxy-server[125697]: 172.18.0.2 ::1 19/Feb/2026/22/52/47 PUT /v1/AUTH_f9d071aef7c9482087fa717fc5039b4f/gnocchi.a5f61ac1-e71a-4158-80a0-132e6cf5e320 HTTP/1.0 201 - python-swiftclient-3.11.1 gAAAAABpl5N-UZqp... - - - tx24429a202e894e50b6efe-006997943f - 0.0159 - - 1771541567.448767900 1771541567.464628220 0
Feb 19 22:52:47 standalone container-server[123602]: 172.20.0.100 - - [19/Feb/2026:22:52:47 +0000] "HEAD /d1/655/AUTH_f9d071aef7c9482087fa717fc5039b4f/gnocchi.a5f61ac1-e71a-4158-80a0-132e6cf5e320" 204 - "HEAD http://localhost:8080/v1/AUTH_f9d071aef7c9482087fa717fc5039b4f/gnocchi.a5f61ac1-e71a-4158-80a0-132e6cf5e320?format=json&states=listing" "txec8114921a044112983e3-006997943f" "proxy-server 21" 0.0010 "-" 21 0
Feb 19 22:52:47 standalone proxy-server[125697]: - - 19/Feb/2026/22/52/47 HEAD /v1/AUTH_f9d071aef7c9482087fa717fc5039b4f/gnocchi.a5f61ac1-e71a-4158-80a0-132e6cf5e320%3Fformat%3Djson%26states%3Dlisting HTTP/1.0 204 - Swift - - - - txec8114921a044112983e3-006997943f - 0.0037 RL - 1771541567.469038248 1771541567.472702503 0
Feb 19 22:52:47 standalone container-server[123591]: 172.20.0.100 - - [19/Feb/2026:22:52:47 +0000] "GET /d1/655/AUTH_f9d071aef7c9482087fa717fc5039b4f/gnocchi.a5f61ac1-e71a-4158-80a0-132e6cf5e320" 200 2 "GET http://localhost:8080/v1/AUTH_f9d071aef7c9482087fa717fc5039b4f/gnocchi.a5f61ac1-e71a-4158-80a0-132e6cf5e320?format=json&states=listing" "txec8114921a044112983e3-006997943f" "proxy-server 21" 0.0018 "-" 20 0
Feb 19 22:52:47 standalone proxy-server[125697]: 172.18.0.2 ::1 19/Feb/2026/22/52/47 GET /v1/AUTH_f9d071aef7c9482087fa717fc5039b4f/gnocchi.a5f61ac1-e71a-4158-80a0-132e6cf5e320%3Fformat%3Djson%26states%3Dlisting HTTP/1.0 200 - python-swiftclient-3.11.1 gAAAAABpl5N-UZqp... - 2 - txec8114921a044112983e3-006997943f - 0.0113 - - 1771541567.468038082 1771541567.479371309 0
Feb 19 22:52:47 standalone object-server[123816]: 172.20.0.100 - - [19/Feb/2026:22:52:47 +0000] "GET /d1/28/AUTH_f9d071aef7c9482087fa717fc5039b4f/gnocchi.a5f61ac1-e71a-4158-80a0-132e6cf5e320/1771200000.0_mean_300.0_v3" 404 70 "GET http://localhost:8080/v1/AUTH_f9d071aef7c9482087fa717fc5039b4f/gnocchi.a5f61ac1-e71a-4158-80a0-132e6cf5e320/1771200000.0_mean_300.0_v3" "tx5458224c2e364672a8631-006997943f" "proxy-server 21" 0.0003 "-" 20 0
Feb 19 22:52:47 standalone proxy-server[125697]: 172.18.0.2 ::1 19/Feb/2026/22/52/47 GET /v1/AUTH_f9d071aef7c9482087fa717fc5039b4f/gnocchi.a5f61ac1-e71a-4158-80a0-132e6cf5e320/1771200000.0_mean_300.0_v3 HTTP/1.0 404 - python-swiftclient-3.11.1 gAAAAABpl5N-UZqp... - 70 - tx5458224c2e364672a8631-006997943f - 0.0047 - - 1771541567.482951403 1771541567.487612486 0
Feb 19 22:52:47 standalone container-server[123606]: 172.20.0.100 - - [19/Feb/2026:22:52:47 +0000] "PUT /d1/655/AUTH_f9d071aef7c9482087fa717fc5039b4f/gnocchi.a5f61ac1-e71a-4158-80a0-132e6cf5e320/1771200000.0_mean_300.0_v3" 201 - "PUT http://localhost:8080/d1/28/AUTH_f9d071aef7c9482087fa717fc5039b4f/gnocchi.a5f61ac1-e71a-4158-80a0-132e6cf5e320/1771200000.0_mean_300.0_v3" "tx3cdf1e4f6d274f638ed53-006997943f" "object-server 21" 0.0005 "-" 22 0
Feb 19 22:52:47 standalone object-server[123821]: 172.20.0.100 - - [19/Feb/2026:22:52:47 +0000] "PUT /d1/28/AUTH_f9d071aef7c9482087fa717fc5039b4f/gnocchi.a5f61ac1-e71a-4158-80a0-132e6cf5e320/1771200000.0_mean_300.0_v3" 201 - "PUT http://localhost:8080/v1/AUTH_f9d071aef7c9482087fa717fc5039b4f/gnocchi.a5f61ac1-e71a-4158-80a0-132e6cf5e320/1771200000.0_mean_300.0_v3" "tx3cdf1e4f6d274f638ed53-006997943f" "proxy-server 21" 0.0095 "-" 21 0
Feb 19 22:52:47 standalone proxy-server[125697]: 172.18.0.2 ::1 19/Feb/2026/22/52/47 PUT /v1/AUTH_f9d071aef7c9482087fa717fc5039b4f/gnocchi.a5f61ac1-e71a-4158-80a0-132e6cf5e320/1771200000.0_mean_300.0_v3 HTTP/1.0 201 - python-swiftclient-3.11.1 gAAAAABpl5N-UZqp... 16 - - tx3cdf1e4f6d274f638ed53-006997943f - 0.0148 - - 1771541567.490358353 1771541567.505182743 0
Feb 19 22:52:47 standalone container-server[123616]: 172.20.0.100 - - [19/Feb/2026:22:52:47 +0000] "PUT /d1/655/AUTH_f9d071aef7c9482087fa717fc5039b4f/gnocchi.a5f61ac1-e71a-4158-80a0-132e6cf5e320/none_v3" 201 - "PUT http://localhost:8080/d1/785/AUTH_f9d071aef7c9482087fa717fc5039b4f/gnocchi.a5f61ac1-e71a-4158-80a0-132e6cf5e320/none_v3" "tx74ecd7286e7040be86c4b-006997943f" "object-server 23" 0.0004 "-" 23 0
Feb 19 22:52:47 standalone object-server[123833]: 172.20.0.100 - - [19/Feb/2026:22:52:47 +0000] "PUT /d1/785/AUTH_f9d071aef7c9482087fa717fc5039b4f/gnocchi.a5f61ac1-e71a-4158-80a0-132e6cf5e320/none_v3" 201 - "PUT http://localhost:8080/v1/AUTH_f9d071aef7c9482087fa717fc5039b4f/gnocchi.a5f61ac1-e71a-4158-80a0-132e6cf5e320/none_v3" "tx74ecd7286e7040be86c4b-006997943f" "proxy-server 21" 0.0080 "-" 23 0
Feb 19 22:52:47 standalone proxy-server[125697]: 172.18.0.2 ::1 19/Feb/2026/22/52/47 PUT /v1/AUTH_f9d071aef7c9482087fa717fc5039b4f/gnocchi.a5f61ac1-e71a-4158-80a0-132e6cf5e320/none_v3 HTTP/1.0 201 - python-swiftclient-3.11.1 gAAAAABpl5N-UZqp... 22 - - tx74ecd7286e7040be86c4b-006997943f - 0.0124 - - 1771541567.508087635 1771541567.520451307 0
Feb 19 22:52:47 standalone container-server[123591]: 172.20.0.100 - - [19/Feb/2026:22:52:47 +0000] "HEAD /d1/118/AUTH_f9d071aef7c9482087fa717fc5039b4f/gnocchi.0ef82301-9df7-4cbd-813e-9787b07601d0" 404 - "HEAD http://localhost:8080/v1/AUTH_f9d071aef7c9482087fa717fc5039b4f/gnocchi.0ef82301-9df7-4cbd-813e-9787b07601d0?format=json&states=listing" "tx3d88a4b49e7e4d34b8d34-006997943f" "proxy-server 21" 0.0003 "-" 20 0
Feb 19 22:52:47 standalone object-server[123816]: 172.20.0.100 - - [19/Feb/2026:22:52:47 +0000] "GET /d1/700/AUTH_f9d071aef7c9482087fa717fc5039b4f/gnocchi.0ef82301-9df7-4cbd-813e-9787b07601d0/none_v3" 404 70 "GET http://localhost:8080/v1/AUTH_f9d071aef7c9482087fa717fc5039b4f/gnocchi.0ef82301-9df7-4cbd-813e-9787b07601d0/none_v3" "tx3d88a4b49e7e4d34b8d34-006997943f" "proxy-server 21" 0.0003 "-" 20 0
Feb 19 22:52:47 standalone proxy-server[125697]: 172.18.0.2 ::1 19/Feb/2026/22/52/47 GET /v1/AUTH_f9d071aef7c9482087fa717fc5039b4f/gnocchi.0ef82301-9df7-4cbd-813e-9787b07601d0/none_v3 HTTP/1.0 404 - python-swiftclient-3.11.1 gAAAAABpl5N-UZqp... - 70 - tx3d88a4b49e7e4d34b8d34-006997943f - 0.0072 - - 1771541567.528566122 1771541567.535791874 0
Feb 19 22:52:47 standalone account-server[123657]: 172.20.0.100 - - [19/Feb/2026:22:52:47 +0000] "PUT /d1/391/AUTH_f9d071aef7c9482087fa717fc5039b4f/gnocchi.0ef82301-9df7-4cbd-813e-9787b07601d0" 201 - "PUT http://172.20.0.100:6001/d1/118/AUTH_f9d071aef7c9482087fa717fc5039b4f/gnocchi.0ef82301-9df7-4cbd-813e-9787b07601d0" "tx24babfaaadd8419dbecae-006997943f" "container-server 21" 0.0058 "-" 20 0
Feb 19 22:52:47 standalone container-server[123602]: 172.20.0.100 - - [19/Feb/2026:22:52:47 +0000] "PUT /d1/118/AUTH_f9d071aef7c9482087fa717fc5039b4f/gnocchi.0ef82301-9df7-4cbd-813e-9787b07601d0" 201 - "PUT http://localhost:8080/v1/AUTH_f9d071aef7c9482087fa717fc5039b4f/gnocchi.0ef82301-9df7-4cbd-813e-9787b07601d0" "tx24babfaaadd8419dbecae-006997943f" "proxy-server 21" 0.0141 "-" 21 0
Feb 19 22:52:47 standalone proxy-server[125697]: 172.18.0.2 ::1 19/Feb/2026/22/52/47 PUT /v1/AUTH_f9d071aef7c9482087fa717fc5039b4f/gnocchi.0ef82301-9df7-4cbd-813e-9787b07601d0 HTTP/1.0 201 - python-swiftclient-3.11.1 gAAAAABpl5N-UZqp... - - - tx24babfaaadd8419dbecae-006997943f - 0.0185 - - 1771541567.538387060 1771541567.556934834 0
Feb 19 22:52:47 standalone container-server[123591]: 172.20.0.100 - - [19/Feb/2026:22:52:47 +0000] "HEAD /d1/118/AUTH_f9d071aef7c9482087fa717fc5039b4f/gnocchi.0ef82301-9df7-4cbd-813e-9787b07601d0" 204 - "HEAD http://localhost:8080/v1/AUTH_f9d071aef7c9482087fa717fc5039b4f/gnocchi.0ef82301-9df7-4cbd-813e-9787b07601d0?format=json&states=listing" "tx402f4d14c945460fb706b-006997943f" "proxy-server 21" 0.0012 "-" 20 0
Feb 19 22:52:47 standalone proxy-server[125697]: - - 19/Feb/2026/22/52/47 HEAD /v1/AUTH_f9d071aef7c9482087fa717fc5039b4f/gnocchi.0ef82301-9df7-4cbd-813e-9787b07601d0%3Fformat%3Djson%26states%3Dlisting HTTP/1.0 204 - Swift - - - - tx402f4d14c945460fb706b-006997943f - 0.0039 RL - 1771541567.563017368 1771541567.566890001 0
Feb 19 22:52:47 standalone container-server[123602]: 172.20.0.100 - - [19/Feb/2026:22:52:47 +0000] "GET /d1/118/AUTH_f9d071aef7c9482087fa717fc5039b4f/gnocchi.0ef82301-9df7-4cbd-813e-9787b07601d0" 200 2 "GET http://localhost:8080/v1/AUTH_f9d071aef7c9482087fa717fc5039b4f/gnocchi.0ef82301-9df7-4cbd-813e-9787b07601d0?format=json&states=listing" "tx402f4d14c945460fb706b-006997943f" "proxy-server 21" 0.0020 "-" 21 0
Feb 19 22:52:47 standalone proxy-server[125697]: 172.18.0.2 ::1 19/Feb/2026/22/52/47 GET /v1/AUTH_f9d071aef7c9482087fa717fc5039b4f/gnocchi.0ef82301-9df7-4cbd-813e-9787b07601d0%3Fformat%3Djson%26states%3Dlisting HTTP/1.0 200 - python-swiftclient-3.11.1 gAAAAABpl5N-UZqp... - 2 - tx402f4d14c945460fb706b-006997943f - 0.0125 - - 1771541567.560804605 1771541567.573324203 0
Feb 19 22:52:47 standalone object-server[123833]: 172.20.0.100 - - [19/Feb/2026:22:52:47 +0000] "GET /d1/21/AUTH_f9d071aef7c9482087fa717fc5039b4f/gnocchi.0ef82301-9df7-4cbd-813e-9787b07601d0/1771200000.0_mean_300.0_v3" 404 70 "GET http://localhost:8080/v1/AUTH_f9d071aef7c9482087fa717fc5039b4f/gnocchi.0ef82301-9df7-4cbd-813e-9787b07601d0/1771200000.0_mean_300.0_v3" "tx30adc92050204746bc636-006997943f" "proxy-server 21" 0.0003 "-" 23 0
Feb 19 22:52:47 standalone proxy-server[125697]: 172.18.0.2 ::1 19/Feb/2026/22/52/47 GET /v1/AUTH_f9d071aef7c9482087fa717fc5039b4f/gnocchi.0ef82301-9df7-4cbd-813e-9787b07601d0/1771200000.0_mean_300.0_v3 HTTP/1.0 404 - python-swiftclient-3.11.1 gAAAAABpl5N-UZqp... - 70 - tx30adc92050204746bc636-006997943f - 0.0045 - - 1771541567.576510429 1771541567.581019163 0
Feb 19 22:52:47 standalone container-server[123616]: 172.20.0.100 - - [19/Feb/2026:22:52:47 +0000] "PUT /d1/118/AUTH_f9d071aef7c9482087fa717fc5039b4f/gnocchi.0ef82301-9df7-4cbd-813e-9787b07601d0/1771200000.0_mean_300.0_v3" 201 - "PUT http://localhost:8080/d1/21/AUTH_f9d071aef7c9482087fa717fc5039b4f/gnocchi.0ef82301-9df7-4cbd-813e-9787b07601d0/1771200000.0_mean_300.0_v3" "tx6841f501555e41638b580-006997943f" "object-server 20" 0.0005 "-" 23 0
Feb 19 22:52:47 standalone object-server[123816]: 172.20.0.100 - - [19/Feb/2026:22:52:47 +0000] "PUT /d1/21/AUTH_f9d071aef7c9482087fa717fc5039b4f/gnocchi.0ef82301-9df7-4cbd-813e-9787b07601d0/1771200000.0_mean_300.0_v3" 201 - "PUT http://localhost:8080/v1/AUTH_f9d071aef7c9482087fa717fc5039b4f/gnocchi.0ef82301-9df7-4cbd-813e-9787b07601d0/1771200000.0_mean_300.0_v3" "tx6841f501555e41638b580-006997943f" "proxy-server 21" 0.0070 "-" 20 0
Feb 19 22:52:47 standalone proxy-server[125697]: 172.18.0.2 ::1 19/Feb/2026/22/52/47 PUT /v1/AUTH_f9d071aef7c9482087fa717fc5039b4f/gnocchi.0ef82301-9df7-4cbd-813e-9787b07601d0/1771200000.0_mean_300.0_v3 HTTP/1.0 201 - python-swiftclient-3.11.1 gAAAAABpl5N-UZqp... 16 - - tx6841f501555e41638b580-006997943f - 0.0112 - - 1771541567.583634377 1771541567.594852209 0
Feb 19 22:52:47 standalone container-server[123602]: 172.20.0.100 - - [19/Feb/2026:22:52:47 +0000] "PUT /d1/118/AUTH_f9d071aef7c9482087fa717fc5039b4f/gnocchi.0ef82301-9df7-4cbd-813e-9787b07601d0/none_v3" 201 - "PUT http://localhost:8080/d1/700/AUTH_f9d071aef7c9482087fa717fc5039b4f/gnocchi.0ef82301-9df7-4cbd-813e-9787b07601d0/none_v3" "txc1bc24f49262421aa0acb-006997943f" "object-server 21" 0.0004 "-" 21 0
Feb 19 22:52:47 standalone object-server[123821]: 172.20.0.100 - - [19/Feb/2026:22:52:47 +0000] "PUT /d1/700/AUTH_f9d071aef7c9482087fa717fc5039b4f/gnocchi.0ef82301-9df7-4cbd-813e-9787b07601d0/none_v3" 201 - "PUT http://localhost:8080/v1/AUTH_f9d071aef7c9482087fa717fc5039b4f/gnocchi.0ef82301-9df7-4cbd-813e-9787b07601d0/none_v3" "txc1bc24f49262421aa0acb-006997943f" "proxy-server 21" 0.0115 "-" 21 0
Feb 19 22:52:47 standalone proxy-server[125697]: 172.18.0.2 ::1 19/Feb/2026/22/52/47 PUT /v1/AUTH_f9d071aef7c9482087fa717fc5039b4f/gnocchi.0ef82301-9df7-4cbd-813e-9787b07601d0/none_v3 HTTP/1.0 201 - python-swiftclient-3.11.1 gAAAAABpl5N-UZqp... 22 - - txc1bc24f49262421aa0acb-006997943f - 0.0167 - - 1771541567.597678185 1771541567.614387274 0
Feb 19 22:52:47 standalone container-server[123606]: 172.20.0.100 - - [19/Feb/2026:22:52:47 +0000] "HEAD /d1/242/AUTH_f9d071aef7c9482087fa717fc5039b4f/gnocchi.5a760302-aaa4-4d67-9579-780ea527f2e0" 404 - "HEAD http://localhost:8080/v1/AUTH_f9d071aef7c9482087fa717fc5039b4f/gnocchi.5a760302-aaa4-4d67-9579-780ea527f2e0?format=json&states=listing" "tx6b94368d692e4fc5a3f52-006997943f" "proxy-server 21" 0.0003 "-" 22 0
Feb 19 22:52:47 standalone object-server[123828]: 172.20.0.100 - - [19/Feb/2026:22:52:47 +0000] "GET /d1/994/AUTH_f9d071aef7c9482087fa717fc5039b4f/gnocchi.5a760302-aaa4-4d67-9579-780ea527f2e0/none_v3" 404 70 "GET http://localhost:8080/v1/AUTH_f9d071aef7c9482087fa717fc5039b4f/gnocchi.5a760302-aaa4-4d67-9579-780ea527f2e0/none_v3" "tx6b94368d692e4fc5a3f52-006997943f" "proxy-server 21" 0.0003 "-" 22 0
Feb 19 22:52:47 standalone proxy-server[125697]: 172.18.0.2 ::1 19/Feb/2026/22/52/47 GET /v1/AUTH_f9d071aef7c9482087fa717fc5039b4f/gnocchi.5a760302-aaa4-4d67-9579-780ea527f2e0/none_v3 HTTP/1.0 404 - python-swiftclient-3.11.1 gAAAAABpl5N-UZqp... - 70 - tx6b94368d692e4fc5a3f52-006997943f - 0.0073 - - 1771541567.622623444 1771541567.629967928 0
Feb 19 22:52:47 standalone account-server[123666]: 172.20.0.100 - - [19/Feb/2026:22:52:47 +0000] "PUT /d1/391/AUTH_f9d071aef7c9482087fa717fc5039b4f/gnocchi.5a760302-aaa4-4d67-9579-780ea527f2e0" 201 - "PUT http://172.20.0.100:6001/d1/242/AUTH_f9d071aef7c9482087fa717fc5039b4f/gnocchi.5a760302-aaa4-4d67-9579-780ea527f2e0" "tx1416de4c84624fd5a3e7e-006997943f" "container-server 22" 0.0063 "-" 23 0
Feb 19 22:52:47 standalone container-server[123606]: 172.20.0.100 - - [19/Feb/2026:22:52:47 +0000] "PUT /d1/242/AUTH_f9d071aef7c9482087fa717fc5039b4f/gnocchi.5a760302-aaa4-4d67-9579-780ea527f2e0" 201 - "PUT http://localhost:8080/v1/AUTH_f9d071aef7c9482087fa717fc5039b4f/gnocchi.5a760302-aaa4-4d67-9579-780ea527f2e0" "tx1416de4c84624fd5a3e7e-006997943f" "proxy-server 21" 0.0171 "-" 22 0
Feb 19 22:52:47 standalone proxy-server[125697]: 172.18.0.2 ::1 19/Feb/2026/22/52/47 PUT /v1/AUTH_f9d071aef7c9482087fa717fc5039b4f/gnocchi.5a760302-aaa4-4d67-9579-780ea527f2e0 HTTP/1.0 201 - python-swiftclient-3.11.1 gAAAAABpl5N-UZqp... - - - tx1416de4c84624fd5a3e7e-006997943f - 0.0223 - - 1771541567.632534266 1771541567.654851913 0
Feb 19 22:52:47 standalone container-server[123616]: 172.20.0.100 - - [19/Feb/2026:22:52:47 +0000] "HEAD /d1/242/AUTH_f9d071aef7c9482087fa717fc5039b4f/gnocchi.5a760302-aaa4-4d67-9579-780ea527f2e0" 204 - "HEAD http://localhost:8080/v1/AUTH_f9d071aef7c9482087fa717fc5039b4f/gnocchi.5a760302-aaa4-4d67-9579-780ea527f2e0?format=json&states=listing" "tx20c62b635ba94c64bac02-006997943f" "proxy-server 21" 0.0012 "-" 23 0
