Mar 11 10:21:03 standalone container-server[122824]: 172.20.0.100 - - [11/Mar/2026:10:21:03 +0000] "PUT /d1/728/AUTH_1312aadf1e3f4e0bb93891183167859c/gnocchi.e81f2139-8e23-4ff9-a26b-0a510655ffc5" 201 - "PUT http://localhost:8080/v1/AUTH_1312aadf1e3f4e0bb93891183167859c/gnocchi.e81f2139-8e23-4ff9-a26b-0a510655ffc5" "txac0e1356eb124218a6db4-0069b1420f" "proxy-server 21" 0.0276 "-" 22 0
Mar 11 10:21:03 standalone proxy-server[124928]: 172.18.0.2 ::1 11/Mar/2026/10/21/03 PUT /v1/AUTH_1312aadf1e3f4e0bb93891183167859c/gnocchi.e81f2139-8e23-4ff9-a26b-0a510655ffc5 HTTP/1.0 201 - python-swiftclient-3.11.1 gAAAAABpsUFBUlv-... - - - txac0e1356eb124218a6db4-0069b1420f - 0.0322 - - 1773224463.241169453 1773224463.273390532 0
Mar 11 10:21:03 standalone container-server[122824]: 172.20.0.100 - - [11/Mar/2026:10:21:03 +0000] "HEAD /d1/728/AUTH_1312aadf1e3f4e0bb93891183167859c/gnocchi.e81f2139-8e23-4ff9-a26b-0a510655ffc5" 204 - "HEAD http://localhost:8080/v1/AUTH_1312aadf1e3f4e0bb93891183167859c/gnocchi.e81f2139-8e23-4ff9-a26b-0a510655ffc5?format=json&states=listing" "tx63cd40f819ea47f78595f-0069b1420f" "proxy-server 21" 0.0010 "-" 22 0
Mar 11 10:21:03 standalone proxy-server[124928]: - - 11/Mar/2026/10/21/03 HEAD /v1/AUTH_1312aadf1e3f4e0bb93891183167859c/gnocchi.e81f2139-8e23-4ff9-a26b-0a510655ffc5%3Fformat%3Djson%26states%3Dlisting HTTP/1.0 204 - Swift - - - - tx63cd40f819ea47f78595f-0069b1420f - 0.0041 RL - 1773224463.278361559 1773224463.282471180 0
Mar 11 10:21:03 standalone container-server[122820]: 172.20.0.100 - - [11/Mar/2026:10:21:03 +0000] "GET /d1/728/AUTH_1312aadf1e3f4e0bb93891183167859c/gnocchi.e81f2139-8e23-4ff9-a26b-0a510655ffc5" 200 2 "GET http://localhost:8080/v1/AUTH_1312aadf1e3f4e0bb93891183167859c/gnocchi.e81f2139-8e23-4ff9-a26b-0a510655ffc5?format=json&states=listing" "tx63cd40f819ea47f78595f-0069b1420f" "proxy-server 21" 0.0018 "-" 20 0
Mar 11 10:21:03 standalone proxy-server[124928]: 172.18.0.2 ::1 11/Mar/2026/10/21/03 GET /v1/AUTH_1312aadf1e3f4e0bb93891183167859c/gnocchi.e81f2139-8e23-4ff9-a26b-0a510655ffc5%3Fformat%3Djson%26states%3Dlisting HTTP/1.0 200 - python-swiftclient-3.11.1 gAAAAABpsUFBUlv-... - 2 - tx63cd40f819ea47f78595f-0069b1420f - 0.0143 - - 1773224463.277256489 1773224463.291549206 0
Mar 11 10:21:03 standalone object-server[123093]: 172.20.0.100 - - [11/Mar/2026:10:21:03 +0000] "GET /d1/171/AUTH_1312aadf1e3f4e0bb93891183167859c/gnocchi.e81f2139-8e23-4ff9-a26b-0a510655ffc5/1772280000.0_mean_300.0_v3" 404 70 "GET http://localhost:8080/v1/AUTH_1312aadf1e3f4e0bb93891183167859c/gnocchi.e81f2139-8e23-4ff9-a26b-0a510655ffc5/1772280000.0_mean_300.0_v3" "txa0c8339f2ce04b158bf5c-0069b1420f" "proxy-server 21" 0.0004 "-" 24 0
Mar 11 10:21:03 standalone proxy-server[124928]: 172.18.0.2 ::1 11/Mar/2026/10/21/03 GET /v1/AUTH_1312aadf1e3f4e0bb93891183167859c/gnocchi.e81f2139-8e23-4ff9-a26b-0a510655ffc5/1772280000.0_mean_300.0_v3 HTTP/1.0 404 - python-swiftclient-3.11.1 gAAAAABpsUFBUlv-... - 70 - txa0c8339f2ce04b158bf5c-0069b1420f - 0.0054 - - 1773224463.294992924 1773224463.300411224 0
Mar 11 10:21:03 standalone container-server[122823]: 172.20.0.100 - - [11/Mar/2026:10:21:03 +0000] "PUT /d1/728/AUTH_1312aadf1e3f4e0bb93891183167859c/gnocchi.e81f2139-8e23-4ff9-a26b-0a510655ffc5/1772280000.0_mean_300.0_v3" 201 - "PUT http://localhost:8080/d1/171/AUTH_1312aadf1e3f4e0bb93891183167859c/gnocchi.e81f2139-8e23-4ff9-a26b-0a510655ffc5/1772280000.0_mean_300.0_v3" "tx0fb49034c42646a1ab347-0069b1420f" "object-server 22" 0.0005 "-" 21 0
Mar 11 10:21:03 standalone object-server[123066]: 172.20.0.100 - - [11/Mar/2026:10:21:03 +0000] "PUT /d1/171/AUTH_1312aadf1e3f4e0bb93891183167859c/gnocchi.e81f2139-8e23-4ff9-a26b-0a510655ffc5/1772280000.0_mean_300.0_v3" 201 - "PUT http://localhost:8080/v1/AUTH_1312aadf1e3f4e0bb93891183167859c/gnocchi.e81f2139-8e23-4ff9-a26b-0a510655ffc5/1772280000.0_mean_300.0_v3" "tx0fb49034c42646a1ab347-0069b1420f" "proxy-server 21" 0.0081 "-" 22 0
Mar 11 10:21:03 standalone proxy-server[124928]: 172.18.0.2 ::1 11/Mar/2026/10/21/03 PUT /v1/AUTH_1312aadf1e3f4e0bb93891183167859c/gnocchi.e81f2139-8e23-4ff9-a26b-0a510655ffc5/1772280000.0_mean_300.0_v3 HTTP/1.0 201 - python-swiftclient-3.11.1 gAAAAABpsUFBUlv-... 16 - - tx0fb49034c42646a1ab347-0069b1420f - 0.0139 - - 1773224463.303488493 1773224463.317388058 0
Mar 11 10:21:03 standalone container-server[122835]: 172.20.0.100 - - [11/Mar/2026:10:21:03 +0000] "PUT /d1/728/AUTH_1312aadf1e3f4e0bb93891183167859c/gnocchi.e81f2139-8e23-4ff9-a26b-0a510655ffc5/none_v3" 201 - "PUT http://localhost:8080/d1/672/AUTH_1312aadf1e3f4e0bb93891183167859c/gnocchi.e81f2139-8e23-4ff9-a26b-0a510655ffc5/none_v3" "tx9aeba010e271495ab3cdd-0069b1420f" "object-server 25" 0.0005 "-" 23 0
Mar 11 10:21:03 standalone object-server[123100]: 172.20.0.100 - - [11/Mar/2026:10:21:03 +0000] "PUT /d1/672/AUTH_1312aadf1e3f4e0bb93891183167859c/gnocchi.e81f2139-8e23-4ff9-a26b-0a510655ffc5/none_v3" 201 - "PUT http://localhost:8080/v1/AUTH_1312aadf1e3f4e0bb93891183167859c/gnocchi.e81f2139-8e23-4ff9-a26b-0a510655ffc5/none_v3" "tx9aeba010e271495ab3cdd-0069b1420f" "proxy-server 21" 0.0071 "-" 25 0
Mar 11 10:21:03 standalone proxy-server[124928]: 172.18.0.2 ::1 11/Mar/2026/10/21/03 PUT /v1/AUTH_1312aadf1e3f4e0bb93891183167859c/gnocchi.e81f2139-8e23-4ff9-a26b-0a510655ffc5/none_v3 HTTP/1.0 201 - python-swiftclient-3.11.1 gAAAAABpsUFBUlv-... 22 - - tx9aeba010e271495ab3cdd-0069b1420f - 0.0120 - - 1773224463.328965425 1773224463.341014624 0
Mar 11 10:21:03 standalone container-server[122835]: 172.20.0.100 - - [11/Mar/2026:10:21:03 +0000] "HEAD /d1/103/AUTH_1312aadf1e3f4e0bb93891183167859c/gnocchi.3a3c567b-3a98-4c2b-b4cc-3cb854ef1819" 404 - "HEAD http://localhost:8080/v1/AUTH_1312aadf1e3f4e0bb93891183167859c/gnocchi.3a3c567b-3a98-4c2b-b4cc-3cb854ef1819?format=json&states=listing" "tx4d7c50cd194c403d88ccb-0069b1420f" "proxy-server 21" 0.0004 "-" 23 0
Mar 11 10:21:03 standalone object-server[123100]: 172.20.0.100 - - [11/Mar/2026:10:21:03 +0000] "GET /d1/639/AUTH_1312aadf1e3f4e0bb93891183167859c/gnocchi.3a3c567b-3a98-4c2b-b4cc-3cb854ef1819/none_v3" 404 70 "GET http://localhost:8080/v1/AUTH_1312aadf1e3f4e0bb93891183167859c/gnocchi.3a3c567b-3a98-4c2b-b4cc-3cb854ef1819/none_v3" "tx4d7c50cd194c403d88ccb-0069b1420f" "proxy-server 21" 0.0006 "-" 25 0
Mar 11 10:21:03 standalone proxy-server[124928]: 172.18.0.2 ::1 11/Mar/2026/10/21/03 GET /v1/AUTH_1312aadf1e3f4e0bb93891183167859c/gnocchi.3a3c567b-3a98-4c2b-b4cc-3cb854ef1819/none_v3 HTTP/1.0 404 - python-swiftclient-3.11.1 gAAAAABpsUFBUlv-... - 70 - tx4d7c50cd194c403d88ccb-0069b1420f - 0.0110 - - 1773224463.353618145 1773224463.364643097 0
Mar 11 10:21:03 standalone account-server[122610]: 172.20.0.100 - - [11/Mar/2026:10:21:03 +0000] "PUT /d1/267/AUTH_1312aadf1e3f4e0bb93891183167859c/gnocchi.3a3c567b-3a98-4c2b-b4cc-3cb854ef1819" 201 - "PUT http://172.20.0.100:6001/d1/103/AUTH_1312aadf1e3f4e0bb93891183167859c/gnocchi.3a3c567b-3a98-4c2b-b4cc-3cb854ef1819" "tx12a656b0ffbc4cd8b355d-0069b1420f" "container-server 23" 0.0088 "-" 20 0
Mar 11 10:21:03 standalone container-server[122835]: 172.20.0.100 - - [11/Mar/2026:10:21:03 +0000] "PUT /d1/103/AUTH_1312aadf1e3f4e0bb93891183167859c/gnocchi.3a3c567b-3a98-4c2b-b4cc-3cb854ef1819" 201 - "PUT http://localhost:8080/v1/AUTH_1312aadf1e3f4e0bb93891183167859c/gnocchi.3a3c567b-3a98-4c2b-b4cc-3cb854ef1819" "tx12a656b0ffbc4cd8b355d-0069b1420f" "proxy-server 21" 0.0209 "-" 23 0
Mar 11 10:21:03 standalone proxy-server[124928]: 172.18.0.2 ::1 11/Mar/2026/10/21/03 PUT /v1/AUTH_1312aadf1e3f4e0bb93891183167859c/gnocchi.3a3c567b-3a98-4c2b-b4cc-3cb854ef1819 HTTP/1.0 201 - python-swiftclient-3.11.1 gAAAAABpsUFBUlv-... - - - tx12a656b0ffbc4cd8b355d-0069b1420f - 0.0259 - - 1773224463.367647171 1773224463.393589258 0
Mar 11 10:21:03 standalone container-server[122820]: 172.20.0.100 - - [11/Mar/2026:10:21:03 +0000] "HEAD /d1/103/AUTH_1312aadf1e3f4e0bb93891183167859c/gnocchi.3a3c567b-3a98-4c2b-b4cc-3cb854ef1819" 204 - "HEAD http://localhost:8080/v1/AUTH_1312aadf1e3f4e0bb93891183167859c/gnocchi.3a3c567b-3a98-4c2b-b4cc-3cb854ef1819?format=json&states=listing" "tx74a17b4ac698433ca111e-0069b1420f" "proxy-server 21" 0.0035 "-" 20 0
Mar 11 10:21:03 standalone proxy-server[124928]: - - 11/Mar/2026/10/21/03 HEAD /v1/AUTH_1312aadf1e3f4e0bb93891183167859c/gnocchi.3a3c567b-3a98-4c2b-b4cc-3cb854ef1819%3Fformat%3Djson%26states%3Dlisting HTTP/1.0 204 - Swift - - - - tx74a17b4ac698433ca111e-0069b1420f - 0.0072 RL - 1773224463.397732496 1773224463.404912710 0
Mar 11 10:21:03 standalone container-server[122824]: 172.20.0.100 - - [11/Mar/2026:10:21:03 +0000] "GET /d1/103/AUTH_1312aadf1e3f4e0bb93891183167859c/gnocchi.3a3c567b-3a98-4c2b-b4cc-3cb854ef1819" 200 2 "GET http://localhost:8080/v1/AUTH_1312aadf1e3f4e0bb93891183167859c/gnocchi.3a3c567b-3a98-4c2b-b4cc-3cb854ef1819?format=json&states=listing" "tx74a17b4ac698433ca111e-0069b1420f" "proxy-server 21" 0.0035 "-" 22 0
Mar 11 10:21:03 standalone proxy-server[124928]: 172.18.0.2 ::1 11/Mar/2026/10/21/03 GET /v1/AUTH_1312aadf1e3f4e0bb93891183167859c/gnocchi.3a3c567b-3a98-4c2b-b4cc-3cb854ef1819%3Fformat%3Djson%26states%3Dlisting HTTP/1.0 200 - python-swiftclient-3.11.1 gAAAAABpsUFBUlv-... - 2 - tx74a17b4ac698433ca111e-0069b1420f - 0.0197 - - 1773224463.396867752 1773224463.416533470 0
Mar 11 10:21:03 standalone object-server[123093]: 172.20.0.100 - - [11/Mar/2026:10:21:03 +0000] "GET /d1/621/AUTH_1312aadf1e3f4e0bb93891183167859c/gnocchi.3a3c567b-3a98-4c2b-b4cc-3cb854ef1819/1772280000.0_mean_300.0_v3" 404 70 "GET http://localhost:8080/v1/AUTH_1312aadf1e3f4e0bb93891183167859c/gnocchi.3a3c567b-3a98-4c2b-b4cc-3cb854ef1819/1772280000.0_mean_300.0_v3" "tx8d39c8b6360a47639a0e5-0069b1420f" "proxy-server 21" 0.0003 "-" 24 0
Mar 11 10:21:03 standalone proxy-server[124928]: 172.18.0.2 ::1 11/Mar/2026/10/21/03 GET /v1/AUTH_1312aadf1e3f4e0bb93891183167859c/gnocchi.3a3c567b-3a98-4c2b-b4cc-3cb854ef1819/1772280000.0_mean_300.0_v3 HTTP/1.0 404 - python-swiftclient-3.11.1 gAAAAABpsUFBUlv-... - 70 - tx8d39c8b6360a47639a0e5-0069b1420f - 0.0054 - - 1773224463.423316479 1773224463.428676844 0
Mar 11 10:21:03 standalone container-server[122823]: 172.20.0.100 - - [11/Mar/2026:10:21:03 +0000] "PUT /d1/103/AUTH_1312aadf1e3f4e0bb93891183167859c/gnocchi.3a3c567b-3a98-4c2b-b4cc-3cb854ef1819/1772280000.0_mean_300.0_v3" 201 - "PUT http://localhost:8080/d1/621/AUTH_1312aadf1e3f4e0bb93891183167859c/gnocchi.3a3c567b-3a98-4c2b-b4cc-3cb854ef1819/1772280000.0_mean_300.0_v3" "tx139946f7ee11434a893a3-0069b1420f" "object-server 24" 0.0005 "-" 21 0
Mar 11 10:21:03 standalone object-server[123093]: 172.20.0.100 - - [11/Mar/2026:10:21:03 +0000] "PUT /d1/621/AUTH_1312aadf1e3f4e0bb93891183167859c/gnocchi.3a3c567b-3a98-4c2b-b4cc-3cb854ef1819/1772280000.0_mean_300.0_v3" 201 - "PUT http://localhost:8080/v1/AUTH_1312aadf1e3f4e0bb93891183167859c/gnocchi.3a3c567b-3a98-4c2b-b4cc-3cb854ef1819/1772280000.0_mean_300.0_v3" "tx139946f7ee11434a893a3-0069b1420f" "proxy-server 21" 0.0110 "-" 24 0
Mar 11 10:21:03 standalone proxy-server[124928]: 172.18.0.2 ::1 11/Mar/2026/10/21/03 PUT /v1/AUTH_1312aadf1e3f4e0bb93891183167859c/gnocchi.3a3c567b-3a98-4c2b-b4cc-3cb854ef1819/1772280000.0_mean_300.0_v3 HTTP/1.0 201 - python-swiftclient-3.11.1 gAAAAABpsUFBUlv-... 16 - - tx139946f7ee11434a893a3-0069b1420f - 0.0163 - - 1773224463.438682318 1773224463.454933167 0
Mar 11 10:21:03 standalone container-server[122835]: 172.20.0.100 - - [11/Mar/2026:10:21:03 +0000] "PUT /d1/103/AUTH_1312aadf1e3f4e0bb93891183167859c/gnocchi.3a3c567b-3a98-4c2b-b4cc-3cb854ef1819/none_v3" 201 - "PUT http://localhost:8080/d1/639/AUTH_1312aadf1e3f4e0bb93891183167859c/gnocchi.3a3c567b-3a98-4c2b-b4cc-3cb854ef1819/none_v3" "tx73ae98813953400b9d6d0-0069b1420f" "object-server 22" 0.0006 "-" 23 0
Mar 11 10:21:03 standalone object-server[123066]: 172.20.0.100 - - [11/Mar/2026:10:21:03 +0000] "PUT /d1/639/AUTH_1312aadf1e3f4e0bb93891183167859c/gnocchi.3a3c567b-3a98-4c2b-b4cc-3cb854ef1819/none_v3" 201 - "PUT http://localhost:8080/v1/AUTH_1312aadf1e3f4e0bb93891183167859c/gnocchi.3a3c567b-3a98-4c2b-b4cc-3cb854ef1819/none_v3" "tx73ae98813953400b9d6d0-0069b1420f" "proxy-server 21" 0.0098 "-" 22 0
Mar 11 10:21:03 standalone proxy-server[124928]: 172.18.0.2 ::1 11/Mar/2026/10/21/03 PUT /v1/AUTH_1312aadf1e3f4e0bb93891183167859c/gnocchi.3a3c567b-3a98-4c2b-b4cc-3cb854ef1819/none_v3 HTTP/1.0 201 - python-swiftclient-3.11.1 gAAAAABpsUFBUlv-... 22 - - tx73ae98813953400b9d6d0-0069b1420f - 0.0152 - - 1773224463.462942362 1773224463.478147984 0
Mar 11 10:21:03 standalone container-server[122820]: 172.20.0.100 - - [11/Mar/2026:10:21:03 +0000] "HEAD /d1/1022/AUTH_1312aadf1e3f4e0bb93891183167859c/gnocchi.14385449-dc67-4772-965b-3dbda034adb9" 404 - "HEAD http://localhost:8080/v1/AUTH_1312aadf1e3f4e0bb93891183167859c/gnocchi.14385449-dc67-4772-965b-3dbda034adb9?format=json&states=listing" "tx328bbdd1e91c410781cd4-0069b1420f" "proxy-server 21" 0.0004 "-" 20 0
Mar 11 10:21:03 standalone object-server[123093]: 172.20.0.100 - - [11/Mar/2026:10:21:03 +0000] "GET /d1/48/AUTH_1312aadf1e3f4e0bb93891183167859c/gnocchi.14385449-dc67-4772-965b-3dbda034adb9/none_v3" 404 70 "GET http://localhost:8080/v1/AUTH_1312aadf1e3f4e0bb93891183167859c/gnocchi.14385449-dc67-4772-965b-3dbda034adb9/none_v3" "tx328bbdd1e91c410781cd4-0069b1420f" "proxy-server 21" 0.0004 "-" 24 0
Mar 11 10:21:03 standalone proxy-server[124928]: 172.18.0.2 ::1 11/Mar/2026/10/21/03 GET /v1/AUTH_1312aadf1e3f4e0bb93891183167859c/gnocchi.14385449-dc67-4772-965b-3dbda034adb9/none_v3 HTTP/1.0 404 - python-swiftclient-3.11.1 gAAAAABpsUFBUlv-... - 70 - tx328bbdd1e91c410781cd4-0069b1420f - 0.0137 - - 1773224463.493818998 1773224463.507543802 0
Mar 11 10:21:03 standalone account-server[122635]: 172.20.0.100 - - [11/Mar/2026:10:21:03 +0000] "PUT /d1/267/AUTH_1312aadf1e3f4e0bb93891183167859c/gnocchi.14385449-dc67-4772-965b-3dbda034adb9" 201 - "PUT http://172.20.0.100:6001/d1/1022/AUTH_1312aadf1e3f4e0bb93891183167859c/gnocchi.14385449-dc67-4772-965b-3dbda034adb9" "txe136b2004f4b40eb97ed1-0069b1420f" "container-server 22" 0.0038 "-" 23 0
Mar 11 10:21:03 standalone container-server[122824]: 172.20.0.100 - - [11/Mar/2026:10:21:03 +0000] "PUT /d1/1022/AUTH_1312aadf1e3f4e0bb93891183167859c/gnocchi.14385449-dc67-4772-965b-3dbda034adb9" 201 - "PUT http://localhost:8080/v1/AUTH_1312aadf1e3f4e0bb93891183167859c/gnocchi.14385449-dc67-4772-965b-3dbda034adb9" "txe136b2004f4b40eb97ed1-0069b1420f" "proxy-server 21" 0.0187 "-" 22 0
Mar 11 10:21:03 standalone proxy-server[124928]: 172.18.0.2 ::1 11/Mar/2026/10/21/03 PUT /v1/AUTH_1312aadf1e3f4e0bb93891183167859c/gnocchi.14385449-dc67-4772-965b-3dbda034adb9 HTTP/1.0 201 - python-swiftclient-3.11.1 gAAAAABpsUFBUlv-... - - - txe136b2004f4b40eb97ed1-0069b1420f - 0.0262 - - 1773224463.510716915 1773224463.536959410 0
Mar 11 10:21:03 standalone container-server[122835]: 172.20.0.100 - - [11/Mar/2026:10:21:03 +0000] "HEAD /d1/1022/AUTH_1312aadf1e3f4e0bb93891183167859c/gnocchi.14385449-dc67-4772-965b-3dbda034adb9" 204 - "HEAD http://localhost:8080/v1/AUTH_1312aadf1e3f4e0bb93891183167859c/gnocchi.14385449-dc67-4772-965b-3dbda034adb9?format=json&states=listing" "txf07719b19cca48a1a8edf-0069b1420f" "proxy-server 21" 0.0011 "-" 23 0
Mar 11 10:21:03 standalone proxy-server[124928]: - - 11/Mar/2026/10/21/03 HEAD /v1/AUTH_1312aadf1e3f4e0bb93891183167859c/gnocchi.14385449-dc67-4772-965b-3dbda034adb9%3Fformat%3Djson%26states%3Dlisting HTTP/1.0 204 - Swift - - - - txf07719b19cca48a1a8edf-0069b1420f - 0.0046 RL - 1773224463.543133259 1773224463.547713518 0
Mar 11 10:21:03 standalone container-server[122820]: 172.20.0.100 - - [11/Mar/2026:10:21:03 +0000] "GET /d1/1022/AUTH_1312aadf1e3f4e0bb93891183167859c/gnocchi.14385449-dc67-4772-965b-3dbda034adb9" 200 2 "GET http://localhost:8080/v1/AUTH_1312aadf1e3f4e0bb93891183167859c/gnocchi.14385449-dc67-4772-965b-3dbda034adb9?format=json&states=listing" "txf07719b19cca48a1a8edf-0069b1420f" "proxy-server 21" 0.0016 "-" 20 0
Mar 11 10:21:03 standalone proxy-server[124928]: 172.18.0.2 ::1 11/Mar/2026/10/21/03 GET /v1/AUTH_1312aadf1e3f4e0bb93891183167859c/gnocchi.14385449-dc67-4772-965b-3dbda034adb9%3Fformat%3Djson%26states%3Dlisting HTTP/1.0 200 - python-swiftclient-3.11.1 gAAAAABpsUFBUlv-... - 2 - txf07719b19cca48a1a8edf-0069b1420f - 0.0131 - - 1773224463.542007923 1773224463.555142879 0
Mar 11 10:21:03 standalone object-server[123100]: 172.20.0.100 - - [11/Mar/2026:10:21:03 +0000] "GET /d1/807/AUTH_1312aadf1e3f4e0bb93891183167859c/gnocchi.14385449-dc67-4772-965b-3dbda034adb9/1772280000.0_mean_300.0_v3" 404 70 "GET http://localhost:8080/v1/AUTH_1312aadf1e3f4e0bb93891183167859c/gnocchi.14385449-dc67-4772-965b-3dbda034adb9/1772280000.0_mean_300.0_v3" "txeeddfc4305c047eaa3f5d-0069b1420f" "proxy-server 21" 0.0003 "-" 25 0
Mar 11 10:21:03 standalone proxy-server[124928]: 172.18.0.2 ::1 11/Mar/2026/10/21/03 GET /v1/AUTH_1312aadf1e3f4e0bb93891183167859c/gnocchi.14385449-dc67-4772-965b-3dbda034adb9/1772280000.0_mean_300.0_v3 HTTP/1.0 404 - python-swiftclient-3.11.1 gAAAAABpsUFBUlv-... - 70 - txeeddfc4305c047eaa3f5d-0069b1420f - 0.0055 - - 1773224463.559088230 1773224463.564595938 0
Mar 11 10:21:03 standalone container-server[122820]: 172.20.0.100 - - [11/Mar/2026:10:21:03 +0000] "PUT /d1/1022/AUTH_1312aadf1e3f4e0bb93891183167859c/gnocchi.14385449-dc67-4772-965b-3dbda034adb9/1772280000.0_mean_300.0_v3" 201 - "PUT http://localhost:8080/d1/807/AUTH_1312aadf1e3f4e0bb93891183167859c/gnocchi.14385449-dc67-4772-965b-3dbda034adb9/1772280000.0_mean_300.0_v3" "txdeeee0c1d3d64bf290e93-0069b1420f" "object-server 23" 0.0006 "-" 20 0
Mar 11 10:21:03 standalone object-server[123070]: 172.20.0.100 - - [11/Mar/2026:10:21:03 +0000] "PUT /d1/807/AUTH_1312aadf1e3f4e0bb93891183167859c/gnocchi.14385449-dc67-4772-965b-3dbda034adb9/1772280000.0_mean_300.0_v3" 201 - "PUT http://localhost:8080/v1/AUTH_1312aadf1e3f4e0bb93891183167859c/gnocchi.14385449-dc67-4772-965b-3dbda034adb9/1772280000.0_mean_300.0_v3" "txdeeee0c1d3d64bf290e93-0069b1420f" "proxy-server 21" 0.0156 "-" 23 0
Mar 11 10:21:03 standalone proxy-server[124928]: 172.18.0.2 ::1 11/Mar/2026/10/21/03 PUT /v1/AUTH_1312aadf1e3f4e0bb93891183167859c/gnocchi.14385449-dc67-4772-965b-3dbda034adb9/1772280000.0_mean_300.0_v3 HTTP/1.0 201 - python-swiftclient-3.11.1 gAAAAABpsUFBUlv-... 16 - - txdeeee0c1d3d64bf290e93-0069b1420f - 0.0217 - - 1773224463.567969799 1773224463.589704037 0
Mar 11 10:21:03 standalone container-server[122823]: 172.20.0.100 - - [11/Mar/2026:10:21:03 +0000] "PUT /d1/1022/AUTH_1312aadf1e3f4e0bb93891183167859c/gnocchi.14385449-dc67-4772-965b-3dbda034adb9/none_v3" 201 - "PUT http://localhost:8080/d1/48/AUTH_1312aadf1e3f4e0bb93891183167859c/gnocchi.14385449-dc67-4772-965b-3dbda034adb9/none_v3" "tx4fd3f9975e52444c926ab-0069b1420f" "object-server 22" 0.0005 "-" 21 0
Mar 11 10:21:03 standalone object-server[123066]: 172.20.0.100 - - [11/Mar/2026:10:21:03 +0000] "PUT /d1/48/AUTH_1312aadf1e3f4e0bb93891183167859c/gnocchi.14385449-dc67-4772-965b-3dbda034adb9/none_v3" 201 - "PUT http://localhost:8080/v1/AUTH_1312aadf1e3f4e0bb93891183167859c/gnocchi.14385449-dc67-4772-965b-3dbda034adb9/none_v3" "tx4fd3f9975e52444c926ab-0069b1420f" "proxy-server 21" 0.0132 "-" 22 0
Mar 11 10:21:03 standalone proxy-server[124928]: 172.18.0.2 ::1 11/Mar/2026/10/21/03 PUT /v1/AUTH_1312aadf1e3f4e0bb93891183167859c/gnocchi.14385449-dc67-4772-965b-3dbda034adb9/none_v3 HTTP/1.0 201 - python-swiftclient-3.11.1 gAAAAABpsUFBUlv-... 22 - - tx4fd3f9975e52444c926ab-0069b1420f - 0.0197 - - 1773224463.599587440 1773224463.619321346 0
Mar 11 10:21:03 standalone container-server[122835]: 172.20.0.100 - - [11/Mar/2026:10:21:03 +0000] "HEAD /d1/80/AUTH_1312aadf1e3f4e0bb93891183167859c/gnocchi.796b3eb8-711a-4d0c-aad5-a4881ec9326c" 404 - "HEAD http://localhost:8080/v1/AUTH_1312aadf1e3f4e0bb93891183167859c/gnocchi.796b3eb8-711a-4d0c-aad5-a4881ec9326c?format=json&states=listing" "tx138cc78810ba48c4bb630-0069b1420f" "proxy-server 21" 0.0004 "-" 23 0
Mar 11 10:21:03 standalone object-server[123100]: 172.20.0.100 - - [11/Mar/2026:10:21:03 +0000] "GET /d1/395/AUTH_1312aadf1e3f4e0bb93891183167859c/gnocchi.796b3eb8-711a-4d0c-aad5-a4881ec9326c/none_v3" 404 70 "GET http://localhost:8080/v1/AUTH_1312aadf1e3f4e0bb93891183167859c/gnocchi.796b3eb8-711a-4d0c-aad5-a4881ec9326c/none_v3" "tx138cc78810ba48c4bb630-0069b1420f" "proxy-server 21" 0.0007 "-" 25 0
Mar 11 10:21:03 standalone proxy-server[124928]: 172.18.0.2 ::1 11/Mar/2026/10/21/03 GET /v1/AUTH_1312aadf1e3f4e0bb93891183167859c/gnocchi.796b3eb8-711a-4d0c-aad5-a4881ec9326c/none_v3 HTTP/1.0 404 - python-swiftclient-3.11.1 gAAAAABpsUFBUlv-... - 70 - tx138cc78810ba48c4bb630-0069b1420f - 0.0118 - - 1773224463.636270761 1773224463.648075819 0
Mar 11 10:21:03 standalone account-server[122635]: 172.20.0.100 - - [11/Mar/2026:10:21:03 +0000] "PUT /d1/267/AUTH_1312aadf1e3f4e0bb93891183167859c/gnocchi.796b3eb8-711a-4d0c-aad5-a4881ec9326c" 201 - "PUT http://172.20.0.100:6001/d1/80/AUTH_1312aadf1e3f4e0bb93891183167859c/gnocchi.796b3eb8-711a-4d0c-aad5-a4881ec9326c" "txad16a22f3bf44607a6f72-0069b1420f" "container-server 21" 0.0120 "-" 23 0
Mar 11 10:21:03 standalone container-server[122823]: 172.20.0.100 - - [11/Mar/2026:10:21:03 +0000] "PUT /d1/80/AUTH_1312aadf1e3f4e0bb93891183167859c/gnocchi.796b3eb8-711a-4d0c-aad5-a4881ec9326c" 201 - "PUT http://localhost:8080/v1/AUTH_1312aadf1e3f4e0bb93891183167859c/gnocchi.796b3eb8-711a-4d0c-aad5-a4881ec9326c" "txad16a22f3bf44607a6f72-0069b1420f" "proxy-server 21" 0.0246 "-" 21 0
Mar 11 10:21:03 standalone proxy-server[124928]: 172.18.0.2 ::1 11/Mar/2026/10/21/03 PUT /v1/AUTH_1312aadf1e3f4e0bb93891183167859c/gnocchi.796b3eb8-711a-4d0c-aad5-a4881ec9326c HTTP/1.0 201 - python-swiftclient-3.11.1 gAAAAABpsUFBUlv-... - - - txad16a22f3bf44607a6f72-0069b1420f - 0.0371 - - 1773224463.659038782 1773224463.696135998 0
Mar 11 10:21:03 standalone container-server[122820]: 172.20.0.100 - - [11/Mar/2026:10:21:03 +0000] "HEAD /d1/80/AUTH_1312aadf1e3f4e0bb93891183167859c/gnocchi.796b3eb8-711a-4d0c-aad5-a4881ec9326c" 204 - "HEAD http://localhost:8080/v1/AUTH_1312aadf1e3f4e0bb93891183167859c/gnocchi.796b3eb8-711a-4d0c-aad5-a4881ec9326c?format=json&states=listing" "tx015262230f2f4cd4acb10-0069b1420f" "proxy-server 21" 0.0016 "-" 20 0
Mar 11 10:21:03 standalone proxy-server[124928]: - - 11/Mar/2026/10/21/03 HEAD /v1/AUTH_1312aadf1e3f4e0bb93891183167859c/gnocchi.796b3eb8-711a-4d0c-aad5-a4881ec9326c%3Fformat%3Djson%26states%3Dlisting HTTP/1.0 204 - Swift - - - - tx015262230f2f4cd4acb10-0069b1420f - 0.0062 RL - 1773224463.704855442 1773224463.711036444 0
Mar 11 10:21:03 standalone container-server[122820]: 172.20.0.100 - - [11/Mar/2026:10:21:03 +0000] "GET /d1/80/AUTH_1312aadf1e3f4e0bb93891183167859c/gnocchi.796b3eb8-711a-4d0c-aad5-a4881ec9326c" 200 2 "GET http://localhost:8080/v1/AUTH_1312aadf1e3f4e0bb93891183167859c/gnocchi.796b3eb8-711a-4d0c-aad5-a4881ec9326c?format=json&states=listing" "tx015262230f2f4cd4acb10-0069b1420f" "proxy-server 21" 0.0022 "-" 20 0
Mar 11 10:21:03 standalone proxy-server[124928]: 172.18.0.2 ::1 11/Mar/2026/10/21/03 GET /v1/AUTH_1312aadf1e3f4e0bb93891183167859c/gnocchi.796b3eb8-711a-4d0c-aad5-a4881ec9326c%3Fformat%3Djson%26states%3Dlisting HTTP/1.0 200 - python-swiftclient-3.11.1 gAAAAABpsUFBUlv-... - 2 - tx015262230f2f4cd4acb10-0069b1420f - 0.0172 - - 1773224463.703232765 1773224463.720452070 0
Mar 11 10:21:03 standalone object-server[123066]: 172.20.0.100 - - [11/Mar/2026:10:21:03 +0000] "GET /d1/121/AUTH_1312aadf1e3f4e0bb93891183167859c/gnocchi.796b3eb8-711a-4d0c-aad5-a4881ec9326c/1772280000.0_mean_300.0_v3" 404 70 "GET http://localhost:8080/v1/AUTH_1312aadf1e3f4e0bb93891183167859c/gnocchi.796b3eb8-711a-4d0c-aad5-a4881ec9326c/1772280000.0_mean_300.0_v3" "tx1f6cf7036f8a46808ad34-0069b1420f" "proxy-server 21" 0.0007 "-" 22 0
Mar 11 10:21:03 standalone proxy-server[124928]: 172.18.0.2 ::1 11/Mar/2026/10/21/03 GET /v1/AUTH_1312aadf1e3f4e0bb93891183167859c/gnocchi.796b3eb8-711a-4d0c-aad5-a4881ec9326c/1772280000.0_mean_300.0_v3 HTTP/1.0 404 - python-swiftclient-3.11.1 gAAAAABpsUFBUlv-... - 70 - tx1f6cf7036f8a46808ad34-0069b1420f - 0.0188 - - 1773224463.728774071 1773224463.747525454 0
Mar 11 10:21:03 standalone container-server[122824]: 172.20.0.100 - - [11/Mar/2026:10:21:03 +0000] "PUT /d1/80/AUTH_1312aadf1e3f4e0bb93891183167859c/gnocchi.796b3eb8-711a-4d0c-aad5-a4881ec9326c/1772280000.0_mean_300.0_v3" 201 - "PUT http://localhost:8080/d1/121/AUTH_1312aadf1e3f4e0bb93891183167859c/gnocchi.796b3eb8-711a-4d0c-aad5-a4881ec9326c/1772280000.0_mean_300.0_v3" "tx6bfd56a3a1284901b535a-0069b1420f" "object-server 24" 0.0009 "-" 22 0
Mar 11 10:21:03 standalone object-server[123093]: 172.20.0.100 - - [11/Mar/2026:10:21:03 +0000] "PUT /d1/121/AUTH_1312aadf1e3f4e0bb93891183167859c/gnocchi.796b3eb8-711a-4d0c-aad5-a4881ec9326c/1772280000.0_mean_300.0_v3" 201 - "PUT http://localhost:8080/v1/AUTH_1312aadf1e3f4e0bb93891183167859c/gnocchi.796b3eb8-711a-4d0c-aad5-a4881ec9326c/1772280000.0_mean_300.0_v3" "tx6bfd56a3a1284901b535a-0069b1420f" "proxy-server 21" 0.0150 "-" 24 0
Mar 11 10:21:03 standalone proxy-server[124928]: 172.18.0.2 ::1 11/Mar/2026/10/21/03 PUT /v1/AUTH_1312aadf1e3f4e0bb93891183167859c/gnocchi.796b3eb8-711a-4d0c-aad5-a4881ec9326c/1772280000.0_mean_300.0_v3 HTTP/1.0 201 - python-swiftclient-3.11.1 gAAAAABpsUFBUlv-... 16 - - tx6bfd56a3a1284901b535a-0069b1420f - 0.0216 - - 1773224463.760487080 1773224463.782099009 0
Mar 11 10:21:03 standalone container-server[122820]: 172.20.0.100 - - [11/Mar/2026:10:21:03 +0000] "PUT /d1/80/AUTH_1312aadf1e3f4e0bb93891183167859c/gnocchi.796b3eb8-711a-4d0c-aad5-a4881ec9326c/none_v3" 201 - "PUT http://localhost:8080/d1/395/AUTH_1312aadf1e3f4e0bb93891183167859c/gnocchi.796b3eb8-711a-4d0c-aad5-a4881ec9326c/none_v3" "tx9f34284468d74c8f9f719-0069b1420f" "object-server 22" 0.0009 "-" 20 0
Mar 11 10:21:03 standalone object-server[123066]: 172.20.0.100 - - [11/Mar/2026:10:21:03 +0000] "PUT /d1/395/AUTH_1312aadf1e3f4e0bb93891183167859c/gnocchi.796b3eb8-711a-4d0c-aad5-a4881ec9326c/none_v3" 201 - "PUT http://localhost:8080/v1/AUTH_1312aadf1e3f4e0bb93891183167859c/gnocchi.796b3eb8-711a-4d0c-aad5-a4881ec9326c/none_v3" "tx9f34284468d74c8f9f719-0069b1420f" "proxy-server 21" 0.0107 "-" 22 0
Mar 11 10:21:03 standalone proxy-server[124928]: 172.18.0.2 ::1 11/Mar/2026/10/21/03 PUT /v1/AUTH_1312aadf1e3f4e0bb93891183167859c/gnocchi.796b3eb8-711a-4d0c-aad5-a4881ec9326c/none_v3 HTTP/1.0 201 - python-swiftclient-3.11.1 gAAAAABpsUFBUlv-... 22 - - tx9f34284468d74c8f9f719-0069b1420f - 0.0217 - - 1773224463.787546873 1773224463.809203386 0
Mar 11 10:21:03 standalone account-server[122617]: 172.20.0.100 - - [11/Mar/2026:10:21:03 +0000] "HEAD /d1/616/.expiring_objects" 404 - "HEAD http://localhost/v1/.expiring_objects?format=json" "tx47ffd4eedfbc47c1b9860-0069b1420f" "proxy-server 2" 0.0008 "-" 21 -
Mar 11 10:21:03 standalone object-expirer[122855]: Pass completed in 0s; 0 objects expired (txn: tx47ffd4eedfbc47c1b9860-0069b1420f)
Mar 11 10:23:40 standalone container-server[122624]: Begin container update sweep
Mar 11 10:23:40 standalone account-server[122625]: 172.20.0.100 - - [11/Mar/2026:10:23:40 +0000] "PUT /d1/267/AUTH_1312aadf1e3f4e0bb93891183167859c/gnocchi.f415d1b6-e877-4830-bac5-e93411d1f33e" 201 - "-" "-" "container-updater 2" 0.0011 "-" 22 0
Mar 11 10:23:40 standalone account-server[122635]: 172.20.0.100 - - [11/Mar/2026:10:23:40 +0000] "PUT /d1/267/AUTH_1312aadf1e3f4e0bb93891183167859c/gnocchi.3a3c567b-3a98-4c2b-b4cc-3cb854ef1819" 201 - "-" "-" "container-updater 2" 0.0007 "-" 23 0
Mar 11 10:23:41 standalone account-server[122617]: 172.20.0.100 - - [11/Mar/2026:10:23:41 +0000] "PUT /d1/267/AUTH_1312aadf1e3f4e0bb93891183167859c/gnocchi.e81f2139-8e23-4ff9-a26b-0a510655ffc5" 201 - "-" "-" "container-updater 2" 0.0005 "-" 21 0
Mar 11 10:23:41 standalone account-server[122617]: 172.20.0.100 - - [11/Mar/2026:10:23:41 +0000] "PUT /d1/267/AUTH_1312aadf1e3f4e0bb93891183167859c/gnocchi.27510928-4960-41ff-a84b-446e87580ddf" 201 - "-" "-" "container-updater 2" 0.0007 "-" 21 0
Mar 11 10:23:41 standalone account-server[122635]: 172.20.0.100 - - [11/Mar/2026:10:23:41 +0000] "PUT /d1/267/AUTH_1312aadf1e3f4e0bb93891183167859c/gnocchi.f5e4973c-15ae-44ee-b1f9-fc39cbf3f541" 201 - "-" "-" "container-updater 2" 0.0006 "-" 23 0
Mar 11 10:23:41 standalone account-server[122617]: 172.20.0.100 - - [11/Mar/2026:10:23:41 +0000] "PUT /d1/267/AUTH_1312aadf1e3f4e0bb93891183167859c/gnocchi.327d62b9-ca54-4d5c-a0ad-d3f3b3c4e68a" 201 - "-" "-" "container-updater 2" 0.0007 "-" 21 0
Mar 11 10:23:41 standalone account-server[122625]: 172.20.0.100 - - [11/Mar/2026:10:23:41 +0000] "PUT /d1/267/AUTH_1312aadf1e3f4e0bb93891183167859c/gnocchi.781f71a6-086c-4bd4-847b-3bab97712e12" 201 - "-" "-" "container-updater 2" 0.0007 "-" 22 0
Mar 11 10:23:41 standalone account-server[122610]: 172.20.0.100 - - [11/Mar/2026:10:23:41 +0000] "PUT /d1/267/AUTH_1312aadf1e3f4e0bb93891183167859c/gnocchi.14385449-dc67-4772-965b-3dbda034adb9" 201 - "-" "-" "container-updater 2" 0.0007 "-" 20 0
Mar 11 10:23:41 standalone account-server[122635]: 172.20.0.100 - - [11/Mar/2026:10:23:41 +0000] "PUT /d1/267/AUTH_1312aadf1e3f4e0bb93891183167859c/gnocchi.796b3eb8-711a-4d0c-aad5-a4881ec9326c" 201 - "-" "-" "container-updater 2" 0.0006 "-" 23 0
Mar 11 10:23:41 standalone account-server[122610]: 172.20.0.100 - - [11/Mar/2026:10:23:41 +0000] "PUT /d1/267/AUTH_1312aadf1e3f4e0bb93891183167859c/gnocchi.97d713cc-8104-48cf-ab59-8f33d1b3e9ea" 201 - "-" "-" "container-updater 2" 0.0008 "-" 20 0
Mar 11 10:23:41 standalone account-server[122625]: 172.20.0.100 - - [11/Mar/2026:10:23:41 +0000] "PUT /d1/267/AUTH_1312aadf1e3f4e0bb93891183167859c/gnocchi.aba1e853-3cff-47ef-a3ae-ef7edcd719bf" 201 - "-" "-" "container-updater 2" 0.0007 "-" 22 0
Mar 11 10:23:41 standalone account-server[122625]: 172.20.0.100 - - [11/Mar/2026:10:23:41 +0000] "PUT /d1/267/AUTH_1312aadf1e3f4e0bb93891183167859c/gnocchi.1ee6c689-549a-4386-98a7-84331d71f235" 201 - "-" "-" "container-updater 2" 0.0005 "-" 22 0
Mar 11 10:23:42 standalone account-server[122635]: 172.20.0.100 - - [11/Mar/2026:10:23:42 +0000] "PUT /d1/267/AUTH_1312aadf1e3f4e0bb93891183167859c/gnocchi.58e7334b-daf4-4d20-acee-555f4724557b" 201 - "-" "-" "container-updater 2" 0.0005 "-" 23 0
Mar 11 10:23:42 standalone account-server[122635]: 172.20.0.100 - - [11/Mar/2026:10:23:42 +0000] "PUT /d1/267/AUTH_1312aadf1e3f4e0bb93891183167859c/gnocchi.f5042a57-041e-4f69-97dc-7dbb147aa1a2" 201 - "-" "-" "container-updater 2" 0.0005 "-" 23 0
Mar 11 10:23:42 standalone account-server[122625]: 172.20.0.100 - - [11/Mar/2026:10:23:42 +0000] "PUT /d1/267/AUTH_1312aadf1e3f4e0bb93891183167859c/gnocchi.eea1177a-b5c6-4cf8-90f5-39eae6d2f2fc" 201 - "-" "-" "container-updater 2" 0.0011 "-" 22 0
Mar 11 10:23:42 standalone account-server[122635]: 172.20.0.100 - - [11/Mar/2026:10:23:42 +0000] "PUT /d1/267/AUTH_1312aadf1e3f4e0bb93891183167859c/gnocchi.5167619f-6367-40cb-9bdf-e6e7680c41bf" 201 - "-" "-" "container-updater 2" 0.0005 "-" 23 0
Mar 11 10:23:42 standalone account-server[122610]: 172.20.0.100 - - [11/Mar/2026:10:23:42 +0000] "PUT /d1/267/AUTH_1312aadf1e3f4e0bb93891183167859c/gnocchi.75436f4f-d6d1-48a5-947f-fb3688d9844a" 201 - "-" "-" "container-updater 2" 0.0010 "-" 20 0
Mar 11 10:23:42 standalone account-server[122610]: 172.20.0.100 - - [11/Mar/2026:10:23:42 +0000] "PUT /d1/267/AUTH_1312aadf1e3f4e0bb93891183167859c/gnocchi.4952522f-6aca-4a48-892a-a6b51551262d" 201 - "-" "-" "container-updater 2" 0.0005 "-" 20 0
Mar 11 10:23:42 standalone account-server[122635]: 172.20.0.100 - - [11/Mar/2026:10:23:42 +0000] "PUT /d1/267/AUTH_1312aadf1e3f4e0bb93891183167859c/gnocchi.87a05cd1-d468-4419-ad94-7383a42e7a43" 201 - "-" "-" "container-updater 2" 0.0006 "-" 23 0
Mar 11 10:23:42 standalone container-server[122624]: Container update sweep completed: 2.05s
Mar 11 10:23:50 standalone object-server[122981]: Begin object update sweep
Mar 11 10:23:50 standalone object-server[245557]: Object update sweep starting on /srv/node/d1 (pid: 15)
Mar 11 10:23:50 standalone object-server[245557]: Object update sweep completed on /srv/node/d1 in 0.00s seconds:, 0 successes, 0 failures, 0 quarantines, 0 unlinks, 0 errors, 0 redirects (pid: 15)
Mar 11 10:23:50 standalone object-server[245557]: Object update sweep of d1 completed: 0.00s, 0 successes, 0 failures, 0 quarantines, 0 unlinks, 0 errors, 0 redirects
Mar 11 10:23:50 standalone object-server[122981]: Object update sweep completed: 0.06s
Mar 11 10:24:10 standalone account-server[122617]: 172.20.0.100 - - [11/Mar/2026:10:24:10 +0000] "HEAD /d1/616/.expiring_objects" 404 - "HEAD http://localhost/v1/.expiring_objects?format=json" "tx69bc8f01da534fd9bf71c-0069b142ca" "proxy-server 2" 0.0008 "-" 21 -
Mar 11 10:24:10 standalone object-expirer[122855]: Pass completed in 0s; 0 objects expired (txn: tx69bc8f01da534fd9bf71c-0069b142ca)
Mar 11 10:24:23 standalone account-server[122610]: 172.20.0.100 - - [11/Mar/2026:10:24:23 +0000] "HEAD /d1/616/.expiring_objects" 404 - "HEAD http://localhost/v1/.expiring_objects?format=json" "txecb59ca28e064d79b0c6f-0069b142d7" "proxy-server 2" 0.0008 "-" 20 -
Mar 11 10:24:23 standalone object-expirer[122855]: Pass completed in 0s; 0 objects expired (txn: txecb59ca28e064d79b0c6f-0069b142d7)
Mar 11 10:28:00 standalone account-server[122610]: 172.20.0.100 - - [11/Mar/2026:10:28:00 +0000] "HEAD /d1/616/.expiring_objects" 404 - "HEAD http://localhost/v1/.expiring_objects?format=json" "tx9ac0e023cffb4e44bcee2-0069b143b0" "proxy-server 2" 0.0019 "-" 20 -
Mar 11 10:28:00 standalone object-expirer[122855]: Pass completed in 0s; 0 objects expired (txn: tx9ac0e023cffb4e44bcee2-0069b143b0)
Mar 11 10:28:01 standalone account-server[122625]: 172.20.0.100 - - [11/Mar/2026:10:28:01 +0000] "HEAD /d1/616/.expiring_objects" 404 - "HEAD http://localhost/v1/.expiring_objects?format=json" "tx66493ace71474595883d1-0069b143b1" "proxy-server 2" 0.0006 "-" 22 -
Mar 11 10:28:01 standalone object-expirer[122855]: Pass completed in 0s; 0 objects expired (txn: tx66493ace71474595883d1-0069b143b1)
Mar 11 10:28:40 standalone container-server[122624]: Begin container update sweep
Mar 11 10:28:42 standalone container-server[122624]: Container update sweep completed: 1.36s
Mar 11 10:28:50 standalone object-server[122981]: Begin object update sweep
Mar 11 10:28:50 standalone object-server[269973]: Object update sweep starting on /srv/node/d1 (pid: 16)
Mar 11 10:28:50 standalone object-server[269973]: Object update sweep completed on /srv/node/d1 in 0.00s seconds:, 0 successes, 0 failures, 0 quarantines, 0 unlinks, 0 errors, 0 redirects (pid: 16)
Mar 11 10:28:50 standalone object-server[269973]: Object update sweep of d1 completed: 0.00s, 0 successes, 0 failures, 0 quarantines, 0 unlinks, 0 errors, 0 redirects
Mar 11 10:28:50 standalone object-server[122981]: Object update sweep completed: 0.07s
Mar 11 10:30:06 standalone account-server[122617]: 172.20.0.100 - - [11/Mar/2026:10:30:06 +0000] "HEAD /d1/616/.expiring_objects" 404 - "HEAD http://localhost/v1/.expiring_objects?format=json" "txc0a83828080c40c795739-0069b1442e" "proxy-server 2" 0.0011 "-" 21 -
Mar 11 10:30:06 standalone object-expirer[122855]: Pass completed in 0s; 0 objects expired (txn: txc0a83828080c40c795739-0069b1442e)
Mar 11 10:33:40 standalone container-server[122624]: Begin container update sweep
Mar 11 10:33:42 standalone container-server[122624]: Container update sweep completed: 1.39s
Mar 11 10:33:50 standalone object-server[122981]: Begin object update sweep
Mar 11 10:33:50 standalone object-server[290565]: Object update sweep starting on /srv/node/d1 (pid: 17)
Mar 11 10:33:50 standalone object-server[290565]: Object update sweep completed on /srv/node/d1 in 0.00s seconds:, 0 successes, 0 failures, 0 quarantines, 0 unlinks, 0 errors, 0 redirects (pid: 17)
Mar 11 10:33:50 standalone object-server[290565]: Object update sweep of d1 completed: 0.00s, 0 successes, 0 failures, 0 quarantines, 0 unlinks, 0 errors, 0 redirects
Mar 11 10:33:50 standalone object-server[122981]: Object update sweep completed: 0.06s
Mar 11 10:34:00 standalone account-server[122635]: 172.20.0.100 - - [11/Mar/2026:10:34:00 +0000] "HEAD /d1/616/.expiring_objects" 404 - "HEAD http://localhost/v1/.expiring_objects?format=json" "tx740ccd05bfe8413fa0b92-0069b14518" "proxy-server 2" 0.0008 "-" 23 -
Mar 11 10:34:00 standalone object-expirer[122855]: Pass completed in 0s; 0 objects expired (txn: tx740ccd05bfe8413fa0b92-0069b14518)
Mar 11 10:38:11 standalone account-server[122625]: 172.20.0.100 - - [11/Mar/2026:10:38:11 +0000] "HEAD /d1/616/.expiring_objects" 404 - "HEAD http://localhost/v1/.expiring_objects?format=json" "txe747e4a7caa242b7a029b-0069b14613" "proxy-server 2" 0.0009 "-" 22 -
Mar 11 10:38:11 standalone object-expirer[122855]: Pass completed in 0s; 0 objects expired (txn: txe747e4a7caa242b7a029b-0069b14613)
Mar 11 10:38:18 standalone account-server[122353]: Devices pass completed: 0.00s
Mar 11 10:38:41 standalone container-server[122624]: Begin container update sweep
Mar 11 10:38:42 standalone container-server[122624]: Container update sweep completed: 1.42s
Mar 11 10:38:50 standalone object-server[122981]: Begin object update sweep
Mar 11 10:38:50 standalone object-server[310968]: Object update sweep starting on /srv/node/d1 (pid: 18)
Mar 11 10:38:50 standalone object-server[310968]: Object update sweep completed on /srv/node/d1 in 0.00s seconds:, 0 successes, 0 failures, 0 quarantines, 0 unlinks, 0 errors, 0 redirects (pid: 18)
Mar 11 10:38:50 standalone object-server[310968]: Object update sweep of d1 completed: 0.00s, 0 successes, 0 failures, 0 quarantines, 0 unlinks, 0 errors, 0 redirects
Mar 11 10:38:50 standalone object-server[122981]: Object update sweep completed: 0.08s
Mar 11 10:39:33 standalone account-server[122617]: 172.20.0.100 - - [11/Mar/2026:10:39:33 +0000] "HEAD /d1/616/.expiring_objects" 404 - "HEAD http://localhost/v1/.expiring_objects?format=json" "tx09478b7d6f774014a2b76-0069b14665" "proxy-server 2" 0.0008 "-" 21 -
Mar 11 10:39:33 standalone object-expirer[122855]: Pass completed in 0s; 0 objects expired (txn: tx09478b7d6f774014a2b76-0069b14665)
Mar 11 10:43:01 standalone account-server[122617]: 172.20.0.100 - - [11/Mar/2026:10:43:01 +0000] "HEAD /d1/616/.expiring_objects" 404 - "HEAD http://localhost/v1/.expiring_objects?format=json" "tx38358c686c3446eebdc59-0069b14735" "proxy-server 2" 0.0009 "-" 21 -
Mar 11 10:43:01 standalone object-expirer[122855]: Pass completed in 0s; 0 objects expired (txn: tx38358c686c3446eebdc59-0069b14735)
Mar 11 10:43:41 standalone container-server[122624]: Begin container update sweep
Mar 11 10:43:42 standalone container-server[122624]: Container update sweep completed: 1.45s
Mar 11 10:43:50 standalone object-server[122981]: Begin object update sweep
Mar 11 10:43:50 standalone object-server[331511]: Object update sweep starting on /srv/node/d1 (pid: 19)
Mar 11 10:43:50 standalone object-server[331511]: Object update sweep completed on /srv/node/d1 in 0.00s seconds:, 0 successes, 0 failures, 0 quarantines, 0 unlinks, 0 errors, 0 redirects (pid: 19)
Mar 11 10:43:50 standalone object-server[331511]: Object update sweep of d1 completed: 0.00s, 0 successes, 0 failures, 0 quarantines, 0 unlinks, 0 errors, 0 redirects
Mar 11 10:43:50 standalone object-server[122981]: Object update sweep completed: 0.08s
Mar 11 10:43:53 standalone account-server[122635]: 172.20.0.100 - - [11/Mar/2026:10:43:53 +0000] "HEAD /d1/616/.expiring_objects" 404 - "HEAD http://localhost/v1/.expiring_objects?format=json" "tx1db076b2e12f43899ac45-0069b14769" "proxy-server 2" 0.0008 "-" 23 -
Mar 11 10:43:53 standalone object-expirer[122855]: Pass completed in 0s; 0 objects expired (txn: tx1db076b2e12f43899ac45-0069b14769)