Mar 11 10:18:44 standalone account-server[122635]: 172.20.0.100 - - [11/Mar/2026:10:18:44 +0000] "PUT /d1/267/AUTH_1312aadf1e3f4e0bb93891183167859c/gnocchi.327d62b9-ca54-4d5c-a0ad-d3f3b3c4e68a" 201 - "PUT http://172.20.0.100:6001/d1/170/AUTH_1312aadf1e3f4e0bb93891183167859c/gnocchi.327d62b9-ca54-4d5c-a0ad-d3f3b3c4e68a" "tx5df48386039c4492a9345-0069b14184" "container-server 23" 0.0046 "-" 23 0
Mar 11 10:18:44 standalone container-server[122835]: 172.20.0.100 - - [11/Mar/2026:10:18:44 +0000] "PUT /d1/170/AUTH_1312aadf1e3f4e0bb93891183167859c/gnocchi.327d62b9-ca54-4d5c-a0ad-d3f3b3c4e68a" 201 - "PUT http://localhost:8080/v1/AUTH_1312aadf1e3f4e0bb93891183167859c/gnocchi.327d62b9-ca54-4d5c-a0ad-d3f3b3c4e68a" "tx5df48386039c4492a9345-0069b14184" "proxy-server 21" 0.0150 "-" 23 0
Mar 11 10:18:44 standalone proxy-server[124928]: 172.18.0.2 ::1 11/Mar/2026/10/18/44 PUT /v1/AUTH_1312aadf1e3f4e0bb93891183167859c/gnocchi.327d62b9-ca54-4d5c-a0ad-d3f3b3c4e68a HTTP/1.0 201 - python-swiftclient-3.11.1 gAAAAABpsUFBUlv-... - - - tx5df48386039c4492a9345-0069b14184 - 0.0216 - - 1773224324.081277847 1773224324.102880716 0
Mar 11 10:18:44 standalone container-server[122835]: 172.20.0.100 - - [11/Mar/2026:10:18:44 +0000] "HEAD /d1/170/AUTH_1312aadf1e3f4e0bb93891183167859c/gnocchi.327d62b9-ca54-4d5c-a0ad-d3f3b3c4e68a" 204 - "HEAD http://localhost:8080/v1/AUTH_1312aadf1e3f4e0bb93891183167859c/gnocchi.327d62b9-ca54-4d5c-a0ad-d3f3b3c4e68a?format=json&states=listing" "tx0bcbb17c18ed4163aaa75-0069b14184" "proxy-server 21" 0.0011 "-" 23 0
Mar 11 10:18:44 standalone proxy-server[124928]: - - 11/Mar/2026/10/18/44 HEAD /v1/AUTH_1312aadf1e3f4e0bb93891183167859c/gnocchi.327d62b9-ca54-4d5c-a0ad-d3f3b3c4e68a%3Fformat%3Djson%26states%3Dlisting HTTP/1.0 204 - Swift - - - - tx0bcbb17c18ed4163aaa75-0069b14184 - 0.0038 RL - 1773224324.109360933 1773224324.113146305 0
Mar 11 10:18:44 standalone container-server[122835]: 172.20.0.100 - - [11/Mar/2026:10:18:44 +0000] "GET /d1/170/AUTH_1312aadf1e3f4e0bb93891183167859c/gnocchi.327d62b9-ca54-4d5c-a0ad-d3f3b3c4e68a" 200 2 "GET http://localhost:8080/v1/AUTH_1312aadf1e3f4e0bb93891183167859c/gnocchi.327d62b9-ca54-4d5c-a0ad-d3f3b3c4e68a?format=json&states=listing" "tx0bcbb17c18ed4163aaa75-0069b14184" "proxy-server 21" 0.0013 "-" 23 0
Mar 11 10:18:44 standalone proxy-server[124928]: 172.18.0.2 ::1 11/Mar/2026/10/18/44 GET /v1/AUTH_1312aadf1e3f4e0bb93891183167859c/gnocchi.327d62b9-ca54-4d5c-a0ad-d3f3b3c4e68a%3Fformat%3Djson%26states%3Dlisting HTTP/1.0 200 - python-swiftclient-3.11.1 gAAAAABpsUFBUlv-... - 2 - tx0bcbb17c18ed4163aaa75-0069b14184 - 0.0099 - - 1773224324.108282566 1773224324.118148804 0
Mar 11 10:18:44 standalone object-server[123070]: 172.20.0.100 - - [11/Mar/2026:10:18:44 +0000] "GET /d1/796/AUTH_1312aadf1e3f4e0bb93891183167859c/gnocchi.327d62b9-ca54-4d5c-a0ad-d3f3b3c4e68a/1772280000.0_mean_300.0_v3" 404 70 "GET http://localhost:8080/v1/AUTH_1312aadf1e3f4e0bb93891183167859c/gnocchi.327d62b9-ca54-4d5c-a0ad-d3f3b3c4e68a/1772280000.0_mean_300.0_v3" "tx6866d904284449edb1a4b-0069b14184" "proxy-server 21" 0.0003 "-" 23 0
Mar 11 10:18:44 standalone proxy-server[124928]: 172.18.0.2 ::1 11/Mar/2026/10/18/44 GET /v1/AUTH_1312aadf1e3f4e0bb93891183167859c/gnocchi.327d62b9-ca54-4d5c-a0ad-d3f3b3c4e68a/1772280000.0_mean_300.0_v3 HTTP/1.0 404 - python-swiftclient-3.11.1 gAAAAABpsUFBUlv-... - 70 - tx6866d904284449edb1a4b-0069b14184 - 0.0042 - - 1773224324.121213675 1773224324.125376225 0
Mar 11 10:18:44 standalone container-server[122835]: 172.20.0.100 - - [11/Mar/2026:10:18:44 +0000] "PUT /d1/170/AUTH_1312aadf1e3f4e0bb93891183167859c/gnocchi.327d62b9-ca54-4d5c-a0ad-d3f3b3c4e68a/1772280000.0_mean_300.0_v3" 201 - "PUT http://localhost:8080/d1/796/AUTH_1312aadf1e3f4e0bb93891183167859c/gnocchi.327d62b9-ca54-4d5c-a0ad-d3f3b3c4e68a/1772280000.0_mean_300.0_v3" "tx559f31d4ebca41a7ab1e7-0069b14184" "object-server 24" 0.0007 "-" 23 0
Mar 11 10:18:44 standalone object-server[123093]: 172.20.0.100 - - [11/Mar/2026:10:18:44 +0000] "PUT /d1/796/AUTH_1312aadf1e3f4e0bb93891183167859c/gnocchi.327d62b9-ca54-4d5c-a0ad-d3f3b3c4e68a/1772280000.0_mean_300.0_v3" 201 - "PUT http://localhost:8080/v1/AUTH_1312aadf1e3f4e0bb93891183167859c/gnocchi.327d62b9-ca54-4d5c-a0ad-d3f3b3c4e68a/1772280000.0_mean_300.0_v3" "tx559f31d4ebca41a7ab1e7-0069b14184" "proxy-server 21" 0.0109 "-" 24 0
Mar 11 10:18:44 standalone proxy-server[124928]: 172.18.0.2 ::1 11/Mar/2026/10/18/44 PUT /v1/AUTH_1312aadf1e3f4e0bb93891183167859c/gnocchi.327d62b9-ca54-4d5c-a0ad-d3f3b3c4e68a/1772280000.0_mean_300.0_v3 HTTP/1.0 201 - python-swiftclient-3.11.1 gAAAAABpsUFBUlv-... 16 - - tx559f31d4ebca41a7ab1e7-0069b14184 - 0.0156 - - 1773224324.129615068 1773224324.145226955 0
Mar 11 10:18:44 standalone container-server[122820]: 172.20.0.100 - - [11/Mar/2026:10:18:44 +0000] "PUT /d1/170/AUTH_1312aadf1e3f4e0bb93891183167859c/gnocchi.327d62b9-ca54-4d5c-a0ad-d3f3b3c4e68a/none_v3" 201 - "PUT http://localhost:8080/d1/57/AUTH_1312aadf1e3f4e0bb93891183167859c/gnocchi.327d62b9-ca54-4d5c-a0ad-d3f3b3c4e68a/none_v3" "txd99f88a48bb145e2a1a29-0069b14184" "object-server 25" 0.0005 "-" 20 0
Mar 11 10:18:44 standalone object-server[123100]: 172.20.0.100 - - [11/Mar/2026:10:18:44 +0000] "PUT /d1/57/AUTH_1312aadf1e3f4e0bb93891183167859c/gnocchi.327d62b9-ca54-4d5c-a0ad-d3f3b3c4e68a/none_v3" 201 - "PUT http://localhost:8080/v1/AUTH_1312aadf1e3f4e0bb93891183167859c/gnocchi.327d62b9-ca54-4d5c-a0ad-d3f3b3c4e68a/none_v3" "txd99f88a48bb145e2a1a29-0069b14184" "proxy-server 21" 0.0089 "-" 25 0
Mar 11 10:18:44 standalone proxy-server[124928]: 172.18.0.2 ::1 11/Mar/2026/10/18/44 PUT /v1/AUTH_1312aadf1e3f4e0bb93891183167859c/gnocchi.327d62b9-ca54-4d5c-a0ad-d3f3b3c4e68a/none_v3 HTTP/1.0 201 - python-swiftclient-3.11.1 gAAAAABpsUFBUlv-... 22 - - txd99f88a48bb145e2a1a29-0069b14184 - 0.0164 - - 1773224324.148115873 1773224324.164497137 0
Mar 11 10:18:44 standalone container-server[122823]: 172.20.0.100 - - [11/Mar/2026:10:18:44 +0000] "HEAD /d1/873/AUTH_1312aadf1e3f4e0bb93891183167859c/gnocchi.5167619f-6367-40cb-9bdf-e6e7680c41bf" 404 - "HEAD http://localhost:8080/v1/AUTH_1312aadf1e3f4e0bb93891183167859c/gnocchi.5167619f-6367-40cb-9bdf-e6e7680c41bf?format=json&states=listing" "tx32aea46d517e46118ea13-0069b14184" "proxy-server 21" 0.0004 "-" 21 0
Mar 11 10:18:44 standalone object-server[123070]: 172.20.0.100 - - [11/Mar/2026:10:18:44 +0000] "GET /d1/348/AUTH_1312aadf1e3f4e0bb93891183167859c/gnocchi.5167619f-6367-40cb-9bdf-e6e7680c41bf/none_v3" 404 70 "GET http://localhost:8080/v1/AUTH_1312aadf1e3f4e0bb93891183167859c/gnocchi.5167619f-6367-40cb-9bdf-e6e7680c41bf/none_v3" "tx32aea46d517e46118ea13-0069b14184" "proxy-server 21" 0.0004 "-" 23 0
Mar 11 10:18:44 standalone proxy-server[124928]: 172.18.0.2 ::1 11/Mar/2026/10/18/44 GET /v1/AUTH_1312aadf1e3f4e0bb93891183167859c/gnocchi.5167619f-6367-40cb-9bdf-e6e7680c41bf/none_v3 HTTP/1.0 404 - python-swiftclient-3.11.1 gAAAAABpsUFBUlv-... - 70 - tx32aea46d517e46118ea13-0069b14184 - 0.0085 - - 1773224324.178806305 1773224324.187318325 0
Mar 11 10:18:44 standalone account-server[122610]: 172.20.0.100 - - [11/Mar/2026:10:18:44 +0000] "PUT /d1/267/AUTH_1312aadf1e3f4e0bb93891183167859c/gnocchi.5167619f-6367-40cb-9bdf-e6e7680c41bf" 201 - "PUT http://172.20.0.100:6001/d1/873/AUTH_1312aadf1e3f4e0bb93891183167859c/gnocchi.5167619f-6367-40cb-9bdf-e6e7680c41bf" "txde0f027bde38435bbdf87-0069b14184" "container-server 21" 0.0063 "-" 20 0
Mar 11 10:18:44 standalone container-server[122823]: 172.20.0.100 - - [11/Mar/2026:10:18:44 +0000] "PUT /d1/873/AUTH_1312aadf1e3f4e0bb93891183167859c/gnocchi.5167619f-6367-40cb-9bdf-e6e7680c41bf" 201 - "PUT http://localhost:8080/v1/AUTH_1312aadf1e3f4e0bb93891183167859c/gnocchi.5167619f-6367-40cb-9bdf-e6e7680c41bf" "txde0f027bde38435bbdf87-0069b14184" "proxy-server 21" 0.0274 "-" 21 0
Mar 11 10:18:44 standalone proxy-server[124928]: 172.18.0.2 ::1 11/Mar/2026/10/18/44 PUT /v1/AUTH_1312aadf1e3f4e0bb93891183167859c/gnocchi.5167619f-6367-40cb-9bdf-e6e7680c41bf HTTP/1.0 201 - python-swiftclient-3.11.1 gAAAAABpsUFBUlv-... - - - txde0f027bde38435bbdf87-0069b14184 - 0.0334 - - 1773224324.190401554 1773224324.223758936 0
Mar 11 10:18:44 standalone container-server[122835]: 172.20.0.100 - - [11/Mar/2026:10:18:44 +0000] "HEAD /d1/873/AUTH_1312aadf1e3f4e0bb93891183167859c/gnocchi.5167619f-6367-40cb-9bdf-e6e7680c41bf" 204 - "HEAD http://localhost:8080/v1/AUTH_1312aadf1e3f4e0bb93891183167859c/gnocchi.5167619f-6367-40cb-9bdf-e6e7680c41bf?format=json&states=listing" "tx90bca3e7694045b792b50-0069b14184" "proxy-server 21" 0.0012 "-" 23 0
Mar 11 10:18:44 standalone proxy-server[124928]: - - 11/Mar/2026/10/18/44 HEAD /v1/AUTH_1312aadf1e3f4e0bb93891183167859c/gnocchi.5167619f-6367-40cb-9bdf-e6e7680c41bf%3Fformat%3Djson%26states%3Dlisting HTTP/1.0 204 - Swift - - - - tx90bca3e7694045b792b50-0069b14184 - 0.0043 RL - 1773224324.229058266 1773224324.233364582 0
Mar 11 10:18:44 standalone container-server[122823]: 172.20.0.100 - - [11/Mar/2026:10:18:44 +0000] "GET /d1/873/AUTH_1312aadf1e3f4e0bb93891183167859c/gnocchi.5167619f-6367-40cb-9bdf-e6e7680c41bf" 200 2 "GET http://localhost:8080/v1/AUTH_1312aadf1e3f4e0bb93891183167859c/gnocchi.5167619f-6367-40cb-9bdf-e6e7680c41bf?format=json&states=listing" "tx90bca3e7694045b792b50-0069b14184" "proxy-server 21" 0.0054 "-" 21 0
Mar 11 10:18:44 standalone proxy-server[124928]: 172.18.0.2 ::1 11/Mar/2026/10/18/44 GET /v1/AUTH_1312aadf1e3f4e0bb93891183167859c/gnocchi.5167619f-6367-40cb-9bdf-e6e7680c41bf%3Fformat%3Djson%26states%3Dlisting HTTP/1.0 200 - python-swiftclient-3.11.1 gAAAAABpsUFBUlv-... - 2 - tx90bca3e7694045b792b50-0069b14184 - 0.0183 - - 1773224324.227801561 1773224324.246096134 0
Mar 11 10:18:44 standalone object-server[123093]: 172.20.0.100 - - [11/Mar/2026:10:18:44 +0000] "GET /d1/202/AUTH_1312aadf1e3f4e0bb93891183167859c/gnocchi.5167619f-6367-40cb-9bdf-e6e7680c41bf/1772280000.0_mean_300.0_v3" 404 70 "GET http://localhost:8080/v1/AUTH_1312aadf1e3f4e0bb93891183167859c/gnocchi.5167619f-6367-40cb-9bdf-e6e7680c41bf/1772280000.0_mean_300.0_v3" "txc18ad889bbb8489a9c5c8-0069b14184" "proxy-server 21" 0.0007 "-" 24 0
Mar 11 10:18:44 standalone proxy-server[124928]: 172.18.0.2 ::1 11/Mar/2026/10/18/44 GET /v1/AUTH_1312aadf1e3f4e0bb93891183167859c/gnocchi.5167619f-6367-40cb-9bdf-e6e7680c41bf/1772280000.0_mean_300.0_v3 HTTP/1.0 404 - python-swiftclient-3.11.1 gAAAAABpsUFBUlv-... - 70 - txc18ad889bbb8489a9c5c8-0069b14184 - 0.0062 - - 1773224324.252845049 1773224324.259064436 0
Mar 11 10:18:44 standalone container-server[122820]: 172.20.0.100 - - [11/Mar/2026:10:18:44 +0000] "PUT /d1/873/AUTH_1312aadf1e3f4e0bb93891183167859c/gnocchi.5167619f-6367-40cb-9bdf-e6e7680c41bf/1772280000.0_mean_300.0_v3" 201 - "PUT http://localhost:8080/d1/202/AUTH_1312aadf1e3f4e0bb93891183167859c/gnocchi.5167619f-6367-40cb-9bdf-e6e7680c41bf/1772280000.0_mean_300.0_v3" "tx23eb746a8a3c4f6a8ffea-0069b14184" "object-server 22" 0.0006 "-" 20 0
Mar 11 10:18:44 standalone object-server[123066]: 172.20.0.100 - - [11/Mar/2026:10:18:44 +0000] "PUT /d1/202/AUTH_1312aadf1e3f4e0bb93891183167859c/gnocchi.5167619f-6367-40cb-9bdf-e6e7680c41bf/1772280000.0_mean_300.0_v3" 201 - "PUT http://localhost:8080/v1/AUTH_1312aadf1e3f4e0bb93891183167859c/gnocchi.5167619f-6367-40cb-9bdf-e6e7680c41bf/1772280000.0_mean_300.0_v3" "tx23eb746a8a3c4f6a8ffea-0069b14184" "proxy-server 21" 0.0156 "-" 22 0
Mar 11 10:18:44 standalone proxy-server[124928]: 172.18.0.2 ::1 11/Mar/2026/10/18/44 PUT /v1/AUTH_1312aadf1e3f4e0bb93891183167859c/gnocchi.5167619f-6367-40cb-9bdf-e6e7680c41bf/1772280000.0_mean_300.0_v3 HTTP/1.0 201 - python-swiftclient-3.11.1 gAAAAABpsUFBUlv-... 16 - - tx23eb746a8a3c4f6a8ffea-0069b14184 - 0.0266 - - 1773224324.264838457 1773224324.291477680 0
Mar 11 10:18:44 standalone container-server[122823]: 172.20.0.100 - - [11/Mar/2026:10:18:44 +0000] "PUT /d1/873/AUTH_1312aadf1e3f4e0bb93891183167859c/gnocchi.5167619f-6367-40cb-9bdf-e6e7680c41bf/none_v3" 201 - "PUT http://localhost:8080/d1/348/AUTH_1312aadf1e3f4e0bb93891183167859c/gnocchi.5167619f-6367-40cb-9bdf-e6e7680c41bf/none_v3" "txeb0d5c67cb0c46069506d-0069b14184" "object-server 25" 0.0009 "-" 21 0
Mar 11 10:18:44 standalone object-server[123100]: 172.20.0.100 - - [11/Mar/2026:10:18:44 +0000] "PUT /d1/348/AUTH_1312aadf1e3f4e0bb93891183167859c/gnocchi.5167619f-6367-40cb-9bdf-e6e7680c41bf/none_v3" 201 - "PUT http://localhost:8080/v1/AUTH_1312aadf1e3f4e0bb93891183167859c/gnocchi.5167619f-6367-40cb-9bdf-e6e7680c41bf/none_v3" "txeb0d5c67cb0c46069506d-0069b14184" "proxy-server 21" 0.0190 "-" 25 0
Mar 11 10:18:44 standalone proxy-server[124928]: 172.18.0.2 ::1 11/Mar/2026/10/18/44 PUT /v1/AUTH_1312aadf1e3f4e0bb93891183167859c/gnocchi.5167619f-6367-40cb-9bdf-e6e7680c41bf/none_v3 HTTP/1.0 201 - python-swiftclient-3.11.1 gAAAAABpsUFBUlv-... 22 - - txeb0d5c67cb0c46069506d-0069b14184 - 0.0284 - - 1773224324.303793192 1773224324.332144976 0
Mar 11 10:18:44 standalone container-server[122820]: 172.20.0.100 - - [11/Mar/2026:10:18:44 +0000] "HEAD /d1/99/AUTH_1312aadf1e3f4e0bb93891183167859c/gnocchi.eea1177a-b5c6-4cf8-90f5-39eae6d2f2fc" 404 - "HEAD http://localhost:8080/v1/AUTH_1312aadf1e3f4e0bb93891183167859c/gnocchi.eea1177a-b5c6-4cf8-90f5-39eae6d2f2fc?format=json&states=listing" "tx1c6d51ff345e486eb4368-0069b14184" "proxy-server 21" 0.0005 "-" 20 0
Mar 11 10:18:44 standalone object-server[123100]: 172.20.0.100 - - [11/Mar/2026:10:18:44 +0000] "GET /d1/978/AUTH_1312aadf1e3f4e0bb93891183167859c/gnocchi.eea1177a-b5c6-4cf8-90f5-39eae6d2f2fc/none_v3" 404 70 "GET http://localhost:8080/v1/AUTH_1312aadf1e3f4e0bb93891183167859c/gnocchi.eea1177a-b5c6-4cf8-90f5-39eae6d2f2fc/none_v3" "tx1c6d51ff345e486eb4368-0069b14184" "proxy-server 21" 0.0004 "-" 25 0
Mar 11 10:18:44 standalone proxy-server[124928]: 172.18.0.2 ::1 11/Mar/2026/10/18/44 GET /v1/AUTH_1312aadf1e3f4e0bb93891183167859c/gnocchi.eea1177a-b5c6-4cf8-90f5-39eae6d2f2fc/none_v3 HTTP/1.0 404 - python-swiftclient-3.11.1 gAAAAABpsUFBUlv-... - 70 - tx1c6d51ff345e486eb4368-0069b14184 - 0.0108 - - 1773224324.374495268 1773224324.385304928 0
Mar 11 10:18:44 standalone account-server[122625]: 172.20.0.100 - - [11/Mar/2026:10:18:44 +0000] "PUT /d1/267/AUTH_1312aadf1e3f4e0bb93891183167859c/gnocchi.eea1177a-b5c6-4cf8-90f5-39eae6d2f2fc" 201 - "PUT http://172.20.0.100:6001/d1/99/AUTH_1312aadf1e3f4e0bb93891183167859c/gnocchi.eea1177a-b5c6-4cf8-90f5-39eae6d2f2fc" "tx0477de157148498382860-0069b14184" "container-server 20" 0.0054 "-" 22 0
Mar 11 10:18:44 standalone container-server[122820]: 172.20.0.100 - - [11/Mar/2026:10:18:44 +0000] "PUT /d1/99/AUTH_1312aadf1e3f4e0bb93891183167859c/gnocchi.eea1177a-b5c6-4cf8-90f5-39eae6d2f2fc" 201 - "PUT http://localhost:8080/v1/AUTH_1312aadf1e3f4e0bb93891183167859c/gnocchi.eea1177a-b5c6-4cf8-90f5-39eae6d2f2fc" "tx0477de157148498382860-0069b14184" "proxy-server 21" 0.0198 "-" 20 0
Mar 11 10:18:44 standalone proxy-server[124928]: 172.18.0.2 ::1 11/Mar/2026/10/18/44 PUT /v1/AUTH_1312aadf1e3f4e0bb93891183167859c/gnocchi.eea1177a-b5c6-4cf8-90f5-39eae6d2f2fc HTTP/1.0 201 - python-swiftclient-3.11.1 gAAAAABpsUFBUlv-... - - - tx0477de157148498382860-0069b14184 - 0.0251 - - 1773224324.393583536 1773224324.418685198 0
Mar 11 10:18:44 standalone container-server[122835]: 172.20.0.100 - - [11/Mar/2026:10:18:44 +0000] "HEAD /d1/99/AUTH_1312aadf1e3f4e0bb93891183167859c/gnocchi.eea1177a-b5c6-4cf8-90f5-39eae6d2f2fc" 204 - "HEAD http://localhost:8080/v1/AUTH_1312aadf1e3f4e0bb93891183167859c/gnocchi.eea1177a-b5c6-4cf8-90f5-39eae6d2f2fc?format=json&states=listing" "tx04b65f91a006493587b7a-0069b14184" "proxy-server 21" 0.0021 "-" 23 0
Mar 11 10:18:44 standalone proxy-server[124928]: - - 11/Mar/2026/10/18/44 HEAD /v1/AUTH_1312aadf1e3f4e0bb93891183167859c/gnocchi.eea1177a-b5c6-4cf8-90f5-39eae6d2f2fc%3Fformat%3Djson%26states%3Dlisting HTTP/1.0 204 - Swift - - - - tx04b65f91a006493587b7a-0069b14184 - 0.0053 RL - 1773224324.424676418 1773224324.429961681 0
Mar 11 10:18:44 standalone container-server[122824]: 172.20.0.100 - - [11/Mar/2026:10:18:44 +0000] "GET /d1/99/AUTH_1312aadf1e3f4e0bb93891183167859c/gnocchi.eea1177a-b5c6-4cf8-90f5-39eae6d2f2fc" 200 2 "GET http://localhost:8080/v1/AUTH_1312aadf1e3f4e0bb93891183167859c/gnocchi.eea1177a-b5c6-4cf8-90f5-39eae6d2f2fc?format=json&states=listing" "tx04b65f91a006493587b7a-0069b14184" "proxy-server 21" 0.0025 "-" 22 0
Mar 11 10:18:44 standalone proxy-server[124928]: 172.18.0.2 ::1 11/Mar/2026/10/18/44 GET /v1/AUTH_1312aadf1e3f4e0bb93891183167859c/gnocchi.eea1177a-b5c6-4cf8-90f5-39eae6d2f2fc%3Fformat%3Djson%26states%3Dlisting HTTP/1.0 200 - python-swiftclient-3.11.1 gAAAAABpsUFBUlv-... - 2 - tx04b65f91a006493587b7a-0069b14184 - 0.0159 - - 1773224324.423495531 1773224324.439394712 0
Mar 11 10:18:44 standalone object-server[123066]: 172.20.0.100 - - [11/Mar/2026:10:18:44 +0000] "GET /d1/1019/AUTH_1312aadf1e3f4e0bb93891183167859c/gnocchi.eea1177a-b5c6-4cf8-90f5-39eae6d2f2fc/1772280000.0_mean_300.0_v3" 404 70 "GET http://localhost:8080/v1/AUTH_1312aadf1e3f4e0bb93891183167859c/gnocchi.eea1177a-b5c6-4cf8-90f5-39eae6d2f2fc/1772280000.0_mean_300.0_v3" "tx3a434f8feaa44e6db8e19-0069b14184" "proxy-server 21" 0.0009 "-" 22 0
Mar 11 10:18:44 standalone proxy-server[124928]: 172.18.0.2 ::1 11/Mar/2026/10/18/44 GET /v1/AUTH_1312aadf1e3f4e0bb93891183167859c/gnocchi.eea1177a-b5c6-4cf8-90f5-39eae6d2f2fc/1772280000.0_mean_300.0_v3 HTTP/1.0 404 - python-swiftclient-3.11.1 gAAAAABpsUFBUlv-... - 70 - tx3a434f8feaa44e6db8e19-0069b14184 - 0.0071 - - 1773224324.443695545 1773224324.450815201 0
Mar 11 10:18:44 standalone container-server[122820]: 172.20.0.100 - - [11/Mar/2026:10:18:44 +0000] "PUT /d1/99/AUTH_1312aadf1e3f4e0bb93891183167859c/gnocchi.eea1177a-b5c6-4cf8-90f5-39eae6d2f2fc/1772280000.0_mean_300.0_v3" 201 - "PUT http://localhost:8080/d1/1019/AUTH_1312aadf1e3f4e0bb93891183167859c/gnocchi.eea1177a-b5c6-4cf8-90f5-39eae6d2f2fc/1772280000.0_mean_300.0_v3" "txcb492639e8af44de90f9f-0069b14184" "object-server 25" 0.0017 "-" 20 0
Mar 11 10:18:44 standalone object-server[123100]: 172.20.0.100 - - [11/Mar/2026:10:18:44 +0000] "PUT /d1/1019/AUTH_1312aadf1e3f4e0bb93891183167859c/gnocchi.eea1177a-b5c6-4cf8-90f5-39eae6d2f2fc/1772280000.0_mean_300.0_v3" 201 - "PUT http://localhost:8080/v1/AUTH_1312aadf1e3f4e0bb93891183167859c/gnocchi.eea1177a-b5c6-4cf8-90f5-39eae6d2f2fc/1772280000.0_mean_300.0_v3" "txcb492639e8af44de90f9f-0069b14184" "proxy-server 21" 0.0131 "-" 25 0
Mar 11 10:18:44 standalone proxy-server[124928]: 172.18.0.2 ::1 11/Mar/2026/10/18/44 PUT /v1/AUTH_1312aadf1e3f4e0bb93891183167859c/gnocchi.eea1177a-b5c6-4cf8-90f5-39eae6d2f2fc/1772280000.0_mean_300.0_v3 HTTP/1.0 201 - python-swiftclient-3.11.1 gAAAAABpsUFBUlv-... 16 - - txcb492639e8af44de90f9f-0069b14184 - 0.0193 - - 1773224324.455075741 1773224324.474343538 0
Mar 11 10:18:44 standalone container-server[122823]: 172.20.0.100 - - [11/Mar/2026:10:18:44 +0000] "PUT /d1/99/AUTH_1312aadf1e3f4e0bb93891183167859c/gnocchi.eea1177a-b5c6-4cf8-90f5-39eae6d2f2fc/none_v3" 201 - "PUT http://localhost:8080/d1/978/AUTH_1312aadf1e3f4e0bb93891183167859c/gnocchi.eea1177a-b5c6-4cf8-90f5-39eae6d2f2fc/none_v3" "tx59d17bf00299417ab59f2-0069b14184" "object-server 22" 0.0005 "-" 21 0
Mar 11 10:18:44 standalone object-server[123066]: 172.20.0.100 - - [11/Mar/2026:10:18:44 +0000] "PUT /d1/978/AUTH_1312aadf1e3f4e0bb93891183167859c/gnocchi.eea1177a-b5c6-4cf8-90f5-39eae6d2f2fc/none_v3" 201 - "PUT http://localhost:8080/v1/AUTH_1312aadf1e3f4e0bb93891183167859c/gnocchi.eea1177a-b5c6-4cf8-90f5-39eae6d2f2fc/none_v3" "tx59d17bf00299417ab59f2-0069b14184" "proxy-server 21" 0.0123 "-" 22 0
Mar 11 10:18:44 standalone proxy-server[124928]: 172.18.0.2 ::1 11/Mar/2026/10/18/44 PUT /v1/AUTH_1312aadf1e3f4e0bb93891183167859c/gnocchi.eea1177a-b5c6-4cf8-90f5-39eae6d2f2fc/none_v3 HTTP/1.0 201 - python-swiftclient-3.11.1 gAAAAABpsUFBUlv-... 22 - - tx59d17bf00299417ab59f2-0069b14184 - 0.0218 - - 1773224324.479295731 1773224324.501105547 0
Mar 11 10:18:44 standalone container-server[122820]: 172.20.0.100 - - [11/Mar/2026:10:18:44 +0000] "HEAD /d1/876/AUTH_1312aadf1e3f4e0bb93891183167859c/gnocchi.f5042a57-041e-4f69-97dc-7dbb147aa1a2" 404 - "HEAD http://localhost:8080/v1/AUTH_1312aadf1e3f4e0bb93891183167859c/gnocchi.f5042a57-041e-4f69-97dc-7dbb147aa1a2?format=json&states=listing" "tx31deb24f9f6d4e5c9dd1d-0069b14184" "proxy-server 21" 0.0007 "-" 20 0
Mar 11 10:18:44 standalone object-server[123070]: 172.20.0.100 - - [11/Mar/2026:10:18:44 +0000] "GET /d1/26/AUTH_1312aadf1e3f4e0bb93891183167859c/gnocchi.f5042a57-041e-4f69-97dc-7dbb147aa1a2/none_v3" 404 70 "GET http://localhost:8080/v1/AUTH_1312aadf1e3f4e0bb93891183167859c/gnocchi.f5042a57-041e-4f69-97dc-7dbb147aa1a2/none_v3" "tx31deb24f9f6d4e5c9dd1d-0069b14184" "proxy-server 21" 0.0003 "-" 23 0
Mar 11 10:18:44 standalone proxy-server[124928]: 172.18.0.2 ::1 11/Mar/2026/10/18/44 GET /v1/AUTH_1312aadf1e3f4e0bb93891183167859c/gnocchi.f5042a57-041e-4f69-97dc-7dbb147aa1a2/none_v3 HTTP/1.0 404 - python-swiftclient-3.11.1 gAAAAABpsUFBUlv-... - 70 - tx31deb24f9f6d4e5c9dd1d-0069b14184 - 0.0155 - - 1773224324.528202772 1773224324.543726444 0
Mar 11 10:18:44 standalone account-server[122610]: 172.20.0.100 - - [11/Mar/2026:10:18:44 +0000] "PUT /d1/267/AUTH_1312aadf1e3f4e0bb93891183167859c/gnocchi.f5042a57-041e-4f69-97dc-7dbb147aa1a2" 201 - "PUT http://172.20.0.100:6001/d1/876/AUTH_1312aadf1e3f4e0bb93891183167859c/gnocchi.f5042a57-041e-4f69-97dc-7dbb147aa1a2" "txfa5268d95d0948018a5d5-0069b14184" "container-server 21" 0.0079 "-" 20 0
Mar 11 10:18:44 standalone container-server[122823]: 172.20.0.100 - - [11/Mar/2026:10:18:44 +0000] "PUT /d1/876/AUTH_1312aadf1e3f4e0bb93891183167859c/gnocchi.f5042a57-041e-4f69-97dc-7dbb147aa1a2" 201 - "PUT http://localhost:8080/v1/AUTH_1312aadf1e3f4e0bb93891183167859c/gnocchi.f5042a57-041e-4f69-97dc-7dbb147aa1a2" "txfa5268d95d0948018a5d5-0069b14184" "proxy-server 21" 0.0176 "-" 21 0
Mar 11 10:18:44 standalone proxy-server[124928]: 172.18.0.2 ::1 11/Mar/2026/10/18/44 PUT /v1/AUTH_1312aadf1e3f4e0bb93891183167859c/gnocchi.f5042a57-041e-4f69-97dc-7dbb147aa1a2 HTTP/1.0 201 - python-swiftclient-3.11.1 gAAAAABpsUFBUlv-... - - - txfa5268d95d0948018a5d5-0069b14184 - 0.0237 - - 1773224324.552081347 1773224324.575759172 0
Mar 11 10:18:44 standalone container-server[122824]: 172.20.0.100 - - [11/Mar/2026:10:18:44 +0000] "HEAD /d1/876/AUTH_1312aadf1e3f4e0bb93891183167859c/gnocchi.f5042a57-041e-4f69-97dc-7dbb147aa1a2" 204 - "HEAD http://localhost:8080/v1/AUTH_1312aadf1e3f4e0bb93891183167859c/gnocchi.f5042a57-041e-4f69-97dc-7dbb147aa1a2?format=json&states=listing" "tx144655a5f838493baee30-0069b14184" "proxy-server 21" 0.0022 "-" 22 0
Mar 11 10:18:44 standalone proxy-server[124928]: - - 11/Mar/2026/10/18/44 HEAD /v1/AUTH_1312aadf1e3f4e0bb93891183167859c/gnocchi.f5042a57-041e-4f69-97dc-7dbb147aa1a2%3Fformat%3Djson%26states%3Dlisting HTTP/1.0 204 - Swift - - - - tx144655a5f838493baee30-0069b14184 - 0.0103 RL - 1773224324.583694220 1773224324.593988657 0
Mar 11 10:18:44 standalone container-server[122824]: 172.20.0.100 - - [11/Mar/2026:10:18:44 +0000] "GET /d1/876/AUTH_1312aadf1e3f4e0bb93891183167859c/gnocchi.f5042a57-041e-4f69-97dc-7dbb147aa1a2" 200 2 "GET http://localhost:8080/v1/AUTH_1312aadf1e3f4e0bb93891183167859c/gnocchi.f5042a57-041e-4f69-97dc-7dbb147aa1a2?format=json&states=listing" "tx144655a5f838493baee30-0069b14184" "proxy-server 21" 0.0022 "-" 22 0
Mar 11 10:18:44 standalone proxy-server[124928]: 172.18.0.2 ::1 11/Mar/2026/10/18/44 GET /v1/AUTH_1312aadf1e3f4e0bb93891183167859c/gnocchi.f5042a57-041e-4f69-97dc-7dbb147aa1a2%3Fformat%3Djson%26states%3Dlisting HTTP/1.0 200 - python-swiftclient-3.11.1 gAAAAABpsUFBUlv-... - 2 - tx144655a5f838493baee30-0069b14184 - 0.0221 - - 1773224324.581262827 1773224324.603390217 0
Mar 11 10:18:44 standalone object-server[123070]: 172.20.0.100 - - [11/Mar/2026:10:18:44 +0000] "GET /d1/443/AUTH_1312aadf1e3f4e0bb93891183167859c/gnocchi.f5042a57-041e-4f69-97dc-7dbb147aa1a2/1772280000.0_mean_300.0_v3" 404 70 "GET http://localhost:8080/v1/AUTH_1312aadf1e3f4e0bb93891183167859c/gnocchi.f5042a57-041e-4f69-97dc-7dbb147aa1a2/1772280000.0_mean_300.0_v3" "txa3a23b48017845aabd724-0069b14184" "proxy-server 21" 0.0003 "-" 23 0
Mar 11 10:18:44 standalone proxy-server[124928]: 172.18.0.2 ::1 11/Mar/2026/10/18/44 GET /v1/AUTH_1312aadf1e3f4e0bb93891183167859c/gnocchi.f5042a57-041e-4f69-97dc-7dbb147aa1a2/1772280000.0_mean_300.0_v3 HTTP/1.0 404 - python-swiftclient-3.11.1 gAAAAABpsUFBUlv-... - 70 - txa3a23b48017845aabd724-0069b14184 - 0.0064 - - 1773224324.609900475 1773224324.616313934 0
Mar 11 10:18:44 standalone container-server[122823]: 172.20.0.100 - - [11/Mar/2026:10:18:44 +0000] "PUT /d1/876/AUTH_1312aadf1e3f4e0bb93891183167859c/gnocchi.f5042a57-041e-4f69-97dc-7dbb147aa1a2/1772280000.0_mean_300.0_v3" 201 - "PUT http://localhost:8080/d1/443/AUTH_1312aadf1e3f4e0bb93891183167859c/gnocchi.f5042a57-041e-4f69-97dc-7dbb147aa1a2/1772280000.0_mean_300.0_v3" "txa097095835844754bf9b6-0069b14184" "object-server 25" 0.0006 "-" 21 0
Mar 11 10:18:44 standalone object-server[123100]: 172.20.0.100 - - [11/Mar/2026:10:18:44 +0000] "PUT /d1/443/AUTH_1312aadf1e3f4e0bb93891183167859c/gnocchi.f5042a57-041e-4f69-97dc-7dbb147aa1a2/1772280000.0_mean_300.0_v3" 201 - "PUT http://localhost:8080/v1/AUTH_1312aadf1e3f4e0bb93891183167859c/gnocchi.f5042a57-041e-4f69-97dc-7dbb147aa1a2/1772280000.0_mean_300.0_v3" "txa097095835844754bf9b6-0069b14184" "proxy-server 21" 0.0095 "-" 25 0
Mar 11 10:18:44 standalone proxy-server[124928]: 172.18.0.2 ::1 11/Mar/2026/10/18/44 PUT /v1/AUTH_1312aadf1e3f4e0bb93891183167859c/gnocchi.f5042a57-041e-4f69-97dc-7dbb147aa1a2/1772280000.0_mean_300.0_v3 HTTP/1.0 201 - python-swiftclient-3.11.1 gAAAAABpsUFBUlv-... 16 - - txa097095835844754bf9b6-0069b14184 - 0.0156 - - 1773224324.621457815 1773224324.637055159 0
Mar 11 10:18:44 standalone container-server[122823]: 172.20.0.100 - - [11/Mar/2026:10:18:44 +0000] "PUT /d1/876/AUTH_1312aadf1e3f4e0bb93891183167859c/gnocchi.f5042a57-041e-4f69-97dc-7dbb147aa1a2/none_v3" 201 - "PUT http://localhost:8080/d1/26/AUTH_1312aadf1e3f4e0bb93891183167859c/gnocchi.f5042a57-041e-4f69-97dc-7dbb147aa1a2/none_v3" "txbd8e86e206e84c3286cb3-0069b14184" "object-server 22" 0.0006 "-" 21 0
Mar 11 10:18:44 standalone object-server[123066]: 172.20.0.100 - - [11/Mar/2026:10:18:44 +0000] "PUT /d1/26/AUTH_1312aadf1e3f4e0bb93891183167859c/gnocchi.f5042a57-041e-4f69-97dc-7dbb147aa1a2/none_v3" 201 - "PUT http://localhost:8080/v1/AUTH_1312aadf1e3f4e0bb93891183167859c/gnocchi.f5042a57-041e-4f69-97dc-7dbb147aa1a2/none_v3" "txbd8e86e206e84c3286cb3-0069b14184" "proxy-server 21" 0.0091 "-" 22 0
Mar 11 10:18:44 standalone proxy-server[124928]: 172.18.0.2 ::1 11/Mar/2026/10/18/44 PUT /v1/AUTH_1312aadf1e3f4e0bb93891183167859c/gnocchi.f5042a57-041e-4f69-97dc-7dbb147aa1a2/none_v3 HTTP/1.0 201 - python-swiftclient-3.11.1 gAAAAABpsUFBUlv-... 22 - - txbd8e86e206e84c3286cb3-0069b14184 - 0.0141 - - 1773224324.643807173 1773224324.657925606 0
Mar 11 10:18:50 standalone object-server[122981]: Begin object update sweep
Mar 11 10:18:50 standalone object-server[214747]: Object update sweep starting on /srv/node/d1 (pid: 14)
Mar 11 10:18:50 standalone object-server[214747]: Object update sweep completed on /srv/node/d1 in 0.00s seconds:, 0 successes, 0 failures, 0 quarantines, 0 unlinks, 0 errors, 0 redirects (pid: 14)
Mar 11 10:18:50 standalone object-server[214747]: Object update sweep of d1 completed: 0.00s, 0 successes, 0 failures, 0 quarantines, 0 unlinks, 0 errors, 0 redirects
Mar 11 10:18:50 standalone object-server[122981]: Object update sweep completed: 0.08s
Mar 11 10:21:02 standalone account-server[122635]: 172.20.0.100 - - [11/Mar/2026:10:21:02 +0000] "HEAD /d1/267/AUTH_1312aadf1e3f4e0bb93891183167859c" 204 - "HEAD http://localhost:8080/v1/AUTH_1312aadf1e3f4e0bb93891183167859c?format=json" "tx729bc4b76e384d6bb55ab-0069b1420e" "proxy-server 21" 0.0062 "-" 23 -
Mar 11 10:21:02 standalone proxy-server[124928]: - - 11/Mar/2026/10/21/02 HEAD /v1/AUTH_1312aadf1e3f4e0bb93891183167859c%3Fformat%3Djson HTTP/1.0 204 - Swift - - - - tx729bc4b76e384d6bb55ab-0069b1420e - 0.0135 RL - 1773224462.015604019 1773224462.029056549 -
Mar 11 10:21:02 standalone container-server[122820]: 172.20.0.100 - - [11/Mar/2026:10:21:02 +0000] "HEAD /d1/395/AUTH_1312aadf1e3f4e0bb93891183167859c/gnocchi.781f71a6-086c-4bd4-847b-3bab97712e12" 404 - "HEAD http://localhost:8080/v1/AUTH_1312aadf1e3f4e0bb93891183167859c/gnocchi.781f71a6-086c-4bd4-847b-3bab97712e12?format=json&states=listing" "tx729bc4b76e384d6bb55ab-0069b1420e" "proxy-server 21" 0.0005 "-" 20 0
Mar 11 10:21:02 standalone object-server[123070]: 172.20.0.100 - - [11/Mar/2026:10:21:02 +0000] "GET /d1/186/AUTH_1312aadf1e3f4e0bb93891183167859c/gnocchi.781f71a6-086c-4bd4-847b-3bab97712e12/none_v3" 404 70 "GET http://localhost:8080/v1/AUTH_1312aadf1e3f4e0bb93891183167859c/gnocchi.781f71a6-086c-4bd4-847b-3bab97712e12/none_v3" "tx729bc4b76e384d6bb55ab-0069b1420e" "proxy-server 21" 0.0004 "-" 23 0
Mar 11 10:21:02 standalone proxy-server[124928]: 172.18.0.2 ::1 11/Mar/2026/10/21/02 GET /v1/AUTH_1312aadf1e3f4e0bb93891183167859c/gnocchi.781f71a6-086c-4bd4-847b-3bab97712e12/none_v3 HTTP/1.0 404 - python-swiftclient-3.11.1 gAAAAABpsUFBUlv-... - 70 - tx729bc4b76e384d6bb55ab-0069b1420e - 0.0292 - - 1773224462.012312651 1773224462.041481495 0
Mar 11 10:21:02 standalone account-server[122635]: 172.20.0.100 - - [11/Mar/2026:10:21:02 +0000] "PUT /d1/267/AUTH_1312aadf1e3f4e0bb93891183167859c/gnocchi.781f71a6-086c-4bd4-847b-3bab97712e12" 201 - "PUT http://172.20.0.100:6001/d1/395/AUTH_1312aadf1e3f4e0bb93891183167859c/gnocchi.781f71a6-086c-4bd4-847b-3bab97712e12" "tx312986439b7f41f18bb42-0069b1420e" "container-server 22" 0.0010 "-" 23 0
Mar 11 10:21:02 standalone container-server[122824]: 172.20.0.100 - - [11/Mar/2026:10:21:02 +0000] "PUT /d1/395/AUTH_1312aadf1e3f4e0bb93891183167859c/gnocchi.781f71a6-086c-4bd4-847b-3bab97712e12" 201 - "PUT http://localhost:8080/v1/AUTH_1312aadf1e3f4e0bb93891183167859c/gnocchi.781f71a6-086c-4bd4-847b-3bab97712e12" "tx312986439b7f41f18bb42-0069b1420e" "proxy-server 21" 0.0093 "-" 22 0
Mar 11 10:21:02 standalone proxy-server[124928]: 172.18.0.2 ::1 11/Mar/2026/10/21/02 PUT /v1/AUTH_1312aadf1e3f4e0bb93891183167859c/gnocchi.781f71a6-086c-4bd4-847b-3bab97712e12 HTTP/1.0 201 - python-swiftclient-3.11.1 gAAAAABpsUFBUlv-... - - - tx312986439b7f41f18bb42-0069b1420e - 0.0166 - - 1773224462.045330763 1773224462.061917543 0
Mar 11 10:21:02 standalone container-server[122823]: 172.20.0.100 - - [11/Mar/2026:10:21:02 +0000] "HEAD /d1/395/AUTH_1312aadf1e3f4e0bb93891183167859c/gnocchi.781f71a6-086c-4bd4-847b-3bab97712e12" 204 - "HEAD http://localhost:8080/v1/AUTH_1312aadf1e3f4e0bb93891183167859c/gnocchi.781f71a6-086c-4bd4-847b-3bab97712e12?format=json&states=listing" "tx13af7b8cedff4d0588005-0069b1420e" "proxy-server 21" 0.0013 "-" 21 0
Mar 11 10:21:02 standalone proxy-server[124928]: - - 11/Mar/2026/10/21/02 HEAD /v1/AUTH_1312aadf1e3f4e0bb93891183167859c/gnocchi.781f71a6-086c-4bd4-847b-3bab97712e12%3Fformat%3Djson%26states%3Dlisting HTTP/1.0 204 - Swift - - - - tx13af7b8cedff4d0588005-0069b1420e - 0.0042 RL - 1773224462.067153454 1773224462.071316957 0
Mar 11 10:21:02 standalone container-server[122824]: 172.20.0.100 - - [11/Mar/2026:10:21:02 +0000] "GET /d1/395/AUTH_1312aadf1e3f4e0bb93891183167859c/gnocchi.781f71a6-086c-4bd4-847b-3bab97712e12" 200 2 "GET http://localhost:8080/v1/AUTH_1312aadf1e3f4e0bb93891183167859c/gnocchi.781f71a6-086c-4bd4-847b-3bab97712e12?format=json&states=listing" "tx13af7b8cedff4d0588005-0069b1420e" "proxy-server 21" 0.0016 "-" 22 0
Mar 11 10:21:02 standalone proxy-server[124928]: 172.18.0.2 ::1 11/Mar/2026/10/21/02 GET /v1/AUTH_1312aadf1e3f4e0bb93891183167859c/gnocchi.781f71a6-086c-4bd4-847b-3bab97712e12%3Fformat%3Djson%26states%3Dlisting HTTP/1.0 200 - python-swiftclient-3.11.1 gAAAAABpsUFBUlv-... - 2 - tx13af7b8cedff4d0588005-0069b1420e - 0.0110 - - 1773224462.066154957 1773224462.077155113 0
Mar 11 10:21:02 standalone object-server[123066]: 172.20.0.100 - - [11/Mar/2026:10:21:02 +0000] "GET /d1/661/AUTH_1312aadf1e3f4e0bb93891183167859c/gnocchi.781f71a6-086c-4bd4-847b-3bab97712e12/1772280000.0_mean_300.0_v3" 404 70 "GET http://localhost:8080/v1/AUTH_1312aadf1e3f4e0bb93891183167859c/gnocchi.781f71a6-086c-4bd4-847b-3bab97712e12/1772280000.0_mean_300.0_v3" "tx9967c12414254a7ba6b82-0069b1420e" "proxy-server 21" 0.0003 "-" 22 0
Mar 11 10:21:02 standalone proxy-server[124928]: 172.18.0.2 ::1 11/Mar/2026/10/21/02 GET /v1/AUTH_1312aadf1e3f4e0bb93891183167859c/gnocchi.781f71a6-086c-4bd4-847b-3bab97712e12/1772280000.0_mean_300.0_v3 HTTP/1.0 404 - python-swiftclient-3.11.1 gAAAAABpsUFBUlv-... - 70 - tx9967c12414254a7ba6b82-0069b1420e - 0.0043 - - 1773224462.079858780 1773224462.084135771 0
Mar 11 10:21:02 standalone container-server[122820]: 172.20.0.100 - - [11/Mar/2026:10:21:02 +0000] "PUT /d1/395/AUTH_1312aadf1e3f4e0bb93891183167859c/gnocchi.781f71a6-086c-4bd4-847b-3bab97712e12/1772280000.0_mean_300.0_v3" 201 - "PUT http://localhost:8080/d1/661/AUTH_1312aadf1e3f4e0bb93891183167859c/gnocchi.781f71a6-086c-4bd4-847b-3bab97712e12/1772280000.0_mean_300.0_v3" "tx796948ff97bc4cdb97fb2-0069b1420e" "object-server 25" 0.0006 "-" 20 0
Mar 11 10:21:02 standalone object-server[123100]: 172.20.0.100 - - [11/Mar/2026:10:21:02 +0000] "PUT /d1/661/AUTH_1312aadf1e3f4e0bb93891183167859c/gnocchi.781f71a6-086c-4bd4-847b-3bab97712e12/1772280000.0_mean_300.0_v3" 201 - "PUT http://localhost:8080/v1/AUTH_1312aadf1e3f4e0bb93891183167859c/gnocchi.781f71a6-086c-4bd4-847b-3bab97712e12/1772280000.0_mean_300.0_v3" "tx796948ff97bc4cdb97fb2-0069b1420e" "proxy-server 21" 0.0108 "-" 25 0
Mar 11 10:21:02 standalone proxy-server[124928]: 172.18.0.2 ::1 11/Mar/2026/10/21/02 PUT /v1/AUTH_1312aadf1e3f4e0bb93891183167859c/gnocchi.781f71a6-086c-4bd4-847b-3bab97712e12/1772280000.0_mean_300.0_v3 HTTP/1.0 201 - python-swiftclient-3.11.1 gAAAAABpsUFBUlv-... 16 - - tx796948ff97bc4cdb97fb2-0069b1420e - 0.0153 - - 1773224462.087577343 1773224462.102839470 0
Mar 11 10:21:02 standalone container-server[122835]: 172.20.0.100 - - [11/Mar/2026:10:21:02 +0000] "PUT /d1/395/AUTH_1312aadf1e3f4e0bb93891183167859c/gnocchi.781f71a6-086c-4bd4-847b-3bab97712e12/none_v3" 201 - "PUT http://localhost:8080/d1/186/AUTH_1312aadf1e3f4e0bb93891183167859c/gnocchi.781f71a6-086c-4bd4-847b-3bab97712e12/none_v3" "txcc85d58813d04596b3af9-0069b1420e" "object-server 23" 0.0007 "-" 23 0
Mar 11 10:21:02 standalone object-server[123070]: 172.20.0.100 - - [11/Mar/2026:10:21:02 +0000] "PUT /d1/186/AUTH_1312aadf1e3f4e0bb93891183167859c/gnocchi.781f71a6-086c-4bd4-847b-3bab97712e12/none_v3" 201 - "PUT http://localhost:8080/v1/AUTH_1312aadf1e3f4e0bb93891183167859c/gnocchi.781f71a6-086c-4bd4-847b-3bab97712e12/none_v3" "txcc85d58813d04596b3af9-0069b1420e" "proxy-server 21" 0.0079 "-" 23 0
Mar 11 10:21:02 standalone proxy-server[124928]: 172.18.0.2 ::1 11/Mar/2026/10/21/02 PUT /v1/AUTH_1312aadf1e3f4e0bb93891183167859c/gnocchi.781f71a6-086c-4bd4-847b-3bab97712e12/none_v3 HTTP/1.0 201 - python-swiftclient-3.11.1 gAAAAABpsUFBUlv-... 22 - - txcc85d58813d04596b3af9-0069b1420e - 0.0126 - - 1773224462.105743885 1773224462.118392944 0
Mar 11 10:21:02 standalone container-server[122820]: 172.20.0.100 - - [11/Mar/2026:10:21:02 +0000] "HEAD /d1/261/AUTH_1312aadf1e3f4e0bb93891183167859c/gnocchi.58e7334b-daf4-4d20-acee-555f4724557b" 404 - "HEAD http://localhost:8080/v1/AUTH_1312aadf1e3f4e0bb93891183167859c/gnocchi.58e7334b-daf4-4d20-acee-555f4724557b?format=json&states=listing" "tx8cf0afeb74b444d6800f7-0069b1420e" "proxy-server 21" 0.0003 "-" 20 0
Mar 11 10:21:02 standalone object-server[123066]: 172.20.0.100 - - [11/Mar/2026:10:21:02 +0000] "GET /d1/405/AUTH_1312aadf1e3f4e0bb93891183167859c/gnocchi.58e7334b-daf4-4d20-acee-555f4724557b/none_v3" 404 70 "GET http://localhost:8080/v1/AUTH_1312aadf1e3f4e0bb93891183167859c/gnocchi.58e7334b-daf4-4d20-acee-555f4724557b/none_v3" "tx8cf0afeb74b444d6800f7-0069b1420e" "proxy-server 21" 0.0003 "-" 22 0
Mar 11 10:21:02 standalone proxy-server[124928]: 172.18.0.2 ::1 11/Mar/2026/10/21/02 GET /v1/AUTH_1312aadf1e3f4e0bb93891183167859c/gnocchi.58e7334b-daf4-4d20-acee-555f4724557b/none_v3 HTTP/1.0 404 - python-swiftclient-3.11.1 gAAAAABpsUFBUlv-... - 70 - tx8cf0afeb74b444d6800f7-0069b1420e - 0.0069 - - 1773224462.127614498 1773224462.134479284 0
Mar 11 10:21:02 standalone account-server[122635]: 172.20.0.100 - - [11/Mar/2026:10:21:02 +0000] "PUT /d1/267/AUTH_1312aadf1e3f4e0bb93891183167859c/gnocchi.58e7334b-daf4-4d20-acee-555f4724557b" 201 - "PUT http://172.20.0.100:6001/d1/261/AUTH_1312aadf1e3f4e0bb93891183167859c/gnocchi.58e7334b-daf4-4d20-acee-555f4724557b" "tx6bb70e4e96224e3c87f41-0069b1420e" "container-server 20" 0.0036 "-" 23 0
Mar 11 10:21:02 standalone container-server[122820]: 172.20.0.100 - - [11/Mar/2026:10:21:02 +0000] "PUT /d1/261/AUTH_1312aadf1e3f4e0bb93891183167859c/gnocchi.58e7334b-daf4-4d20-acee-555f4724557b" 201 - "PUT http://localhost:8080/v1/AUTH_1312aadf1e3f4e0bb93891183167859c/gnocchi.58e7334b-daf4-4d20-acee-555f4724557b" "tx6bb70e4e96224e3c87f41-0069b1420e" "proxy-server 21" 0.0115 "-" 20 0
Mar 11 10:21:02 standalone proxy-server[124928]: 172.18.0.2 ::1 11/Mar/2026/10/21/02 PUT /v1/AUTH_1312aadf1e3f4e0bb93891183167859c/gnocchi.58e7334b-daf4-4d20-acee-555f4724557b HTTP/1.0 201 - python-swiftclient-3.11.1 gAAAAABpsUFBUlv-... - - - tx6bb70e4e96224e3c87f41-0069b1420e - 0.0148 - - 1773224462.136790514 1773224462.151547909 0
Mar 11 10:21:02 standalone container-server[122835]: 172.20.0.100 - - [11/Mar/2026:10:21:02 +0000] "HEAD /d1/261/AUTH_1312aadf1e3f4e0bb93891183167859c/gnocchi.58e7334b-daf4-4d20-acee-555f4724557b" 204 - "HEAD http://localhost:8080/v1/AUTH_1312aadf1e3f4e0bb93891183167859c/gnocchi.58e7334b-daf4-4d20-acee-555f4724557b?format=json&states=listing" "txaf54843b3390459f8b170-0069b1420e" "proxy-server 21" 0.0012 "-" 23 0
Mar 11 10:21:02 standalone proxy-server[124928]: - - 11/Mar/2026/10/21/02 HEAD /v1/AUTH_1312aadf1e3f4e0bb93891183167859c/gnocchi.58e7334b-daf4-4d20-acee-555f4724557b%3Fformat%3Djson%26states%3Dlisting HTTP/1.0 204 - Swift - - - - txaf54843b3390459f8b170-0069b1420e - 0.0058 RL - 1773224462.157682896 1773224462.163456202 0
Mar 11 10:21:02 standalone container-server[122824]: 172.20.0.100 - - [11/Mar/2026:10:21:02 +0000] "GET /d1/261/AUTH_1312aadf1e3f4e0bb93891183167859c/gnocchi.58e7334b-daf4-4d20-acee-555f4724557b" 200 2 "GET http://localhost:8080/v1/AUTH_1312aadf1e3f4e0bb93891183167859c/gnocchi.58e7334b-daf4-4d20-acee-555f4724557b?format=json&states=listing" "txaf54843b3390459f8b170-0069b1420e" "proxy-server 21" 0.0024 "-" 22 0
Mar 11 10:21:02 standalone proxy-server[124928]: 172.18.0.2 ::1 11/Mar/2026/10/21/02 GET /v1/AUTH_1312aadf1e3f4e0bb93891183167859c/gnocchi.58e7334b-daf4-4d20-acee-555f4724557b%3Fformat%3Djson%26states%3Dlisting HTTP/1.0 200 - python-swiftclient-3.11.1 gAAAAABpsUFBUlv-... - 2 - txaf54843b3390459f8b170-0069b1420e - 0.0167 - - 1773224462.156824112 1773224462.173478365 0
Mar 11 10:21:02 standalone object-server[123093]: 172.20.0.100 - - [11/Mar/2026:10:21:02 +0000] "GET /d1/691/AUTH_1312aadf1e3f4e0bb93891183167859c/gnocchi.58e7334b-daf4-4d20-acee-555f4724557b/1772280000.0_mean_300.0_v3" 404 70 "GET http://localhost:8080/v1/AUTH_1312aadf1e3f4e0bb93891183167859c/gnocchi.58e7334b-daf4-4d20-acee-555f4724557b/1772280000.0_mean_300.0_v3" "tx32a09a4222fa44688b182-0069b1420e" "proxy-server 21" 0.0003 "-" 24 0
Mar 11 10:21:02 standalone proxy-server[124928]: 172.18.0.2 ::1 11/Mar/2026/10/21/02 GET /v1/AUTH_1312aadf1e3f4e0bb93891183167859c/gnocchi.58e7334b-daf4-4d20-acee-555f4724557b/1772280000.0_mean_300.0_v3 HTTP/1.0 404 - python-swiftclient-3.11.1 gAAAAABpsUFBUlv-... - 70 - tx32a09a4222fa44688b182-0069b1420e - 0.0048 - - 1773224462.178080082 1773224462.182831526 0
Mar 11 10:21:02 standalone container-server[122824]: 172.20.0.100 - - [11/Mar/2026:10:21:02 +0000] "PUT /d1/261/AUTH_1312aadf1e3f4e0bb93891183167859c/gnocchi.58e7334b-daf4-4d20-acee-555f4724557b/1772280000.0_mean_300.0_v3" 201 - "PUT http://localhost:8080/d1/691/AUTH_1312aadf1e3f4e0bb93891183167859c/gnocchi.58e7334b-daf4-4d20-acee-555f4724557b/1772280000.0_mean_300.0_v3" "txc9b4a9350e9a4dcc96d63-0069b1420e" "object-server 24" 0.0005 "-" 22 0
Mar 11 10:21:02 standalone object-server[123093]: 172.20.0.100 - - [11/Mar/2026:10:21:02 +0000] "PUT /d1/691/AUTH_1312aadf1e3f4e0bb93891183167859c/gnocchi.58e7334b-daf4-4d20-acee-555f4724557b/1772280000.0_mean_300.0_v3" 201 - "PUT http://localhost:8080/v1/AUTH_1312aadf1e3f4e0bb93891183167859c/gnocchi.58e7334b-daf4-4d20-acee-555f4724557b/1772280000.0_mean_300.0_v3" "txc9b4a9350e9a4dcc96d63-0069b1420e" "proxy-server 21" 0.0073 "-" 24 0
Mar 11 10:21:02 standalone proxy-server[124928]: 172.18.0.2 ::1 11/Mar/2026/10/21/02 PUT /v1/AUTH_1312aadf1e3f4e0bb93891183167859c/gnocchi.58e7334b-daf4-4d20-acee-555f4724557b/1772280000.0_mean_300.0_v3 HTTP/1.0 201 - python-swiftclient-3.11.1 gAAAAABpsUFBUlv-... 16 - - txc9b4a9350e9a4dcc96d63-0069b1420e - 0.0120 - - 1773224462.185235500 1773224462.197206020 0
Mar 11 10:21:02 standalone container-server[122824]: 172.20.0.100 - - [11/Mar/2026:10:21:02 +0000] "PUT /d1/261/AUTH_1312aadf1e3f4e0bb93891183167859c/gnocchi.58e7334b-daf4-4d20-acee-555f4724557b/none_v3" 201 - "PUT http://localhost:8080/d1/405/AUTH_1312aadf1e3f4e0bb93891183167859c/gnocchi.58e7334b-daf4-4d20-acee-555f4724557b/none_v3" "tx1ec2590baec746dda54d4-0069b1420e" "object-server 25" 0.0006 "-" 22 0
Mar 11 10:21:02 standalone object-server[123100]: 172.20.0.100 - - [11/Mar/2026:10:21:02 +0000] "PUT /d1/405/AUTH_1312aadf1e3f4e0bb93891183167859c/gnocchi.58e7334b-daf4-4d20-acee-555f4724557b/none_v3" 201 - "PUT http://localhost:8080/v1/AUTH_1312aadf1e3f4e0bb93891183167859c/gnocchi.58e7334b-daf4-4d20-acee-555f4724557b/none_v3" "tx1ec2590baec746dda54d4-0069b1420e" "proxy-server 21" 0.0092 "-" 25 0
Mar 11 10:21:02 standalone proxy-server[124928]: 172.18.0.2 ::1 11/Mar/2026/10/21/02 PUT /v1/AUTH_1312aadf1e3f4e0bb93891183167859c/gnocchi.58e7334b-daf4-4d20-acee-555f4724557b/none_v3 HTTP/1.0 201 - python-swiftclient-3.11.1 gAAAAABpsUFBUlv-... 22 - - tx1ec2590baec746dda54d4-0069b1420e - 0.0145 - - 1773224462.203774929 1773224462.218267918 0
Mar 11 10:21:02 standalone container-server[122824]: 172.20.0.100 - - [11/Mar/2026:10:21:02 +0000] "HEAD /d1/16/AUTH_1312aadf1e3f4e0bb93891183167859c/gnocchi.27510928-4960-41ff-a84b-446e87580ddf" 404 - "HEAD http://localhost:8080/v1/AUTH_1312aadf1e3f4e0bb93891183167859c/gnocchi.27510928-4960-41ff-a84b-446e87580ddf?format=json&states=listing" "tx7bd1abfad5e3407bb9225-0069b1420e" "proxy-server 21" 0.0004 "-" 22 0
Mar 11 10:21:02 standalone object-server[123100]: 172.20.0.100 - - [11/Mar/2026:10:21:02 +0000] "GET /d1/1012/AUTH_1312aadf1e3f4e0bb93891183167859c/gnocchi.27510928-4960-41ff-a84b-446e87580ddf/none_v3" 404 70 "GET http://localhost:8080/v1/AUTH_1312aadf1e3f4e0bb93891183167859c/gnocchi.27510928-4960-41ff-a84b-446e87580ddf/none_v3" "tx7bd1abfad5e3407bb9225-0069b1420e" "proxy-server 21" 0.0003 "-" 25 0
Mar 11 10:21:02 standalone proxy-server[124928]: 172.18.0.2 ::1 11/Mar/2026/10/21/02 GET /v1/AUTH_1312aadf1e3f4e0bb93891183167859c/gnocchi.27510928-4960-41ff-a84b-446e87580ddf/none_v3 HTTP/1.0 404 - python-swiftclient-3.11.1 gAAAAABpsUFBUlv-... - 70 - tx7bd1abfad5e3407bb9225-0069b1420e - 0.0083 - - 1773224462.226673126 1773224462.235000849 0
Mar 11 10:21:02 standalone account-server[122617]: 172.20.0.100 - - [11/Mar/2026:10:21:02 +0000] "PUT /d1/267/AUTH_1312aadf1e3f4e0bb93891183167859c/gnocchi.27510928-4960-41ff-a84b-446e87580ddf" 201 - "PUT http://172.20.0.100:6001/d1/16/AUTH_1312aadf1e3f4e0bb93891183167859c/gnocchi.27510928-4960-41ff-a84b-446e87580ddf" "txdeffa14b6a5d4dbe9055d-0069b1420e" "container-server 20" 0.0039 "-" 21 0
Mar 11 10:21:02 standalone container-server[122820]: 172.20.0.100 - - [11/Mar/2026:10:21:02 +0000] "PUT /d1/16/AUTH_1312aadf1e3f4e0bb93891183167859c/gnocchi.27510928-4960-41ff-a84b-446e87580ddf" 201 - "PUT http://localhost:8080/v1/AUTH_1312aadf1e3f4e0bb93891183167859c/gnocchi.27510928-4960-41ff-a84b-446e87580ddf" "txdeffa14b6a5d4dbe9055d-0069b1420e" "proxy-server 21" 0.0115 "-" 20 0
Mar 11 10:21:02 standalone proxy-server[124928]: 172.18.0.2 ::1 11/Mar/2026/10/21/02 PUT /v1/AUTH_1312aadf1e3f4e0bb93891183167859c/gnocchi.27510928-4960-41ff-a84b-446e87580ddf HTTP/1.0 201 - python-swiftclient-3.11.1 gAAAAABpsUFBUlv-... - - - txdeffa14b6a5d4dbe9055d-0069b1420e - 0.0158 - - 1773224462.237491608 1773224462.253334999 0
Mar 11 10:21:02 standalone container-server[122823]: 172.20.0.100 - - [11/Mar/2026:10:21:02 +0000] "HEAD /d1/16/AUTH_1312aadf1e3f4e0bb93891183167859c/gnocchi.27510928-4960-41ff-a84b-446e87580ddf" 204 - "HEAD http://localhost:8080/v1/AUTH_1312aadf1e3f4e0bb93891183167859c/gnocchi.27510928-4960-41ff-a84b-446e87580ddf?format=json&states=listing" "tx325f02977927419499ebc-0069b1420e" "proxy-server 21" 0.0012 "-" 21 0
Mar 11 10:21:02 standalone proxy-server[124928]: - - 11/Mar/2026/10/21/02 HEAD /v1/AUTH_1312aadf1e3f4e0bb93891183167859c/gnocchi.27510928-4960-41ff-a84b-446e87580ddf%3Fformat%3Djson%26states%3Dlisting HTTP/1.0 204 - Swift - - - - tx325f02977927419499ebc-0069b1420e - 0.0041 RL - 1773224462.258177042 1773224462.262244940 0
Mar 11 10:21:02 standalone container-server[122835]: 172.20.0.100 - - [11/Mar/2026:10:21:02 +0000] "GET /d1/16/AUTH_1312aadf1e3f4e0bb93891183167859c/gnocchi.27510928-4960-41ff-a84b-446e87580ddf" 200 2 "GET http://localhost:8080/v1/AUTH_1312aadf1e3f4e0bb93891183167859c/gnocchi.27510928-4960-41ff-a84b-446e87580ddf?format=json&states=listing" "tx325f02977927419499ebc-0069b1420e" "proxy-server 21" 0.0018 "-" 23 0
Mar 11 10:21:02 standalone proxy-server[124928]: 172.18.0.2 ::1 11/Mar/2026/10/21/02 GET /v1/AUTH_1312aadf1e3f4e0bb93891183167859c/gnocchi.27510928-4960-41ff-a84b-446e87580ddf%3Fformat%3Djson%26states%3Dlisting HTTP/1.0 200 - python-swiftclient-3.11.1 gAAAAABpsUFBUlv-... - 2 - tx325f02977927419499ebc-0069b1420e - 0.0121 - - 1773224462.257040501 1773224462.269103289 0
Mar 11 10:21:02 standalone object-server[123100]: 172.20.0.100 - - [11/Mar/2026:10:21:02 +0000] "GET /d1/906/AUTH_1312aadf1e3f4e0bb93891183167859c/gnocchi.27510928-4960-41ff-a84b-446e87580ddf/1772280000.0_mean_300.0_v3" 404 70 "GET http://localhost:8080/v1/AUTH_1312aadf1e3f4e0bb93891183167859c/gnocchi.27510928-4960-41ff-a84b-446e87580ddf/1772280000.0_mean_300.0_v3" "tx9bec70c1295748a5859b8-0069b1420e" "proxy-server 21" 0.0003 "-" 25 0
Mar 11 10:21:02 standalone proxy-server[124928]: 172.18.0.2 ::1 11/Mar/2026/10/21/02 GET /v1/AUTH_1312aadf1e3f4e0bb93891183167859c/gnocchi.27510928-4960-41ff-a84b-446e87580ddf/1772280000.0_mean_300.0_v3 HTTP/1.0 404 - python-swiftclient-3.11.1 gAAAAABpsUFBUlv-... - 70 - tx9bec70c1295748a5859b8-0069b1420e - 0.0075 - - 1773224462.273297310 1773224462.280833960 0
Mar 11 10:21:02 standalone container-server[122824]: 172.20.0.100 - - [11/Mar/2026:10:21:02 +0000] "PUT /d1/16/AUTH_1312aadf1e3f4e0bb93891183167859c/gnocchi.27510928-4960-41ff-a84b-446e87580ddf/1772280000.0_mean_300.0_v3" 201 - "PUT http://localhost:8080/d1/906/AUTH_1312aadf1e3f4e0bb93891183167859c/gnocchi.27510928-4960-41ff-a84b-446e87580ddf/1772280000.0_mean_300.0_v3" "tx2d2db7a9d7b94e8fbf0d8-0069b1420e" "object-server 22" 0.0005 "-" 22 0
Mar 11 10:21:02 standalone object-server[123066]: 172.20.0.100 - - [11/Mar/2026:10:21:02 +0000] "PUT /d1/906/AUTH_1312aadf1e3f4e0bb93891183167859c/gnocchi.27510928-4960-41ff-a84b-446e87580ddf/1772280000.0_mean_300.0_v3" 201 - "PUT http://localhost:8080/v1/AUTH_1312aadf1e3f4e0bb93891183167859c/gnocchi.27510928-4960-41ff-a84b-446e87580ddf/1772280000.0_mean_300.0_v3" "tx2d2db7a9d7b94e8fbf0d8-0069b1420e" "proxy-server 21" 0.0104 "-" 22 0
Mar 11 10:21:02 standalone proxy-server[124928]: 172.18.0.2 ::1 11/Mar/2026/10/21/02 PUT /v1/AUTH_1312aadf1e3f4e0bb93891183167859c/gnocchi.27510928-4960-41ff-a84b-446e87580ddf/1772280000.0_mean_300.0_v3 HTTP/1.0 201 - python-swiftclient-3.11.1 gAAAAABpsUFBUlv-... 16 - - tx2d2db7a9d7b94e8fbf0d8-0069b1420e - 0.0164 - - 1773224462.285221577 1773224462.301631927 0
Mar 11 10:21:02 standalone container-server[122823]: 172.20.0.100 - - [11/Mar/2026:10:21:02 +0000] "PUT /d1/16/AUTH_1312aadf1e3f4e0bb93891183167859c/gnocchi.27510928-4960-41ff-a84b-446e87580ddf/none_v3" 201 - "PUT http://localhost:8080/d1/1012/AUTH_1312aadf1e3f4e0bb93891183167859c/gnocchi.27510928-4960-41ff-a84b-446e87580ddf/none_v3" "tx1e484aa3e5654481b9f34-0069b1420e" "object-server 23" 0.0005 "-" 21 0
Mar 11 10:21:02 standalone object-server[123070]: 172.20.0.100 - - [11/Mar/2026:10:21:02 +0000] "PUT /d1/1012/AUTH_1312aadf1e3f4e0bb93891183167859c/gnocchi.27510928-4960-41ff-a84b-446e87580ddf/none_v3" 201 - "PUT http://localhost:8080/v1/AUTH_1312aadf1e3f4e0bb93891183167859c/gnocchi.27510928-4960-41ff-a84b-446e87580ddf/none_v3" "tx1e484aa3e5654481b9f34-0069b1420e" "proxy-server 21" 0.0063 "-" 23 0
Mar 11 10:21:02 standalone proxy-server[124928]: 172.18.0.2 ::1 11/Mar/2026/10/21/02 PUT /v1/AUTH_1312aadf1e3f4e0bb93891183167859c/gnocchi.27510928-4960-41ff-a84b-446e87580ddf/none_v3 HTTP/1.0 201 - python-swiftclient-3.11.1 gAAAAABpsUFBUlv-... 22 - - tx1e484aa3e5654481b9f34-0069b1420e - 0.0111 - - 1773224462.304456711 1773224462.315596342 0
Mar 11 10:21:02 standalone container-server[122824]: 172.20.0.100 - - [11/Mar/2026:10:21:02 +0000] "HEAD /d1/185/AUTH_1312aadf1e3f4e0bb93891183167859c/gnocchi.1ee6c689-549a-4386-98a7-84331d71f235" 404 - "HEAD http://localhost:8080/v1/AUTH_1312aadf1e3f4e0bb93891183167859c/gnocchi.1ee6c689-549a-4386-98a7-84331d71f235?format=json&states=listing" "txe75a2080543f455680f01-0069b1420e" "proxy-server 21" 0.0004 "-" 22 0
Mar 11 10:21:02 standalone object-server[123070]: 172.20.0.100 - - [11/Mar/2026:10:21:02 +0000] "GET /d1/982/AUTH_1312aadf1e3f4e0bb93891183167859c/gnocchi.1ee6c689-549a-4386-98a7-84331d71f235/none_v3" 404 70 "GET http://localhost:8080/v1/AUTH_1312aadf1e3f4e0bb93891183167859c/gnocchi.1ee6c689-549a-4386-98a7-84331d71f235/none_v3" "txe75a2080543f455680f01-0069b1420e" "proxy-server 21" 0.0004 "-" 23 0
