Mar 11 10:21:02 standalone proxy-server[124928]: 172.18.0.2 ::1 11/Mar/2026/10/21/02 GET /v1/AUTH_1312aadf1e3f4e0bb93891183167859c/gnocchi.1ee6c689-549a-4386-98a7-84331d71f235/none_v3 HTTP/1.0 404 - python-swiftclient-3.11.1 gAAAAABpsUFBUlv-... - 70 - txe75a2080543f455680f01-0069b1420e - 0.0073 - - 1773224462.323524952 1773224462.330865622 0
Mar 11 10:21:02 standalone account-server[122617]: 172.20.0.100 - - [11/Mar/2026:10:21:02 +0000] "PUT /d1/267/AUTH_1312aadf1e3f4e0bb93891183167859c/gnocchi.1ee6c689-549a-4386-98a7-84331d71f235" 201 - "PUT http://172.20.0.100:6001/d1/185/AUTH_1312aadf1e3f4e0bb93891183167859c/gnocchi.1ee6c689-549a-4386-98a7-84331d71f235" "tx6ca2f37a4cb44e47ac556-0069b1420e" "container-server 21" 0.0051 "-" 21 0
Mar 11 10:21:02 standalone container-server[122823]: 172.20.0.100 - - [11/Mar/2026:10:21:02 +0000] "PUT /d1/185/AUTH_1312aadf1e3f4e0bb93891183167859c/gnocchi.1ee6c689-549a-4386-98a7-84331d71f235" 201 - "PUT http://localhost:8080/v1/AUTH_1312aadf1e3f4e0bb93891183167859c/gnocchi.1ee6c689-549a-4386-98a7-84331d71f235" "tx6ca2f37a4cb44e47ac556-0069b1420e" "proxy-server 21" 0.0149 "-" 21 0
Mar 11 10:21:02 standalone proxy-server[124928]: 172.18.0.2 ::1 11/Mar/2026/10/21/02 PUT /v1/AUTH_1312aadf1e3f4e0bb93891183167859c/gnocchi.1ee6c689-549a-4386-98a7-84331d71f235 HTTP/1.0 201 - python-swiftclient-3.11.1 gAAAAABpsUFBUlv-... - - - tx6ca2f37a4cb44e47ac556-0069b1420e - 0.0193 - - 1773224462.333644867 1773224462.352895737 0
Mar 11 10:21:02 standalone container-server[122824]: 172.20.0.100 - - [11/Mar/2026:10:21:02 +0000] "HEAD /d1/185/AUTH_1312aadf1e3f4e0bb93891183167859c/gnocchi.1ee6c689-549a-4386-98a7-84331d71f235" 204 - "HEAD http://localhost:8080/v1/AUTH_1312aadf1e3f4e0bb93891183167859c/gnocchi.1ee6c689-549a-4386-98a7-84331d71f235?format=json&states=listing" "txafb9ab780b3044cb9d82e-0069b1420e" "proxy-server 21" 0.0022 "-" 22 0
Mar 11 10:21:02 standalone proxy-server[124928]: - - 11/Mar/2026/10/21/02 HEAD /v1/AUTH_1312aadf1e3f4e0bb93891183167859c/gnocchi.1ee6c689-549a-4386-98a7-84331d71f235%3Fformat%3Djson%26states%3Dlisting HTTP/1.0 204 - Swift - - - - txafb9ab780b3044cb9d82e-0069b1420e - 0.0065 RL - 1773224462.358189821 1773224462.364680052 0
Mar 11 10:21:02 standalone container-server[122820]: 172.20.0.100 - - [11/Mar/2026:10:21:02 +0000] "GET /d1/185/AUTH_1312aadf1e3f4e0bb93891183167859c/gnocchi.1ee6c689-549a-4386-98a7-84331d71f235" 200 2 "GET http://localhost:8080/v1/AUTH_1312aadf1e3f4e0bb93891183167859c/gnocchi.1ee6c689-549a-4386-98a7-84331d71f235?format=json&states=listing" "txafb9ab780b3044cb9d82e-0069b1420e" "proxy-server 21" 0.0022 "-" 20 0
Mar 11 10:21:02 standalone proxy-server[124928]: 172.18.0.2 ::1 11/Mar/2026/10/21/02 GET /v1/AUTH_1312aadf1e3f4e0bb93891183167859c/gnocchi.1ee6c689-549a-4386-98a7-84331d71f235%3Fformat%3Djson%26states%3Dlisting HTTP/1.0 200 - python-swiftclient-3.11.1 gAAAAABpsUFBUlv-... - 2 - txafb9ab780b3044cb9d82e-0069b1420e - 0.0158 - - 1773224462.357102394 1773224462.372930765 0
Mar 11 10:21:02 standalone object-server[123066]: 172.20.0.100 - - [11/Mar/2026:10:21:02 +0000] "GET /d1/76/AUTH_1312aadf1e3f4e0bb93891183167859c/gnocchi.1ee6c689-549a-4386-98a7-84331d71f235/1772280000.0_mean_300.0_v3" 404 70 "GET http://localhost:8080/v1/AUTH_1312aadf1e3f4e0bb93891183167859c/gnocchi.1ee6c689-549a-4386-98a7-84331d71f235/1772280000.0_mean_300.0_v3" "txc4d5ea4c69b640a5ba91b-0069b1420e" "proxy-server 21" 0.0005 "-" 22 0
Mar 11 10:21:02 standalone proxy-server[124928]: 172.18.0.2 ::1 11/Mar/2026/10/21/02 GET /v1/AUTH_1312aadf1e3f4e0bb93891183167859c/gnocchi.1ee6c689-549a-4386-98a7-84331d71f235/1772280000.0_mean_300.0_v3 HTTP/1.0 404 - python-swiftclient-3.11.1 gAAAAABpsUFBUlv-... - 70 - txc4d5ea4c69b640a5ba91b-0069b1420e - 0.0052 - - 1773224462.377227545 1773224462.382452488 0
Mar 11 10:21:02 standalone container-server[122823]: 172.20.0.100 - - [11/Mar/2026:10:21:02 +0000] "PUT /d1/185/AUTH_1312aadf1e3f4e0bb93891183167859c/gnocchi.1ee6c689-549a-4386-98a7-84331d71f235/1772280000.0_mean_300.0_v3" 201 - "PUT http://localhost:8080/d1/76/AUTH_1312aadf1e3f4e0bb93891183167859c/gnocchi.1ee6c689-549a-4386-98a7-84331d71f235/1772280000.0_mean_300.0_v3" "tx4e2cb10031654978bf719-0069b1420e" "object-server 23" 0.0009 "-" 21 0
Mar 11 10:21:02 standalone object-server[123070]: 172.20.0.100 - - [11/Mar/2026:10:21:02 +0000] "PUT /d1/76/AUTH_1312aadf1e3f4e0bb93891183167859c/gnocchi.1ee6c689-549a-4386-98a7-84331d71f235/1772280000.0_mean_300.0_v3" 201 - "PUT http://localhost:8080/v1/AUTH_1312aadf1e3f4e0bb93891183167859c/gnocchi.1ee6c689-549a-4386-98a7-84331d71f235/1772280000.0_mean_300.0_v3" "tx4e2cb10031654978bf719-0069b1420e" "proxy-server 21" 0.0149 "-" 23 0
Mar 11 10:21:02 standalone proxy-server[124928]: 172.18.0.2 ::1 11/Mar/2026/10/21/02 PUT /v1/AUTH_1312aadf1e3f4e0bb93891183167859c/gnocchi.1ee6c689-549a-4386-98a7-84331d71f235/1772280000.0_mean_300.0_v3 HTTP/1.0 201 - python-swiftclient-3.11.1 gAAAAABpsUFBUlv-... 16 - - tx4e2cb10031654978bf719-0069b1420e - 0.0220 - - 1773224462.385367155 1773224462.407347918 0
Mar 11 10:21:02 standalone container-server[122823]: 172.20.0.100 - - [11/Mar/2026:10:21:02 +0000] "PUT /d1/185/AUTH_1312aadf1e3f4e0bb93891183167859c/gnocchi.1ee6c689-549a-4386-98a7-84331d71f235/none_v3" 201 - "PUT http://localhost:8080/d1/982/AUTH_1312aadf1e3f4e0bb93891183167859c/gnocchi.1ee6c689-549a-4386-98a7-84331d71f235/none_v3" "tx920d92bccd1a412593451-0069b1420e" "object-server 22" 0.0006 "-" 21 0
Mar 11 10:21:02 standalone object-server[123066]: 172.20.0.100 - - [11/Mar/2026:10:21:02 +0000] "PUT /d1/982/AUTH_1312aadf1e3f4e0bb93891183167859c/gnocchi.1ee6c689-549a-4386-98a7-84331d71f235/none_v3" 201 - "PUT http://localhost:8080/v1/AUTH_1312aadf1e3f4e0bb93891183167859c/gnocchi.1ee6c689-549a-4386-98a7-84331d71f235/none_v3" "tx920d92bccd1a412593451-0069b1420e" "proxy-server 21" 0.0080 "-" 22 0
Mar 11 10:21:02 standalone proxy-server[124928]: 172.18.0.2 ::1 11/Mar/2026/10/21/02 PUT /v1/AUTH_1312aadf1e3f4e0bb93891183167859c/gnocchi.1ee6c689-549a-4386-98a7-84331d71f235/none_v3 HTTP/1.0 201 - python-swiftclient-3.11.1 gAAAAABpsUFBUlv-... 22 - - tx920d92bccd1a412593451-0069b1420e - 0.0123 - - 1773224462.410857916 1773224462.423127413 0
Mar 11 10:21:02 standalone container-server[122820]: 172.20.0.100 - - [11/Mar/2026:10:21:02 +0000] "HEAD /d1/64/AUTH_1312aadf1e3f4e0bb93891183167859c/gnocchi.4952522f-6aca-4a48-892a-a6b51551262d" 404 - "HEAD http://localhost:8080/v1/AUTH_1312aadf1e3f4e0bb93891183167859c/gnocchi.4952522f-6aca-4a48-892a-a6b51551262d?format=json&states=listing" "tx4df0e2bdcae64b29b35b6-0069b1420e" "proxy-server 21" 0.0003 "-" 20 0
Mar 11 10:21:02 standalone object-server[123070]: 172.20.0.100 - - [11/Mar/2026:10:21:02 +0000] "GET /d1/111/AUTH_1312aadf1e3f4e0bb93891183167859c/gnocchi.4952522f-6aca-4a48-892a-a6b51551262d/none_v3" 404 70 "GET http://localhost:8080/v1/AUTH_1312aadf1e3f4e0bb93891183167859c/gnocchi.4952522f-6aca-4a48-892a-a6b51551262d/none_v3" "tx4df0e2bdcae64b29b35b6-0069b1420e" "proxy-server 21" 0.0005 "-" 23 0
Mar 11 10:21:02 standalone proxy-server[124928]: 172.18.0.2 ::1 11/Mar/2026/10/21/02 GET /v1/AUTH_1312aadf1e3f4e0bb93891183167859c/gnocchi.4952522f-6aca-4a48-892a-a6b51551262d/none_v3 HTTP/1.0 404 - python-swiftclient-3.11.1 gAAAAABpsUFBUlv-... - 70 - tx4df0e2bdcae64b29b35b6-0069b1420e - 0.0080 - - 1773224462.432838202 1773224462.440864801 0
Mar 11 10:21:02 standalone account-server[122635]: 172.20.0.100 - - [11/Mar/2026:10:21:02 +0000] "PUT /d1/267/AUTH_1312aadf1e3f4e0bb93891183167859c/gnocchi.4952522f-6aca-4a48-892a-a6b51551262d" 201 - "PUT http://172.20.0.100:6001/d1/64/AUTH_1312aadf1e3f4e0bb93891183167859c/gnocchi.4952522f-6aca-4a48-892a-a6b51551262d" "txf93ea908b79744239613b-0069b1420e" "container-server 21" 0.0044 "-" 23 0
Mar 11 10:21:02 standalone container-server[122823]: 172.20.0.100 - - [11/Mar/2026:10:21:02 +0000] "PUT /d1/64/AUTH_1312aadf1e3f4e0bb93891183167859c/gnocchi.4952522f-6aca-4a48-892a-a6b51551262d" 201 - "PUT http://localhost:8080/v1/AUTH_1312aadf1e3f4e0bb93891183167859c/gnocchi.4952522f-6aca-4a48-892a-a6b51551262d" "txf93ea908b79744239613b-0069b1420e" "proxy-server 21" 0.0139 "-" 21 0
Mar 11 10:21:02 standalone proxy-server[124928]: 172.18.0.2 ::1 11/Mar/2026/10/21/02 PUT /v1/AUTH_1312aadf1e3f4e0bb93891183167859c/gnocchi.4952522f-6aca-4a48-892a-a6b51551262d HTTP/1.0 201 - python-swiftclient-3.11.1 gAAAAABpsUFBUlv-... - - - txf93ea908b79744239613b-0069b1420e - 0.0182 - - 1773224462.443603992 1773224462.461805344 0
Mar 11 10:21:02 standalone container-server[122824]: 172.20.0.100 - - [11/Mar/2026:10:21:02 +0000] "HEAD /d1/64/AUTH_1312aadf1e3f4e0bb93891183167859c/gnocchi.4952522f-6aca-4a48-892a-a6b51551262d" 204 - "HEAD http://localhost:8080/v1/AUTH_1312aadf1e3f4e0bb93891183167859c/gnocchi.4952522f-6aca-4a48-892a-a6b51551262d?format=json&states=listing" "tx25f25e94b8b8482cac8f2-0069b1420e" "proxy-server 21" 0.0016 "-" 22 0
Mar 11 10:21:02 standalone proxy-server[124928]: - - 11/Mar/2026/10/21/02 HEAD /v1/AUTH_1312aadf1e3f4e0bb93891183167859c/gnocchi.4952522f-6aca-4a48-892a-a6b51551262d%3Fformat%3Djson%26states%3Dlisting HTTP/1.0 204 - Swift - - - - tx25f25e94b8b8482cac8f2-0069b1420e - 0.0049 RL - 1773224462.466680527 1773224462.471541643 0
Mar 11 10:21:02 standalone container-server[122823]: 172.20.0.100 - - [11/Mar/2026:10:21:02 +0000] "GET /d1/64/AUTH_1312aadf1e3f4e0bb93891183167859c/gnocchi.4952522f-6aca-4a48-892a-a6b51551262d" 200 2 "GET http://localhost:8080/v1/AUTH_1312aadf1e3f4e0bb93891183167859c/gnocchi.4952522f-6aca-4a48-892a-a6b51551262d?format=json&states=listing" "tx25f25e94b8b8482cac8f2-0069b1420e" "proxy-server 21" 0.0024 "-" 21 0
Mar 11 10:21:02 standalone proxy-server[124928]: 172.18.0.2 ::1 11/Mar/2026/10/21/02 GET /v1/AUTH_1312aadf1e3f4e0bb93891183167859c/gnocchi.4952522f-6aca-4a48-892a-a6b51551262d%3Fformat%3Djson%26states%3Dlisting HTTP/1.0 200 - python-swiftclient-3.11.1 gAAAAABpsUFBUlv-... - 2 - tx25f25e94b8b8482cac8f2-0069b1420e - 0.0141 - - 1773224462.465682745 1773224462.479829073 0
Mar 11 10:21:02 standalone object-server[123070]: 172.20.0.100 - - [11/Mar/2026:10:21:02 +0000] "GET /d1/112/AUTH_1312aadf1e3f4e0bb93891183167859c/gnocchi.4952522f-6aca-4a48-892a-a6b51551262d/1772280000.0_mean_300.0_v3" 404 70 "GET http://localhost:8080/v1/AUTH_1312aadf1e3f4e0bb93891183167859c/gnocchi.4952522f-6aca-4a48-892a-a6b51551262d/1772280000.0_mean_300.0_v3" "tx1ed709a7cf2542ecaaa1e-0069b1420e" "proxy-server 21" 0.0006 "-" 23 0
Mar 11 10:21:02 standalone proxy-server[124928]: 172.18.0.2 ::1 11/Mar/2026/10/21/02 GET /v1/AUTH_1312aadf1e3f4e0bb93891183167859c/gnocchi.4952522f-6aca-4a48-892a-a6b51551262d/1772280000.0_mean_300.0_v3 HTTP/1.0 404 - python-swiftclient-3.11.1 gAAAAABpsUFBUlv-... - 70 - tx1ed709a7cf2542ecaaa1e-0069b1420e - 0.0065 - - 1773224462.483592510 1773224462.490089655 0
Mar 11 10:21:02 standalone container-server[122823]: 172.20.0.100 - - [11/Mar/2026:10:21:02 +0000] "PUT /d1/64/AUTH_1312aadf1e3f4e0bb93891183167859c/gnocchi.4952522f-6aca-4a48-892a-a6b51551262d/1772280000.0_mean_300.0_v3" 201 - "PUT http://localhost:8080/d1/112/AUTH_1312aadf1e3f4e0bb93891183167859c/gnocchi.4952522f-6aca-4a48-892a-a6b51551262d/1772280000.0_mean_300.0_v3" "txaeab6f3601d4457fa8681-0069b1420e" "object-server 24" 0.0011 "-" 21 0
Mar 11 10:21:02 standalone object-server[123093]: 172.20.0.100 - - [11/Mar/2026:10:21:02 +0000] "PUT /d1/112/AUTH_1312aadf1e3f4e0bb93891183167859c/gnocchi.4952522f-6aca-4a48-892a-a6b51551262d/1772280000.0_mean_300.0_v3" 201 - "PUT http://localhost:8080/v1/AUTH_1312aadf1e3f4e0bb93891183167859c/gnocchi.4952522f-6aca-4a48-892a-a6b51551262d/1772280000.0_mean_300.0_v3" "txaeab6f3601d4457fa8681-0069b1420e" "proxy-server 21" 0.0107 "-" 24 0
Mar 11 10:21:02 standalone proxy-server[124928]: 172.18.0.2 ::1 11/Mar/2026/10/21/02 PUT /v1/AUTH_1312aadf1e3f4e0bb93891183167859c/gnocchi.4952522f-6aca-4a48-892a-a6b51551262d/1772280000.0_mean_300.0_v3 HTTP/1.0 201 - python-swiftclient-3.11.1 gAAAAABpsUFBUlv-... 16 - - txaeab6f3601d4457fa8681-0069b1420e - 0.0208 - - 1773224462.495102406 1773224462.515938282 0
Mar 11 10:21:02 standalone container-server[122824]: 172.20.0.100 - - [11/Mar/2026:10:21:02 +0000] "PUT /d1/64/AUTH_1312aadf1e3f4e0bb93891183167859c/gnocchi.4952522f-6aca-4a48-892a-a6b51551262d/none_v3" 201 - "PUT http://localhost:8080/d1/111/AUTH_1312aadf1e3f4e0bb93891183167859c/gnocchi.4952522f-6aca-4a48-892a-a6b51551262d/none_v3" "tx0203085df9b64ac9885fa-0069b1420e" "object-server 24" 0.0008 "-" 22 0
Mar 11 10:21:02 standalone object-server[123093]: 172.20.0.100 - - [11/Mar/2026:10:21:02 +0000] "PUT /d1/111/AUTH_1312aadf1e3f4e0bb93891183167859c/gnocchi.4952522f-6aca-4a48-892a-a6b51551262d/none_v3" 201 - "PUT http://localhost:8080/v1/AUTH_1312aadf1e3f4e0bb93891183167859c/gnocchi.4952522f-6aca-4a48-892a-a6b51551262d/none_v3" "tx0203085df9b64ac9885fa-0069b1420e" "proxy-server 21" 0.0101 "-" 24 0
Mar 11 10:21:02 standalone proxy-server[124928]: 172.18.0.2 ::1 11/Mar/2026/10/21/02 PUT /v1/AUTH_1312aadf1e3f4e0bb93891183167859c/gnocchi.4952522f-6aca-4a48-892a-a6b51551262d/none_v3 HTTP/1.0 201 - python-swiftclient-3.11.1 gAAAAABpsUFBUlv-... 22 - - tx0203085df9b64ac9885fa-0069b1420e - 0.0160 - - 1773224462.521246672 1773224462.537281513 0
Mar 11 10:21:02 standalone container-server[122835]: 172.20.0.100 - - [11/Mar/2026:10:21:02 +0000] "HEAD /d1/989/AUTH_1312aadf1e3f4e0bb93891183167859c/gnocchi.97d713cc-8104-48cf-ab59-8f33d1b3e9ea" 404 - "HEAD http://localhost:8080/v1/AUTH_1312aadf1e3f4e0bb93891183167859c/gnocchi.97d713cc-8104-48cf-ab59-8f33d1b3e9ea?format=json&states=listing" "txfb325726c356405f97dd0-0069b1420e" "proxy-server 21" 0.0004 "-" 23 0
Mar 11 10:21:02 standalone object-server[123070]: 172.20.0.100 - - [11/Mar/2026:10:21:02 +0000] "GET /d1/970/AUTH_1312aadf1e3f4e0bb93891183167859c/gnocchi.97d713cc-8104-48cf-ab59-8f33d1b3e9ea/none_v3" 404 70 "GET http://localhost:8080/v1/AUTH_1312aadf1e3f4e0bb93891183167859c/gnocchi.97d713cc-8104-48cf-ab59-8f33d1b3e9ea/none_v3" "txfb325726c356405f97dd0-0069b1420e" "proxy-server 21" 0.0007 "-" 23 0
Mar 11 10:21:02 standalone proxy-server[124928]: 172.18.0.2 ::1 11/Mar/2026/10/21/02 GET /v1/AUTH_1312aadf1e3f4e0bb93891183167859c/gnocchi.97d713cc-8104-48cf-ab59-8f33d1b3e9ea/none_v3 HTTP/1.0 404 - python-swiftclient-3.11.1 gAAAAABpsUFBUlv-... - 70 - txfb325726c356405f97dd0-0069b1420e - 0.0106 - - 1773224462.553542614 1773224462.564133167 0
Mar 11 10:21:02 standalone account-server[122625]: 172.20.0.100 - - [11/Mar/2026:10:21:02 +0000] "PUT /d1/267/AUTH_1312aadf1e3f4e0bb93891183167859c/gnocchi.97d713cc-8104-48cf-ab59-8f33d1b3e9ea" 201 - "PUT http://172.20.0.100:6001/d1/989/AUTH_1312aadf1e3f4e0bb93891183167859c/gnocchi.97d713cc-8104-48cf-ab59-8f33d1b3e9ea" "txbd26cec1be60412a8871c-0069b1420e" "container-server 21" 0.0052 "-" 22 0
Mar 11 10:21:02 standalone container-server[122823]: 172.20.0.100 - - [11/Mar/2026:10:21:02 +0000] "PUT /d1/989/AUTH_1312aadf1e3f4e0bb93891183167859c/gnocchi.97d713cc-8104-48cf-ab59-8f33d1b3e9ea" 201 - "PUT http://localhost:8080/v1/AUTH_1312aadf1e3f4e0bb93891183167859c/gnocchi.97d713cc-8104-48cf-ab59-8f33d1b3e9ea" "txbd26cec1be60412a8871c-0069b1420e" "proxy-server 21" 0.0155 "-" 21 0
Mar 11 10:21:02 standalone proxy-server[124928]: 172.18.0.2 ::1 11/Mar/2026/10/21/02 PUT /v1/AUTH_1312aadf1e3f4e0bb93891183167859c/gnocchi.97d713cc-8104-48cf-ab59-8f33d1b3e9ea HTTP/1.0 201 - python-swiftclient-3.11.1 gAAAAABpsUFBUlv-... - - - txbd26cec1be60412a8871c-0069b1420e - 0.0204 - - 1773224462.568182945 1773224462.588598490 0
Mar 11 10:21:02 standalone container-server[122835]: 172.20.0.100 - - [11/Mar/2026:10:21:02 +0000] "HEAD /d1/989/AUTH_1312aadf1e3f4e0bb93891183167859c/gnocchi.97d713cc-8104-48cf-ab59-8f33d1b3e9ea" 204 - "HEAD http://localhost:8080/v1/AUTH_1312aadf1e3f4e0bb93891183167859c/gnocchi.97d713cc-8104-48cf-ab59-8f33d1b3e9ea?format=json&states=listing" "tx5e4c5c50f89a45c1819d1-0069b1420e" "proxy-server 21" 0.0013 "-" 23 0
Mar 11 10:21:02 standalone proxy-server[124928]: - - 11/Mar/2026/10/21/02 HEAD /v1/AUTH_1312aadf1e3f4e0bb93891183167859c/gnocchi.97d713cc-8104-48cf-ab59-8f33d1b3e9ea%3Fformat%3Djson%26states%3Dlisting HTTP/1.0 204 - Swift - - - - tx5e4c5c50f89a45c1819d1-0069b1420e - 0.0049 RL - 1773224462.594402552 1773224462.599284172 0
Mar 11 10:21:02 standalone container-server[122835]: 172.20.0.100 - - [11/Mar/2026:10:21:02 +0000] "GET /d1/989/AUTH_1312aadf1e3f4e0bb93891183167859c/gnocchi.97d713cc-8104-48cf-ab59-8f33d1b3e9ea" 200 2 "GET http://localhost:8080/v1/AUTH_1312aadf1e3f4e0bb93891183167859c/gnocchi.97d713cc-8104-48cf-ab59-8f33d1b3e9ea?format=json&states=listing" "tx5e4c5c50f89a45c1819d1-0069b1420e" "proxy-server 21" 0.0015 "-" 23 0
Mar 11 10:21:02 standalone proxy-server[124928]: 172.18.0.2 ::1 11/Mar/2026/10/21/02 GET /v1/AUTH_1312aadf1e3f4e0bb93891183167859c/gnocchi.97d713cc-8104-48cf-ab59-8f33d1b3e9ea%3Fformat%3Djson%26states%3Dlisting HTTP/1.0 200 - python-swiftclient-3.11.1 gAAAAABpsUFBUlv-... - 2 - tx5e4c5c50f89a45c1819d1-0069b1420e - 0.0128 - - 1773224462.593412876 1773224462.606216669 0
Mar 11 10:21:02 standalone object-server[123066]: 172.20.0.100 - - [11/Mar/2026:10:21:02 +0000] "GET /d1/72/AUTH_1312aadf1e3f4e0bb93891183167859c/gnocchi.97d713cc-8104-48cf-ab59-8f33d1b3e9ea/1772280000.0_mean_300.0_v3" 404 70 "GET http://localhost:8080/v1/AUTH_1312aadf1e3f4e0bb93891183167859c/gnocchi.97d713cc-8104-48cf-ab59-8f33d1b3e9ea/1772280000.0_mean_300.0_v3" "tx71390ff68b294477b9ef4-0069b1420e" "proxy-server 21" 0.0005 "-" 22 0
Mar 11 10:21:02 standalone proxy-server[124928]: 172.18.0.2 ::1 11/Mar/2026/10/21/02 GET /v1/AUTH_1312aadf1e3f4e0bb93891183167859c/gnocchi.97d713cc-8104-48cf-ab59-8f33d1b3e9ea/1772280000.0_mean_300.0_v3 HTTP/1.0 404 - python-swiftclient-3.11.1 gAAAAABpsUFBUlv-... - 70 - tx71390ff68b294477b9ef4-0069b1420e - 0.0078 - - 1773224462.611452818 1773224462.619232178 0
Mar 11 10:21:02 standalone container-server[122823]: 172.20.0.100 - - [11/Mar/2026:10:21:02 +0000] "PUT /d1/989/AUTH_1312aadf1e3f4e0bb93891183167859c/gnocchi.97d713cc-8104-48cf-ab59-8f33d1b3e9ea/1772280000.0_mean_300.0_v3" 201 - "PUT http://localhost:8080/d1/72/AUTH_1312aadf1e3f4e0bb93891183167859c/gnocchi.97d713cc-8104-48cf-ab59-8f33d1b3e9ea/1772280000.0_mean_300.0_v3" "txc09771bae4fa45e6af470-0069b1420e" "object-server 22" 0.0007 "-" 21 0
Mar 11 10:21:02 standalone object-server[123066]: 172.20.0.100 - - [11/Mar/2026:10:21:02 +0000] "PUT /d1/72/AUTH_1312aadf1e3f4e0bb93891183167859c/gnocchi.97d713cc-8104-48cf-ab59-8f33d1b3e9ea/1772280000.0_mean_300.0_v3" 201 - "PUT http://localhost:8080/v1/AUTH_1312aadf1e3f4e0bb93891183167859c/gnocchi.97d713cc-8104-48cf-ab59-8f33d1b3e9ea/1772280000.0_mean_300.0_v3" "txc09771bae4fa45e6af470-0069b1420e" "proxy-server 21" 0.0096 "-" 22 0
Mar 11 10:21:02 standalone proxy-server[124928]: 172.18.0.2 ::1 11/Mar/2026/10/21/02 PUT /v1/AUTH_1312aadf1e3f4e0bb93891183167859c/gnocchi.97d713cc-8104-48cf-ab59-8f33d1b3e9ea/1772280000.0_mean_300.0_v3 HTTP/1.0 201 - python-swiftclient-3.11.1 gAAAAABpsUFBUlv-... 16 - - txc09771bae4fa45e6af470-0069b1420e - 0.0159 - - 1773224462.624733210 1773224462.640640020 0
Mar 11 10:21:02 standalone container-server[122835]: 172.20.0.100 - - [11/Mar/2026:10:21:02 +0000] "PUT /d1/989/AUTH_1312aadf1e3f4e0bb93891183167859c/gnocchi.97d713cc-8104-48cf-ab59-8f33d1b3e9ea/none_v3" 201 - "PUT http://localhost:8080/d1/970/AUTH_1312aadf1e3f4e0bb93891183167859c/gnocchi.97d713cc-8104-48cf-ab59-8f33d1b3e9ea/none_v3" "tx7a0d44d6df3d4eb6b48a7-0069b1420e" "object-server 24" 0.0008 "-" 23 0
Mar 11 10:21:02 standalone object-server[123093]: 172.20.0.100 - - [11/Mar/2026:10:21:02 +0000] "PUT /d1/970/AUTH_1312aadf1e3f4e0bb93891183167859c/gnocchi.97d713cc-8104-48cf-ab59-8f33d1b3e9ea/none_v3" 201 - "PUT http://localhost:8080/v1/AUTH_1312aadf1e3f4e0bb93891183167859c/gnocchi.97d713cc-8104-48cf-ab59-8f33d1b3e9ea/none_v3" "tx7a0d44d6df3d4eb6b48a7-0069b1420e" "proxy-server 21" 0.0088 "-" 24 0
Mar 11 10:21:02 standalone proxy-server[124928]: 172.18.0.2 ::1 11/Mar/2026/10/21/02 PUT /v1/AUTH_1312aadf1e3f4e0bb93891183167859c/gnocchi.97d713cc-8104-48cf-ab59-8f33d1b3e9ea/none_v3 HTTP/1.0 201 - python-swiftclient-3.11.1 gAAAAABpsUFBUlv-... 22 - - tx7a0d44d6df3d4eb6b48a7-0069b1420e - 0.0146 - - 1773224462.644860744 1773224462.659497499 0
Mar 11 10:21:02 standalone container-server[122823]: 172.20.0.100 - - [11/Mar/2026:10:21:02 +0000] "HEAD /d1/305/AUTH_1312aadf1e3f4e0bb93891183167859c/gnocchi.aba1e853-3cff-47ef-a3ae-ef7edcd719bf" 404 - "HEAD http://localhost:8080/v1/AUTH_1312aadf1e3f4e0bb93891183167859c/gnocchi.aba1e853-3cff-47ef-a3ae-ef7edcd719bf?format=json&states=listing" "txcd9fb8ef52c64594b932c-0069b1420e" "proxy-server 21" 0.0003 "-" 21 0
Mar 11 10:21:02 standalone object-server[123066]: 172.20.0.100 - - [11/Mar/2026:10:21:02 +0000] "GET /d1/704/AUTH_1312aadf1e3f4e0bb93891183167859c/gnocchi.aba1e853-3cff-47ef-a3ae-ef7edcd719bf/none_v3" 404 70 "GET http://localhost:8080/v1/AUTH_1312aadf1e3f4e0bb93891183167859c/gnocchi.aba1e853-3cff-47ef-a3ae-ef7edcd719bf/none_v3" "txcd9fb8ef52c64594b932c-0069b1420e" "proxy-server 21" 0.0004 "-" 22 0
Mar 11 10:21:02 standalone proxy-server[124928]: 172.18.0.2 ::1 11/Mar/2026/10/21/02 GET /v1/AUTH_1312aadf1e3f4e0bb93891183167859c/gnocchi.aba1e853-3cff-47ef-a3ae-ef7edcd719bf/none_v3 HTTP/1.0 404 - python-swiftclient-3.11.1 gAAAAABpsUFBUlv-... - 70 - txcd9fb8ef52c64594b932c-0069b1420e - 0.0122 - - 1773224462.676975012 1773224462.689172745 0
Mar 11 10:21:02 standalone account-server[122610]: 172.20.0.100 - - [11/Mar/2026:10:21:02 +0000] "PUT /d1/267/AUTH_1312aadf1e3f4e0bb93891183167859c/gnocchi.aba1e853-3cff-47ef-a3ae-ef7edcd719bf" 201 - "PUT http://172.20.0.100:6001/d1/305/AUTH_1312aadf1e3f4e0bb93891183167859c/gnocchi.aba1e853-3cff-47ef-a3ae-ef7edcd719bf" "tx5091bb7de44841f895656-0069b1420e" "container-server 22" 0.0057 "-" 20 0
Mar 11 10:21:02 standalone container-server[122824]: 172.20.0.100 - - [11/Mar/2026:10:21:02 +0000] "PUT /d1/305/AUTH_1312aadf1e3f4e0bb93891183167859c/gnocchi.aba1e853-3cff-47ef-a3ae-ef7edcd719bf" 201 - "PUT http://localhost:8080/v1/AUTH_1312aadf1e3f4e0bb93891183167859c/gnocchi.aba1e853-3cff-47ef-a3ae-ef7edcd719bf" "tx5091bb7de44841f895656-0069b1420e" "proxy-server 21" 0.0179 "-" 22 0
Mar 11 10:21:02 standalone proxy-server[124928]: 172.18.0.2 ::1 11/Mar/2026/10/21/02 PUT /v1/AUTH_1312aadf1e3f4e0bb93891183167859c/gnocchi.aba1e853-3cff-47ef-a3ae-ef7edcd719bf HTTP/1.0 201 - python-swiftclient-3.11.1 gAAAAABpsUFBUlv-... - - - tx5091bb7de44841f895656-0069b1420e - 0.0239 - - 1773224462.694046259 1773224462.717983961 0
Mar 11 10:21:02 standalone container-server[122823]: 172.20.0.100 - - [11/Mar/2026:10:21:02 +0000] "HEAD /d1/305/AUTH_1312aadf1e3f4e0bb93891183167859c/gnocchi.aba1e853-3cff-47ef-a3ae-ef7edcd719bf" 204 - "HEAD http://localhost:8080/v1/AUTH_1312aadf1e3f4e0bb93891183167859c/gnocchi.aba1e853-3cff-47ef-a3ae-ef7edcd719bf?format=json&states=listing" "tx98eb88788e284a23ac973-0069b1420e" "proxy-server 21" 0.0011 "-" 21 0
Mar 11 10:21:02 standalone proxy-server[124928]: - - 11/Mar/2026/10/21/02 HEAD /v1/AUTH_1312aadf1e3f4e0bb93891183167859c/gnocchi.aba1e853-3cff-47ef-a3ae-ef7edcd719bf%3Fformat%3Djson%26states%3Dlisting HTTP/1.0 204 - Swift - - - - tx98eb88788e284a23ac973-0069b1420e - 0.0043 RL - 1773224462.724023342 1773224462.728322744 0
Mar 11 10:21:02 standalone container-server[122835]: 172.20.0.100 - - [11/Mar/2026:10:21:02 +0000] "GET /d1/305/AUTH_1312aadf1e3f4e0bb93891183167859c/gnocchi.aba1e853-3cff-47ef-a3ae-ef7edcd719bf" 200 2 "GET http://localhost:8080/v1/AUTH_1312aadf1e3f4e0bb93891183167859c/gnocchi.aba1e853-3cff-47ef-a3ae-ef7edcd719bf?format=json&states=listing" "tx98eb88788e284a23ac973-0069b1420e" "proxy-server 21" 0.0034 "-" 23 0
Mar 11 10:21:02 standalone proxy-server[124928]: 172.18.0.2 ::1 11/Mar/2026/10/21/02 GET /v1/AUTH_1312aadf1e3f4e0bb93891183167859c/gnocchi.aba1e853-3cff-47ef-a3ae-ef7edcd719bf%3Fformat%3Djson%26states%3Dlisting HTTP/1.0 200 - python-swiftclient-3.11.1 gAAAAABpsUFBUlv-... - 2 - tx98eb88788e284a23ac973-0069b1420e - 0.0159 - - 1773224462.722782135 1773224462.738650322 0
Mar 11 10:21:02 standalone object-server[123070]: 172.20.0.100 - - [11/Mar/2026:10:21:02 +0000] "GET /d1/89/AUTH_1312aadf1e3f4e0bb93891183167859c/gnocchi.aba1e853-3cff-47ef-a3ae-ef7edcd719bf/1772280000.0_mean_300.0_v3" 404 70 "GET http://localhost:8080/v1/AUTH_1312aadf1e3f4e0bb93891183167859c/gnocchi.aba1e853-3cff-47ef-a3ae-ef7edcd719bf/1772280000.0_mean_300.0_v3" "tx023b9a69f4294ccea541f-0069b1420e" "proxy-server 21" 0.0005 "-" 23 0
Mar 11 10:21:02 standalone proxy-server[124928]: 172.18.0.2 ::1 11/Mar/2026/10/21/02 GET /v1/AUTH_1312aadf1e3f4e0bb93891183167859c/gnocchi.aba1e853-3cff-47ef-a3ae-ef7edcd719bf/1772280000.0_mean_300.0_v3 HTTP/1.0 404 - python-swiftclient-3.11.1 gAAAAABpsUFBUlv-... - 70 - tx023b9a69f4294ccea541f-0069b1420e - 0.0064 - - 1773224462.742955208 1773224462.749306440 0
Mar 11 10:21:02 standalone container-server[122835]: 172.20.0.100 - - [11/Mar/2026:10:21:02 +0000] "PUT /d1/305/AUTH_1312aadf1e3f4e0bb93891183167859c/gnocchi.aba1e853-3cff-47ef-a3ae-ef7edcd719bf/1772280000.0_mean_300.0_v3" 201 - "PUT http://localhost:8080/d1/89/AUTH_1312aadf1e3f4e0bb93891183167859c/gnocchi.aba1e853-3cff-47ef-a3ae-ef7edcd719bf/1772280000.0_mean_300.0_v3" "tx36be027acfb54d69878c2-0069b1420e" "object-server 22" 0.0006 "-" 23 0
Mar 11 10:21:02 standalone object-server[123066]: 172.20.0.100 - - [11/Mar/2026:10:21:02 +0000] "PUT /d1/89/AUTH_1312aadf1e3f4e0bb93891183167859c/gnocchi.aba1e853-3cff-47ef-a3ae-ef7edcd719bf/1772280000.0_mean_300.0_v3" 201 - "PUT http://localhost:8080/v1/AUTH_1312aadf1e3f4e0bb93891183167859c/gnocchi.aba1e853-3cff-47ef-a3ae-ef7edcd719bf/1772280000.0_mean_300.0_v3" "tx36be027acfb54d69878c2-0069b1420e" "proxy-server 21" 0.0093 "-" 22 0
Mar 11 10:21:02 standalone proxy-server[124928]: 172.18.0.2 ::1 11/Mar/2026/10/21/02 PUT /v1/AUTH_1312aadf1e3f4e0bb93891183167859c/gnocchi.aba1e853-3cff-47ef-a3ae-ef7edcd719bf/1772280000.0_mean_300.0_v3 HTTP/1.0 201 - python-swiftclient-3.11.1 gAAAAABpsUFBUlv-... 16 - - tx36be027acfb54d69878c2-0069b1420e - 0.0148 - - 1773224462.752677917 1773224462.767490149 0
Mar 11 10:21:02 standalone container-server[122820]: 172.20.0.100 - - [11/Mar/2026:10:21:02 +0000] "PUT /d1/305/AUTH_1312aadf1e3f4e0bb93891183167859c/gnocchi.aba1e853-3cff-47ef-a3ae-ef7edcd719bf/none_v3" 201 - "PUT http://localhost:8080/d1/704/AUTH_1312aadf1e3f4e0bb93891183167859c/gnocchi.aba1e853-3cff-47ef-a3ae-ef7edcd719bf/none_v3" "txae36e7e427ac4c379c9bd-0069b1420e" "object-server 24" 0.0006 "-" 20 0
Mar 11 10:21:02 standalone object-server[123093]: 172.20.0.100 - - [11/Mar/2026:10:21:02 +0000] "PUT /d1/704/AUTH_1312aadf1e3f4e0bb93891183167859c/gnocchi.aba1e853-3cff-47ef-a3ae-ef7edcd719bf/none_v3" 201 - "PUT http://localhost:8080/v1/AUTH_1312aadf1e3f4e0bb93891183167859c/gnocchi.aba1e853-3cff-47ef-a3ae-ef7edcd719bf/none_v3" "txae36e7e427ac4c379c9bd-0069b1420e" "proxy-server 21" 0.0125 "-" 24 0
Mar 11 10:21:02 standalone proxy-server[124928]: 172.18.0.2 ::1 11/Mar/2026/10/21/02 PUT /v1/AUTH_1312aadf1e3f4e0bb93891183167859c/gnocchi.aba1e853-3cff-47ef-a3ae-ef7edcd719bf/none_v3 HTTP/1.0 201 - python-swiftclient-3.11.1 gAAAAABpsUFBUlv-... 22 - - txae36e7e427ac4c379c9bd-0069b1420e - 0.0192 - - 1773224462.770465374 1773224462.789618731 0
Mar 11 10:21:02 standalone container-server[122824]: 172.20.0.100 - - [11/Mar/2026:10:21:02 +0000] "HEAD /d1/701/AUTH_1312aadf1e3f4e0bb93891183167859c/gnocchi.f5e4973c-15ae-44ee-b1f9-fc39cbf3f541" 404 - "HEAD http://localhost:8080/v1/AUTH_1312aadf1e3f4e0bb93891183167859c/gnocchi.f5e4973c-15ae-44ee-b1f9-fc39cbf3f541?format=json&states=listing" "tx57789449e23340deb9791-0069b1420e" "proxy-server 21" 0.0007 "-" 22 0
Mar 11 10:21:02 standalone object-server[123070]: 172.20.0.100 - - [11/Mar/2026:10:21:02 +0000] "GET /d1/632/AUTH_1312aadf1e3f4e0bb93891183167859c/gnocchi.f5e4973c-15ae-44ee-b1f9-fc39cbf3f541/none_v3" 404 70 "GET http://localhost:8080/v1/AUTH_1312aadf1e3f4e0bb93891183167859c/gnocchi.f5e4973c-15ae-44ee-b1f9-fc39cbf3f541/none_v3" "tx57789449e23340deb9791-0069b1420e" "proxy-server 21" 0.0004 "-" 23 0
Mar 11 10:21:02 standalone proxy-server[124928]: 172.18.0.2 ::1 11/Mar/2026/10/21/02 GET /v1/AUTH_1312aadf1e3f4e0bb93891183167859c/gnocchi.f5e4973c-15ae-44ee-b1f9-fc39cbf3f541/none_v3 HTTP/1.0 404 - python-swiftclient-3.11.1 gAAAAABpsUFBUlv-... - 70 - tx57789449e23340deb9791-0069b1420e - 0.0100 - - 1773224462.801362753 1773224462.811354160 0
Mar 11 10:21:02 standalone account-server[122617]: 172.20.0.100 - - [11/Mar/2026:10:21:02 +0000] "PUT /d1/267/AUTH_1312aadf1e3f4e0bb93891183167859c/gnocchi.f5e4973c-15ae-44ee-b1f9-fc39cbf3f541" 201 - "PUT http://172.20.0.100:6001/d1/701/AUTH_1312aadf1e3f4e0bb93891183167859c/gnocchi.f5e4973c-15ae-44ee-b1f9-fc39cbf3f541" "tx6479a9dd3b1540e581b35-0069b1420e" "container-server 22" 0.0050 "-" 21 0
Mar 11 10:21:02 standalone container-server[122824]: 172.20.0.100 - - [11/Mar/2026:10:21:02 +0000] "PUT /d1/701/AUTH_1312aadf1e3f4e0bb93891183167859c/gnocchi.f5e4973c-15ae-44ee-b1f9-fc39cbf3f541" 201 - "PUT http://localhost:8080/v1/AUTH_1312aadf1e3f4e0bb93891183167859c/gnocchi.f5e4973c-15ae-44ee-b1f9-fc39cbf3f541" "tx6479a9dd3b1540e581b35-0069b1420e" "proxy-server 21" 0.0169 "-" 22 0
Mar 11 10:21:02 standalone proxy-server[124928]: 172.18.0.2 ::1 11/Mar/2026/10/21/02 PUT /v1/AUTH_1312aadf1e3f4e0bb93891183167859c/gnocchi.f5e4973c-15ae-44ee-b1f9-fc39cbf3f541 HTTP/1.0 201 - python-swiftclient-3.11.1 gAAAAABpsUFBUlv-... - - - tx6479a9dd3b1540e581b35-0069b1420e - 0.0214 - - 1773224462.814599752 1773224462.836030483 0
Mar 11 10:21:02 standalone container-server[122820]: 172.20.0.100 - - [11/Mar/2026:10:21:02 +0000] "HEAD /d1/701/AUTH_1312aadf1e3f4e0bb93891183167859c/gnocchi.f5e4973c-15ae-44ee-b1f9-fc39cbf3f541" 204 - "HEAD http://localhost:8080/v1/AUTH_1312aadf1e3f4e0bb93891183167859c/gnocchi.f5e4973c-15ae-44ee-b1f9-fc39cbf3f541?format=json&states=listing" "tx1852116a5bdf4275809db-0069b1420e" "proxy-server 21" 0.0013 "-" 20 0
Mar 11 10:21:02 standalone proxy-server[124928]: - - 11/Mar/2026/10/21/02 HEAD /v1/AUTH_1312aadf1e3f4e0bb93891183167859c/gnocchi.f5e4973c-15ae-44ee-b1f9-fc39cbf3f541%3Fformat%3Djson%26states%3Dlisting HTTP/1.0 204 - Swift - - - - tx1852116a5bdf4275809db-0069b1420e - 0.0041 RL - 1773224462.840841770 1773224462.844989538 0
Mar 11 10:21:02 standalone container-server[122820]: 172.20.0.100 - - [11/Mar/2026:10:21:02 +0000] "GET /d1/701/AUTH_1312aadf1e3f4e0bb93891183167859c/gnocchi.f5e4973c-15ae-44ee-b1f9-fc39cbf3f541" 200 2 "GET http://localhost:8080/v1/AUTH_1312aadf1e3f4e0bb93891183167859c/gnocchi.f5e4973c-15ae-44ee-b1f9-fc39cbf3f541?format=json&states=listing" "tx1852116a5bdf4275809db-0069b1420e" "proxy-server 21" 0.0017 "-" 20 0
Mar 11 10:21:02 standalone proxy-server[124928]: 172.18.0.2 ::1 11/Mar/2026/10/21/02 GET /v1/AUTH_1312aadf1e3f4e0bb93891183167859c/gnocchi.f5e4973c-15ae-44ee-b1f9-fc39cbf3f541%3Fformat%3Djson%26states%3Dlisting HTTP/1.0 200 - python-swiftclient-3.11.1 gAAAAABpsUFBUlv-... - 2 - tx1852116a5bdf4275809db-0069b1420e - 0.0125 - - 1773224462.839642525 1773224462.852132559 0
Mar 11 10:21:02 standalone object-server[123066]: 172.20.0.100 - - [11/Mar/2026:10:21:02 +0000] "GET /d1/823/AUTH_1312aadf1e3f4e0bb93891183167859c/gnocchi.f5e4973c-15ae-44ee-b1f9-fc39cbf3f541/1772280000.0_mean_300.0_v3" 404 70 "GET http://localhost:8080/v1/AUTH_1312aadf1e3f4e0bb93891183167859c/gnocchi.f5e4973c-15ae-44ee-b1f9-fc39cbf3f541/1772280000.0_mean_300.0_v3" "txd21f03d0c1d349dabebda-0069b1420e" "proxy-server 21" 0.0004 "-" 22 0
Mar 11 10:21:02 standalone proxy-server[124928]: 172.18.0.2 ::1 11/Mar/2026/10/21/02 GET /v1/AUTH_1312aadf1e3f4e0bb93891183167859c/gnocchi.f5e4973c-15ae-44ee-b1f9-fc39cbf3f541/1772280000.0_mean_300.0_v3 HTTP/1.0 404 - python-swiftclient-3.11.1 gAAAAABpsUFBUlv-... - 70 - txd21f03d0c1d349dabebda-0069b1420e - 0.0050 - - 1773224462.855863571 1773224462.860896349 0
Mar 11 10:21:02 standalone container-server[122824]: 172.20.0.100 - - [11/Mar/2026:10:21:02 +0000] "PUT /d1/701/AUTH_1312aadf1e3f4e0bb93891183167859c/gnocchi.f5e4973c-15ae-44ee-b1f9-fc39cbf3f541/1772280000.0_mean_300.0_v3" 201 - "PUT http://localhost:8080/d1/823/AUTH_1312aadf1e3f4e0bb93891183167859c/gnocchi.f5e4973c-15ae-44ee-b1f9-fc39cbf3f541/1772280000.0_mean_300.0_v3" "txbd2602918dfe4ce29fb0c-0069b1420e" "object-server 23" 0.0006 "-" 22 0
Mar 11 10:21:02 standalone object-server[123070]: 172.20.0.100 - - [11/Mar/2026:10:21:02 +0000] "PUT /d1/823/AUTH_1312aadf1e3f4e0bb93891183167859c/gnocchi.f5e4973c-15ae-44ee-b1f9-fc39cbf3f541/1772280000.0_mean_300.0_v3" 201 - "PUT http://localhost:8080/v1/AUTH_1312aadf1e3f4e0bb93891183167859c/gnocchi.f5e4973c-15ae-44ee-b1f9-fc39cbf3f541/1772280000.0_mean_300.0_v3" "txbd2602918dfe4ce29fb0c-0069b1420e" "proxy-server 21" 0.0163 "-" 23 0
Mar 11 10:21:02 standalone proxy-server[124928]: 172.18.0.2 ::1 11/Mar/2026/10/21/02 PUT /v1/AUTH_1312aadf1e3f4e0bb93891183167859c/gnocchi.f5e4973c-15ae-44ee-b1f9-fc39cbf3f541/1772280000.0_mean_300.0_v3 HTTP/1.0 201 - python-swiftclient-3.11.1 gAAAAABpsUFBUlv-... 16 - - txbd2602918dfe4ce29fb0c-0069b1420e - 0.0217 - - 1773224462.864383698 1773224462.886101007 0
Mar 11 10:21:02 standalone container-server[122823]: 172.20.0.100 - - [11/Mar/2026:10:21:02 +0000] "PUT /d1/701/AUTH_1312aadf1e3f4e0bb93891183167859c/gnocchi.f5e4973c-15ae-44ee-b1f9-fc39cbf3f541/none_v3" 201 - "PUT http://localhost:8080/d1/632/AUTH_1312aadf1e3f4e0bb93891183167859c/gnocchi.f5e4973c-15ae-44ee-b1f9-fc39cbf3f541/none_v3" "txbcb1c0f9bb06446d8c7e8-0069b1420e" "object-server 22" 0.0008 "-" 21 0
Mar 11 10:21:02 standalone object-server[123066]: 172.20.0.100 - - [11/Mar/2026:10:21:02 +0000] "PUT /d1/632/AUTH_1312aadf1e3f4e0bb93891183167859c/gnocchi.f5e4973c-15ae-44ee-b1f9-fc39cbf3f541/none_v3" 201 - "PUT http://localhost:8080/v1/AUTH_1312aadf1e3f4e0bb93891183167859c/gnocchi.f5e4973c-15ae-44ee-b1f9-fc39cbf3f541/none_v3" "txbcb1c0f9bb06446d8c7e8-0069b1420e" "proxy-server 21" 0.0117 "-" 22 0
Mar 11 10:21:02 standalone proxy-server[124928]: 172.18.0.2 ::1 11/Mar/2026/10/21/02 PUT /v1/AUTH_1312aadf1e3f4e0bb93891183167859c/gnocchi.f5e4973c-15ae-44ee-b1f9-fc39cbf3f541/none_v3 HTTP/1.0 201 - python-swiftclient-3.11.1 gAAAAABpsUFBUlv-... 22 - - txbcb1c0f9bb06446d8c7e8-0069b1420e - 0.0171 - - 1773224462.889156580 1773224462.906239510 0
Mar 11 10:21:02 standalone container-server[122835]: 172.20.0.100 - - [11/Mar/2026:10:21:02 +0000] "HEAD /d1/969/AUTH_1312aadf1e3f4e0bb93891183167859c/gnocchi.87a05cd1-d468-4419-ad94-7383a42e7a43" 404 - "HEAD http://localhost:8080/v1/AUTH_1312aadf1e3f4e0bb93891183167859c/gnocchi.87a05cd1-d468-4419-ad94-7383a42e7a43?format=json&states=listing" "tx2ffdcf85d4b2486693b20-0069b1420e" "proxy-server 21" 0.0007 "-" 23 0
Mar 11 10:21:02 standalone object-server[123070]: 172.20.0.100 - - [11/Mar/2026:10:21:02 +0000] "GET /d1/567/AUTH_1312aadf1e3f4e0bb93891183167859c/gnocchi.87a05cd1-d468-4419-ad94-7383a42e7a43/none_v3" 404 70 "GET http://localhost:8080/v1/AUTH_1312aadf1e3f4e0bb93891183167859c/gnocchi.87a05cd1-d468-4419-ad94-7383a42e7a43/none_v3" "tx2ffdcf85d4b2486693b20-0069b1420e" "proxy-server 21" 0.0004 "-" 23 0
Mar 11 10:21:02 standalone proxy-server[124928]: 172.18.0.2 ::1 11/Mar/2026/10/21/02 GET /v1/AUTH_1312aadf1e3f4e0bb93891183167859c/gnocchi.87a05cd1-d468-4419-ad94-7383a42e7a43/none_v3 HTTP/1.0 404 - python-swiftclient-3.11.1 gAAAAABpsUFBUlv-... - 70 - tx2ffdcf85d4b2486693b20-0069b1420e - 0.0092 - - 1773224462.920623064 1773224462.929825544 0
Mar 11 10:21:02 standalone account-server[122610]: 172.20.0.100 - - [11/Mar/2026:10:21:02 +0000] "PUT /d1/267/AUTH_1312aadf1e3f4e0bb93891183167859c/gnocchi.87a05cd1-d468-4419-ad94-7383a42e7a43" 201 - "PUT http://172.20.0.100:6001/d1/969/AUTH_1312aadf1e3f4e0bb93891183167859c/gnocchi.87a05cd1-d468-4419-ad94-7383a42e7a43" "tx69d2733358c24b62b794c-0069b1420e" "container-server 23" 0.0054 "-" 20 0
Mar 11 10:21:02 standalone container-server[122835]: 172.20.0.100 - - [11/Mar/2026:10:21:02 +0000] "PUT /d1/969/AUTH_1312aadf1e3f4e0bb93891183167859c/gnocchi.87a05cd1-d468-4419-ad94-7383a42e7a43" 201 - "PUT http://localhost:8080/v1/AUTH_1312aadf1e3f4e0bb93891183167859c/gnocchi.87a05cd1-d468-4419-ad94-7383a42e7a43" "tx69d2733358c24b62b794c-0069b1420e" "proxy-server 21" 0.0183 "-" 23 0
Mar 11 10:21:02 standalone proxy-server[124928]: 172.18.0.2 ::1 11/Mar/2026/10/21/02 PUT /v1/AUTH_1312aadf1e3f4e0bb93891183167859c/gnocchi.87a05cd1-d468-4419-ad94-7383a42e7a43 HTTP/1.0 201 - python-swiftclient-3.11.1 gAAAAABpsUFBUlv-... - - - tx69d2733358c24b62b794c-0069b1420e - 0.0235 - - 1773224462.934032917 1773224462.957538366 0
Mar 11 10:21:02 standalone container-server[122835]: 172.20.0.100 - - [11/Mar/2026:10:21:02 +0000] "HEAD /d1/969/AUTH_1312aadf1e3f4e0bb93891183167859c/gnocchi.87a05cd1-d468-4419-ad94-7383a42e7a43" 204 - "HEAD http://localhost:8080/v1/AUTH_1312aadf1e3f4e0bb93891183167859c/gnocchi.87a05cd1-d468-4419-ad94-7383a42e7a43?format=json&states=listing" "tx737cf9795d2a4794b1650-0069b1420e" "proxy-server 21" 0.0015 "-" 23 0
Mar 11 10:21:02 standalone proxy-server[124928]: - - 11/Mar/2026/10/21/02 HEAD /v1/AUTH_1312aadf1e3f4e0bb93891183167859c/gnocchi.87a05cd1-d468-4419-ad94-7383a42e7a43%3Fformat%3Djson%26states%3Dlisting HTTP/1.0 204 - Swift - - - - tx737cf9795d2a4794b1650-0069b1420e - 0.0054 RL - 1773224462.964079380 1773224462.969501495 0
Mar 11 10:21:02 standalone container-server[122823]: 172.20.0.100 - - [11/Mar/2026:10:21:02 +0000] "GET /d1/969/AUTH_1312aadf1e3f4e0bb93891183167859c/gnocchi.87a05cd1-d468-4419-ad94-7383a42e7a43" 200 2 "GET http://localhost:8080/v1/AUTH_1312aadf1e3f4e0bb93891183167859c/gnocchi.87a05cd1-d468-4419-ad94-7383a42e7a43?format=json&states=listing" "tx737cf9795d2a4794b1650-0069b1420e" "proxy-server 21" 0.0032 "-" 21 0
Mar 11 10:21:02 standalone proxy-server[124928]: 172.18.0.2 ::1 11/Mar/2026/10/21/02 GET /v1/AUTH_1312aadf1e3f4e0bb93891183167859c/gnocchi.87a05cd1-d468-4419-ad94-7383a42e7a43%3Fformat%3Djson%26states%3Dlisting HTTP/1.0 200 - python-swiftclient-3.11.1 gAAAAABpsUFBUlv-... - 2 - tx737cf9795d2a4794b1650-0069b1420e - 0.0161 - - 1773224462.962693691 1773224462.978750229 0
Mar 11 10:21:02 standalone object-server[123100]: 172.20.0.100 - - [11/Mar/2026:10:21:02 +0000] "GET /d1/897/AUTH_1312aadf1e3f4e0bb93891183167859c/gnocchi.87a05cd1-d468-4419-ad94-7383a42e7a43/1772280000.0_mean_300.0_v3" 404 70 "GET http://localhost:8080/v1/AUTH_1312aadf1e3f4e0bb93891183167859c/gnocchi.87a05cd1-d468-4419-ad94-7383a42e7a43/1772280000.0_mean_300.0_v3" "tx0af62233c8bd492291951-0069b1420e" "proxy-server 21" 0.0005 "-" 25 0
Mar 11 10:21:02 standalone proxy-server[124928]: 172.18.0.2 ::1 11/Mar/2026/10/21/02 GET /v1/AUTH_1312aadf1e3f4e0bb93891183167859c/gnocchi.87a05cd1-d468-4419-ad94-7383a42e7a43/1772280000.0_mean_300.0_v3 HTTP/1.0 404 - python-swiftclient-3.11.1 gAAAAABpsUFBUlv-... - 70 - tx0af62233c8bd492291951-0069b1420e - 0.0066 - - 1773224462.983940363 1773224462.990545750 0
Mar 11 10:21:03 standalone container-server[122820]: 172.20.0.100 - - [11/Mar/2026:10:21:03 +0000] "PUT /d1/969/AUTH_1312aadf1e3f4e0bb93891183167859c/gnocchi.87a05cd1-d468-4419-ad94-7383a42e7a43/1772280000.0_mean_300.0_v3" 201 - "PUT http://localhost:8080/d1/897/AUTH_1312aadf1e3f4e0bb93891183167859c/gnocchi.87a05cd1-d468-4419-ad94-7383a42e7a43/1772280000.0_mean_300.0_v3" "txa9e31bb40a8f49429ddfb-0069b1420e" "object-server 23" 0.0006 "-" 20 0
Mar 11 10:21:03 standalone object-server[123070]: 172.20.0.100 - - [11/Mar/2026:10:21:03 +0000] "PUT /d1/897/AUTH_1312aadf1e3f4e0bb93891183167859c/gnocchi.87a05cd1-d468-4419-ad94-7383a42e7a43/1772280000.0_mean_300.0_v3" 201 - "PUT http://localhost:8080/v1/AUTH_1312aadf1e3f4e0bb93891183167859c/gnocchi.87a05cd1-d468-4419-ad94-7383a42e7a43/1772280000.0_mean_300.0_v3" "txa9e31bb40a8f49429ddfb-0069b1420e" "proxy-server 21" 0.0115 "-" 23 0
Mar 11 10:21:03 standalone proxy-server[124928]: 172.18.0.2 ::1 11/Mar/2026/10/21/03 PUT /v1/AUTH_1312aadf1e3f4e0bb93891183167859c/gnocchi.87a05cd1-d468-4419-ad94-7383a42e7a43/1772280000.0_mean_300.0_v3 HTTP/1.0 201 - python-swiftclient-3.11.1 gAAAAABpsUFBUlv-... 16 - - txa9e31bb40a8f49429ddfb-0069b1420e - 0.0177 - - 1773224462.995175123 1773224463.012844324 0
Mar 11 10:21:03 standalone container-server[122835]: 172.20.0.100 - - [11/Mar/2026:10:21:03 +0000] "PUT /d1/969/AUTH_1312aadf1e3f4e0bb93891183167859c/gnocchi.87a05cd1-d468-4419-ad94-7383a42e7a43/none_v3" 201 - "PUT http://localhost:8080/d1/567/AUTH_1312aadf1e3f4e0bb93891183167859c/gnocchi.87a05cd1-d468-4419-ad94-7383a42e7a43/none_v3" "tx6e809393ede041c99b87c-0069b1420f" "object-server 22" 0.0007 "-" 23 0
Mar 11 10:21:03 standalone object-server[123066]: 172.20.0.100 - - [11/Mar/2026:10:21:03 +0000] "PUT /d1/567/AUTH_1312aadf1e3f4e0bb93891183167859c/gnocchi.87a05cd1-d468-4419-ad94-7383a42e7a43/none_v3" 201 - "PUT http://localhost:8080/v1/AUTH_1312aadf1e3f4e0bb93891183167859c/gnocchi.87a05cd1-d468-4419-ad94-7383a42e7a43/none_v3" "tx6e809393ede041c99b87c-0069b1420f" "proxy-server 21" 0.0139 "-" 22 0
Mar 11 10:21:03 standalone proxy-server[124928]: 172.18.0.2 ::1 11/Mar/2026/10/21/03 PUT /v1/AUTH_1312aadf1e3f4e0bb93891183167859c/gnocchi.87a05cd1-d468-4419-ad94-7383a42e7a43/none_v3 HTTP/1.0 201 - python-swiftclient-3.11.1 gAAAAABpsUFBUlv-... 22 - - tx6e809393ede041c99b87c-0069b1420f - 0.0233 - - 1773224463.019743204 1773224463.043030262 0
Mar 11 10:21:03 standalone container-server[122824]: 172.20.0.100 - - [11/Mar/2026:10:21:03 +0000] "HEAD /d1/444/AUTH_1312aadf1e3f4e0bb93891183167859c/gnocchi.f415d1b6-e877-4830-bac5-e93411d1f33e" 404 - "HEAD http://localhost:8080/v1/AUTH_1312aadf1e3f4e0bb93891183167859c/gnocchi.f415d1b6-e877-4830-bac5-e93411d1f33e?format=json&states=listing" "tx06a72dc63d264a89b9f52-0069b1420f" "proxy-server 21" 0.0004 "-" 22 0
Mar 11 10:21:03 standalone object-server[123093]: 172.20.0.100 - - [11/Mar/2026:10:21:03 +0000] "GET /d1/416/AUTH_1312aadf1e3f4e0bb93891183167859c/gnocchi.f415d1b6-e877-4830-bac5-e93411d1f33e/none_v3" 404 70 "GET http://localhost:8080/v1/AUTH_1312aadf1e3f4e0bb93891183167859c/gnocchi.f415d1b6-e877-4830-bac5-e93411d1f33e/none_v3" "tx06a72dc63d264a89b9f52-0069b1420f" "proxy-server 21" 0.0005 "-" 24 0
Mar 11 10:21:03 standalone proxy-server[124928]: 172.18.0.2 ::1 11/Mar/2026/10/21/03 GET /v1/AUTH_1312aadf1e3f4e0bb93891183167859c/gnocchi.f415d1b6-e877-4830-bac5-e93411d1f33e/none_v3 HTTP/1.0 404 - python-swiftclient-3.11.1 gAAAAABpsUFBUlv-... - 70 - tx06a72dc63d264a89b9f52-0069b1420f - 0.0194 - - 1773224463.057130098 1773224463.076535463 0
Mar 11 10:21:03 standalone account-server[122625]: 172.20.0.100 - - [11/Mar/2026:10:21:03 +0000] "PUT /d1/267/AUTH_1312aadf1e3f4e0bb93891183167859c/gnocchi.f415d1b6-e877-4830-bac5-e93411d1f33e" 201 - "PUT http://172.20.0.100:6001/d1/444/AUTH_1312aadf1e3f4e0bb93891183167859c/gnocchi.f415d1b6-e877-4830-bac5-e93411d1f33e" "txc7a31b75e1d24e2aaef16-0069b1420f" "container-server 20" 0.0056 "-" 22 0
Mar 11 10:21:03 standalone container-server[122820]: 172.20.0.100 - - [11/Mar/2026:10:21:03 +0000] "PUT /d1/444/AUTH_1312aadf1e3f4e0bb93891183167859c/gnocchi.f415d1b6-e877-4830-bac5-e93411d1f33e" 201 - "PUT http://localhost:8080/v1/AUTH_1312aadf1e3f4e0bb93891183167859c/gnocchi.f415d1b6-e877-4830-bac5-e93411d1f33e" "txc7a31b75e1d24e2aaef16-0069b1420f" "proxy-server 21" 0.0227 "-" 20 0
Mar 11 10:21:03 standalone proxy-server[124928]: 172.18.0.2 ::1 11/Mar/2026/10/21/03 PUT /v1/AUTH_1312aadf1e3f4e0bb93891183167859c/gnocchi.f415d1b6-e877-4830-bac5-e93411d1f33e HTTP/1.0 201 - python-swiftclient-3.11.1 gAAAAABpsUFBUlv-... - - - txc7a31b75e1d24e2aaef16-0069b1420f - 0.0298 - - 1773224463.083239317 1773224463.113001823 0
Mar 11 10:21:03 standalone container-server[122823]: 172.20.0.100 - - [11/Mar/2026:10:21:03 +0000] "HEAD /d1/444/AUTH_1312aadf1e3f4e0bb93891183167859c/gnocchi.f415d1b6-e877-4830-bac5-e93411d1f33e" 204 - "HEAD http://localhost:8080/v1/AUTH_1312aadf1e3f4e0bb93891183167859c/gnocchi.f415d1b6-e877-4830-bac5-e93411d1f33e?format=json&states=listing" "txd1e24de5acc54bcbb3498-0069b1420f" "proxy-server 21" 0.0015 "-" 21 0
Mar 11 10:21:03 standalone proxy-server[124928]: - - 11/Mar/2026/10/21/03 HEAD /v1/AUTH_1312aadf1e3f4e0bb93891183167859c/gnocchi.f415d1b6-e877-4830-bac5-e93411d1f33e%3Fformat%3Djson%26states%3Dlisting HTTP/1.0 204 - Swift - - - - txd1e24de5acc54bcbb3498-0069b1420f - 0.0066 RL - 1773224463.127806425 1773224463.134441376 0
Mar 11 10:21:03 standalone container-server[122820]: 172.20.0.100 - - [11/Mar/2026:10:21:03 +0000] "GET /d1/444/AUTH_1312aadf1e3f4e0bb93891183167859c/gnocchi.f415d1b6-e877-4830-bac5-e93411d1f33e" 200 2 "GET http://localhost:8080/v1/AUTH_1312aadf1e3f4e0bb93891183167859c/gnocchi.f415d1b6-e877-4830-bac5-e93411d1f33e?format=json&states=listing" "txd1e24de5acc54bcbb3498-0069b1420f" "proxy-server 21" 0.0033 "-" 20 0
Mar 11 10:21:03 standalone proxy-server[124928]: 172.18.0.2 ::1 11/Mar/2026/10/21/03 GET /v1/AUTH_1312aadf1e3f4e0bb93891183167859c/gnocchi.f415d1b6-e877-4830-bac5-e93411d1f33e%3Fformat%3Djson%26states%3Dlisting HTTP/1.0 200 - python-swiftclient-3.11.1 gAAAAABpsUFBUlv-... - 2 - txd1e24de5acc54bcbb3498-0069b1420f - 0.0258 - - 1773224463.120029449 1773224463.145864248 0
Mar 11 10:21:03 standalone object-server[123100]: 172.20.0.100 - - [11/Mar/2026:10:21:03 +0000] "GET /d1/267/AUTH_1312aadf1e3f4e0bb93891183167859c/gnocchi.f415d1b6-e877-4830-bac5-e93411d1f33e/1772280000.0_mean_300.0_v3" 404 70 "GET http://localhost:8080/v1/AUTH_1312aadf1e3f4e0bb93891183167859c/gnocchi.f415d1b6-e877-4830-bac5-e93411d1f33e/1772280000.0_mean_300.0_v3" "tx2f95cca235034a1baea97-0069b1420f" "proxy-server 21" 0.0007 "-" 25 0
Mar 11 10:21:03 standalone proxy-server[124928]: 172.18.0.2 ::1 11/Mar/2026/10/21/03 GET /v1/AUTH_1312aadf1e3f4e0bb93891183167859c/gnocchi.f415d1b6-e877-4830-bac5-e93411d1f33e/1772280000.0_mean_300.0_v3 HTTP/1.0 404 - python-swiftclient-3.11.1 gAAAAABpsUFBUlv-... - 70 - tx2f95cca235034a1baea97-0069b1420f - 0.0071 - - 1773224463.150551081 1773224463.157672167 0
Mar 11 10:21:03 standalone container-server[122835]: 172.20.0.100 - - [11/Mar/2026:10:21:03 +0000] "PUT /d1/444/AUTH_1312aadf1e3f4e0bb93891183167859c/gnocchi.f415d1b6-e877-4830-bac5-e93411d1f33e/1772280000.0_mean_300.0_v3" 201 - "PUT http://localhost:8080/d1/267/AUTH_1312aadf1e3f4e0bb93891183167859c/gnocchi.f415d1b6-e877-4830-bac5-e93411d1f33e/1772280000.0_mean_300.0_v3" "tx1ac1d179abaf4d4e9859d-0069b1420f" "object-server 23" 0.0009 "-" 23 0
Mar 11 10:21:03 standalone object-server[123070]: 172.20.0.100 - - [11/Mar/2026:10:21:03 +0000] "PUT /d1/267/AUTH_1312aadf1e3f4e0bb93891183167859c/gnocchi.f415d1b6-e877-4830-bac5-e93411d1f33e/1772280000.0_mean_300.0_v3" 201 - "PUT http://localhost:8080/v1/AUTH_1312aadf1e3f4e0bb93891183167859c/gnocchi.f415d1b6-e877-4830-bac5-e93411d1f33e/1772280000.0_mean_300.0_v3" "tx1ac1d179abaf4d4e9859d-0069b1420f" "proxy-server 21" 0.0122 "-" 23 0
Mar 11 10:21:03 standalone proxy-server[124928]: 172.18.0.2 ::1 11/Mar/2026/10/21/03 PUT /v1/AUTH_1312aadf1e3f4e0bb93891183167859c/gnocchi.f415d1b6-e877-4830-bac5-e93411d1f33e/1772280000.0_mean_300.0_v3 HTTP/1.0 201 - python-swiftclient-3.11.1 gAAAAABpsUFBUlv-... 16 - - tx1ac1d179abaf4d4e9859d-0069b1420f - 0.0186 - - 1773224463.161018848 1773224463.179623127 0
Mar 11 10:21:03 standalone container-server[122824]: 172.20.0.100 - - [11/Mar/2026:10:21:03 +0000] "PUT /d1/444/AUTH_1312aadf1e3f4e0bb93891183167859c/gnocchi.f415d1b6-e877-4830-bac5-e93411d1f33e/none_v3" 201 - "PUT http://localhost:8080/d1/416/AUTH_1312aadf1e3f4e0bb93891183167859c/gnocchi.f415d1b6-e877-4830-bac5-e93411d1f33e/none_v3" "txa889d12c69ff4df2a9314-0069b1420f" "object-server 24" 0.0008 "-" 22 0
Mar 11 10:21:03 standalone object-server[123093]: 172.20.0.100 - - [11/Mar/2026:10:21:03 +0000] "PUT /d1/416/AUTH_1312aadf1e3f4e0bb93891183167859c/gnocchi.f415d1b6-e877-4830-bac5-e93411d1f33e/none_v3" 201 - "PUT http://localhost:8080/v1/AUTH_1312aadf1e3f4e0bb93891183167859c/gnocchi.f415d1b6-e877-4830-bac5-e93411d1f33e/none_v3" "txa889d12c69ff4df2a9314-0069b1420f" "proxy-server 21" 0.0131 "-" 24 0
Mar 11 10:21:03 standalone proxy-server[124928]: 172.18.0.2 ::1 11/Mar/2026/10/21/03 PUT /v1/AUTH_1312aadf1e3f4e0bb93891183167859c/gnocchi.f415d1b6-e877-4830-bac5-e93411d1f33e/none_v3 HTTP/1.0 201 - python-swiftclient-3.11.1 gAAAAABpsUFBUlv-... 22 - - txa889d12c69ff4df2a9314-0069b1420f - 0.0234 - - 1773224463.183497190 1773224463.206928015 0
Mar 11 10:21:03 standalone container-server[122823]: 172.20.0.100 - - [11/Mar/2026:10:21:03 +0000] "HEAD /d1/728/AUTH_1312aadf1e3f4e0bb93891183167859c/gnocchi.e81f2139-8e23-4ff9-a26b-0a510655ffc5" 404 - "HEAD http://localhost:8080/v1/AUTH_1312aadf1e3f4e0bb93891183167859c/gnocchi.e81f2139-8e23-4ff9-a26b-0a510655ffc5?format=json&states=listing" "txa3200863661440d68f5d2-0069b1420f" "proxy-server 21" 0.0005 "-" 21 0
Mar 11 10:21:03 standalone object-server[123070]: 172.20.0.100 - - [11/Mar/2026:10:21:03 +0000] "GET /d1/672/AUTH_1312aadf1e3f4e0bb93891183167859c/gnocchi.e81f2139-8e23-4ff9-a26b-0a510655ffc5/none_v3" 404 70 "GET http://localhost:8080/v1/AUTH_1312aadf1e3f4e0bb93891183167859c/gnocchi.e81f2139-8e23-4ff9-a26b-0a510655ffc5/none_v3" "txa3200863661440d68f5d2-0069b1420f" "proxy-server 21" 0.0004 "-" 23 0
Mar 11 10:21:03 standalone proxy-server[124928]: 172.18.0.2 ::1 11/Mar/2026/10/21/03 GET /v1/AUTH_1312aadf1e3f4e0bb93891183167859c/gnocchi.e81f2139-8e23-4ff9-a26b-0a510655ffc5/none_v3 HTTP/1.0 404 - python-swiftclient-3.11.1 gAAAAABpsUFBUlv-... - 70 - txa3200863661440d68f5d2-0069b1420f - 0.0143 - - 1773224463.223552704 1773224463.237819910 0
Mar 11 10:21:03 standalone account-server[122635]: 172.20.0.100 - - [11/Mar/2026:10:21:03 +0000] "PUT /d1/267/AUTH_1312aadf1e3f4e0bb93891183167859c/gnocchi.e81f2139-8e23-4ff9-a26b-0a510655ffc5" 201 - "PUT http://172.20.0.100:6001/d1/728/AUTH_1312aadf1e3f4e0bb93891183167859c/gnocchi.e81f2139-8e23-4ff9-a26b-0a510655ffc5" "txac0e1356eb124218a6db4-0069b1420f" "container-server 22" 0.0124 "-" 23 0
