Mar 11 10:06:04 standalone account-server[122353]: Starting 2
Mar 11 10:06:04 standalone account-server[122422]: Started child 20 from parent 2
Mar 11 10:06:04 standalone account-server[122422]: Started child 21 from parent 2
Mar 11 10:06:04 standalone account-server[122422]: Started child 22 from parent 2
Mar 11 10:06:04 standalone account-server[122422]: Started child 23 from parent 2
Mar 11 10:06:04 standalone container-server[122523]: Option allow_versions is deprecated. Configure the versioned_writes middleware in the proxy-server instead. This option will be ignored in a future release.
Mar 11 10:06:04 standalone container-server[122820]: Option allow_versions is deprecated. Configure the versioned_writes middleware in the proxy-server instead. This option will be ignored in a future release.
Mar 11 10:06:04 standalone container-server[122523]: Started child 20 from parent 2
Mar 11 10:06:04 standalone container-server[122823]: Option allow_versions is deprecated. Configure the versioned_writes middleware in the proxy-server instead. This option will be ignored in a future release.
Mar 11 10:06:04 standalone container-server[122523]: Started child 21 from parent 2
Mar 11 10:06:04 standalone container-server[122824]: Option allow_versions is deprecated. Configure the versioned_writes middleware in the proxy-server instead. This option will be ignored in a future release.
Mar 11 10:06:04 standalone container-server[122523]: Started child 22 from parent 2
Mar 11 10:06:04 standalone container-server[122835]: Option allow_versions is deprecated. Configure the versioned_writes middleware in the proxy-server instead. This option will be ignored in a future release.
Mar 11 10:06:04 standalone container-server[122523]: Started child 23 from parent 2
Mar 11 10:06:04 standalone container-server[122624]: Starting 2
Mar 11 10:06:05 standalone object-expirer[122855]: Starting 2
Mar 11 10:06:05 standalone object-expirer[122855]: Option auto_create_account_prefix is deprecated. Configure auto_create_account_prefix under the swift-constraints section of swift.conf. This option will be ignored in a future release.
Mar 11 10:06:05 standalone object-server[122833]: Started child 22 from parent 2
Mar 11 10:06:05 standalone object-server[122833]: Started child 23 from parent 2
Mar 11 10:06:05 standalone object-server[122833]: Started child 24 from parent 2
Mar 11 10:06:05 standalone object-server[122833]: Started child 25 from parent 2
Mar 11 10:06:05 standalone object-server[122981]: Starting 2
Mar 11 10:06:12 standalone proxy-server[124779]: Starting Keystone auth_token middleware
Mar 11 10:06:12 standalone proxy-server[124779]: AuthToken middleware is set with keystone_authtoken.service_token_roles_required set to False. This is backwards compatible but deprecated behaviour. Please set this to True.
Mar 11 10:06:12 standalone proxy-server[124928]: Starting Keystone auth_token middleware
Mar 11 10:06:12 standalone proxy-server[124928]: STDERR: The option "bind_port" is not known to keystonemiddleware
Mar 11 10:06:12 standalone proxy-server[124928]: STDERR: The option "workers" is not known to keystonemiddleware
Mar 11 10:06:12 standalone proxy-server[124928]: STDERR: The option "user" is not known to keystonemiddleware
Mar 11 10:06:12 standalone proxy-server[124928]: STDERR: The option "bind_ip" is not known to keystonemiddleware
Mar 11 10:06:12 standalone proxy-server[124928]: STDERR: The option "log_name" is not known to keystonemiddleware
Mar 11 10:06:12 standalone proxy-server[124928]: STDERR: The option "log_facility" is not known to keystonemiddleware
Mar 11 10:06:12 standalone proxy-server[124928]: STDERR: The option "log_level" is not known to keystonemiddleware
Mar 11 10:06:12 standalone proxy-server[124928]: STDERR: The option "log_headers" is not known to keystonemiddleware
Mar 11 10:06:12 standalone proxy-server[124928]: STDERR: The option "log_address" is not known to keystonemiddleware
Mar 11 10:06:12 standalone proxy-server[124928]: STDERR: The option "project_name" is not known to keystonemiddleware
Mar 11 10:06:12 standalone proxy-server[124928]: STDERR: The option "username" is not known to keystonemiddleware
Mar 11 10:06:12 standalone proxy-server[124928]: STDERR: The option "password" is not known to keystonemiddleware
Mar 11 10:06:12 standalone proxy-server[124928]: STDERR: The option "auth_url" is not known to keystonemiddleware
Mar 11 10:06:12 standalone proxy-server[124928]: STDERR: The option "signing_dir" is not known to keystonemiddleware
Mar 11 10:06:12 standalone proxy-server[124928]: STDERR: The option "project_domain_id" is not known to keystonemiddleware
Mar 11 10:06:12 standalone proxy-server[124928]: STDERR: The option "user_domain_id" is not known to keystonemiddleware
Mar 11 10:06:12 standalone proxy-server[124928]: STDERR: The option "__name__" is not known to keystonemiddleware
Mar 11 10:06:12 standalone proxy-server[124928]: AuthToken middleware is set with keystone_authtoken.service_token_roles_required set to False. This is backwards compatible but deprecated behaviour. Please set this to True.
Mar 11 10:06:12 standalone proxy-server[124779]: Started child 21 from parent 2
Mar 11 10:08:40 standalone container-server[122624]: Begin container update sweep
Mar 11 10:08:40 standalone container-server[122624]: Container update sweep completed: 0.00s
Mar 11 10:08:49 standalone object-server[122981]: Begin object update sweep
Mar 11 10:08:49 standalone object-server[142917]: Object update sweep starting on /srv/node/d1 (pid: 11)
Mar 11 10:08:49 standalone object-server[142917]: Object update sweep completed on /srv/node/d1 in 0.00s seconds:, 0 successes, 0 failures, 0 quarantines, 0 unlinks, 0 errors, 0 redirects (pid: 11)
Mar 11 10:08:49 standalone object-server[142917]: Object update sweep of d1 completed: 0.00s, 0 successes, 0 failures, 0 quarantines, 0 unlinks, 0 errors, 0 redirects
Mar 11 10:08:49 standalone object-server[122981]: Object update sweep completed: 0.08s
Mar 11 10:09:04 standalone account-server[122610]: 172.20.0.100 - - [11/Mar/2026:10:09:04 +0000] "HEAD /d1/616/.expiring_objects" 404 - "HEAD http://localhost/v1/.expiring_objects?format=json" "tx0a4e0b6cf8c546e2a3fbb-0069b13f40" "proxy-server 2" 0.0015 "-" 20 -
Mar 11 10:09:04 standalone object-expirer[122855]: Pass completed in 0s; 0 objects expired (txn: tx0a4e0b6cf8c546e2a3fbb-0069b13f40)
Mar 11 10:10:15 standalone account-server[122625]: 172.20.0.100 - - [11/Mar/2026:10:10:15 +0000] "HEAD /d1/616/.expiring_objects" 404 - "HEAD http://localhost/v1/.expiring_objects?format=json" "tx3fc1ce244a0043168c7cf-0069b13f87" "proxy-server 2" 0.0016 "-" 22 -
Mar 11 10:10:15 standalone object-expirer[122855]: Pass completed in 0s; 0 objects expired (txn: tx3fc1ce244a0043168c7cf-0069b13f87)
Mar 11 10:12:30 standalone account-server[122610]: 172.20.0.100 - - [11/Mar/2026:10:12:30 +0000] "HEAD /d1/267/AUTH_1312aadf1e3f4e0bb93891183167859c" 404 - "HEAD http://localhost:8080/v1/AUTH_1312aadf1e3f4e0bb93891183167859c?format=json" "tx3867bf41855c4f2385808-0069b1400e" "proxy-server 21" 0.0004 "-" 20 -
Mar 11 10:12:30 standalone proxy-server[124928]: - - 11/Mar/2026/10/12/30 HEAD /v1/AUTH_1312aadf1e3f4e0bb93891183167859c%3Fformat%3Djson HTTP/1.0 200 - Swift - - - - tx3867bf41855c4f2385808-0069b1400e - 0.0049 RL - 1773223950.324223518 1773223950.329138517 -
Mar 11 10:12:30 standalone proxy-server[124928]: 172.18.0.2 ::1 11/Mar/2026/10/12/30 HEAD /v1/AUTH_1312aadf1e3f4e0bb93891183167859c/glance%3Fformat%3Djson HTTP/1.0 404 - python-swiftclient-3.11.1 gAAAAABpsUAOcdad... - - - tx3867bf41855c4f2385808-0069b1400e - 0.4879 - - 1773223950.317263365 1773223950.805161715 -
Mar 11 10:12:30 standalone account-server[122617]: 172.20.0.100 - - [11/Mar/2026:10:12:30 +0000] "PUT /d1/267/AUTH_1312aadf1e3f4e0bb93891183167859c" 201 - "-" "tx2410ce7148d8410d8d30c-0069b1400e" "-" 0.0112 "-" 21 -
Mar 11 10:12:30 standalone proxy-server[124928]: autocreate account '/AUTH_1312aadf1e3f4e0bb93891183167859c' (txn: tx2410ce7148d8410d8d30c-0069b1400e)
Mar 11 10:12:30 standalone account-server[122625]: 172.20.0.100 - - [11/Mar/2026:10:12:30 +0000] "HEAD /d1/267/AUTH_1312aadf1e3f4e0bb93891183167859c" 204 - "HEAD http://localhost:8080/v1/AUTH_1312aadf1e3f4e0bb93891183167859c?format=json" "tx2410ce7148d8410d8d30c-0069b1400e" "proxy-server 21" 0.0015 "-" 22 -
Mar 11 10:12:30 standalone account-server[122610]: 172.20.0.100 - - [11/Mar/2026:10:12:30 +0000] "PUT /d1/267/AUTH_1312aadf1e3f4e0bb93891183167859c/glance" 201 - "PUT http://172.20.0.100:6001/d1/844/AUTH_1312aadf1e3f4e0bb93891183167859c/glance" "tx2410ce7148d8410d8d30c-0069b1400e" "container-server 21" 0.0014 "-" 20 0
Mar 11 10:12:30 standalone container-server[122823]: 172.20.0.100 - - [11/Mar/2026:10:12:30 +0000] "PUT /d1/844/AUTH_1312aadf1e3f4e0bb93891183167859c/glance" 201 - "PUT http://localhost:8080/v1/AUTH_1312aadf1e3f4e0bb93891183167859c/glance" "tx2410ce7148d8410d8d30c-0069b1400e" "proxy-server 21" 0.0115 "-" 21 0
Mar 11 10:12:30 standalone proxy-server[124928]: 172.18.0.2 ::1 11/Mar/2026/10/12/30 PUT /v1/AUTH_1312aadf1e3f4e0bb93891183167859c/glance HTTP/1.0 201 - python-swiftclient-3.11.1 gAAAAABpsUAOcdad... - - - tx2410ce7148d8410d8d30c-0069b1400e - 0.0395 - - 1773223950.814702511 1773223950.854228735 0
Mar 11 10:12:30 standalone container-server[122824]: 172.20.0.100 - - [11/Mar/2026:10:12:30 +0000] "HEAD /d1/844/AUTH_1312aadf1e3f4e0bb93891183167859c/glance" 204 - "HEAD http://localhost:8080/v1/AUTH_1312aadf1e3f4e0bb93891183167859c/glance?format=json&states=listing" "tx76d490ce717a410c88a0d-0069b1400e" "proxy-server 21" 0.0023 "-" 22 0
Mar 11 10:12:30 standalone proxy-server[124928]: - - 11/Mar/2026/10/12/30 HEAD /v1/AUTH_1312aadf1e3f4e0bb93891183167859c/glance%3Fformat%3Djson%26states%3Dlisting HTTP/1.0 204 - Swift - - - - tx76d490ce717a410c88a0d-0069b1400e - 0.0067 RL - 1773223950.869925022 1773223950.876624346 0
Mar 11 10:12:49 standalone container-server[122823]: 172.20.0.100 - - [11/Mar/2026:10:12:49 +0000] "PUT /d1/844/AUTH_1312aadf1e3f4e0bb93891183167859c/glance/11460e34-c1a1-4ea1-9b41-aa38550c769f" 201 - "PUT http://localhost:8080/d1/106/AUTH_1312aadf1e3f4e0bb93891183167859c/glance/11460e34-c1a1-4ea1-9b41-aa38550c769f" "tx76d490ce717a410c88a0d-0069b1400e" "object-server 22" 0.0008 "-" 21 0
Mar 11 10:12:49 standalone object-server[123066]: 172.20.0.100 - - [11/Mar/2026:10:12:49 +0000] "PUT /d1/106/AUTH_1312aadf1e3f4e0bb93891183167859c/glance/11460e34-c1a1-4ea1-9b41-aa38550c769f" 201 - "PUT http://localhost:8080/v1/AUTH_1312aadf1e3f4e0bb93891183167859c/glance/11460e34-c1a1-4ea1-9b41-aa38550c769f" "tx76d490ce717a410c88a0d-0069b1400e" "proxy-server 21" 18.5694 "-" 22 0
Mar 11 10:12:49 standalone proxy-server[124928]: 172.18.0.2 ::1 11/Mar/2026/10/12/49 PUT /v1/AUTH_1312aadf1e3f4e0bb93891183167859c/glance/11460e34-c1a1-4ea1-9b41-aa38550c769f HTTP/1.0 201 - python-swiftclient-3.11.1 gAAAAABpsUAOcdad... 1481900032 - - tx76d490ce717a410c88a0d-0069b1400e - 18.6003 - - 1773223950.862798452 1773223969.463143587 0
Mar 11 10:13:03 standalone account-server[122635]: 172.20.0.100 - - [11/Mar/2026:10:13:03 +0000] "HEAD /d1/616/.expiring_objects" 404 - "HEAD http://localhost/v1/.expiring_objects?format=json" "tx9ef1399f156845828735d-0069b1402f" "proxy-server 2" 0.0011 "-" 23 -
Mar 11 10:13:03 standalone object-expirer[122855]: Pass completed in 0s; 0 objects expired (txn: tx9ef1399f156845828735d-0069b1402f)
Mar 11 10:13:40 standalone container-server[122624]: Begin container update sweep
Mar 11 10:13:40 standalone account-server[122635]: 172.20.0.100 - - [11/Mar/2026:10:13:40 +0000] "PUT /d1/267/AUTH_1312aadf1e3f4e0bb93891183167859c/glance" 201 - "-" "-" "container-updater 2" 0.0008 "-" 23 0
Mar 11 10:13:40 standalone container-server[122624]: Container update sweep completed: 0.13s
Mar 11 10:13:49 standalone object-server[122981]: Begin object update sweep
Mar 11 10:13:50 standalone object-server[180568]: Object update sweep starting on /srv/node/d1 (pid: 13)
Mar 11 10:13:50 standalone object-server[180568]: Object update sweep completed on /srv/node/d1 in 0.00s seconds:, 0 successes, 0 failures, 0 quarantines, 0 unlinks, 0 errors, 0 redirects (pid: 13)
Mar 11 10:13:50 standalone object-server[180568]: Object update sweep of d1 completed: 0.00s, 0 successes, 0 failures, 0 quarantines, 0 unlinks, 0 errors, 0 redirects
Mar 11 10:13:50 standalone object-server[122981]: Object update sweep completed: 0.07s
Mar 11 10:17:16 standalone account-server[122625]: 172.20.0.100 - - [11/Mar/2026:10:17:16 +0000] "HEAD /d1/616/.expiring_objects" 404 - "HEAD http://localhost/v1/.expiring_objects?format=json" "txf3e336be03754dd3a5146-0069b1412c" "proxy-server 2" 0.0004 "-" 22 -
Mar 11 10:17:16 standalone object-expirer[122855]: Pass completed in 0s; 0 objects expired (txn: txf3e336be03754dd3a5146-0069b1412c)
Mar 11 10:17:33 standalone account-server[122635]: 172.20.0.100 - - [11/Mar/2026:10:17:33 +0000] "HEAD /d1/267/AUTH_1312aadf1e3f4e0bb93891183167859c" 204 - "HEAD http://localhost:8080/v1/AUTH_1312aadf1e3f4e0bb93891183167859c?format=json" "txb7aa351bc4e9451bb7091-0069b1413d" "proxy-server 21" 0.0067 "-" 23 -
Mar 11 10:17:33 standalone proxy-server[124928]: - - 11/Mar/2026/10/17/33 HEAD /v1/AUTH_1312aadf1e3f4e0bb93891183167859c%3Fformat%3Djson HTTP/1.0 204 - Swift - - - - txb7aa351bc4e9451bb7091-0069b1413d - 0.0105 RL - 1773224253.542507887 1773224253.553044796 -
Mar 11 10:17:33 standalone container-server[122824]: 172.20.0.100 - - [11/Mar/2026:10:17:33 +0000] "HEAD /d1/844/AUTH_1312aadf1e3f4e0bb93891183167859c/glance" 204 - "HEAD http://localhost:8080/v1/AUTH_1312aadf1e3f4e0bb93891183167859c/glance?format=json&states=listing" "txb7aa351bc4e9451bb7091-0069b1413d" "proxy-server 21" 0.0031 "-" 22 0
Mar 11 10:17:33 standalone proxy-server[124928]: 172.18.0.2 ::1 11/Mar/2026/10/17/33 HEAD /v1/AUTH_1312aadf1e3f4e0bb93891183167859c/glance%3Fformat%3Djson%26states%3Dlisting HTTP/1.0 204 - python-swiftclient-3.11.1 gAAAAABpsUE9NjFi... - - - txb7aa351bc4e9451bb7091-0069b1413d - 0.0910 - - 1773224253.541690588 1773224253.632705688 0
Mar 11 10:17:36 standalone container-server[122823]: 172.20.0.100 - - [11/Mar/2026:10:17:36 +0000] "PUT /d1/844/AUTH_1312aadf1e3f4e0bb93891183167859c/glance/c73252b6-056a-4ded-aa29-fb326a9701f3-00001" 201 - "PUT http://localhost:8080/d1/290/AUTH_1312aadf1e3f4e0bb93891183167859c/glance/c73252b6-056a-4ded-aa29-fb326a9701f3-00001" "txcfb8ee20407043afaa07f-0069b1413d" "object-server 23" 0.0006 "-" 21 0
Mar 11 10:17:36 standalone object-server[123070]: 172.20.0.100 - - [11/Mar/2026:10:17:36 +0000] "PUT /d1/290/AUTH_1312aadf1e3f4e0bb93891183167859c/glance/c73252b6-056a-4ded-aa29-fb326a9701f3-00001" 201 - "PUT http://localhost:8080/v1/AUTH_1312aadf1e3f4e0bb93891183167859c/glance/c73252b6-056a-4ded-aa29-fb326a9701f3-00001" "txcfb8ee20407043afaa07f-0069b1413d" "proxy-server 21" 3.2580 "-" 23 0
Mar 11 10:17:36 standalone proxy-server[124928]: 172.18.0.2 ::1 11/Mar/2026/10/17/36 PUT /v1/AUTH_1312aadf1e3f4e0bb93891183167859c/glance/c73252b6-056a-4ded-aa29-fb326a9701f3-00001 HTTP/1.0 201 - python-swiftclient-3.11.1 gAAAAABpsUE9NjFi... 21692416 - - txcfb8ee20407043afaa07f-0069b1413d - 3.2736 - - 1773224253.638467550 1773224256.912036180 0
Mar 11 10:17:36 standalone container-server[122835]: 172.20.0.100 - - [11/Mar/2026:10:17:36 +0000] "PUT /d1/844/AUTH_1312aadf1e3f4e0bb93891183167859c/glance/c73252b6-056a-4ded-aa29-fb326a9701f3" 201 - "PUT http://localhost:8080/d1/423/AUTH_1312aadf1e3f4e0bb93891183167859c/glance/c73252b6-056a-4ded-aa29-fb326a9701f3" "tx843b1ebcb7e74e47923d3-0069b14140" "object-server 24" 0.0019 "-" 23 0
Mar 11 10:17:36 standalone object-server[123093]: 172.20.0.100 - - [11/Mar/2026:10:17:36 +0000] "PUT /d1/423/AUTH_1312aadf1e3f4e0bb93891183167859c/glance/c73252b6-056a-4ded-aa29-fb326a9701f3" 201 - "PUT http://localhost:8080/v1/AUTH_1312aadf1e3f4e0bb93891183167859c/glance/c73252b6-056a-4ded-aa29-fb326a9701f3" "tx843b1ebcb7e74e47923d3-0069b14140" "proxy-server 21" 0.0286 "-" 24 0
Mar 11 10:17:36 standalone proxy-server[124928]: 172.18.0.2 ::1 11/Mar/2026/10/17/36 PUT /v1/AUTH_1312aadf1e3f4e0bb93891183167859c/glance/c73252b6-056a-4ded-aa29-fb326a9701f3 HTTP/1.0 201 - python-swiftclient-3.11.1 gAAAAABpsUE9NjFi... - - - tx843b1ebcb7e74e47923d3-0069b14140 - 0.0378 - - 1773224256.921266794 1773224256.959067345 0
Mar 11 10:17:37 standalone container-server[122835]: 172.20.0.100 - - [11/Mar/2026:10:17:37 +0000] "HEAD /d1/227/AUTH_1312aadf1e3f4e0bb93891183167859c/gnocchi.05e0c2bd-ec34-47fc-a995-da6c552420a0" 404 - "HEAD http://localhost:8080/v1/AUTH_1312aadf1e3f4e0bb93891183167859c/gnocchi.05e0c2bd-ec34-47fc-a995-da6c552420a0?format=json&states=listing" "tx6e2c8d8028974c378b5ff-0069b14141" "proxy-server 21" 0.0013 "-" 23 0
Mar 11 10:17:37 standalone object-server[123070]: 172.20.0.100 - - [11/Mar/2026:10:17:37 +0000] "GET /d1/350/AUTH_1312aadf1e3f4e0bb93891183167859c/gnocchi.05e0c2bd-ec34-47fc-a995-da6c552420a0/none_v3" 404 70 "GET http://localhost:8080/v1/AUTH_1312aadf1e3f4e0bb93891183167859c/gnocchi.05e0c2bd-ec34-47fc-a995-da6c552420a0/none_v3" "tx6e2c8d8028974c378b5ff-0069b14141" "proxy-server 21" 0.0006 "-" 23 0
Mar 11 10:17:37 standalone proxy-server[124928]: 172.18.0.2 ::1 11/Mar/2026/10/17/37 GET /v1/AUTH_1312aadf1e3f4e0bb93891183167859c/gnocchi.05e0c2bd-ec34-47fc-a995-da6c552420a0/none_v3 HTTP/1.0 404 - python-swiftclient-3.11.1 gAAAAABpsUFBUlv-... - 70 - tx6e2c8d8028974c378b5ff-0069b14141 - 0.0351 - - 1773224257.712693930 1773224257.747778654 0
Mar 11 10:17:37 standalone account-server[122625]: 172.20.0.100 - - [11/Mar/2026:10:17:37 +0000] "PUT /d1/267/AUTH_1312aadf1e3f4e0bb93891183167859c/gnocchi.05e0c2bd-ec34-47fc-a995-da6c552420a0" 201 - "PUT http://172.20.0.100:6001/d1/227/AUTH_1312aadf1e3f4e0bb93891183167859c/gnocchi.05e0c2bd-ec34-47fc-a995-da6c552420a0" "tx2db113ec64c842839973c-0069b14141" "container-server 23" 0.0019 "-" 22 0
Mar 11 10:17:37 standalone container-server[122835]: 172.20.0.100 - - [11/Mar/2026:10:17:37 +0000] "PUT /d1/227/AUTH_1312aadf1e3f4e0bb93891183167859c/gnocchi.05e0c2bd-ec34-47fc-a995-da6c552420a0" 201 - "PUT http://localhost:8080/v1/AUTH_1312aadf1e3f4e0bb93891183167859c/gnocchi.05e0c2bd-ec34-47fc-a995-da6c552420a0" "tx2db113ec64c842839973c-0069b14141" "proxy-server 21" 0.0165 "-" 23 0
Mar 11 10:17:37 standalone proxy-server[124928]: 172.18.0.2 ::1 11/Mar/2026/10/17/37 PUT /v1/AUTH_1312aadf1e3f4e0bb93891183167859c/gnocchi.05e0c2bd-ec34-47fc-a995-da6c552420a0 HTTP/1.0 201 - python-swiftclient-3.11.1 gAAAAABpsUFBUlv-... - - - tx2db113ec64c842839973c-0069b14141 - 0.0214 - - 1773224257.751711607 1773224257.773136139 0
Mar 11 10:17:37 standalone container-server[122835]: 172.20.0.100 - - [11/Mar/2026:10:17:37 +0000] "HEAD /d1/227/AUTH_1312aadf1e3f4e0bb93891183167859c/gnocchi.05e0c2bd-ec34-47fc-a995-da6c552420a0" 204 - "HEAD http://localhost:8080/v1/AUTH_1312aadf1e3f4e0bb93891183167859c/gnocchi.05e0c2bd-ec34-47fc-a995-da6c552420a0?format=json&states=listing" "txd0767d69f78f413ebf0e9-0069b14141" "proxy-server 21" 0.0011 "-" 23 0
Mar 11 10:17:37 standalone proxy-server[124928]: - - 11/Mar/2026/10/17/37 HEAD /v1/AUTH_1312aadf1e3f4e0bb93891183167859c/gnocchi.05e0c2bd-ec34-47fc-a995-da6c552420a0%3Fformat%3Djson%26states%3Dlisting HTTP/1.0 204 - Swift - - - - txd0767d69f78f413ebf0e9-0069b14141 - 0.0048 RL - 1773224257.784606457 1773224257.789410591 0
Mar 11 10:17:37 standalone container-server[122823]: 172.20.0.100 - - [11/Mar/2026:10:17:37 +0000] "GET /d1/227/AUTH_1312aadf1e3f4e0bb93891183167859c/gnocchi.05e0c2bd-ec34-47fc-a995-da6c552420a0" 200 2 "GET http://localhost:8080/v1/AUTH_1312aadf1e3f4e0bb93891183167859c/gnocchi.05e0c2bd-ec34-47fc-a995-da6c552420a0?format=json&states=listing" "txd0767d69f78f413ebf0e9-0069b14141" "proxy-server 21" 0.0040 "-" 21 0
Mar 11 10:17:37 standalone proxy-server[124928]: 172.18.0.2 ::1 11/Mar/2026/10/17/37 GET /v1/AUTH_1312aadf1e3f4e0bb93891183167859c/gnocchi.05e0c2bd-ec34-47fc-a995-da6c552420a0%3Fformat%3Djson%26states%3Dlisting HTTP/1.0 200 - python-swiftclient-3.11.1 gAAAAABpsUFBUlv-... - 2 - txd0767d69f78f413ebf0e9-0069b14141 - 0.0183 - - 1773224257.783064842 1773224257.801405907 0
Mar 11 10:17:37 standalone object-server[123066]: 172.20.0.100 - - [11/Mar/2026:10:17:37 +0000] "GET /d1/628/AUTH_1312aadf1e3f4e0bb93891183167859c/gnocchi.05e0c2bd-ec34-47fc-a995-da6c552420a0/1772280000.0_mean_300.0_v3" 404 70 "GET http://localhost:8080/v1/AUTH_1312aadf1e3f4e0bb93891183167859c/gnocchi.05e0c2bd-ec34-47fc-a995-da6c552420a0/1772280000.0_mean_300.0_v3" "tx89a02304528c4556bc009-0069b14141" "proxy-server 21" 0.0008 "-" 22 0
Mar 11 10:17:37 standalone proxy-server[124928]: 172.18.0.2 ::1 11/Mar/2026/10/17/37 GET /v1/AUTH_1312aadf1e3f4e0bb93891183167859c/gnocchi.05e0c2bd-ec34-47fc-a995-da6c552420a0/1772280000.0_mean_300.0_v3 HTTP/1.0 404 - python-swiftclient-3.11.1 gAAAAABpsUFBUlv-... - 70 - tx89a02304528c4556bc009-0069b14141 - 0.0078 - - 1773224257.805991888 1773224257.813765287 0
Mar 11 10:17:37 standalone container-server[122820]: 172.20.0.100 - - [11/Mar/2026:10:17:37 +0000] "PUT /d1/227/AUTH_1312aadf1e3f4e0bb93891183167859c/gnocchi.05e0c2bd-ec34-47fc-a995-da6c552420a0/1772280000.0_mean_300.0_v3" 201 - "PUT http://localhost:8080/d1/628/AUTH_1312aadf1e3f4e0bb93891183167859c/gnocchi.05e0c2bd-ec34-47fc-a995-da6c552420a0/1772280000.0_mean_300.0_v3" "tx6eb116c0c1f94480b6305-0069b14141" "object-server 25" 0.0011 "-" 20 0
Mar 11 10:17:37 standalone object-server[123100]: 172.20.0.100 - - [11/Mar/2026:10:17:37 +0000] "PUT /d1/628/AUTH_1312aadf1e3f4e0bb93891183167859c/gnocchi.05e0c2bd-ec34-47fc-a995-da6c552420a0/1772280000.0_mean_300.0_v3" 201 - "PUT http://localhost:8080/v1/AUTH_1312aadf1e3f4e0bb93891183167859c/gnocchi.05e0c2bd-ec34-47fc-a995-da6c552420a0/1772280000.0_mean_300.0_v3" "tx6eb116c0c1f94480b6305-0069b14141" "proxy-server 21" 0.0357 "-" 25 0
Mar 11 10:17:37 standalone proxy-server[124928]: 172.18.0.2 ::1 11/Mar/2026/10/17/37 PUT /v1/AUTH_1312aadf1e3f4e0bb93891183167859c/gnocchi.05e0c2bd-ec34-47fc-a995-da6c552420a0/1772280000.0_mean_300.0_v3 HTTP/1.0 201 - python-swiftclient-3.11.1 gAAAAABpsUFBUlv-... 16 - - tx6eb116c0c1f94480b6305-0069b14141 - 0.0431 - - 1773224257.817257643 1773224257.860341072 0
Mar 11 10:17:37 standalone container-server[122820]: 172.20.0.100 - - [11/Mar/2026:10:17:37 +0000] "PUT /d1/227/AUTH_1312aadf1e3f4e0bb93891183167859c/gnocchi.05e0c2bd-ec34-47fc-a995-da6c552420a0/none_v3" 201 - "PUT http://localhost:8080/d1/350/AUTH_1312aadf1e3f4e0bb93891183167859c/gnocchi.05e0c2bd-ec34-47fc-a995-da6c552420a0/none_v3" "tx760b579684d34b678b33d-0069b14141" "object-server 23" 0.0006 "-" 20 0
Mar 11 10:17:37 standalone object-server[123070]: 172.20.0.100 - - [11/Mar/2026:10:17:37 +0000] "PUT /d1/350/AUTH_1312aadf1e3f4e0bb93891183167859c/gnocchi.05e0c2bd-ec34-47fc-a995-da6c552420a0/none_v3" 201 - "PUT http://localhost:8080/v1/AUTH_1312aadf1e3f4e0bb93891183167859c/gnocchi.05e0c2bd-ec34-47fc-a995-da6c552420a0/none_v3" "tx760b579684d34b678b33d-0069b14141" "proxy-server 21" 0.0189 "-" 23 0
Mar 11 10:17:37 standalone proxy-server[124928]: 172.18.0.2 ::1 11/Mar/2026/10/17/37 PUT /v1/AUTH_1312aadf1e3f4e0bb93891183167859c/gnocchi.05e0c2bd-ec34-47fc-a995-da6c552420a0/none_v3 HTTP/1.0 201 - python-swiftclient-3.11.1 gAAAAABpsUFBUlv-... 32 - - tx760b579684d34b678b33d-0069b14141 - 0.0255 - - 1773224257.863950014 1773224257.889491558 0
Mar 11 10:18:38 standalone account-server[122610]: 172.20.0.100 - - [11/Mar/2026:10:18:38 +0000] "HEAD /d1/267/AUTH_1312aadf1e3f4e0bb93891183167859c" 204 - "HEAD http://localhost:8080/v1/AUTH_1312aadf1e3f4e0bb93891183167859c?format=json" "txf83a3e10ea00485aa4c57-0069b1417e" "proxy-server 21" 0.0062 "-" 20 -
Mar 11 10:18:38 standalone proxy-server[124928]: - - 11/Mar/2026/10/18/38 HEAD /v1/AUTH_1312aadf1e3f4e0bb93891183167859c%3Fformat%3Djson HTTP/1.0 204 - Swift - - - - txf83a3e10ea00485aa4c57-0069b1417e - 0.0118 RL - 1773224318.873387098 1773224318.885143518 -
Mar 11 10:18:38 standalone container-server[122823]: 172.20.0.100 - - [11/Mar/2026:10:18:38 +0000] "HEAD /d1/844/AUTH_1312aadf1e3f4e0bb93891183167859c/glance" 204 - "HEAD http://localhost:8080/v1/AUTH_1312aadf1e3f4e0bb93891183167859c/glance?format=json&states=listing" "txf83a3e10ea00485aa4c57-0069b1417e" "proxy-server 21" 0.0133 "-" 21 0
Mar 11 10:18:38 standalone object-server[123100]: 172.20.0.100 - - [11/Mar/2026:10:18:38 +0000] "GET /d1/423/AUTH_1312aadf1e3f4e0bb93891183167859c/glance/c73252b6-056a-4ded-aa29-fb326a9701f3" 200 - "GET http://localhost:8080/v1/AUTH_1312aadf1e3f4e0bb93891183167859c/glance/c73252b6-056a-4ded-aa29-fb326a9701f3" "txf83a3e10ea00485aa4c57-0069b1417e" "proxy-server 21" 0.0013 "-" 25 0
Mar 11 10:18:39 standalone container-server[122835]: 172.20.0.100 - - [11/Mar/2026:10:18:39 +0000] "GET /d1/844/AUTH_1312aadf1e3f4e0bb93891183167859c/glance" 200 210 "GET http://localhost:8080/v1/AUTH_1312aadf1e3f4e0bb93891183167859c/glance?prefix=c73252b6-056a-4ded-aa29-fb326a9701f3-&format=json&states=listing" "txf83a3e10ea00485aa4c57-0069b1417e" "proxy-server 21" 0.0056 "-" 23 0
Mar 11 10:18:39 standalone proxy-server[124928]: - - 11/Mar/2026/10/18/39 GET /v1/AUTH_1312aadf1e3f4e0bb93891183167859c/glance%3Fprefix%3Dc73252b6-056a-4ded-aa29-fb326a9701f3-%26format%3Djson%26states%3Dlisting HTTP/1.0 200 - python-swiftclient-3.11.1%20DLO%20MultipartGET gAAAAABpsUF-Hy0G... - 210 - txf83a3e10ea00485aa4c57-0069b1417e - 0.0095 DLO - 1773224318.996328115 1773224319.005819321 0
Mar 11 10:18:39 standalone object-server[123100]: 172.20.0.100 - - [11/Mar/2026:10:18:39 +0000] "GET /d1/290/AUTH_1312aadf1e3f4e0bb93891183167859c/glance/c73252b6-056a-4ded-aa29-fb326a9701f3-00001" 200 21692416 "GET http://localhost:8080/v1/AUTH_1312aadf1e3f4e0bb93891183167859c/glance/c73252b6-056a-4ded-aa29-fb326a9701f3-00001?multipart-manifest=get" "txf83a3e10ea00485aa4c57-0069b1417e" "proxy-server 21" 0.0005 "-" 25 0
Mar 11 10:18:39 standalone proxy-server[124928]: - - 11/Mar/2026/10/18/39 GET /v1/AUTH_1312aadf1e3f4e0bb93891183167859c/glance/c73252b6-056a-4ded-aa29-fb326a9701f3-00001%3Fmultipart-manifest%3Dget HTTP/1.0 200 - python-swiftclient-3.11.1%20%20DLO%20MultipartGET gAAAAABpsUF-Hy0G... - 21692416 - txf83a3e10ea00485aa4c57-0069b1417e - 0.1154 DLO - 1773224319.006329536 1773224319.121702433 0
Mar 11 10:18:39 standalone proxy-server[124928]: 172.18.0.2 ::1 11/Mar/2026/10/18/39 GET /v1/AUTH_1312aadf1e3f4e0bb93891183167859c/glance/c73252b6-056a-4ded-aa29-fb326a9701f3 HTTP/1.0 200 - python-swiftclient-3.11.1 gAAAAABpsUF-Hy0G... - 21692416 - txf83a3e10ea00485aa4c57-0069b1417e - 0.2530 - - 1773224318.869429827 1773224319.122447252 0
Mar 11 10:18:39 standalone container-server[122823]: 172.20.0.100 - - [11/Mar/2026:10:18:39 +0000] "HEAD /d1/957/AUTH_1312aadf1e3f4e0bb93891183167859c/gnocchi.5191e56f-c4f0-4bca-9e70-f224d0d5c491" 404 - "HEAD http://localhost:8080/v1/AUTH_1312aadf1e3f4e0bb93891183167859c/gnocchi.5191e56f-c4f0-4bca-9e70-f224d0d5c491?format=json&states=listing" "tx9d998328a13a4a12a39d0-0069b1417f" "proxy-server 21" 0.0006 "-" 21 0
Mar 11 10:18:39 standalone object-server[123066]: 172.20.0.100 - - [11/Mar/2026:10:18:39 +0000] "GET /d1/990/AUTH_1312aadf1e3f4e0bb93891183167859c/gnocchi.5191e56f-c4f0-4bca-9e70-f224d0d5c491/none_v3" 404 70 "GET http://localhost:8080/v1/AUTH_1312aadf1e3f4e0bb93891183167859c/gnocchi.5191e56f-c4f0-4bca-9e70-f224d0d5c491/none_v3" "tx9d998328a13a4a12a39d0-0069b1417f" "proxy-server 21" 0.0004 "-" 22 0
Mar 11 10:18:39 standalone proxy-server[124928]: 172.18.0.2 ::1 11/Mar/2026/10/18/39 GET /v1/AUTH_1312aadf1e3f4e0bb93891183167859c/gnocchi.5191e56f-c4f0-4bca-9e70-f224d0d5c491/none_v3 HTTP/1.0 404 - python-swiftclient-3.11.1 gAAAAABpsUFBUlv-... - 70 - tx9d998328a13a4a12a39d0-0069b1417f - 0.0113 - - 1773224319.670672178 1773224319.681965113 0
Mar 11 10:18:39 standalone account-server[122610]: 172.20.0.100 - - [11/Mar/2026:10:18:39 +0000] "PUT /d1/267/AUTH_1312aadf1e3f4e0bb93891183167859c/gnocchi.5191e56f-c4f0-4bca-9e70-f224d0d5c491" 201 - "PUT http://172.20.0.100:6001/d1/957/AUTH_1312aadf1e3f4e0bb93891183167859c/gnocchi.5191e56f-c4f0-4bca-9e70-f224d0d5c491" "tx1ae936690e60438bb8cc1-0069b1417f" "container-server 21" 0.0016 "-" 20 0
Mar 11 10:18:39 standalone container-server[122823]: 172.20.0.100 - - [11/Mar/2026:10:18:39 +0000] "PUT /d1/957/AUTH_1312aadf1e3f4e0bb93891183167859c/gnocchi.5191e56f-c4f0-4bca-9e70-f224d0d5c491" 201 - "PUT http://localhost:8080/v1/AUTH_1312aadf1e3f4e0bb93891183167859c/gnocchi.5191e56f-c4f0-4bca-9e70-f224d0d5c491" "tx1ae936690e60438bb8cc1-0069b1417f" "proxy-server 21" 0.0106 "-" 21 0
Mar 11 10:18:39 standalone proxy-server[124928]: 172.18.0.2 ::1 11/Mar/2026/10/18/39 PUT /v1/AUTH_1312aadf1e3f4e0bb93891183167859c/gnocchi.5191e56f-c4f0-4bca-9e70-f224d0d5c491 HTTP/1.0 201 - python-swiftclient-3.11.1 gAAAAABpsUFBUlv-... - - - tx1ae936690e60438bb8cc1-0069b1417f - 0.0143 - - 1773224319.684974670 1773224319.699298859 0
Mar 11 10:18:39 standalone container-server[122820]: 172.20.0.100 - - [11/Mar/2026:10:18:39 +0000] "HEAD /d1/957/AUTH_1312aadf1e3f4e0bb93891183167859c/gnocchi.5191e56f-c4f0-4bca-9e70-f224d0d5c491" 204 - "HEAD http://localhost:8080/v1/AUTH_1312aadf1e3f4e0bb93891183167859c/gnocchi.5191e56f-c4f0-4bca-9e70-f224d0d5c491?format=json&states=listing" "tx8da4814b65f24e74bf597-0069b1417f" "proxy-server 21" 0.0024 "-" 20 0
Mar 11 10:18:39 standalone proxy-server[124928]: - - 11/Mar/2026/10/18/39 HEAD /v1/AUTH_1312aadf1e3f4e0bb93891183167859c/gnocchi.5191e56f-c4f0-4bca-9e70-f224d0d5c491%3Fformat%3Djson%26states%3Dlisting HTTP/1.0 204 - Swift - - - - tx8da4814b65f24e74bf597-0069b1417f - 0.0053 RL - 1773224319.703292847 1773224319.708577633 0
Mar 11 10:18:39 standalone container-server[122823]: 172.20.0.100 - - [11/Mar/2026:10:18:39 +0000] "GET /d1/957/AUTH_1312aadf1e3f4e0bb93891183167859c/gnocchi.5191e56f-c4f0-4bca-9e70-f224d0d5c491" 200 2 "GET http://localhost:8080/v1/AUTH_1312aadf1e3f4e0bb93891183167859c/gnocchi.5191e56f-c4f0-4bca-9e70-f224d0d5c491?format=json&states=listing" "tx8da4814b65f24e74bf597-0069b1417f" "proxy-server 21" 0.0014 "-" 21 0
Mar 11 10:18:39 standalone proxy-server[124928]: 172.18.0.2 ::1 11/Mar/2026/10/18/39 GET /v1/AUTH_1312aadf1e3f4e0bb93891183167859c/gnocchi.5191e56f-c4f0-4bca-9e70-f224d0d5c491%3Fformat%3Djson%26states%3Dlisting HTTP/1.0 200 - python-swiftclient-3.11.1 gAAAAABpsUFBUlv-... - 2 - tx8da4814b65f24e74bf597-0069b1417f - 0.0117 - - 1773224319.702271223 1773224319.713989735 0
Mar 11 10:18:39 standalone object-server[123066]: 172.20.0.100 - - [11/Mar/2026:10:18:39 +0000] "GET /d1/78/AUTH_1312aadf1e3f4e0bb93891183167859c/gnocchi.5191e56f-c4f0-4bca-9e70-f224d0d5c491/1772280000.0_mean_300.0_v3" 404 70 "GET http://localhost:8080/v1/AUTH_1312aadf1e3f4e0bb93891183167859c/gnocchi.5191e56f-c4f0-4bca-9e70-f224d0d5c491/1772280000.0_mean_300.0_v3" "tx36e9082c11294f2ca2ab7-0069b1417f" "proxy-server 21" 0.0003 "-" 22 0
Mar 11 10:18:39 standalone proxy-server[124928]: 172.18.0.2 ::1 11/Mar/2026/10/18/39 GET /v1/AUTH_1312aadf1e3f4e0bb93891183167859c/gnocchi.5191e56f-c4f0-4bca-9e70-f224d0d5c491/1772280000.0_mean_300.0_v3 HTTP/1.0 404 - python-swiftclient-3.11.1 gAAAAABpsUFBUlv-... - 70 - tx36e9082c11294f2ca2ab7-0069b1417f - 0.0048 - - 1773224319.717218161 1773224319.722047329 0
Mar 11 10:18:39 standalone container-server[122824]: 172.20.0.100 - - [11/Mar/2026:10:18:39 +0000] "PUT /d1/957/AUTH_1312aadf1e3f4e0bb93891183167859c/gnocchi.5191e56f-c4f0-4bca-9e70-f224d0d5c491/1772280000.0_mean_300.0_v3" 201 - "PUT http://localhost:8080/d1/78/AUTH_1312aadf1e3f4e0bb93891183167859c/gnocchi.5191e56f-c4f0-4bca-9e70-f224d0d5c491/1772280000.0_mean_300.0_v3" "txaab09ba72b984f4281d1b-0069b1417f" "object-server 22" 0.0009 "-" 22 0
Mar 11 10:18:39 standalone object-server[123066]: 172.20.0.100 - - [11/Mar/2026:10:18:39 +0000] "PUT /d1/78/AUTH_1312aadf1e3f4e0bb93891183167859c/gnocchi.5191e56f-c4f0-4bca-9e70-f224d0d5c491/1772280000.0_mean_300.0_v3" 201 - "PUT http://localhost:8080/v1/AUTH_1312aadf1e3f4e0bb93891183167859c/gnocchi.5191e56f-c4f0-4bca-9e70-f224d0d5c491/1772280000.0_mean_300.0_v3" "txaab09ba72b984f4281d1b-0069b1417f" "proxy-server 21" 0.0099 "-" 22 0
Mar 11 10:18:39 standalone proxy-server[124928]: 172.18.0.2 ::1 11/Mar/2026/10/18/39 PUT /v1/AUTH_1312aadf1e3f4e0bb93891183167859c/gnocchi.5191e56f-c4f0-4bca-9e70-f224d0d5c491/1772280000.0_mean_300.0_v3 HTTP/1.0 201 - python-swiftclient-3.11.1 gAAAAABpsUFBUlv-... 16 - - txaab09ba72b984f4281d1b-0069b1417f - 0.0144 - - 1773224319.724933624 1773224319.739368439 0
Mar 11 10:18:39 standalone container-server[122820]: 172.20.0.100 - - [11/Mar/2026:10:18:39 +0000] "PUT /d1/957/AUTH_1312aadf1e3f4e0bb93891183167859c/gnocchi.5191e56f-c4f0-4bca-9e70-f224d0d5c491/none_v3" 201 - "PUT http://localhost:8080/d1/990/AUTH_1312aadf1e3f4e0bb93891183167859c/gnocchi.5191e56f-c4f0-4bca-9e70-f224d0d5c491/none_v3" "txf0664d777b034ee4b3557-0069b1417f" "object-server 22" 0.0006 "-" 20 0
Mar 11 10:18:39 standalone object-server[123066]: 172.20.0.100 - - [11/Mar/2026:10:18:39 +0000] "PUT /d1/990/AUTH_1312aadf1e3f4e0bb93891183167859c/gnocchi.5191e56f-c4f0-4bca-9e70-f224d0d5c491/none_v3" 201 - "PUT http://localhost:8080/v1/AUTH_1312aadf1e3f4e0bb93891183167859c/gnocchi.5191e56f-c4f0-4bca-9e70-f224d0d5c491/none_v3" "txf0664d777b034ee4b3557-0069b1417f" "proxy-server 21" 0.0080 "-" 22 0
Mar 11 10:18:39 standalone proxy-server[124928]: 172.18.0.2 ::1 11/Mar/2026/10/18/39 PUT /v1/AUTH_1312aadf1e3f4e0bb93891183167859c/gnocchi.5191e56f-c4f0-4bca-9e70-f224d0d5c491/none_v3 HTTP/1.0 201 - python-swiftclient-3.11.1 gAAAAABpsUFBUlv-... 22 - - txf0664d777b034ee4b3557-0069b1417f - 0.0122 - - 1773224319.742084980 1773224319.754304409 0
Mar 11 10:18:39 standalone container-server[122820]: 172.20.0.100 - - [11/Mar/2026:10:18:39 +0000] "HEAD /d1/377/AUTH_1312aadf1e3f4e0bb93891183167859c/gnocchi.c7d27137-f133-4b6c-b543-23a63de8cd7c" 404 - "HEAD http://localhost:8080/v1/AUTH_1312aadf1e3f4e0bb93891183167859c/gnocchi.c7d27137-f133-4b6c-b543-23a63de8cd7c?format=json&states=listing" "txda2b784fa2b5430eac341-0069b1417f" "proxy-server 21" 0.0004 "-" 20 0
Mar 11 10:18:39 standalone object-server[123093]: 172.20.0.100 - - [11/Mar/2026:10:18:39 +0000] "GET /d1/347/AUTH_1312aadf1e3f4e0bb93891183167859c/gnocchi.c7d27137-f133-4b6c-b543-23a63de8cd7c/none_v3" 404 70 "GET http://localhost:8080/v1/AUTH_1312aadf1e3f4e0bb93891183167859c/gnocchi.c7d27137-f133-4b6c-b543-23a63de8cd7c/none_v3" "txda2b784fa2b5430eac341-0069b1417f" "proxy-server 21" 0.0005 "-" 24 0
Mar 11 10:18:39 standalone proxy-server[124928]: 172.18.0.2 ::1 11/Mar/2026/10/18/39 GET /v1/AUTH_1312aadf1e3f4e0bb93891183167859c/gnocchi.c7d27137-f133-4b6c-b543-23a63de8cd7c/none_v3 HTTP/1.0 404 - python-swiftclient-3.11.1 gAAAAABpsUFBUlv-... - 70 - txda2b784fa2b5430eac341-0069b1417f - 0.0098 - - 1773224319.791149139 1773224319.800948620 0
Mar 11 10:18:39 standalone account-server[122625]: 172.20.0.100 - - [11/Mar/2026:10:18:39 +0000] "PUT /d1/267/AUTH_1312aadf1e3f4e0bb93891183167859c/gnocchi.c7d27137-f133-4b6c-b543-23a63de8cd7c" 201 - "PUT http://172.20.0.100:6001/d1/377/AUTH_1312aadf1e3f4e0bb93891183167859c/gnocchi.c7d27137-f133-4b6c-b543-23a63de8cd7c" "tx0017b74b0a4e41a999e78-0069b1417f" "container-server 20" 0.0059 "-" 22 0
Mar 11 10:18:39 standalone container-server[122820]: 172.20.0.100 - - [11/Mar/2026:10:18:39 +0000] "PUT /d1/377/AUTH_1312aadf1e3f4e0bb93891183167859c/gnocchi.c7d27137-f133-4b6c-b543-23a63de8cd7c" 201 - "PUT http://localhost:8080/v1/AUTH_1312aadf1e3f4e0bb93891183167859c/gnocchi.c7d27137-f133-4b6c-b543-23a63de8cd7c" "tx0017b74b0a4e41a999e78-0069b1417f" "proxy-server 21" 0.0156 "-" 20 0
Mar 11 10:18:39 standalone proxy-server[124928]: 172.18.0.2 ::1 11/Mar/2026/10/18/39 PUT /v1/AUTH_1312aadf1e3f4e0bb93891183167859c/gnocchi.c7d27137-f133-4b6c-b543-23a63de8cd7c HTTP/1.0 201 - python-swiftclient-3.11.1 gAAAAABpsUFBUlv-... - - - tx0017b74b0a4e41a999e78-0069b1417f - 0.0196 - - 1773224319.805219412 1773224319.824822187 0
Mar 11 10:18:39 standalone container-server[122823]: 172.20.0.100 - - [11/Mar/2026:10:18:39 +0000] "HEAD /d1/377/AUTH_1312aadf1e3f4e0bb93891183167859c/gnocchi.c7d27137-f133-4b6c-b543-23a63de8cd7c" 204 - "HEAD http://localhost:8080/v1/AUTH_1312aadf1e3f4e0bb93891183167859c/gnocchi.c7d27137-f133-4b6c-b543-23a63de8cd7c?format=json&states=listing" "tx150bf37f85a64bc2a7112-0069b1417f" "proxy-server 21" 0.0011 "-" 21 0
Mar 11 10:18:39 standalone proxy-server[124928]: - - 11/Mar/2026/10/18/39 HEAD /v1/AUTH_1312aadf1e3f4e0bb93891183167859c/gnocchi.c7d27137-f133-4b6c-b543-23a63de8cd7c%3Fformat%3Djson%26states%3Dlisting HTTP/1.0 204 - Swift - - - - tx150bf37f85a64bc2a7112-0069b1417f - 0.0036 RL - 1773224319.828531742 1773224319.832123280 0
Mar 11 10:18:39 standalone container-server[122835]: 172.20.0.100 - - [11/Mar/2026:10:18:39 +0000] "GET /d1/377/AUTH_1312aadf1e3f4e0bb93891183167859c/gnocchi.c7d27137-f133-4b6c-b543-23a63de8cd7c" 200 2 "GET http://localhost:8080/v1/AUTH_1312aadf1e3f4e0bb93891183167859c/gnocchi.c7d27137-f133-4b6c-b543-23a63de8cd7c?format=json&states=listing" "tx150bf37f85a64bc2a7112-0069b1417f" "proxy-server 21" 0.0036 "-" 23 0
Mar 11 10:18:39 standalone proxy-server[124928]: 172.18.0.2 ::1 11/Mar/2026/10/18/39 GET /v1/AUTH_1312aadf1e3f4e0bb93891183167859c/gnocchi.c7d27137-f133-4b6c-b543-23a63de8cd7c%3Fformat%3Djson%26states%3Dlisting HTTP/1.0 200 - python-swiftclient-3.11.1 gAAAAABpsUFBUlv-... - 2 - tx150bf37f85a64bc2a7112-0069b1417f - 0.0143 - - 1773224319.827594995 1773224319.841868639 0
Mar 11 10:18:39 standalone object-server[123066]: 172.20.0.100 - - [11/Mar/2026:10:18:39 +0000] "GET /d1/421/AUTH_1312aadf1e3f4e0bb93891183167859c/gnocchi.c7d27137-f133-4b6c-b543-23a63de8cd7c/1772280000.0_mean_300.0_v3" 404 70 "GET http://localhost:8080/v1/AUTH_1312aadf1e3f4e0bb93891183167859c/gnocchi.c7d27137-f133-4b6c-b543-23a63de8cd7c/1772280000.0_mean_300.0_v3" "tx69c7fde79bc64bf4a7d85-0069b1417f" "proxy-server 21" 0.0003 "-" 22 0
Mar 11 10:18:39 standalone proxy-server[124928]: 172.18.0.2 ::1 11/Mar/2026/10/18/39 GET /v1/AUTH_1312aadf1e3f4e0bb93891183167859c/gnocchi.c7d27137-f133-4b6c-b543-23a63de8cd7c/1772280000.0_mean_300.0_v3 HTTP/1.0 404 - python-swiftclient-3.11.1 gAAAAABpsUFBUlv-... - 70 - tx69c7fde79bc64bf4a7d85-0069b1417f - 0.0052 - - 1773224319.845532417 1773224319.850683928 0
Mar 11 10:18:39 standalone container-server[122835]: 172.20.0.100 - - [11/Mar/2026:10:18:39 +0000] "PUT /d1/377/AUTH_1312aadf1e3f4e0bb93891183167859c/gnocchi.c7d27137-f133-4b6c-b543-23a63de8cd7c/1772280000.0_mean_300.0_v3" 201 - "PUT http://localhost:8080/d1/421/AUTH_1312aadf1e3f4e0bb93891183167859c/gnocchi.c7d27137-f133-4b6c-b543-23a63de8cd7c/1772280000.0_mean_300.0_v3" "txea1b78ed67474f60bd899-0069b1417f" "object-server 22" 0.0008 "-" 23 0
Mar 11 10:18:39 standalone object-server[123066]: 172.20.0.100 - - [11/Mar/2026:10:18:39 +0000] "PUT /d1/421/AUTH_1312aadf1e3f4e0bb93891183167859c/gnocchi.c7d27137-f133-4b6c-b543-23a63de8cd7c/1772280000.0_mean_300.0_v3" 201 - "PUT http://localhost:8080/v1/AUTH_1312aadf1e3f4e0bb93891183167859c/gnocchi.c7d27137-f133-4b6c-b543-23a63de8cd7c/1772280000.0_mean_300.0_v3" "txea1b78ed67474f60bd899-0069b1417f" "proxy-server 21" 0.0101 "-" 22 0
Mar 11 10:18:39 standalone proxy-server[124928]: 172.18.0.2 ::1 11/Mar/2026/10/18/39 PUT /v1/AUTH_1312aadf1e3f4e0bb93891183167859c/gnocchi.c7d27137-f133-4b6c-b543-23a63de8cd7c/1772280000.0_mean_300.0_v3 HTTP/1.0 201 - python-swiftclient-3.11.1 gAAAAABpsUFBUlv-... 16 - - txea1b78ed67474f60bd899-0069b1417f - 0.0147 - - 1773224319.853957176 1773224319.868616819 0
Mar 11 10:18:39 standalone container-server[122824]: 172.20.0.100 - - [11/Mar/2026:10:18:39 +0000] "PUT /d1/377/AUTH_1312aadf1e3f4e0bb93891183167859c/gnocchi.c7d27137-f133-4b6c-b543-23a63de8cd7c/none_v3" 201 - "PUT http://localhost:8080/d1/347/AUTH_1312aadf1e3f4e0bb93891183167859c/gnocchi.c7d27137-f133-4b6c-b543-23a63de8cd7c/none_v3" "tx8af33521b1ad4f86907d0-0069b1417f" "object-server 25" 0.0008 "-" 22 0
Mar 11 10:18:39 standalone object-server[123100]: 172.20.0.100 - - [11/Mar/2026:10:18:39 +0000] "PUT /d1/347/AUTH_1312aadf1e3f4e0bb93891183167859c/gnocchi.c7d27137-f133-4b6c-b543-23a63de8cd7c/none_v3" 201 - "PUT http://localhost:8080/v1/AUTH_1312aadf1e3f4e0bb93891183167859c/gnocchi.c7d27137-f133-4b6c-b543-23a63de8cd7c/none_v3" "tx8af33521b1ad4f86907d0-0069b1417f" "proxy-server 21" 0.0092 "-" 25 0
Mar 11 10:18:39 standalone proxy-server[124928]: 172.18.0.2 ::1 11/Mar/2026/10/18/39 PUT /v1/AUTH_1312aadf1e3f4e0bb93891183167859c/gnocchi.c7d27137-f133-4b6c-b543-23a63de8cd7c/none_v3 HTTP/1.0 201 - python-swiftclient-3.11.1 gAAAAABpsUFBUlv-... 22 - - tx8af33521b1ad4f86907d0-0069b1417f - 0.0136 - - 1773224319.872064829 1773224319.885637283 0
Mar 11 10:18:40 standalone container-server[122624]: Begin container update sweep
Mar 11 10:18:40 standalone account-server[122625]: 172.20.0.100 - - [11/Mar/2026:10:18:40 +0000] "PUT /d1/267/AUTH_1312aadf1e3f4e0bb93891183167859c/glance" 201 - "-" "-" "container-updater 2" 0.0007 "-" 22 0
Mar 11 10:18:40 standalone account-server[122617]: 172.20.0.100 - - [11/Mar/2026:10:18:40 +0000] "PUT /d1/267/AUTH_1312aadf1e3f4e0bb93891183167859c/gnocchi.05e0c2bd-ec34-47fc-a995-da6c552420a0" 201 - "-" "-" "container-updater 2" 0.0005 "-" 21 0
Mar 11 10:18:40 standalone account-server[122610]: 172.20.0.100 - - [11/Mar/2026:10:18:40 +0000] "PUT /d1/267/AUTH_1312aadf1e3f4e0bb93891183167859c/gnocchi.5191e56f-c4f0-4bca-9e70-f224d0d5c491" 201 - "-" "-" "container-updater 2" 0.0006 "-" 20 0
Mar 11 10:18:40 standalone account-server[122625]: 172.20.0.100 - - [11/Mar/2026:10:18:40 +0000] "PUT /d1/267/AUTH_1312aadf1e3f4e0bb93891183167859c/gnocchi.c7d27137-f133-4b6c-b543-23a63de8cd7c" 201 - "-" "-" "container-updater 2" 0.0007 "-" 22 0
Mar 11 10:18:40 standalone container-server[122624]: Container update sweep completed: 0.31s
Mar 11 10:18:43 standalone container-server[122835]: 172.20.0.100 - - [11/Mar/2026:10:18:43 +0000] "HEAD /d1/522/AUTH_1312aadf1e3f4e0bb93891183167859c/gnocchi.75436f4f-d6d1-48a5-947f-fb3688d9844a" 404 - "HEAD http://localhost:8080/v1/AUTH_1312aadf1e3f4e0bb93891183167859c/gnocchi.75436f4f-d6d1-48a5-947f-fb3688d9844a?format=json&states=listing" "txd26f2d230fc440709c401-0069b14183" "proxy-server 21" 0.0006 "-" 23 0
Mar 11 10:18:43 standalone object-server[123093]: 172.20.0.100 - - [11/Mar/2026:10:18:43 +0000] "GET /d1/158/AUTH_1312aadf1e3f4e0bb93891183167859c/gnocchi.75436f4f-d6d1-48a5-947f-fb3688d9844a/none_v3" 404 70 "GET http://localhost:8080/v1/AUTH_1312aadf1e3f4e0bb93891183167859c/gnocchi.75436f4f-d6d1-48a5-947f-fb3688d9844a/none_v3" "txd26f2d230fc440709c401-0069b14183" "proxy-server 21" 0.0007 "-" 24 0
Mar 11 10:18:43 standalone proxy-server[124928]: 172.18.0.2 ::1 11/Mar/2026/10/18/43 GET /v1/AUTH_1312aadf1e3f4e0bb93891183167859c/gnocchi.75436f4f-d6d1-48a5-947f-fb3688d9844a/none_v3 HTTP/1.0 404 - python-swiftclient-3.11.1 gAAAAABpsUFBUlv-... - 70 - txd26f2d230fc440709c401-0069b14183 - 0.0116 - - 1773224323.661367655 1773224323.672964096 0
Mar 11 10:18:43 standalone account-server[122625]: 172.20.0.100 - - [11/Mar/2026:10:18:43 +0000] "PUT /d1/267/AUTH_1312aadf1e3f4e0bb93891183167859c/gnocchi.75436f4f-d6d1-48a5-947f-fb3688d9844a" 201 - "PUT http://172.20.0.100:6001/d1/522/AUTH_1312aadf1e3f4e0bb93891183167859c/gnocchi.75436f4f-d6d1-48a5-947f-fb3688d9844a" "txb24ca93d90b146928227c-0069b14183" "container-server 21" 0.0083 "-" 22 0
Mar 11 10:18:43 standalone container-server[122823]: 172.20.0.100 - - [11/Mar/2026:10:18:43 +0000] "PUT /d1/522/AUTH_1312aadf1e3f4e0bb93891183167859c/gnocchi.75436f4f-d6d1-48a5-947f-fb3688d9844a" 201 - "PUT http://localhost:8080/v1/AUTH_1312aadf1e3f4e0bb93891183167859c/gnocchi.75436f4f-d6d1-48a5-947f-fb3688d9844a" "txb24ca93d90b146928227c-0069b14183" "proxy-server 21" 0.0235 "-" 21 0
Mar 11 10:18:43 standalone proxy-server[124928]: 172.18.0.2 ::1 11/Mar/2026/10/18/43 PUT /v1/AUTH_1312aadf1e3f4e0bb93891183167859c/gnocchi.75436f4f-d6d1-48a5-947f-fb3688d9844a HTTP/1.0 201 - python-swiftclient-3.11.1 gAAAAABpsUFBUlv-... - - - txb24ca93d90b146928227c-0069b14183 - 0.0291 - - 1773224323.679839373 1773224323.708933830 0
Mar 11 10:18:43 standalone container-server[122820]: 172.20.0.100 - - [11/Mar/2026:10:18:43 +0000] "HEAD /d1/522/AUTH_1312aadf1e3f4e0bb93891183167859c/gnocchi.75436f4f-d6d1-48a5-947f-fb3688d9844a" 204 - "HEAD http://localhost:8080/v1/AUTH_1312aadf1e3f4e0bb93891183167859c/gnocchi.75436f4f-d6d1-48a5-947f-fb3688d9844a?format=json&states=listing" "txe12024184203492ab111d-0069b14183" "proxy-server 21" 0.0014 "-" 20 0
Mar 11 10:18:43 standalone proxy-server[124928]: - - 11/Mar/2026/10/18/43 HEAD /v1/AUTH_1312aadf1e3f4e0bb93891183167859c/gnocchi.75436f4f-d6d1-48a5-947f-fb3688d9844a%3Fformat%3Djson%26states%3Dlisting HTTP/1.0 204 - Swift - - - - txe12024184203492ab111d-0069b14183 - 0.0084 RL - 1773224323.718919277 1773224323.727355480 0
Mar 11 10:18:43 standalone container-server[122835]: 172.20.0.100 - - [11/Mar/2026:10:18:43 +0000] "GET /d1/522/AUTH_1312aadf1e3f4e0bb93891183167859c/gnocchi.75436f4f-d6d1-48a5-947f-fb3688d9844a" 200 2 "GET http://localhost:8080/v1/AUTH_1312aadf1e3f4e0bb93891183167859c/gnocchi.75436f4f-d6d1-48a5-947f-fb3688d9844a?format=json&states=listing" "txe12024184203492ab111d-0069b14183" "proxy-server 21" 0.0034 "-" 23 0
Mar 11 10:18:43 standalone proxy-server[124928]: 172.18.0.2 ::1 11/Mar/2026/10/18/43 GET /v1/AUTH_1312aadf1e3f4e0bb93891183167859c/gnocchi.75436f4f-d6d1-48a5-947f-fb3688d9844a%3Fformat%3Djson%26states%3Dlisting HTTP/1.0 200 - python-swiftclient-3.11.1 gAAAAABpsUFBUlv-... - 2 - txe12024184203492ab111d-0069b14183 - 0.0268 - - 1773224323.717629671 1773224323.744386196 0
Mar 11 10:18:43 standalone object-server[123093]: 172.20.0.100 - - [11/Mar/2026:10:18:43 +0000] "GET /d1/254/AUTH_1312aadf1e3f4e0bb93891183167859c/gnocchi.75436f4f-d6d1-48a5-947f-fb3688d9844a/1772280000.0_mean_300.0_v3" 404 70 "GET http://localhost:8080/v1/AUTH_1312aadf1e3f4e0bb93891183167859c/gnocchi.75436f4f-d6d1-48a5-947f-fb3688d9844a/1772280000.0_mean_300.0_v3" "txd4cf9fcb92e34ff99268a-0069b14183" "proxy-server 21" 0.0005 "-" 24 0
Mar 11 10:18:43 standalone proxy-server[124928]: 172.18.0.2 ::1 11/Mar/2026/10/18/43 GET /v1/AUTH_1312aadf1e3f4e0bb93891183167859c/gnocchi.75436f4f-d6d1-48a5-947f-fb3688d9844a/1772280000.0_mean_300.0_v3 HTTP/1.0 404 - python-swiftclient-3.11.1 gAAAAABpsUFBUlv-... - 70 - txd4cf9fcb92e34ff99268a-0069b14183 - 0.0136 - - 1773224323.754161358 1773224323.767806292 0
Mar 11 10:18:44 standalone container-server[122835]: 172.20.0.100 - - [11/Mar/2026:10:18:44 +0000] "PUT /d1/522/AUTH_1312aadf1e3f4e0bb93891183167859c/gnocchi.75436f4f-d6d1-48a5-947f-fb3688d9844a/1772280000.0_mean_300.0_v3" 201 - "PUT http://localhost:8080/d1/254/AUTH_1312aadf1e3f4e0bb93891183167859c/gnocchi.75436f4f-d6d1-48a5-947f-fb3688d9844a/1772280000.0_mean_300.0_v3" "txe8bd915349fd4a898c3e9-0069b14183" "object-server 24" 0.0008 "-" 23 0
Mar 11 10:18:44 standalone object-server[123093]: 172.20.0.100 - - [11/Mar/2026:10:18:44 +0000] "PUT /d1/254/AUTH_1312aadf1e3f4e0bb93891183167859c/gnocchi.75436f4f-d6d1-48a5-947f-fb3688d9844a/1772280000.0_mean_300.0_v3" 201 - "PUT http://localhost:8080/v1/AUTH_1312aadf1e3f4e0bb93891183167859c/gnocchi.75436f4f-d6d1-48a5-947f-fb3688d9844a/1772280000.0_mean_300.0_v3" "txe8bd915349fd4a898c3e9-0069b14183" "proxy-server 21" 0.2135 "-" 24 0
Mar 11 10:18:44 standalone proxy-server[124928]: 172.18.0.2 ::1 11/Mar/2026/10/18/44 PUT /v1/AUTH_1312aadf1e3f4e0bb93891183167859c/gnocchi.75436f4f-d6d1-48a5-947f-fb3688d9844a/1772280000.0_mean_300.0_v3 HTTP/1.0 201 - python-swiftclient-3.11.1 gAAAAABpsUFBUlv-... 16 - - txe8bd915349fd4a898c3e9-0069b14183 - 0.2356 - - 1773224323.776788712 1773224324.012358427 0
Mar 11 10:18:44 standalone container-server[122835]: 172.20.0.100 - - [11/Mar/2026:10:18:44 +0000] "PUT /d1/522/AUTH_1312aadf1e3f4e0bb93891183167859c/gnocchi.75436f4f-d6d1-48a5-947f-fb3688d9844a/none_v3" 201 - "PUT http://localhost:8080/d1/158/AUTH_1312aadf1e3f4e0bb93891183167859c/gnocchi.75436f4f-d6d1-48a5-947f-fb3688d9844a/none_v3" "tx102b39efdc154b10842e4-0069b14184" "object-server 23" 0.0006 "-" 23 0
Mar 11 10:18:44 standalone object-server[123070]: 172.20.0.100 - - [11/Mar/2026:10:18:44 +0000] "PUT /d1/158/AUTH_1312aadf1e3f4e0bb93891183167859c/gnocchi.75436f4f-d6d1-48a5-947f-fb3688d9844a/none_v3" 201 - "PUT http://localhost:8080/v1/AUTH_1312aadf1e3f4e0bb93891183167859c/gnocchi.75436f4f-d6d1-48a5-947f-fb3688d9844a/none_v3" "tx102b39efdc154b10842e4-0069b14184" "proxy-server 21" 0.0120 "-" 23 0
Mar 11 10:18:44 standalone proxy-server[124928]: 172.18.0.2 ::1 11/Mar/2026/10/18/44 PUT /v1/AUTH_1312aadf1e3f4e0bb93891183167859c/gnocchi.75436f4f-d6d1-48a5-947f-fb3688d9844a/none_v3 HTTP/1.0 201 - python-swiftclient-3.11.1 gAAAAABpsUFBUlv-... 22 - - tx102b39efdc154b10842e4-0069b14184 - 0.0189 - - 1773224324.018289089 1773224324.037210226 0
Mar 11 10:18:44 standalone container-server[122823]: 172.20.0.100 - - [11/Mar/2026:10:18:44 +0000] "HEAD /d1/170/AUTH_1312aadf1e3f4e0bb93891183167859c/gnocchi.327d62b9-ca54-4d5c-a0ad-d3f3b3c4e68a" 404 - "HEAD http://localhost:8080/v1/AUTH_1312aadf1e3f4e0bb93891183167859c/gnocchi.327d62b9-ca54-4d5c-a0ad-d3f3b3c4e68a?format=json&states=listing" "tx8624adefd8ca402a96b31-0069b14184" "proxy-server 21" 0.0005 "-" 21 0
Mar 11 10:18:44 standalone object-server[123100]: 172.20.0.100 - - [11/Mar/2026:10:18:44 +0000] "GET /d1/57/AUTH_1312aadf1e3f4e0bb93891183167859c/gnocchi.327d62b9-ca54-4d5c-a0ad-d3f3b3c4e68a/none_v3" 404 70 "GET http://localhost:8080/v1/AUTH_1312aadf1e3f4e0bb93891183167859c/gnocchi.327d62b9-ca54-4d5c-a0ad-d3f3b3c4e68a/none_v3" "tx8624adefd8ca402a96b31-0069b14184" "proxy-server 21" 0.0053 "-" 25 0
Mar 11 10:18:44 standalone proxy-server[124928]: 172.18.0.2 ::1 11/Mar/2026/10/18/44 GET /v1/AUTH_1312aadf1e3f4e0bb93891183167859c/gnocchi.327d62b9-ca54-4d5c-a0ad-d3f3b3c4e68a/none_v3 HTTP/1.0 404 - python-swiftclient-3.11.1 gAAAAABpsUFBUlv-... - 70 - tx8624adefd8ca402a96b31-0069b14184 - 0.0179 - - 1773224324.060525417 1773224324.078393936 0
