Nov 23 13:42:59 np0005532741.novalocal object-server[96609]: ::1 - - [23/Nov/2025:18:42:59 +0000] "PUT /2/232453/AUTH_9cc260e0c9e84206955019da66ffcbec/gnocchi.d8994432-ba87-4221-9d4a-3a0df25907d8/1763640000.0_mean_300.0_v3" 201 - "PUT http://[::1]:8080/v1/AUTH_9cc260e0c9e84206955019da66ffcbec/gnocchi.d8994432-ba87-4221-9d4a-3a0df25907d8/1763640000.0_mean_300.0_v3" "txdb6887d8eaf64e1fb5ec0-00692355b2" "proxy-server 92676" 0.0190 "-" 96609 0
Nov 23 13:42:59 np0005532741.novalocal container-server[96309]: ::1 - - [23/Nov/2025:18:42:59 +0000] "PUT /1/225858/AUTH_9cc260e0c9e84206955019da66ffcbec/gnocchi.d8994432-ba87-4221-9d4a-3a0df25907d8/1763640000.0_mean_300.0_v3" 201 - "PUT http://[::1]:8080/3/232453/AUTH_9cc260e0c9e84206955019da66ffcbec/gnocchi.d8994432-ba87-4221-9d4a-3a0df25907d8/1763640000.0_mean_300.0_v3" "txdb6887d8eaf64e1fb5ec0-00692355b2" "object-server 96607" 0.0008 "-" 96309 0
Nov 23 13:42:59 np0005532741.novalocal container-server[96308]: ::1 - - [23/Nov/2025:18:42:59 +0000] "PUT /2/85847/AUTH_9cc260e0c9e84206955019da66ffcbec/gnocchi.54c13309-bb53-4209-829c-52771a603e84/none_v3" 201 - "PUT http://[::1]:8080/1/21183/AUTH_9cc260e0c9e84206955019da66ffcbec/gnocchi.54c13309-bb53-4209-829c-52771a603e84/none_v3" "tx40f4dd45aebe459f94fc8-00692355b2" "object-server 96609" 0.0009 "-" 96308 0
Nov 23 13:42:59 np0005532741.novalocal object-server[96609]: ::1 - - [23/Nov/2025:18:42:59 +0000] "PUT /1/21183/AUTH_9cc260e0c9e84206955019da66ffcbec/gnocchi.54c13309-bb53-4209-829c-52771a603e84/none_v3" 201 - "PUT http://[::1]:8080/v1/AUTH_9cc260e0c9e84206955019da66ffcbec/gnocchi.54c13309-bb53-4209-829c-52771a603e84/none_v3" "tx40f4dd45aebe459f94fc8-00692355b2" "proxy-server 92677" 0.0244 "-" 96609 0
Nov 23 13:42:59 np0005532741.novalocal container-server[96311]: ::1 - - [23/Nov/2025:18:42:59 +0000] "PUT /3/85847/AUTH_9cc260e0c9e84206955019da66ffcbec/gnocchi.54c13309-bb53-4209-829c-52771a603e84/none_v3" 201 - "PUT http://[::1]:8080/3/21183/AUTH_9cc260e0c9e84206955019da66ffcbec/gnocchi.54c13309-bb53-4209-829c-52771a603e84/none_v3" "tx40f4dd45aebe459f94fc8-00692355b2" "object-server 96607" 0.0008 "-" 96311 0
Nov 23 13:42:59 np0005532741.novalocal object-server[96607]: ::1 - - [23/Nov/2025:18:42:59 +0000] "PUT /3/232453/AUTH_9cc260e0c9e84206955019da66ffcbec/gnocchi.d8994432-ba87-4221-9d4a-3a0df25907d8/1763640000.0_mean_300.0_v3" 201 - "PUT http://[::1]:8080/v1/AUTH_9cc260e0c9e84206955019da66ffcbec/gnocchi.d8994432-ba87-4221-9d4a-3a0df25907d8/1763640000.0_mean_300.0_v3" "txdb6887d8eaf64e1fb5ec0-00692355b2" "proxy-server 92676" 0.0292 "-" 96607 0
Nov 23 13:42:59 np0005532741.novalocal object-server[96607]: ::1 - - [23/Nov/2025:18:42:59 +0000] "PUT /3/21183/AUTH_9cc260e0c9e84206955019da66ffcbec/gnocchi.54c13309-bb53-4209-829c-52771a603e84/none_v3" 201 - "PUT http://[::1]:8080/v1/AUTH_9cc260e0c9e84206955019da66ffcbec/gnocchi.54c13309-bb53-4209-829c-52771a603e84/none_v3" "tx40f4dd45aebe459f94fc8-00692355b2" "proxy-server 92677" 0.0233 "-" 96607 0
Nov 23 13:42:59 np0005532741.novalocal proxy-server[92676]: ::1 ::1 23/Nov/2025/18/42/59 PUT /v1/AUTH_9cc260e0c9e84206955019da66ffcbec/gnocchi.d8994432-ba87-4221-9d4a-3a0df25907d8/1763640000.0_mean_300.0_v3 HTTP/1.0 201 - python-swiftclient-4.2.0 gAAAAABpI1V6j5L9... 16 - - txdb6887d8eaf64e1fb5ec0-00692355b2 - 0.0460 - - 1763923378.978417873 1763923379.024390459 0
Nov 23 13:42:59 np0005532741.novalocal container-server[96311]: ::1 - - [23/Nov/2025:18:42:59 +0000] "PUT /1/85847/AUTH_9cc260e0c9e84206955019da66ffcbec/gnocchi.54c13309-bb53-4209-829c-52771a603e84/none_v3" 201 - "PUT http://[::1]:8080/2/21183/AUTH_9cc260e0c9e84206955019da66ffcbec/gnocchi.54c13309-bb53-4209-829c-52771a603e84/none_v3" "tx40f4dd45aebe459f94fc8-00692355b2" "object-server 96607" 0.0007 "-" 96311 0
Nov 23 13:42:59 np0005532741.novalocal object-server[96607]: ::1 - - [23/Nov/2025:18:42:59 +0000] "PUT /2/21183/AUTH_9cc260e0c9e84206955019da66ffcbec/gnocchi.54c13309-bb53-4209-829c-52771a603e84/none_v3" 201 - "PUT http://[::1]:8080/v1/AUTH_9cc260e0c9e84206955019da66ffcbec/gnocchi.54c13309-bb53-4209-829c-52771a603e84/none_v3" "tx40f4dd45aebe459f94fc8-00692355b2" "proxy-server 92677" 0.0317 "-" 96607 0
Nov 23 13:42:59 np0005532741.novalocal proxy-server[92677]: ::1 ::1 23/Nov/2025/18/42/59 PUT /v1/AUTH_9cc260e0c9e84206955019da66ffcbec/gnocchi.54c13309-bb53-4209-829c-52771a603e84/none_v3 HTTP/1.0 201 - python-swiftclient-4.2.0 gAAAAABpI1V6uZq-... 22 - - tx40f4dd45aebe459f94fc8-00692355b2 - 0.0416 - - 1763923378.986423016 1763923379.028034449 0
Nov 23 13:42:59 np0005532741.novalocal container-server[96310]: ::1 - - [23/Nov/2025:18:42:59 +0000] "HEAD /2/228296/AUTH_9cc260e0c9e84206955019da66ffcbec/gnocchi.37110158-b332-4979-9d8f-6a01caf968c6" 404 - "HEAD http://[::1]:8080/v1/AUTH_9cc260e0c9e84206955019da66ffcbec/gnocchi.37110158-b332-4979-9d8f-6a01caf968c6?format=json&states=listing" "txedef921b4fe5420d87620-00692355b3" "proxy-server 92677" 0.0005 "-" 96310 0
Nov 23 13:42:59 np0005532741.novalocal container-server[96311]: ::1 - - [23/Nov/2025:18:42:59 +0000] "HEAD /1/228296/AUTH_9cc260e0c9e84206955019da66ffcbec/gnocchi.37110158-b332-4979-9d8f-6a01caf968c6" 404 - "HEAD http://[::1]:8080/v1/AUTH_9cc260e0c9e84206955019da66ffcbec/gnocchi.37110158-b332-4979-9d8f-6a01caf968c6?format=json&states=listing" "txedef921b4fe5420d87620-00692355b3" "proxy-server 92677" 0.0005 "-" 96311 0
Nov 23 13:42:59 np0005532741.novalocal container-server[96310]: ::1 - - [23/Nov/2025:18:42:59 +0000] "HEAD /3/228296/AUTH_9cc260e0c9e84206955019da66ffcbec/gnocchi.37110158-b332-4979-9d8f-6a01caf968c6" 404 - "HEAD http://[::1]:8080/v1/AUTH_9cc260e0c9e84206955019da66ffcbec/gnocchi.37110158-b332-4979-9d8f-6a01caf968c6?format=json&states=listing" "txedef921b4fe5420d87620-00692355b3" "proxy-server 92677" 0.0003 "-" 96310 0
Nov 23 13:42:59 np0005532741.novalocal object-server[96607]: ::1 - - [23/Nov/2025:18:42:59 +0000] "GET /2/247911/AUTH_9cc260e0c9e84206955019da66ffcbec/gnocchi.37110158-b332-4979-9d8f-6a01caf968c6/none_v3" 404 70 "GET http://[::1]:8080/v1/AUTH_9cc260e0c9e84206955019da66ffcbec/gnocchi.37110158-b332-4979-9d8f-6a01caf968c6/none_v3" "txedef921b4fe5420d87620-00692355b3" "proxy-server 92677" 0.0006 "-" 96607 0
Nov 23 13:42:59 np0005532741.novalocal container-server[96309]: ::1 - - [23/Nov/2025:18:42:59 +0000] "PUT /3/225858/AUTH_9cc260e0c9e84206955019da66ffcbec/gnocchi.d8994432-ba87-4221-9d4a-3a0df25907d8/none_v3" 201 - "PUT http://[::1]:8080/2/153623/AUTH_9cc260e0c9e84206955019da66ffcbec/gnocchi.d8994432-ba87-4221-9d4a-3a0df25907d8/none_v3" "tx6a0da941ee0f41d0874d7-00692355b3" "object-server 96609" 0.0008 "-" 96309 0
Nov 23 13:42:59 np0005532741.novalocal object-server[96609]: ::1 - - [23/Nov/2025:18:42:59 +0000] "PUT /2/153623/AUTH_9cc260e0c9e84206955019da66ffcbec/gnocchi.d8994432-ba87-4221-9d4a-3a0df25907d8/none_v3" 201 - "PUT http://[::1]:8080/v1/AUTH_9cc260e0c9e84206955019da66ffcbec/gnocchi.d8994432-ba87-4221-9d4a-3a0df25907d8/none_v3" "tx6a0da941ee0f41d0874d7-00692355b3" "proxy-server 92676" 0.0201 "-" 96609 0
Nov 23 13:42:59 np0005532741.novalocal object-server[96609]: ::1 - - [23/Nov/2025:18:42:59 +0000] "GET /1/247911/AUTH_9cc260e0c9e84206955019da66ffcbec/gnocchi.37110158-b332-4979-9d8f-6a01caf968c6/none_v3" 404 70 "GET http://[::1]:8080/v1/AUTH_9cc260e0c9e84206955019da66ffcbec/gnocchi.37110158-b332-4979-9d8f-6a01caf968c6/none_v3" "txedef921b4fe5420d87620-00692355b3" "proxy-server 92677" 0.0009 "-" 96609 0
Nov 23 13:42:59 np0005532741.novalocal container-server[96310]: ::1 - - [23/Nov/2025:18:42:59 +0000] "PUT /2/225858/AUTH_9cc260e0c9e84206955019da66ffcbec/gnocchi.d8994432-ba87-4221-9d4a-3a0df25907d8/none_v3" 201 - "PUT http://[::1]:8080/3/153623/AUTH_9cc260e0c9e84206955019da66ffcbec/gnocchi.d8994432-ba87-4221-9d4a-3a0df25907d8/none_v3" "tx6a0da941ee0f41d0874d7-00692355b3" "object-server 96606" 0.0011 "-" 96310 0
Nov 23 13:42:59 np0005532741.novalocal object-server[96609]: ::1 - - [23/Nov/2025:18:42:59 +0000] "GET /3/247911/AUTH_9cc260e0c9e84206955019da66ffcbec/gnocchi.37110158-b332-4979-9d8f-6a01caf968c6/none_v3" 404 70 "GET http://[::1]:8080/v1/AUTH_9cc260e0c9e84206955019da66ffcbec/gnocchi.37110158-b332-4979-9d8f-6a01caf968c6/none_v3" "txedef921b4fe5420d87620-00692355b3" "proxy-server 92677" 0.0003 "-" 96609 0
Nov 23 13:42:59 np0005532741.novalocal object-server[96606]: ::1 - - [23/Nov/2025:18:42:59 +0000] "PUT /3/153623/AUTH_9cc260e0c9e84206955019da66ffcbec/gnocchi.d8994432-ba87-4221-9d4a-3a0df25907d8/none_v3" 201 - "PUT http://[::1]:8080/v1/AUTH_9cc260e0c9e84206955019da66ffcbec/gnocchi.d8994432-ba87-4221-9d4a-3a0df25907d8/none_v3" "tx6a0da941ee0f41d0874d7-00692355b3" "proxy-server 92676" 0.0380 "-" 96606 0
Nov 23 13:42:59 np0005532741.novalocal proxy-server[92677]: ::1 ::1 23/Nov/2025/18/42/59 GET /v1/AUTH_9cc260e0c9e84206955019da66ffcbec/gnocchi.37110158-b332-4979-9d8f-6a01caf968c6/none_v3 HTTP/1.0 404 - python-swiftclient-4.2.0 gAAAAABpI1V6uZq-... - 70 - txedef921b4fe5420d87620-00692355b3 - 0.0430 - - 1763923379.040165663 1763923379.083162069 0
Nov 23 13:42:59 np0005532741.novalocal container-server[96309]: ::1 - - [23/Nov/2025:18:42:59 +0000] "PUT /1/225858/AUTH_9cc260e0c9e84206955019da66ffcbec/gnocchi.d8994432-ba87-4221-9d4a-3a0df25907d8/none_v3" 201 - "PUT http://[::1]:8080/1/153623/AUTH_9cc260e0c9e84206955019da66ffcbec/gnocchi.d8994432-ba87-4221-9d4a-3a0df25907d8/none_v3" "tx6a0da941ee0f41d0874d7-00692355b3" "object-server 96605" 0.0009 "-" 96309 0
Nov 23 13:42:59 np0005532741.novalocal object-server[96605]: ::1 - - [23/Nov/2025:18:42:59 +0000] "PUT /1/153623/AUTH_9cc260e0c9e84206955019da66ffcbec/gnocchi.d8994432-ba87-4221-9d4a-3a0df25907d8/none_v3" 201 - "PUT http://[::1]:8080/v1/AUTH_9cc260e0c9e84206955019da66ffcbec/gnocchi.d8994432-ba87-4221-9d4a-3a0df25907d8/none_v3" "tx6a0da941ee0f41d0874d7-00692355b3" "proxy-server 92676" 0.0455 "-" 96605 0
Nov 23 13:42:59 np0005532741.novalocal proxy-server[92676]: ::1 ::1 23/Nov/2025/18/42/59 PUT /v1/AUTH_9cc260e0c9e84206955019da66ffcbec/gnocchi.d8994432-ba87-4221-9d4a-3a0df25907d8/none_v3 HTTP/1.0 201 - python-swiftclient-4.2.0 gAAAAABpI1V6j5L9... 22 - - tx6a0da941ee0f41d0874d7-00692355b3 - 0.0609 - - 1763923379.029097557 1763923379.090036631 0
Nov 23 13:42:59 np0005532741.novalocal container-server[96310]: ::1 - - [23/Nov/2025:18:42:59 +0000] "HEAD /3/244513/AUTH_9cc260e0c9e84206955019da66ffcbec/gnocchi.557a5035-253a-4d9f-96e9-645ba208c8cb" 404 - "HEAD http://[::1]:8080/v1/AUTH_9cc260e0c9e84206955019da66ffcbec/gnocchi.557a5035-253a-4d9f-96e9-645ba208c8cb?format=json&states=listing" "tx42aed84306d5497491e78-00692355b3" "proxy-server 92676" 0.0005 "-" 96310 0
Nov 23 13:42:59 np0005532741.novalocal container-server[96309]: ::1 - - [23/Nov/2025:18:42:59 +0000] "HEAD /2/244513/AUTH_9cc260e0c9e84206955019da66ffcbec/gnocchi.557a5035-253a-4d9f-96e9-645ba208c8cb" 404 - "HEAD http://[::1]:8080/v1/AUTH_9cc260e0c9e84206955019da66ffcbec/gnocchi.557a5035-253a-4d9f-96e9-645ba208c8cb?format=json&states=listing" "tx42aed84306d5497491e78-00692355b3" "proxy-server 92676" 0.0004 "-" 96309 0
Nov 23 13:42:59 np0005532741.novalocal account-server[96019]: ::1 - - [23/Nov/2025:18:42:59 +0000] "PUT /1/21056/AUTH_9cc260e0c9e84206955019da66ffcbec/gnocchi.37110158-b332-4979-9d8f-6a01caf968c6" 201 - "PUT http://[::1]:6001/3/228296/AUTH_9cc260e0c9e84206955019da66ffcbec/gnocchi.37110158-b332-4979-9d8f-6a01caf968c6" "tx9169c70958bb449da5566-00692355b3" "container-server 96310" 0.0081 "-" 96019 0
Nov 23 13:42:59 np0005532741.novalocal container-server[96311]: ::1 - - [23/Nov/2025:18:42:59 +0000] "HEAD /1/244513/AUTH_9cc260e0c9e84206955019da66ffcbec/gnocchi.557a5035-253a-4d9f-96e9-645ba208c8cb" 404 - "HEAD http://[::1]:8080/v1/AUTH_9cc260e0c9e84206955019da66ffcbec/gnocchi.557a5035-253a-4d9f-96e9-645ba208c8cb?format=json&states=listing" "tx42aed84306d5497491e78-00692355b3" "proxy-server 92676" 0.0008 "-" 96311 0
Nov 23 13:42:59 np0005532741.novalocal container-server[96310]: ::1 - - [23/Nov/2025:18:42:59 +0000] "PUT /3/228296/AUTH_9cc260e0c9e84206955019da66ffcbec/gnocchi.37110158-b332-4979-9d8f-6a01caf968c6" 201 - "PUT http://[::1]:8080/v1/AUTH_9cc260e0c9e84206955019da66ffcbec/gnocchi.37110158-b332-4979-9d8f-6a01caf968c6" "tx9169c70958bb449da5566-00692355b3" "proxy-server 92677" 0.0304 "-" 96310 0
Nov 23 13:42:59 np0005532741.novalocal account-server[96018]: ::1 - - [23/Nov/2025:18:42:59 +0000] "PUT /2/21056/AUTH_9cc260e0c9e84206955019da66ffcbec/gnocchi.37110158-b332-4979-9d8f-6a01caf968c6" 201 - "PUT http://[::1]:6001/2/228296/AUTH_9cc260e0c9e84206955019da66ffcbec/gnocchi.37110158-b332-4979-9d8f-6a01caf968c6" "tx9169c70958bb449da5566-00692355b3" "container-server 96309" 0.0066 "-" 96018 0
Nov 23 13:42:59 np0005532741.novalocal container-server[96309]: ::1 - - [23/Nov/2025:18:42:59 +0000] "PUT /2/228296/AUTH_9cc260e0c9e84206955019da66ffcbec/gnocchi.37110158-b332-4979-9d8f-6a01caf968c6" 201 - "PUT http://[::1]:8080/v1/AUTH_9cc260e0c9e84206955019da66ffcbec/gnocchi.37110158-b332-4979-9d8f-6a01caf968c6" "tx9169c70958bb449da5566-00692355b3" "proxy-server 92677" 0.0331 "-" 96309 0
Nov 23 13:42:59 np0005532741.novalocal account-server[96019]: ::1 - - [23/Nov/2025:18:42:59 +0000] "PUT /3/21056/AUTH_9cc260e0c9e84206955019da66ffcbec/gnocchi.37110158-b332-4979-9d8f-6a01caf968c6" 201 - "PUT http://[::1]:6001/1/228296/AUTH_9cc260e0c9e84206955019da66ffcbec/gnocchi.37110158-b332-4979-9d8f-6a01caf968c6" "tx9169c70958bb449da5566-00692355b3" "container-server 96309" 0.0058 "-" 96019 0
Nov 23 13:42:59 np0005532741.novalocal container-server[96309]: ::1 - - [23/Nov/2025:18:42:59 +0000] "PUT /1/228296/AUTH_9cc260e0c9e84206955019da66ffcbec/gnocchi.37110158-b332-4979-9d8f-6a01caf968c6" 201 - "PUT http://[::1]:8080/v1/AUTH_9cc260e0c9e84206955019da66ffcbec/gnocchi.37110158-b332-4979-9d8f-6a01caf968c6" "tx9169c70958bb449da5566-00692355b3" "proxy-server 92677" 0.0214 "-" 96309 0
Nov 23 13:42:59 np0005532741.novalocal object-server[96609]: ::1 - - [23/Nov/2025:18:42:59 +0000] "GET /1/191726/AUTH_9cc260e0c9e84206955019da66ffcbec/gnocchi.557a5035-253a-4d9f-96e9-645ba208c8cb/none_v3" 404 70 "GET http://[::1]:8080/v1/AUTH_9cc260e0c9e84206955019da66ffcbec/gnocchi.557a5035-253a-4d9f-96e9-645ba208c8cb/none_v3" "tx42aed84306d5497491e78-00692355b3" "proxy-server 92676" 0.0005 "-" 96609 0
Nov 23 13:42:59 np0005532741.novalocal proxy-server[92677]: ::1 ::1 23/Nov/2025/18/42/59 PUT /v1/AUTH_9cc260e0c9e84206955019da66ffcbec/gnocchi.37110158-b332-4979-9d8f-6a01caf968c6 HTTP/1.0 201 - python-swiftclient-4.2.0 gAAAAABpI1V6uZq-... - - - tx9169c70958bb449da5566-00692355b3 - 0.0485 - - 1763923379.086152554 1763923379.134615898 0
Nov 23 13:42:59 np0005532741.novalocal object-server[96609]: ::1 - - [23/Nov/2025:18:42:59 +0000] "GET /3/191726/AUTH_9cc260e0c9e84206955019da66ffcbec/gnocchi.557a5035-253a-4d9f-96e9-645ba208c8cb/none_v3" 404 70 "GET http://[::1]:8080/v1/AUTH_9cc260e0c9e84206955019da66ffcbec/gnocchi.557a5035-253a-4d9f-96e9-645ba208c8cb/none_v3" "tx42aed84306d5497491e78-00692355b3" "proxy-server 92676" 0.0004 "-" 96609 0
Nov 23 13:42:59 np0005532741.novalocal object-server[96607]: ::1 - - [23/Nov/2025:18:42:59 +0000] "GET /2/191726/AUTH_9cc260e0c9e84206955019da66ffcbec/gnocchi.557a5035-253a-4d9f-96e9-645ba208c8cb/none_v3" 404 70 "GET http://[::1]:8080/v1/AUTH_9cc260e0c9e84206955019da66ffcbec/gnocchi.557a5035-253a-4d9f-96e9-645ba208c8cb/none_v3" "tx42aed84306d5497491e78-00692355b3" "proxy-server 92676" 0.0005 "-" 96607 0
Nov 23 13:42:59 np0005532741.novalocal container-server[96311]: ::1 - - [23/Nov/2025:18:42:59 +0000] "HEAD /1/228296/AUTH_9cc260e0c9e84206955019da66ffcbec/gnocchi.37110158-b332-4979-9d8f-6a01caf968c6" 204 - "HEAD http://[::1]:8080/v1/AUTH_9cc260e0c9e84206955019da66ffcbec/gnocchi.37110158-b332-4979-9d8f-6a01caf968c6?format=json&states=listing" "txa9b02e228927407e84332-00692355b3" "proxy-server 92677" 0.0029 "-" 96311 0
Nov 23 13:42:59 np0005532741.novalocal proxy-server[92676]: ::1 ::1 23/Nov/2025/18/42/59 GET /v1/AUTH_9cc260e0c9e84206955019da66ffcbec/gnocchi.557a5035-253a-4d9f-96e9-645ba208c8cb/none_v3 HTTP/1.0 404 - python-swiftclient-4.2.0 gAAAAABpI1V6j5L9... - 70 - tx42aed84306d5497491e78-00692355b3 - 0.0483 - - 1763923379.101861477 1763923379.150179386 0
Nov 23 13:42:59 np0005532741.novalocal container-server[96309]: ::1 - - [23/Nov/2025:18:42:59 +0000] "GET /1/228296/AUTH_9cc260e0c9e84206955019da66ffcbec/gnocchi.37110158-b332-4979-9d8f-6a01caf968c6" 200 2 "GET http://[::1]:8080/v1/AUTH_9cc260e0c9e84206955019da66ffcbec/gnocchi.37110158-b332-4979-9d8f-6a01caf968c6?format=json&states=listing" "txa9b02e228927407e84332-00692355b3" "proxy-server 92677" 0.0066 "-" 96309 0
Nov 23 13:42:59 np0005532741.novalocal proxy-server[92677]: ::1 ::1 23/Nov/2025/18/42/59 GET /v1/AUTH_9cc260e0c9e84206955019da66ffcbec/gnocchi.37110158-b332-4979-9d8f-6a01caf968c6%3Fformat%3Djson%26states%3Dlisting HTTP/1.0 200 - python-swiftclient-4.2.0 gAAAAABpI1V6uZq-... - 2 - txa9b02e228927407e84332-00692355b3 - 0.0370 - - 1763923379.140536070 1763923379.177559137 0
Nov 23 13:42:59 np0005532741.novalocal account-server[96016]: ::1 - - [23/Nov/2025:18:42:59 +0000] "PUT /1/21056/AUTH_9cc260e0c9e84206955019da66ffcbec/gnocchi.557a5035-253a-4d9f-96e9-645ba208c8cb" 201 - "PUT http://[::1]:6001/2/244513/AUTH_9cc260e0c9e84206955019da66ffcbec/gnocchi.557a5035-253a-4d9f-96e9-645ba208c8cb" "txcb953fc04718473e9e273-00692355b3" "container-server 96311" 0.0064 "-" 96016 0
Nov 23 13:42:59 np0005532741.novalocal object-server[96606]: ::1 - - [23/Nov/2025:18:42:59 +0000] "GET /2/81929/AUTH_9cc260e0c9e84206955019da66ffcbec/gnocchi.37110158-b332-4979-9d8f-6a01caf968c6/1763640000.0_mean_300.0_v3" 404 70 "GET http://[::1]:8080/v1/AUTH_9cc260e0c9e84206955019da66ffcbec/gnocchi.37110158-b332-4979-9d8f-6a01caf968c6/1763640000.0_mean_300.0_v3" "tx41435c86f227488eb840d-00692355b3" "proxy-server 92677" 0.0017 "-" 96606 0
Nov 23 13:42:59 np0005532741.novalocal object-server[96609]: ::1 - - [23/Nov/2025:18:42:59 +0000] "GET /1/81929/AUTH_9cc260e0c9e84206955019da66ffcbec/gnocchi.37110158-b332-4979-9d8f-6a01caf968c6/1763640000.0_mean_300.0_v3" 404 70 "GET http://[::1]:8080/v1/AUTH_9cc260e0c9e84206955019da66ffcbec/gnocchi.37110158-b332-4979-9d8f-6a01caf968c6/1763640000.0_mean_300.0_v3" "tx41435c86f227488eb840d-00692355b3" "proxy-server 92677" 0.0005 "-" 96609 0
Nov 23 13:42:59 np0005532741.novalocal container-server[96311]: ::1 - - [23/Nov/2025:18:42:59 +0000] "PUT /2/244513/AUTH_9cc260e0c9e84206955019da66ffcbec/gnocchi.557a5035-253a-4d9f-96e9-645ba208c8cb" 201 - "PUT http://[::1]:8080/v1/AUTH_9cc260e0c9e84206955019da66ffcbec/gnocchi.557a5035-253a-4d9f-96e9-645ba208c8cb" "txcb953fc04718473e9e273-00692355b3" "proxy-server 92676" 0.0276 "-" 96311 0
Nov 23 13:42:59 np0005532741.novalocal object-server[96606]: ::1 - - [23/Nov/2025:18:42:59 +0000] "GET /3/81929/AUTH_9cc260e0c9e84206955019da66ffcbec/gnocchi.37110158-b332-4979-9d8f-6a01caf968c6/1763640000.0_mean_300.0_v3" 404 70 "GET http://[::1]:8080/v1/AUTH_9cc260e0c9e84206955019da66ffcbec/gnocchi.37110158-b332-4979-9d8f-6a01caf968c6/1763640000.0_mean_300.0_v3" "tx41435c86f227488eb840d-00692355b3" "proxy-server 92677" 0.0008 "-" 96606 0
Nov 23 13:42:59 np0005532741.novalocal proxy-server[92677]: ::1 ::1 23/Nov/2025/18/42/59 GET /v1/AUTH_9cc260e0c9e84206955019da66ffcbec/gnocchi.37110158-b332-4979-9d8f-6a01caf968c6/1763640000.0_mean_300.0_v3 HTTP/1.0 404 - python-swiftclient-4.2.0 gAAAAABpI1V6uZq-... - 70 - tx41435c86f227488eb840d-00692355b3 - 0.0205 - - 1763923379.183088541 1763923379.203602314 0
Nov 23 13:42:59 np0005532741.novalocal account-server[96018]: ::1 - - [23/Nov/2025:18:42:59 +0000] "PUT /2/21056/AUTH_9cc260e0c9e84206955019da66ffcbec/gnocchi.557a5035-253a-4d9f-96e9-645ba208c8cb" 201 - "PUT http://[::1]:6001/3/244513/AUTH_9cc260e0c9e84206955019da66ffcbec/gnocchi.557a5035-253a-4d9f-96e9-645ba208c8cb" "txcb953fc04718473e9e273-00692355b3" "container-server 96310" 0.0058 "-" 96018 0
Nov 23 13:42:59 np0005532741.novalocal container-server[96310]: ::1 - - [23/Nov/2025:18:42:59 +0000] "PUT /3/244513/AUTH_9cc260e0c9e84206955019da66ffcbec/gnocchi.557a5035-253a-4d9f-96e9-645ba208c8cb" 201 - "PUT http://[::1]:8080/v1/AUTH_9cc260e0c9e84206955019da66ffcbec/gnocchi.557a5035-253a-4d9f-96e9-645ba208c8cb" "txcb953fc04718473e9e273-00692355b3" "proxy-server 92676" 0.0453 "-" 96310 0
Nov 23 13:42:59 np0005532741.novalocal account-server[96018]: ::1 - - [23/Nov/2025:18:42:59 +0000] "PUT /3/21056/AUTH_9cc260e0c9e84206955019da66ffcbec/gnocchi.557a5035-253a-4d9f-96e9-645ba208c8cb" 201 - "PUT http://[::1]:6001/1/244513/AUTH_9cc260e0c9e84206955019da66ffcbec/gnocchi.557a5035-253a-4d9f-96e9-645ba208c8cb" "txcb953fc04718473e9e273-00692355b3" "container-server 96310" 0.0077 "-" 96018 0
Nov 23 13:42:59 np0005532741.novalocal container-server[96310]: ::1 - - [23/Nov/2025:18:42:59 +0000] "PUT /1/244513/AUTH_9cc260e0c9e84206955019da66ffcbec/gnocchi.557a5035-253a-4d9f-96e9-645ba208c8cb" 201 - "PUT http://[::1]:8080/v1/AUTH_9cc260e0c9e84206955019da66ffcbec/gnocchi.557a5035-253a-4d9f-96e9-645ba208c8cb" "txcb953fc04718473e9e273-00692355b3" "proxy-server 92676" 0.0309 "-" 96310 0
Nov 23 13:42:59 np0005532741.novalocal container-server[96309]: ::1 - - [23/Nov/2025:18:42:59 +0000] "PUT /2/228296/AUTH_9cc260e0c9e84206955019da66ffcbec/gnocchi.37110158-b332-4979-9d8f-6a01caf968c6/1763640000.0_mean_300.0_v3" 201 - "PUT http://[::1]:8080/1/81929/AUTH_9cc260e0c9e84206955019da66ffcbec/gnocchi.37110158-b332-4979-9d8f-6a01caf968c6/1763640000.0_mean_300.0_v3" "tx0b1a9911e4834f6abd62d-00692355b3" "object-server 96609" 0.0007 "-" 96309 0
Nov 23 13:42:59 np0005532741.novalocal object-server[96609]: ::1 - - [23/Nov/2025:18:42:59 +0000] "PUT /1/81929/AUTH_9cc260e0c9e84206955019da66ffcbec/gnocchi.37110158-b332-4979-9d8f-6a01caf968c6/1763640000.0_mean_300.0_v3" 201 - "PUT http://[::1]:8080/v1/AUTH_9cc260e0c9e84206955019da66ffcbec/gnocchi.37110158-b332-4979-9d8f-6a01caf968c6/1763640000.0_mean_300.0_v3" "tx0b1a9911e4834f6abd62d-00692355b3" "proxy-server 92677" 0.0161 "-" 96609 0
Nov 23 13:42:59 np0005532741.novalocal container-server[96309]: ::1 - - [23/Nov/2025:18:42:59 +0000] "PUT /1/228296/AUTH_9cc260e0c9e84206955019da66ffcbec/gnocchi.37110158-b332-4979-9d8f-6a01caf968c6/1763640000.0_mean_300.0_v3" 201 - "PUT http://[::1]:8080/2/81929/AUTH_9cc260e0c9e84206955019da66ffcbec/gnocchi.37110158-b332-4979-9d8f-6a01caf968c6/1763640000.0_mean_300.0_v3" "tx0b1a9911e4834f6abd62d-00692355b3" "object-server 96609" 0.0005 "-" 96309 0
Nov 23 13:42:59 np0005532741.novalocal container-server[96310]: ::1 - - [23/Nov/2025:18:42:59 +0000] "PUT /3/228296/AUTH_9cc260e0c9e84206955019da66ffcbec/gnocchi.37110158-b332-4979-9d8f-6a01caf968c6/1763640000.0_mean_300.0_v3" 201 - "PUT http://[::1]:8080/3/81929/AUTH_9cc260e0c9e84206955019da66ffcbec/gnocchi.37110158-b332-4979-9d8f-6a01caf968c6/1763640000.0_mean_300.0_v3" "tx0b1a9911e4834f6abd62d-00692355b3" "object-server 96606" 0.0005 "-" 96310 0
Nov 23 13:42:59 np0005532741.novalocal object-server[96609]: ::1 - - [23/Nov/2025:18:42:59 +0000] "PUT /2/81929/AUTH_9cc260e0c9e84206955019da66ffcbec/gnocchi.37110158-b332-4979-9d8f-6a01caf968c6/1763640000.0_mean_300.0_v3" 201 - "PUT http://[::1]:8080/v1/AUTH_9cc260e0c9e84206955019da66ffcbec/gnocchi.37110158-b332-4979-9d8f-6a01caf968c6/1763640000.0_mean_300.0_v3" "tx0b1a9911e4834f6abd62d-00692355b3" "proxy-server 92677" 0.0153 "-" 96609 0
Nov 23 13:42:59 np0005532741.novalocal proxy-server[92676]: ::1 ::1 23/Nov/2025/18/42/59 PUT /v1/AUTH_9cc260e0c9e84206955019da66ffcbec/gnocchi.557a5035-253a-4d9f-96e9-645ba208c8cb HTTP/1.0 201 - python-swiftclient-4.2.0 gAAAAABpI1V6j5L9... - - - txcb953fc04718473e9e273-00692355b3 - 0.0721 - - 1763923379.159336090 1763923379.231415033 0
Nov 23 13:42:59 np0005532741.novalocal object-server[96606]: ::1 - - [23/Nov/2025:18:42:59 +0000] "PUT /3/81929/AUTH_9cc260e0c9e84206955019da66ffcbec/gnocchi.37110158-b332-4979-9d8f-6a01caf968c6/1763640000.0_mean_300.0_v3" 201 - "PUT http://[::1]:8080/v1/AUTH_9cc260e0c9e84206955019da66ffcbec/gnocchi.37110158-b332-4979-9d8f-6a01caf968c6/1763640000.0_mean_300.0_v3" "tx0b1a9911e4834f6abd62d-00692355b3" "proxy-server 92677" 0.0176 "-" 96606 0
Nov 23 13:42:59 np0005532741.novalocal proxy-server[92677]: ::1 ::1 23/Nov/2025/18/42/59 PUT /v1/AUTH_9cc260e0c9e84206955019da66ffcbec/gnocchi.37110158-b332-4979-9d8f-6a01caf968c6/1763640000.0_mean_300.0_v3 HTTP/1.0 201 - python-swiftclient-4.2.0 gAAAAABpI1V6uZq-... 16 - - tx0b1a9911e4834f6abd62d-00692355b3 - 0.0276 - - 1763923379.206600666 1763923379.234210253 0
Nov 23 13:42:59 np0005532741.novalocal container-server[96309]: ::1 - - [23/Nov/2025:18:42:59 +0000] "HEAD /3/244513/AUTH_9cc260e0c9e84206955019da66ffcbec/gnocchi.557a5035-253a-4d9f-96e9-645ba208c8cb" 204 - "HEAD http://[::1]:8080/v1/AUTH_9cc260e0c9e84206955019da66ffcbec/gnocchi.557a5035-253a-4d9f-96e9-645ba208c8cb?format=json&states=listing" "tx4391799b84bb46fb83dde-00692355b3" "proxy-server 92676" 0.0021 "-" 96309 0
Nov 23 13:42:59 np0005532741.novalocal container-server[96310]: ::1 - - [23/Nov/2025:18:42:59 +0000] "GET /3/244513/AUTH_9cc260e0c9e84206955019da66ffcbec/gnocchi.557a5035-253a-4d9f-96e9-645ba208c8cb" 200 2 "GET http://[::1]:8080/v1/AUTH_9cc260e0c9e84206955019da66ffcbec/gnocchi.557a5035-253a-4d9f-96e9-645ba208c8cb?format=json&states=listing" "tx4391799b84bb46fb83dde-00692355b3" "proxy-server 92676" 0.0024 "-" 96310 0
Nov 23 13:42:59 np0005532741.novalocal proxy-server[92676]: ::1 ::1 23/Nov/2025/18/42/59 GET /v1/AUTH_9cc260e0c9e84206955019da66ffcbec/gnocchi.557a5035-253a-4d9f-96e9-645ba208c8cb%3Fformat%3Djson%26states%3Dlisting HTTP/1.0 200 - python-swiftclient-4.2.0 gAAAAABpI1V6j5L9... - 2 - tx4391799b84bb46fb83dde-00692355b3 - 0.0149 - - 1763923379.235049009 1763923379.249913931 0
Nov 23 13:42:59 np0005532741.novalocal object-server[96605]: ::1 - - [23/Nov/2025:18:42:59 +0000] "GET /2/32302/AUTH_9cc260e0c9e84206955019da66ffcbec/gnocchi.557a5035-253a-4d9f-96e9-645ba208c8cb/1763640000.0_mean_300.0_v3" 404 70 "GET http://[::1]:8080/v1/AUTH_9cc260e0c9e84206955019da66ffcbec/gnocchi.557a5035-253a-4d9f-96e9-645ba208c8cb/1763640000.0_mean_300.0_v3" "tx3f00fd0078ac4d419c50e-00692355b3" "proxy-server 92676" 0.0004 "-" 96605 0
Nov 23 13:42:59 np0005532741.novalocal object-server[96606]: ::1 - - [23/Nov/2025:18:42:59 +0000] "GET /1/32302/AUTH_9cc260e0c9e84206955019da66ffcbec/gnocchi.557a5035-253a-4d9f-96e9-645ba208c8cb/1763640000.0_mean_300.0_v3" 404 70 "GET http://[::1]:8080/v1/AUTH_9cc260e0c9e84206955019da66ffcbec/gnocchi.557a5035-253a-4d9f-96e9-645ba208c8cb/1763640000.0_mean_300.0_v3" "tx3f00fd0078ac4d419c50e-00692355b3" "proxy-server 92676" 0.0018 "-" 96606 0
Nov 23 13:42:59 np0005532741.novalocal container-server[96309]: ::1 - - [23/Nov/2025:18:42:59 +0000] "PUT /2/228296/AUTH_9cc260e0c9e84206955019da66ffcbec/gnocchi.37110158-b332-4979-9d8f-6a01caf968c6/none_v3" 201 - "PUT http://[::1]:8080/1/247911/AUTH_9cc260e0c9e84206955019da66ffcbec/gnocchi.37110158-b332-4979-9d8f-6a01caf968c6/none_v3" "tx82b7c0af54084ce78edb9-00692355b3" "object-server 96605" 0.0006 "-" 96309 0
Nov 23 13:42:59 np0005532741.novalocal object-server[96605]: ::1 - - [23/Nov/2025:18:42:59 +0000] "PUT /1/247911/AUTH_9cc260e0c9e84206955019da66ffcbec/gnocchi.37110158-b332-4979-9d8f-6a01caf968c6/none_v3" 201 - "PUT http://[::1]:8080/v1/AUTH_9cc260e0c9e84206955019da66ffcbec/gnocchi.37110158-b332-4979-9d8f-6a01caf968c6/none_v3" "tx82b7c0af54084ce78edb9-00692355b3" "proxy-server 92677" 0.0188 "-" 96605 0
Nov 23 13:42:59 np0005532741.novalocal container-server[96309]: ::1 - - [23/Nov/2025:18:42:59 +0000] "PUT /1/228296/AUTH_9cc260e0c9e84206955019da66ffcbec/gnocchi.37110158-b332-4979-9d8f-6a01caf968c6/none_v3" 201 - "PUT http://[::1]:8080/3/247911/AUTH_9cc260e0c9e84206955019da66ffcbec/gnocchi.37110158-b332-4979-9d8f-6a01caf968c6/none_v3" "tx82b7c0af54084ce78edb9-00692355b3" "object-server 96605" 0.0004 "-" 96309 0
Nov 23 13:42:59 np0005532741.novalocal container-server[96311]: ::1 - - [23/Nov/2025:18:42:59 +0000] "PUT /3/228296/AUTH_9cc260e0c9e84206955019da66ffcbec/gnocchi.37110158-b332-4979-9d8f-6a01caf968c6/none_v3" 201 - "PUT http://[::1]:8080/2/247911/AUTH_9cc260e0c9e84206955019da66ffcbec/gnocchi.37110158-b332-4979-9d8f-6a01caf968c6/none_v3" "tx82b7c0af54084ce78edb9-00692355b3" "object-server 96607" 0.0015 "-" 96311 0
Nov 23 13:42:59 np0005532741.novalocal object-server[96605]: ::1 - - [23/Nov/2025:18:42:59 +0000] "PUT /3/247911/AUTH_9cc260e0c9e84206955019da66ffcbec/gnocchi.37110158-b332-4979-9d8f-6a01caf968c6/none_v3" 201 - "PUT http://[::1]:8080/v1/AUTH_9cc260e0c9e84206955019da66ffcbec/gnocchi.37110158-b332-4979-9d8f-6a01caf968c6/none_v3" "tx82b7c0af54084ce78edb9-00692355b3" "proxy-server 92677" 0.0235 "-" 96605 0
Nov 23 13:42:59 np0005532741.novalocal object-server[96607]: ::1 - - [23/Nov/2025:18:42:59 +0000] "PUT /2/247911/AUTH_9cc260e0c9e84206955019da66ffcbec/gnocchi.37110158-b332-4979-9d8f-6a01caf968c6/none_v3" 201 - "PUT http://[::1]:8080/v1/AUTH_9cc260e0c9e84206955019da66ffcbec/gnocchi.37110158-b332-4979-9d8f-6a01caf968c6/none_v3" "tx82b7c0af54084ce78edb9-00692355b3" "proxy-server 92677" 0.0193 "-" 96607 0
Nov 23 13:42:59 np0005532741.novalocal proxy-server[92677]: ::1 ::1 23/Nov/2025/18/42/59 PUT /v1/AUTH_9cc260e0c9e84206955019da66ffcbec/gnocchi.37110158-b332-4979-9d8f-6a01caf968c6/none_v3 HTTP/1.0 201 - python-swiftclient-4.2.0 gAAAAABpI1V6uZq-... 22 - - tx82b7c0af54084ce78edb9-00692355b3 - 0.0385 - - 1763923379.239563227 1763923379.278080463 0
Nov 23 13:42:59 np0005532741.novalocal object-server[96605]: ::1 - - [23/Nov/2025:18:42:59 +0000] "GET /3/32302/AUTH_9cc260e0c9e84206955019da66ffcbec/gnocchi.557a5035-253a-4d9f-96e9-645ba208c8cb/1763640000.0_mean_300.0_v3" 404 70 "GET http://[::1]:8080/v1/AUTH_9cc260e0c9e84206955019da66ffcbec/gnocchi.557a5035-253a-4d9f-96e9-645ba208c8cb/1763640000.0_mean_300.0_v3" "tx3f00fd0078ac4d419c50e-00692355b3" "proxy-server 92676" 0.0007 "-" 96605 0
Nov 23 13:42:59 np0005532741.novalocal proxy-server[92676]: ::1 ::1 23/Nov/2025/18/42/59 GET /v1/AUTH_9cc260e0c9e84206955019da66ffcbec/gnocchi.557a5035-253a-4d9f-96e9-645ba208c8cb/1763640000.0_mean_300.0_v3 HTTP/1.0 404 - python-swiftclient-4.2.0 gAAAAABpI1V6j5L9... - 70 - tx3f00fd0078ac4d419c50e-00692355b3 - 0.0279 - - 1763923379.253397465 1763923379.281288862 0
Nov 23 13:42:59 np0005532741.novalocal container-server[96310]: ::1 - - [23/Nov/2025:18:42:59 +0000] "HEAD /1/208280/AUTH_9cc260e0c9e84206955019da66ffcbec/gnocchi.c9f7c531-e2ee-475d-8ca8-b51e14f1908c" 404 - "HEAD http://[::1]:8080/v1/AUTH_9cc260e0c9e84206955019da66ffcbec/gnocchi.c9f7c531-e2ee-475d-8ca8-b51e14f1908c?format=json&states=listing" "txad8f2c73114341bbac443-00692355b3" "proxy-server 92677" 0.0005 "-" 96310 0
Nov 23 13:42:59 np0005532741.novalocal container-server[96310]: ::1 - - [23/Nov/2025:18:42:59 +0000] "HEAD /2/208280/AUTH_9cc260e0c9e84206955019da66ffcbec/gnocchi.c9f7c531-e2ee-475d-8ca8-b51e14f1908c" 404 - "HEAD http://[::1]:8080/v1/AUTH_9cc260e0c9e84206955019da66ffcbec/gnocchi.c9f7c531-e2ee-475d-8ca8-b51e14f1908c?format=json&states=listing" "txad8f2c73114341bbac443-00692355b3" "proxy-server 92677" 0.0003 "-" 96310 0
Nov 23 13:42:59 np0005532741.novalocal container-server[96311]: ::1 - - [23/Nov/2025:18:42:59 +0000] "HEAD /3/208280/AUTH_9cc260e0c9e84206955019da66ffcbec/gnocchi.c9f7c531-e2ee-475d-8ca8-b51e14f1908c" 404 - "HEAD http://[::1]:8080/v1/AUTH_9cc260e0c9e84206955019da66ffcbec/gnocchi.c9f7c531-e2ee-475d-8ca8-b51e14f1908c?format=json&states=listing" "txad8f2c73114341bbac443-00692355b3" "proxy-server 92677" 0.0006 "-" 96311 0
Nov 23 13:42:59 np0005532741.novalocal object-server[96609]: ::1 - - [23/Nov/2025:18:42:59 +0000] "GET /1/35395/AUTH_9cc260e0c9e84206955019da66ffcbec/gnocchi.c9f7c531-e2ee-475d-8ca8-b51e14f1908c/none_v3" 404 70 "GET http://[::1]:8080/v1/AUTH_9cc260e0c9e84206955019da66ffcbec/gnocchi.c9f7c531-e2ee-475d-8ca8-b51e14f1908c/none_v3" "txad8f2c73114341bbac443-00692355b3" "proxy-server 92677" 0.0003 "-" 96609 0
Nov 23 13:42:59 np0005532741.novalocal object-server[96606]: ::1 - - [23/Nov/2025:18:42:59 +0000] "GET /3/35395/AUTH_9cc260e0c9e84206955019da66ffcbec/gnocchi.c9f7c531-e2ee-475d-8ca8-b51e14f1908c/none_v3" 404 70 "GET http://[::1]:8080/v1/AUTH_9cc260e0c9e84206955019da66ffcbec/gnocchi.c9f7c531-e2ee-475d-8ca8-b51e14f1908c/none_v3" "txad8f2c73114341bbac443-00692355b3" "proxy-server 92677" 0.0004 "-" 96606 0
Nov 23 13:42:59 np0005532741.novalocal object-server[96607]: ::1 - - [23/Nov/2025:18:42:59 +0000] "GET /2/35395/AUTH_9cc260e0c9e84206955019da66ffcbec/gnocchi.c9f7c531-e2ee-475d-8ca8-b51e14f1908c/none_v3" 404 70 "GET http://[::1]:8080/v1/AUTH_9cc260e0c9e84206955019da66ffcbec/gnocchi.c9f7c531-e2ee-475d-8ca8-b51e14f1908c/none_v3" "txad8f2c73114341bbac443-00692355b3" "proxy-server 92677" 0.0005 "-" 96607 0
Nov 23 13:42:59 np0005532741.novalocal proxy-server[92677]: ::1 ::1 23/Nov/2025/18/42/59 GET /v1/AUTH_9cc260e0c9e84206955019da66ffcbec/gnocchi.c9f7c531-e2ee-475d-8ca8-b51e14f1908c/none_v3 HTTP/1.0 404 - python-swiftclient-4.2.0 gAAAAABpI1V6uZq-... - 70 - txad8f2c73114341bbac443-00692355b3 - 0.0329 - - 1763923379.292071581 1763923379.324935436 0
Nov 23 13:42:59 np0005532741.novalocal container-server[96311]: ::1 - - [23/Nov/2025:18:42:59 +0000] "PUT /2/244513/AUTH_9cc260e0c9e84206955019da66ffcbec/gnocchi.557a5035-253a-4d9f-96e9-645ba208c8cb/1763640000.0_mean_300.0_v3" 201 - "PUT http://[::1]:8080/1/32302/AUTH_9cc260e0c9e84206955019da66ffcbec/gnocchi.557a5035-253a-4d9f-96e9-645ba208c8cb/1763640000.0_mean_300.0_v3" "tx5a89a771a19d4f5c9591f-00692355b3" "object-server 96609" 0.0008 "-" 96311 0
Nov 23 13:42:59 np0005532741.novalocal container-server[96310]: ::1 - - [23/Nov/2025:18:42:59 +0000] "PUT /3/244513/AUTH_9cc260e0c9e84206955019da66ffcbec/gnocchi.557a5035-253a-4d9f-96e9-645ba208c8cb/1763640000.0_mean_300.0_v3" 201 - "PUT http://[::1]:8080/2/32302/AUTH_9cc260e0c9e84206955019da66ffcbec/gnocchi.557a5035-253a-4d9f-96e9-645ba208c8cb/1763640000.0_mean_300.0_v3" "tx5a89a771a19d4f5c9591f-00692355b3" "object-server 96609" 0.0007 "-" 96310 0
Nov 23 13:42:59 np0005532741.novalocal object-server[96609]: ::1 - - [23/Nov/2025:18:42:59 +0000] "PUT /2/32302/AUTH_9cc260e0c9e84206955019da66ffcbec/gnocchi.557a5035-253a-4d9f-96e9-645ba208c8cb/1763640000.0_mean_300.0_v3" 201 - "PUT http://[::1]:8080/v1/AUTH_9cc260e0c9e84206955019da66ffcbec/gnocchi.557a5035-253a-4d9f-96e9-645ba208c8cb/1763640000.0_mean_300.0_v3" "tx5a89a771a19d4f5c9591f-00692355b3" "proxy-server 92676" 0.0258 "-" 96609 0
Nov 23 13:42:59 np0005532741.novalocal container-server[96310]: ::1 - - [23/Nov/2025:18:42:59 +0000] "PUT /1/244513/AUTH_9cc260e0c9e84206955019da66ffcbec/gnocchi.557a5035-253a-4d9f-96e9-645ba208c8cb/1763640000.0_mean_300.0_v3" 201 - "PUT http://[::1]:8080/3/32302/AUTH_9cc260e0c9e84206955019da66ffcbec/gnocchi.557a5035-253a-4d9f-96e9-645ba208c8cb/1763640000.0_mean_300.0_v3" "tx5a89a771a19d4f5c9591f-00692355b3" "object-server 96606" 0.0005 "-" 96310 0
Nov 23 13:42:59 np0005532741.novalocal object-server[96609]: ::1 - - [23/Nov/2025:18:42:59 +0000] "PUT /1/32302/AUTH_9cc260e0c9e84206955019da66ffcbec/gnocchi.557a5035-253a-4d9f-96e9-645ba208c8cb/1763640000.0_mean_300.0_v3" 201 - "PUT http://[::1]:8080/v1/AUTH_9cc260e0c9e84206955019da66ffcbec/gnocchi.557a5035-253a-4d9f-96e9-645ba208c8cb/1763640000.0_mean_300.0_v3" "tx5a89a771a19d4f5c9591f-00692355b3" "proxy-server 92676" 0.0281 "-" 96609 0
Nov 23 13:42:59 np0005532741.novalocal object-server[96606]: ::1 - - [23/Nov/2025:18:42:59 +0000] "PUT /3/32302/AUTH_9cc260e0c9e84206955019da66ffcbec/gnocchi.557a5035-253a-4d9f-96e9-645ba208c8cb/1763640000.0_mean_300.0_v3" 201 - "PUT http://[::1]:8080/v1/AUTH_9cc260e0c9e84206955019da66ffcbec/gnocchi.557a5035-253a-4d9f-96e9-645ba208c8cb/1763640000.0_mean_300.0_v3" "tx5a89a771a19d4f5c9591f-00692355b3" "proxy-server 92676" 0.0280 "-" 96606 0
Nov 23 13:42:59 np0005532741.novalocal proxy-server[92676]: ::1 ::1 23/Nov/2025/18/42/59 PUT /v1/AUTH_9cc260e0c9e84206955019da66ffcbec/gnocchi.557a5035-253a-4d9f-96e9-645ba208c8cb/1763640000.0_mean_300.0_v3 HTTP/1.0 201 - python-swiftclient-4.2.0 gAAAAABpI1V6j5L9... 16 - - tx5a89a771a19d4f5c9591f-00692355b3 - 0.0380 - - 1763923379.294105291 1763923379.332109213 0
Nov 23 13:42:59 np0005532741.novalocal container-server[96310]: ::1 - - [23/Nov/2025:18:42:59 +0000] "PUT /1/244513/AUTH_9cc260e0c9e84206955019da66ffcbec/gnocchi.557a5035-253a-4d9f-96e9-645ba208c8cb/none_v3" 201 - "PUT http://[::1]:8080/2/191726/AUTH_9cc260e0c9e84206955019da66ffcbec/gnocchi.557a5035-253a-4d9f-96e9-645ba208c8cb/none_v3" "tx5ed12c9b423949978494d-00692355b3" "object-server 96609" 0.0008 "-" 96310 0
Nov 23 13:42:59 np0005532741.novalocal container-server[96309]: ::1 - - [23/Nov/2025:18:42:59 +0000] "PUT /2/244513/AUTH_9cc260e0c9e84206955019da66ffcbec/gnocchi.557a5035-253a-4d9f-96e9-645ba208c8cb/none_v3" 201 - "PUT http://[::1]:8080/3/191726/AUTH_9cc260e0c9e84206955019da66ffcbec/gnocchi.557a5035-253a-4d9f-96e9-645ba208c8cb/none_v3" "tx5ed12c9b423949978494d-00692355b3" "object-server 96607" 0.0005 "-" 96309 0
Nov 23 13:42:59 np0005532741.novalocal object-server[96609]: ::1 - - [23/Nov/2025:18:42:59 +0000] "PUT /2/191726/AUTH_9cc260e0c9e84206955019da66ffcbec/gnocchi.557a5035-253a-4d9f-96e9-645ba208c8cb/none_v3" 201 - "PUT http://[::1]:8080/v1/AUTH_9cc260e0c9e84206955019da66ffcbec/gnocchi.557a5035-253a-4d9f-96e9-645ba208c8cb/none_v3" "tx5ed12c9b423949978494d-00692355b3" "proxy-server 92676" 0.0200 "-" 96609 0
Nov 23 13:42:59 np0005532741.novalocal object-server[96607]: ::1 - - [23/Nov/2025:18:42:59 +0000] "PUT /3/191726/AUTH_9cc260e0c9e84206955019da66ffcbec/gnocchi.557a5035-253a-4d9f-96e9-645ba208c8cb/none_v3" 201 - "PUT http://[::1]:8080/v1/AUTH_9cc260e0c9e84206955019da66ffcbec/gnocchi.557a5035-253a-4d9f-96e9-645ba208c8cb/none_v3" "tx5ed12c9b423949978494d-00692355b3" "proxy-server 92676" 0.0182 "-" 96607 0
Nov 23 13:42:59 np0005532741.novalocal account-server[96017]: ::1 - - [23/Nov/2025:18:42:59 +0000] "PUT /3/21056/AUTH_9cc260e0c9e84206955019da66ffcbec/gnocchi.c9f7c531-e2ee-475d-8ca8-b51e14f1908c" 201 - "PUT http://[::1]:6001/1/208280/AUTH_9cc260e0c9e84206955019da66ffcbec/gnocchi.c9f7c531-e2ee-475d-8ca8-b51e14f1908c" "txdeb6964eda814bc0bfd37-00692355b3" "container-server 96310" 0.0050 "-" 96017 0
Nov 23 13:42:59 np0005532741.novalocal account-server[96018]: ::1 - - [23/Nov/2025:18:42:59 +0000] "PUT /1/21056/AUTH_9cc260e0c9e84206955019da66ffcbec/gnocchi.c9f7c531-e2ee-475d-8ca8-b51e14f1908c" 201 - "PUT http://[::1]:6001/2/208280/AUTH_9cc260e0c9e84206955019da66ffcbec/gnocchi.c9f7c531-e2ee-475d-8ca8-b51e14f1908c" "txdeb6964eda814bc0bfd37-00692355b3" "container-server 96309" 0.0046 "-" 96018 0
Nov 23 13:42:59 np0005532741.novalocal container-server[96310]: ::1 - - [23/Nov/2025:18:42:59 +0000] "PUT /1/208280/AUTH_9cc260e0c9e84206955019da66ffcbec/gnocchi.c9f7c531-e2ee-475d-8ca8-b51e14f1908c" 201 - "PUT http://[::1]:8080/v1/AUTH_9cc260e0c9e84206955019da66ffcbec/gnocchi.c9f7c531-e2ee-475d-8ca8-b51e14f1908c" "txdeb6964eda814bc0bfd37-00692355b3" "proxy-server 92677" 0.0197 "-" 96310 0
Nov 23 13:42:59 np0005532741.novalocal container-server[96309]: ::1 - - [23/Nov/2025:18:42:59 +0000] "PUT /2/208280/AUTH_9cc260e0c9e84206955019da66ffcbec/gnocchi.c9f7c531-e2ee-475d-8ca8-b51e14f1908c" 201 - "PUT http://[::1]:8080/v1/AUTH_9cc260e0c9e84206955019da66ffcbec/gnocchi.c9f7c531-e2ee-475d-8ca8-b51e14f1908c" "txdeb6964eda814bc0bfd37-00692355b3" "proxy-server 92677" 0.0201 "-" 96309 0
Nov 23 13:42:59 np0005532741.novalocal container-server[96311]: ::1 - - [23/Nov/2025:18:42:59 +0000] "PUT /3/244513/AUTH_9cc260e0c9e84206955019da66ffcbec/gnocchi.557a5035-253a-4d9f-96e9-645ba208c8cb/none_v3" 201 - "PUT http://[::1]:8080/1/191726/AUTH_9cc260e0c9e84206955019da66ffcbec/gnocchi.557a5035-253a-4d9f-96e9-645ba208c8cb/none_v3" "tx5ed12c9b423949978494d-00692355b3" "object-server 96607" 0.0006 "-" 96311 0
Nov 23 13:42:59 np0005532741.novalocal object-server[96607]: ::1 - - [23/Nov/2025:18:42:59 +0000] "PUT /1/191726/AUTH_9cc260e0c9e84206955019da66ffcbec/gnocchi.557a5035-253a-4d9f-96e9-645ba208c8cb/none_v3" 201 - "PUT http://[::1]:8080/v1/AUTH_9cc260e0c9e84206955019da66ffcbec/gnocchi.557a5035-253a-4d9f-96e9-645ba208c8cb/none_v3" "tx5ed12c9b423949978494d-00692355b3" "proxy-server 92676" 0.0276 "-" 96607 0
Nov 23 13:42:59 np0005532741.novalocal proxy-server[92676]: ::1 ::1 23/Nov/2025/18/42/59 PUT /v1/AUTH_9cc260e0c9e84206955019da66ffcbec/gnocchi.557a5035-253a-4d9f-96e9-645ba208c8cb/none_v3 HTTP/1.0 201 - python-swiftclient-4.2.0 gAAAAABpI1V6j5L9... 22 - - tx5ed12c9b423949978494d-00692355b3 - 0.0334 - - 1763923379.334060192 1763923379.367414236 0
Nov 23 13:42:59 np0005532741.novalocal account-server[96019]: ::1 - - [23/Nov/2025:18:42:59 +0000] "PUT /2/21056/AUTH_9cc260e0c9e84206955019da66ffcbec/gnocchi.c9f7c531-e2ee-475d-8ca8-b51e14f1908c" 201 - "PUT http://[::1]:6001/3/208280/AUTH_9cc260e0c9e84206955019da66ffcbec/gnocchi.c9f7c531-e2ee-475d-8ca8-b51e14f1908c" "txdeb6964eda814bc0bfd37-00692355b3" "container-server 96308" 0.0044 "-" 96019 0
Nov 23 13:42:59 np0005532741.novalocal container-server[96308]: ::1 - - [23/Nov/2025:18:42:59 +0000] "PUT /3/208280/AUTH_9cc260e0c9e84206955019da66ffcbec/gnocchi.c9f7c531-e2ee-475d-8ca8-b51e14f1908c" 201 - "PUT http://[::1]:8080/v1/AUTH_9cc260e0c9e84206955019da66ffcbec/gnocchi.c9f7c531-e2ee-475d-8ca8-b51e14f1908c" "txdeb6964eda814bc0bfd37-00692355b3" "proxy-server 92677" 0.0261 "-" 96308 0
Nov 23 13:42:59 np0005532741.novalocal proxy-server[92677]: ::1 ::1 23/Nov/2025/18/42/59 PUT /v1/AUTH_9cc260e0c9e84206955019da66ffcbec/gnocchi.c9f7c531-e2ee-475d-8ca8-b51e14f1908c HTTP/1.0 201 - python-swiftclient-4.2.0 gAAAAABpI1V6uZq-... - - - txdeb6964eda814bc0bfd37-00692355b3 - 0.0392 - - 1763923379.332268000 1763923379.371497154 0
Nov 23 13:42:59 np0005532741.novalocal container-server[96308]: ::1 - - [23/Nov/2025:18:42:59 +0000] "HEAD /3/208280/AUTH_9cc260e0c9e84206955019da66ffcbec/gnocchi.c9f7c531-e2ee-475d-8ca8-b51e14f1908c" 204 - "HEAD http://[::1]:8080/v1/AUTH_9cc260e0c9e84206955019da66ffcbec/gnocchi.c9f7c531-e2ee-475d-8ca8-b51e14f1908c?format=json&states=listing" "tx478508fbc36f48d9b5544-00692355b3" "proxy-server 92677" 0.0015 "-" 96308 0
Nov 23 13:42:59 np0005532741.novalocal container-server[96309]: ::1 - - [23/Nov/2025:18:42:59 +0000] "GET /1/208280/AUTH_9cc260e0c9e84206955019da66ffcbec/gnocchi.c9f7c531-e2ee-475d-8ca8-b51e14f1908c" 200 2 "GET http://[::1]:8080/v1/AUTH_9cc260e0c9e84206955019da66ffcbec/gnocchi.c9f7c531-e2ee-475d-8ca8-b51e14f1908c?format=json&states=listing" "tx478508fbc36f48d9b5544-00692355b3" "proxy-server 92677" 0.0023 "-" 96309 0
Nov 23 13:42:59 np0005532741.novalocal proxy-server[92677]: ::1 ::1 23/Nov/2025/18/42/59 GET /v1/AUTH_9cc260e0c9e84206955019da66ffcbec/gnocchi.c9f7c531-e2ee-475d-8ca8-b51e14f1908c%3Fformat%3Djson%26states%3Dlisting HTTP/1.0 200 - python-swiftclient-4.2.0 gAAAAABpI1V6uZq-... - 2 - tx478508fbc36f48d9b5544-00692355b3 - 0.0115 - - 1763923379.374148607 1763923379.385627508 0
Nov 23 13:42:59 np0005532741.novalocal object-server[96605]: ::1 - - [23/Nov/2025:18:42:59 +0000] "GET /1/116879/AUTH_9cc260e0c9e84206955019da66ffcbec/gnocchi.c9f7c531-e2ee-475d-8ca8-b51e14f1908c/1763640000.0_mean_300.0_v3" 404 70 "GET http://[::1]:8080/v1/AUTH_9cc260e0c9e84206955019da66ffcbec/gnocchi.c9f7c531-e2ee-475d-8ca8-b51e14f1908c/1763640000.0_mean_300.0_v3" "tx77c2db527efa43db80917-00692355b3" "proxy-server 92677" 0.0007 "-" 96605 0
Nov 23 13:42:59 np0005532741.novalocal object-server[96606]: ::1 - - [23/Nov/2025:18:42:59 +0000] "GET /2/116879/AUTH_9cc260e0c9e84206955019da66ffcbec/gnocchi.c9f7c531-e2ee-475d-8ca8-b51e14f1908c/1763640000.0_mean_300.0_v3" 404 70 "GET http://[::1]:8080/v1/AUTH_9cc260e0c9e84206955019da66ffcbec/gnocchi.c9f7c531-e2ee-475d-8ca8-b51e14f1908c/1763640000.0_mean_300.0_v3" "tx77c2db527efa43db80917-00692355b3" "proxy-server 92677" 0.0004 "-" 96606 0
Nov 23 13:42:59 np0005532741.novalocal object-server[96606]: ::1 - - [23/Nov/2025:18:42:59 +0000] "GET /3/116879/AUTH_9cc260e0c9e84206955019da66ffcbec/gnocchi.c9f7c531-e2ee-475d-8ca8-b51e14f1908c/1763640000.0_mean_300.0_v3" 404 70 "GET http://[::1]:8080/v1/AUTH_9cc260e0c9e84206955019da66ffcbec/gnocchi.c9f7c531-e2ee-475d-8ca8-b51e14f1908c/1763640000.0_mean_300.0_v3" "tx77c2db527efa43db80917-00692355b3" "proxy-server 92677" 0.0002 "-" 96606 0
Nov 23 13:42:59 np0005532741.novalocal proxy-server[92677]: ::1 ::1 23/Nov/2025/18/42/59 GET /v1/AUTH_9cc260e0c9e84206955019da66ffcbec/gnocchi.c9f7c531-e2ee-475d-8ca8-b51e14f1908c/1763640000.0_mean_300.0_v3 HTTP/1.0 404 - python-swiftclient-4.2.0 gAAAAABpI1V6uZq-... - 70 - tx77c2db527efa43db80917-00692355b3 - 0.0112 - - 1763923379.388232946 1763923379.399389744 0
Nov 23 13:42:59 np0005532741.novalocal container-server[96310]: ::1 - - [23/Nov/2025:18:42:59 +0000] "PUT /2/208280/AUTH_9cc260e0c9e84206955019da66ffcbec/gnocchi.c9f7c531-e2ee-475d-8ca8-b51e14f1908c/1763640000.0_mean_300.0_v3" 201 - "PUT http://[::1]:8080/2/116879/AUTH_9cc260e0c9e84206955019da66ffcbec/gnocchi.c9f7c531-e2ee-475d-8ca8-b51e14f1908c/1763640000.0_mean_300.0_v3" "txf9490ded87ca4fbfb9157-00692355b3" "object-server 96609" 0.0005 "-" 96310 0
Nov 23 13:42:59 np0005532741.novalocal object-server[96609]: ::1 - - [23/Nov/2025:18:42:59 +0000] "PUT /2/116879/AUTH_9cc260e0c9e84206955019da66ffcbec/gnocchi.c9f7c531-e2ee-475d-8ca8-b51e14f1908c/1763640000.0_mean_300.0_v3" 201 - "PUT http://[::1]:8080/v1/AUTH_9cc260e0c9e84206955019da66ffcbec/gnocchi.c9f7c531-e2ee-475d-8ca8-b51e14f1908c/1763640000.0_mean_300.0_v3" "txf9490ded87ca4fbfb9157-00692355b3" "proxy-server 92677" 0.0115 "-" 96609 0
Nov 23 13:42:59 np0005532741.novalocal container-server[96310]: ::1 - - [23/Nov/2025:18:42:59 +0000] "PUT /1/208280/AUTH_9cc260e0c9e84206955019da66ffcbec/gnocchi.c9f7c531-e2ee-475d-8ca8-b51e14f1908c/1763640000.0_mean_300.0_v3" 201 - "PUT http://[::1]:8080/3/116879/AUTH_9cc260e0c9e84206955019da66ffcbec/gnocchi.c9f7c531-e2ee-475d-8ca8-b51e14f1908c/1763640000.0_mean_300.0_v3" "txf9490ded87ca4fbfb9157-00692355b3" "object-server 96607" 0.0003 "-" 96310 0
Nov 23 13:42:59 np0005532741.novalocal object-server[96607]: ::1 - - [23/Nov/2025:18:42:59 +0000] "PUT /3/116879/AUTH_9cc260e0c9e84206955019da66ffcbec/gnocchi.c9f7c531-e2ee-475d-8ca8-b51e14f1908c/1763640000.0_mean_300.0_v3" 201 - "PUT http://[::1]:8080/v1/AUTH_9cc260e0c9e84206955019da66ffcbec/gnocchi.c9f7c531-e2ee-475d-8ca8-b51e14f1908c/1763640000.0_mean_300.0_v3" "txf9490ded87ca4fbfb9157-00692355b3" "proxy-server 92677" 0.0104 "-" 96607 0
Nov 23 13:42:59 np0005532741.novalocal container-server[96308]: ::1 - - [23/Nov/2025:18:42:59 +0000] "PUT /3/208280/AUTH_9cc260e0c9e84206955019da66ffcbec/gnocchi.c9f7c531-e2ee-475d-8ca8-b51e14f1908c/1763640000.0_mean_300.0_v3" 201 - "PUT http://[::1]:8080/1/116879/AUTH_9cc260e0c9e84206955019da66ffcbec/gnocchi.c9f7c531-e2ee-475d-8ca8-b51e14f1908c/1763640000.0_mean_300.0_v3" "txf9490ded87ca4fbfb9157-00692355b3" "object-server 96605" 0.0012 "-" 96308 0
Nov 23 13:42:59 np0005532741.novalocal object-server[96605]: ::1 - - [23/Nov/2025:18:42:59 +0000] "PUT /1/116879/AUTH_9cc260e0c9e84206955019da66ffcbec/gnocchi.c9f7c531-e2ee-475d-8ca8-b51e14f1908c/1763640000.0_mean_300.0_v3" 201 - "PUT http://[::1]:8080/v1/AUTH_9cc260e0c9e84206955019da66ffcbec/gnocchi.c9f7c531-e2ee-475d-8ca8-b51e14f1908c/1763640000.0_mean_300.0_v3" "txf9490ded87ca4fbfb9157-00692355b3" "proxy-server 92677" 0.0181 "-" 96605 0
Nov 23 13:42:59 np0005532741.novalocal proxy-server[92677]: ::1 ::1 23/Nov/2025/18/42/59 PUT /v1/AUTH_9cc260e0c9e84206955019da66ffcbec/gnocchi.c9f7c531-e2ee-475d-8ca8-b51e14f1908c/1763640000.0_mean_300.0_v3 HTTP/1.0 201 - python-swiftclient-4.2.0 gAAAAABpI1V6uZq-... 16 - - txf9490ded87ca4fbfb9157-00692355b3 - 0.0237 - - 1763923379.401826859 1763923379.425540924 0
Nov 23 13:42:59 np0005532741.novalocal container-server[96308]: ::1 - - [23/Nov/2025:18:42:59 +0000] "PUT /1/208280/AUTH_9cc260e0c9e84206955019da66ffcbec/gnocchi.c9f7c531-e2ee-475d-8ca8-b51e14f1908c/none_v3" 201 - "PUT http://[::1]:8080/1/35395/AUTH_9cc260e0c9e84206955019da66ffcbec/gnocchi.c9f7c531-e2ee-475d-8ca8-b51e14f1908c/none_v3" "tx2f22a3f0fdff4546a4f8e-00692355b3" "object-server 96607" 0.0007 "-" 96308 0
Nov 23 13:42:59 np0005532741.novalocal object-server[96607]: ::1 - - [23/Nov/2025:18:42:59 +0000] "PUT /1/35395/AUTH_9cc260e0c9e84206955019da66ffcbec/gnocchi.c9f7c531-e2ee-475d-8ca8-b51e14f1908c/none_v3" 201 - "PUT http://[::1]:8080/v1/AUTH_9cc260e0c9e84206955019da66ffcbec/gnocchi.c9f7c531-e2ee-475d-8ca8-b51e14f1908c/none_v3" "tx2f22a3f0fdff4546a4f8e-00692355b3" "proxy-server 92677" 0.0158 "-" 96607 0
Nov 23 13:42:59 np0005532741.novalocal container-server[96311]: ::1 - - [23/Nov/2025:18:42:59 +0000] "PUT /3/208280/AUTH_9cc260e0c9e84206955019da66ffcbec/gnocchi.c9f7c531-e2ee-475d-8ca8-b51e14f1908c/none_v3" 201 - "PUT http://[::1]:8080/2/35395/AUTH_9cc260e0c9e84206955019da66ffcbec/gnocchi.c9f7c531-e2ee-475d-8ca8-b51e14f1908c/none_v3" "tx2f22a3f0fdff4546a4f8e-00692355b3" "object-server 96606" 0.0006 "-" 96311 0
Nov 23 13:42:59 np0005532741.novalocal container-server[96309]: ::1 - - [23/Nov/2025:18:42:59 +0000] "PUT /2/208280/AUTH_9cc260e0c9e84206955019da66ffcbec/gnocchi.c9f7c531-e2ee-475d-8ca8-b51e14f1908c/none_v3" 201 - "PUT http://[::1]:8080/3/35395/AUTH_9cc260e0c9e84206955019da66ffcbec/gnocchi.c9f7c531-e2ee-475d-8ca8-b51e14f1908c/none_v3" "tx2f22a3f0fdff4546a4f8e-00692355b3" "object-server 96606" 0.0007 "-" 96309 0
Nov 23 13:42:59 np0005532741.novalocal object-server[96606]: ::1 - - [23/Nov/2025:18:42:59 +0000] "PUT /2/35395/AUTH_9cc260e0c9e84206955019da66ffcbec/gnocchi.c9f7c531-e2ee-475d-8ca8-b51e14f1908c/none_v3" 201 - "PUT http://[::1]:8080/v1/AUTH_9cc260e0c9e84206955019da66ffcbec/gnocchi.c9f7c531-e2ee-475d-8ca8-b51e14f1908c/none_v3" "tx2f22a3f0fdff4546a4f8e-00692355b3" "proxy-server 92677" 0.0180 "-" 96606 0
Nov 23 13:42:59 np0005532741.novalocal object-server[96606]: ::1 - - [23/Nov/2025:18:42:59 +0000] "PUT /3/35395/AUTH_9cc260e0c9e84206955019da66ffcbec/gnocchi.c9f7c531-e2ee-475d-8ca8-b51e14f1908c/none_v3" 201 - "PUT http://[::1]:8080/v1/AUTH_9cc260e0c9e84206955019da66ffcbec/gnocchi.c9f7c531-e2ee-475d-8ca8-b51e14f1908c/none_v3" "tx2f22a3f0fdff4546a4f8e-00692355b3" "proxy-server 92677" 0.0208 "-" 96606 0
