Nov 23 13:42:26 np0005532741.novalocal container-server[96310]: ::1 - - [23/Nov/2025:18:42:26 +0000] "PUT /1/221856/AUTH_9cc260e0c9e84206955019da66ffcbec/gnocchi.f1ce318f-ce64-4781-a2e0-a2d5aec26df9/1763640000.0_mean_300.0_v3" 201 - "PUT http://[::1]:8080/2/56123/AUTH_9cc260e0c9e84206955019da66ffcbec/gnocchi.f1ce318f-ce64-4781-a2e0-a2d5aec26df9/1763640000.0_mean_300.0_v3" "tx971fc90fdd724c0eb996e-0069235592" "object-server 96607" 0.0007 "-" 96310 0
Nov 23 13:42:26 np0005532741.novalocal object-server[96607]: ::1 - - [23/Nov/2025:18:42:26 +0000] "PUT /2/56123/AUTH_9cc260e0c9e84206955019da66ffcbec/gnocchi.f1ce318f-ce64-4781-a2e0-a2d5aec26df9/1763640000.0_mean_300.0_v3" 201 - "PUT http://[::1]:8080/v1/AUTH_9cc260e0c9e84206955019da66ffcbec/gnocchi.f1ce318f-ce64-4781-a2e0-a2d5aec26df9/1763640000.0_mean_300.0_v3" "tx971fc90fdd724c0eb996e-0069235592" "proxy-server 92676" 0.0090 "-" 96607 0
Nov 23 13:42:26 np0005532741.novalocal container-server[96310]: ::1 - - [23/Nov/2025:18:42:26 +0000] "PUT /2/221856/AUTH_9cc260e0c9e84206955019da66ffcbec/gnocchi.f1ce318f-ce64-4781-a2e0-a2d5aec26df9/1763640000.0_mean_300.0_v3" 201 - "PUT http://[::1]:8080/1/56123/AUTH_9cc260e0c9e84206955019da66ffcbec/gnocchi.f1ce318f-ce64-4781-a2e0-a2d5aec26df9/1763640000.0_mean_300.0_v3" "tx971fc90fdd724c0eb996e-0069235592" "object-server 96605" 0.0004 "-" 96310 0
Nov 23 13:42:26 np0005532741.novalocal container-server[96308]: ::1 - - [23/Nov/2025:18:42:26 +0000] "PUT /3/221856/AUTH_9cc260e0c9e84206955019da66ffcbec/gnocchi.f1ce318f-ce64-4781-a2e0-a2d5aec26df9/1763640000.0_mean_300.0_v3" 201 - "PUT http://[::1]:8080/3/56123/AUTH_9cc260e0c9e84206955019da66ffcbec/gnocchi.f1ce318f-ce64-4781-a2e0-a2d5aec26df9/1763640000.0_mean_300.0_v3" "tx971fc90fdd724c0eb996e-0069235592" "object-server 96606" 0.0006 "-" 96308 0
Nov 23 13:42:26 np0005532741.novalocal systemd[1]: setroubleshootd.service: Deactivated successfully.
Nov 23 13:42:26 np0005532741.novalocal systemd[1]: setroubleshootd.service: Consumed 2.186s CPU time.
Nov 23 13:42:26 np0005532741.novalocal object-server[96606]: ::1 - - [23/Nov/2025:18:42:26 +0000] "PUT /3/56123/AUTH_9cc260e0c9e84206955019da66ffcbec/gnocchi.f1ce318f-ce64-4781-a2e0-a2d5aec26df9/1763640000.0_mean_300.0_v3" 201 - "PUT http://[::1]:8080/v1/AUTH_9cc260e0c9e84206955019da66ffcbec/gnocchi.f1ce318f-ce64-4781-a2e0-a2d5aec26df9/1763640000.0_mean_300.0_v3" "tx971fc90fdd724c0eb996e-0069235592" "proxy-server 92676" 0.0114 "-" 96606 0
Nov 23 13:42:26 np0005532741.novalocal object-server[96605]: ::1 - - [23/Nov/2025:18:42:26 +0000] "PUT /1/56123/AUTH_9cc260e0c9e84206955019da66ffcbec/gnocchi.f1ce318f-ce64-4781-a2e0-a2d5aec26df9/1763640000.0_mean_300.0_v3" 201 - "PUT http://[::1]:8080/v1/AUTH_9cc260e0c9e84206955019da66ffcbec/gnocchi.f1ce318f-ce64-4781-a2e0-a2d5aec26df9/1763640000.0_mean_300.0_v3" "tx971fc90fdd724c0eb996e-0069235592" "proxy-server 92676" 0.0120 "-" 96605 0
Nov 23 13:42:26 np0005532741.novalocal proxy-server[92676]: ::1 ::1 23/Nov/2025/18/42/26 PUT /v1/AUTH_9cc260e0c9e84206955019da66ffcbec/gnocchi.f1ce318f-ce64-4781-a2e0-a2d5aec26df9/1763640000.0_mean_300.0_v3 HTTP/1.0 201 - python-swiftclient-4.2.0 gAAAAABpI1V6j5L9... 16 - - tx971fc90fdd724c0eb996e-0069235592 - 0.0233 - - 1763923346.674259424 1763923346.697608232 0
Nov 23 13:42:26 np0005532741.novalocal container-server[96308]: ::1 - - [23/Nov/2025:18:42:26 +0000] "PUT /1/221856/AUTH_9cc260e0c9e84206955019da66ffcbec/gnocchi.f1ce318f-ce64-4781-a2e0-a2d5aec26df9/none_v3" 201 - "PUT http://[::1]:8080/3/158140/AUTH_9cc260e0c9e84206955019da66ffcbec/gnocchi.f1ce318f-ce64-4781-a2e0-a2d5aec26df9/none_v3" "txce6940f84e0f483c9b32a-0069235592" "object-server 96607" 0.0004 "-" 96308 0
Nov 23 13:42:26 np0005532741.novalocal object-server[96607]: ::1 - - [23/Nov/2025:18:42:26 +0000] "PUT /3/158140/AUTH_9cc260e0c9e84206955019da66ffcbec/gnocchi.f1ce318f-ce64-4781-a2e0-a2d5aec26df9/none_v3" 201 - "PUT http://[::1]:8080/v1/AUTH_9cc260e0c9e84206955019da66ffcbec/gnocchi.f1ce318f-ce64-4781-a2e0-a2d5aec26df9/none_v3" "txce6940f84e0f483c9b32a-0069235592" "proxy-server 92676" 0.0117 "-" 96607 0
Nov 23 13:42:26 np0005532741.novalocal container-server[96310]: ::1 - - [23/Nov/2025:18:42:26 +0000] "PUT /3/221856/AUTH_9cc260e0c9e84206955019da66ffcbec/gnocchi.f1ce318f-ce64-4781-a2e0-a2d5aec26df9/none_v3" 201 - "PUT http://[::1]:8080/2/158140/AUTH_9cc260e0c9e84206955019da66ffcbec/gnocchi.f1ce318f-ce64-4781-a2e0-a2d5aec26df9/none_v3" "txce6940f84e0f483c9b32a-0069235592" "object-server 96609" 0.0004 "-" 96310 0
Nov 23 13:42:26 np0005532741.novalocal object-server[96609]: ::1 - - [23/Nov/2025:18:42:26 +0000] "PUT /2/158140/AUTH_9cc260e0c9e84206955019da66ffcbec/gnocchi.f1ce318f-ce64-4781-a2e0-a2d5aec26df9/none_v3" 201 - "PUT http://[::1]:8080/v1/AUTH_9cc260e0c9e84206955019da66ffcbec/gnocchi.f1ce318f-ce64-4781-a2e0-a2d5aec26df9/none_v3" "txce6940f84e0f483c9b32a-0069235592" "proxy-server 92676" 0.0108 "-" 96609 0
Nov 23 13:42:26 np0005532741.novalocal container-server[96309]: ::1 - - [23/Nov/2025:18:42:26 +0000] "PUT /2/221856/AUTH_9cc260e0c9e84206955019da66ffcbec/gnocchi.f1ce318f-ce64-4781-a2e0-a2d5aec26df9/none_v3" 201 - "PUT http://[::1]:8080/1/158140/AUTH_9cc260e0c9e84206955019da66ffcbec/gnocchi.f1ce318f-ce64-4781-a2e0-a2d5aec26df9/none_v3" "txce6940f84e0f483c9b32a-0069235592" "object-server 96609" 0.0011 "-" 96309 0
Nov 23 13:42:26 np0005532741.novalocal object-server[96609]: ::1 - - [23/Nov/2025:18:42:26 +0000] "PUT /1/158140/AUTH_9cc260e0c9e84206955019da66ffcbec/gnocchi.f1ce318f-ce64-4781-a2e0-a2d5aec26df9/none_v3" 201 - "PUT http://[::1]:8080/v1/AUTH_9cc260e0c9e84206955019da66ffcbec/gnocchi.f1ce318f-ce64-4781-a2e0-a2d5aec26df9/none_v3" "txce6940f84e0f483c9b32a-0069235592" "proxy-server 92676" 0.0158 "-" 96609 0
Nov 23 13:42:26 np0005532741.novalocal proxy-server[92676]: ::1 ::1 23/Nov/2025/18/42/26 PUT /v1/AUTH_9cc260e0c9e84206955019da66ffcbec/gnocchi.f1ce318f-ce64-4781-a2e0-a2d5aec26df9/none_v3 HTTP/1.0 201 - python-swiftclient-4.2.0 gAAAAABpI1V6j5L9... 32 - - txce6940f84e0f483c9b32a-0069235592 - 0.0230 - - 1763923346.700245142 1763923346.723276854 0
Nov 23 13:42:26 np0005532741.novalocal kernel: iscsi: registered transport (tcp)
Nov 23 13:42:26 np0005532741.novalocal kernel: scsi host2: iSCSI Initiator over TCP/IP
Nov 23 13:42:26 np0005532741.novalocal iscsid[79436]: iscsid: Connection1:0 to [target: iqn.2010-10.org.openstack:volume-e8a9e1be-8f4c-4de6-a492-6eb454ca48b5, portal: ::1,3260] through [iface: default] is operational now
Nov 23 13:42:26 np0005532741.novalocal kernel: scsi 2:0:0:0: Direct-Access LIO-ORG IBLOCK 4.0 PQ: 0 ANSI: 6
Nov 23 13:42:26 np0005532741.novalocal kernel: scsi 2:0:0:0: alua: supports implicit and explicit TPGS
Nov 23 13:42:26 np0005532741.novalocal kernel: scsi 2:0:0:0: alua: device naa.6001405f51af504e2cc447f89f335807 port group 0 rel port 1
Nov 23 13:42:26 np0005532741.novalocal kernel: scsi 2:0:0:0: Attached scsi generic sg1 type 0
Nov 23 13:42:26 np0005532741.novalocal kernel: scsi 2:0:0:0: alua: transition timeout set to 60 seconds
Nov 23 13:42:26 np0005532741.novalocal kernel: scsi 2:0:0:0: alua: port group 00 state A non-preferred supports TOlUSNA
Nov 23 13:42:26 np0005532741.novalocal kernel: sd 2:0:0:0: [sda] 2097152 512-byte logical blocks: (1.07 GB/1.00 GiB)
Nov 23 13:42:26 np0005532741.novalocal kernel: sd 2:0:0:0: [sda] Write Protect is off
Nov 23 13:42:26 np0005532741.novalocal kernel: sd 2:0:0:0: [sda] Mode Sense: 43 00 10 08
Nov 23 13:42:26 np0005532741.novalocal kernel: sd 2:0:0:0: [sda] Write cache: enabled, read cache: enabled, supports DPO and FUA
Nov 23 13:42:26 np0005532741.novalocal kernel: MODE SENSE: unimplemented page/subpage: 0x0a/0x05
Nov 23 13:42:26 np0005532741.novalocal kernel: sd 2:0:0:0: [sda] Preferred minimum I/O size 65536 bytes
Nov 23 13:42:26 np0005532741.novalocal kernel: sd 2:0:0:0: [sda] Optimal transfer size 65536 bytes
Nov 23 13:42:26 np0005532741.novalocal kernel: MODE SENSE: unimplemented page/subpage: 0x0a/0x05
Nov 23 13:42:26 np0005532741.novalocal kernel: GPT:Primary header thinks Alt. header is not at the end of the disk.
Nov 23 13:42:26 np0005532741.novalocal kernel: GPT:229375 != 2097151
Nov 23 13:42:26 np0005532741.novalocal kernel: GPT:Alternate GPT header not at the end of the disk.
Nov 23 13:42:26 np0005532741.novalocal kernel: GPT:229375 != 2097151
Nov 23 13:42:26 np0005532741.novalocal kernel: GPT: Use GNU Parted to correct GPT errors.
Nov 23 13:42:26 np0005532741.novalocal kernel: sda: sda1 sda15
Nov 23 13:42:26 np0005532741.novalocal kernel: sd 2:0:0:0: [sda] Attached SCSI disk
Nov 23 13:42:27 np0005532741.novalocal container-server[93117]: Since Sun Nov 23 18:42:26 2025 visited - attempted:0 success:0 failure:0 skipped:51 completed:0
Nov 23 13:42:27 np0005532741.novalocal container-server[93117]: Since Sun Nov 23 18:42:26 2025 scanned - attempted:0 success:0 failure:0 found:0 min_time:0 max_time:0
Nov 23 13:42:27 np0005532741.novalocal container-server[93117]: Since Sun Nov 23 18:42:26 2025 created - attempted:0 success:0 failure:0
Nov 23 13:42:27 np0005532741.novalocal container-server[93117]: Since Sun Nov 23 18:42:26 2025 cleaved - attempted:0 success:0 failure:0 min_time:0 max_time:0
Nov 23 13:42:27 np0005532741.novalocal container-server[93117]: Since Sun Nov 23 18:42:26 2025 misplaced - attempted:0 success:0 failure:0 found:0 placed:0 unplaced:0
Nov 23 13:42:27 np0005532741.novalocal container-server[93117]: Since Sun Nov 23 18:42:26 2025 audit_root - attempted:0 success:0 failure:0 has_overlap:0 num_overlap:0
Nov 23 13:42:27 np0005532741.novalocal container-server[93117]: Since Sun Nov 23 18:42:26 2025 audit_shard - attempted:0 success:0 failure:0
Nov 23 13:42:27 np0005532741.novalocal container-server[93117]: Container sharder cycle completed: 1.02s
Nov 23 13:42:27 np0005532741.novalocal NetworkManager[858]: [1763923347.8911] manager: (qbr6c328a8c-fd): new Bridge device (/org/freedesktop/NetworkManager/Devices/27)
Nov 23 13:42:27 np0005532741.novalocal systemd-udevd[103587]: Network interface NamePolicy= disabled on kernel command line.
Nov 23 13:42:27 np0005532741.novalocal systemd-udevd[103586]: Network interface NamePolicy= disabled on kernel command line.
Nov 23 13:42:27 np0005532741.novalocal NetworkManager[858]: [1763923347.9011] manager: (qvo6c328a8c-fd): new Veth device (/org/freedesktop/NetworkManager/Devices/28)
Nov 23 13:42:27 np0005532741.novalocal systemd-udevd[103591]: Network interface NamePolicy= disabled on kernel command line.
Nov 23 13:42:27 np0005532741.novalocal NetworkManager[858]: [1763923347.9056] manager: (qvb6c328a8c-fd): new Veth device (/org/freedesktop/NetworkManager/Devices/29)
Nov 23 13:42:27 np0005532741.novalocal NetworkManager[858]: [1763923347.9103] device (qvo6c328a8c-fd): carrier: link connected
Nov 23 13:42:27 np0005532741.novalocal NetworkManager[858]: [1763923347.9130] device (qvb6c328a8c-fd): carrier: link connected
Nov 23 13:42:27 np0005532741.novalocal kernel: qbr6c328a8c-fd: port 1(qvb6c328a8c-fd) entered blocking state
Nov 23 13:42:27 np0005532741.novalocal kernel: qbr6c328a8c-fd: port 1(qvb6c328a8c-fd) entered disabled state
Nov 23 13:42:27 np0005532741.novalocal kernel: qvb6c328a8c-fd: entered allmulticast mode
Nov 23 13:42:27 np0005532741.novalocal kernel: qvb6c328a8c-fd: entered promiscuous mode
Nov 23 13:42:27 np0005532741.novalocal kernel: qbr6c328a8c-fd: port 1(qvb6c328a8c-fd) entered blocking state
Nov 23 13:42:27 np0005532741.novalocal kernel: qbr6c328a8c-fd: port 1(qvb6c328a8c-fd) entered forwarding state
Nov 23 13:42:27 np0005532741.novalocal NetworkManager[858]: [1763923347.9274] device (qbr6c328a8c-fd): carrier: link connected
Nov 23 13:42:27 np0005532741.novalocal NetworkManager[858]: [1763923347.9340] device (qbr6c328a8c-fd): state change: unmanaged -> unavailable (reason 'connection-assumed', managed-type: 'external')
Nov 23 13:42:27 np0005532741.novalocal NetworkManager[858]: [1763923347.9370] device (qbr6c328a8c-fd): state change: unavailable -> disconnected (reason 'connection-assumed', managed-type: 'external')
Nov 23 13:42:27 np0005532741.novalocal kernel: qvo6c328a8c-fd: entered promiscuous mode
Nov 23 13:42:27 np0005532741.novalocal NetworkManager[858]: [1763923347.9399] device (qbr6c328a8c-fd): Activation: starting connection 'qbr6c328a8c-fd' (7493bf7f-74ca-4e4f-ad82-3c719491f90a)
Nov 23 13:42:27 np0005532741.novalocal NetworkManager[858]: [1763923347.9414] device (qbr6c328a8c-fd): state change: disconnected -> prepare (reason 'none', managed-type: 'external')
Nov 23 13:42:27 np0005532741.novalocal NetworkManager[858]: [1763923347.9433] device (qbr6c328a8c-fd): state change: prepare -> config (reason 'none', managed-type: 'external')
Nov 23 13:42:27 np0005532741.novalocal NetworkManager[858]: [1763923347.9445] device (qbr6c328a8c-fd): state change: config -> ip-config (reason 'none', managed-type: 'external')
Nov 23 13:42:27 np0005532741.novalocal NetworkManager[858]: [1763923347.9469] device (qbr6c328a8c-fd): state change: ip-config -> ip-check (reason 'none', managed-type: 'external')
Nov 23 13:42:27 np0005532741.novalocal systemd[1]: Starting Network Manager Script Dispatcher Service...
Nov 23 13:42:27 np0005532741.novalocal systemd[1]: Started Network Manager Script Dispatcher Service.
Nov 23 13:42:27 np0005532741.novalocal NetworkManager[858]: [1763923347.9884] device (qbr6c328a8c-fd): state change: ip-check -> secondaries (reason 'none', managed-type: 'external')
Nov 23 13:42:27 np0005532741.novalocal NetworkManager[858]: [1763923347.9886] device (qbr6c328a8c-fd): state change: secondaries -> activated (reason 'none', managed-type: 'external')
Nov 23 13:42:27 np0005532741.novalocal NetworkManager[858]: [1763923347.9899] device (qbr6c328a8c-fd): Activation: successful, device activated.
Nov 23 13:42:28 np0005532741.novalocal systemd[1]: iscsi.service: Unit cannot be reloaded because it is inactive.
Nov 23 13:42:28 np0005532741.novalocal kernel: qbr6c328a8c-fd: port 2(tap6c328a8c-fd) entered blocking state
Nov 23 13:42:28 np0005532741.novalocal kernel: qbr6c328a8c-fd: port 2(tap6c328a8c-fd) entered disabled state
Nov 23 13:42:28 np0005532741.novalocal kernel: tap6c328a8c-fd: entered allmulticast mode
Nov 23 13:42:28 np0005532741.novalocal kernel: tap6c328a8c-fd: entered promiscuous mode
Nov 23 13:42:28 np0005532741.novalocal kernel: qbr6c328a8c-fd: port 2(tap6c328a8c-fd) entered blocking state
Nov 23 13:42:28 np0005532741.novalocal kernel: qbr6c328a8c-fd: port 2(tap6c328a8c-fd) entered forwarding state
Nov 23 13:42:28 np0005532741.novalocal NetworkManager[858]: [1763923348.0606] manager: (tap6c328a8c-fd): new Tun device (/org/freedesktop/NetworkManager/Devices/30)
Nov 23 13:42:28 np0005532741.novalocal systemd-udevd[103604]: Network interface NamePolicy= disabled on kernel command line.
Nov 23 13:42:28 np0005532741.novalocal libvirtd[98634]: Domain id=2 name='instance-00000002' uuid=598760d9-3c27-4cb4-a3ff-2057b0824f4a is tainted: deprecated-config (machine type 'pc-i440fx-rhel7.6.0')
Nov 23 13:42:28 np0005532741.novalocal libvirtd[98634]: Domain id=2 name='instance-00000002' uuid=598760d9-3c27-4cb4-a3ff-2057b0824f4a is tainted: deprecated-config (CPU model 'qemu64')
Nov 23 13:42:28 np0005532741.novalocal NetworkManager[858]: [1763923348.0857] device (tap6c328a8c-fd): state change: unmanaged -> unavailable (reason 'connection-assumed', managed-type: 'external')
Nov 23 13:42:28 np0005532741.novalocal NetworkManager[858]: [1763923348.0868] device (tap6c328a8c-fd): state change: unavailable -> disconnected (reason 'connection-assumed', managed-type: 'external')
Nov 23 13:42:28 np0005532741.novalocal NetworkManager[858]: [1763923348.0874] device (tap6c328a8c-fd): Activation: starting connection 'tap6c328a8c-fd' (60e193eb-d56f-42dc-b372-862c53f990f9)
Nov 23 13:42:28 np0005532741.novalocal NetworkManager[858]: [1763923348.0875] device (tap6c328a8c-fd): state change: disconnected -> prepare (reason 'none', managed-type: 'external')
Nov 23 13:42:28 np0005532741.novalocal NetworkManager[858]: [1763923348.0884] device (tap6c328a8c-fd): state change: prepare -> config (reason 'none', managed-type: 'external')
Nov 23 13:42:28 np0005532741.novalocal NetworkManager[858]: [1763923348.0886] device (tap6c328a8c-fd): state change: config -> ip-config (reason 'none', managed-type: 'external')
Nov 23 13:42:28 np0005532741.novalocal NetworkManager[858]: [1763923348.0887] device (qbr6c328a8c-fd): bridge port tap6c328a8c-fd was attached
Nov 23 13:42:28 np0005532741.novalocal NetworkManager[858]: [1763923348.0895] device (tap6c328a8c-fd): Activation: connection 'tap6c328a8c-fd' attached as port, continuing activation
Nov 23 13:42:28 np0005532741.novalocal NetworkManager[858]: [1763923348.0897] device (tap6c328a8c-fd): state change: ip-config -> ip-check (reason 'none', managed-type: 'external')
Nov 23 13:42:28 np0005532741.novalocal NetworkManager[858]: [1763923348.0911] device (tap6c328a8c-fd): state change: ip-check -> secondaries (reason 'none', managed-type: 'external')
Nov 23 13:42:28 np0005532741.novalocal NetworkManager[858]: [1763923348.0913] device (tap6c328a8c-fd): state change: secondaries -> activated (reason 'none', managed-type: 'external')
Nov 23 13:42:28 np0005532741.novalocal NetworkManager[858]: [1763923348.0919] device (tap6c328a8c-fd): Activation: successful, device activated.
Nov 23 13:42:28 np0005532741.novalocal systemd[1]: iscsi.service: Unit cannot be reloaded because it is inactive.
Nov 23 13:42:28 np0005532741.novalocal systemd-machined[94010]: New machine qemu-2-instance-00000002.
Nov 23 13:42:28 np0005532741.novalocal systemd[1]: Started Virtual Machine qemu-2-instance-00000002.
Nov 23 13:42:28 np0005532741.novalocal dnsmasq[102252]: read /var/lib/neutron/dhcp/d22fe0e0-f9a0-43a4-bb31-95c85c8d2954/addn_hosts - 3 addresses
Nov 23 13:42:28 np0005532741.novalocal dnsmasq-dhcp[102252]: read /var/lib/neutron/dhcp/d22fe0e0-f9a0-43a4-bb31-95c85c8d2954/host
Nov 23 13:42:28 np0005532741.novalocal dnsmasq-dhcp[102252]: read /var/lib/neutron/dhcp/d22fe0e0-f9a0-43a4-bb31-95c85c8d2954/opts
Nov 23 13:42:28 np0005532741.novalocal container-server[96308]: ::1 - - [23/Nov/2025:18:42:28 +0000] "HEAD /2/127375/AUTH_9cc260e0c9e84206955019da66ffcbec/gnocchi.be51771b-20f5-4710-b79c-5113ce01c688" 404 - "HEAD http://[::1]:8080/v1/AUTH_9cc260e0c9e84206955019da66ffcbec/gnocchi.be51771b-20f5-4710-b79c-5113ce01c688?format=json&states=listing" "tx068aadce038b4bb586f98-0069235594" "proxy-server 92676" 0.0006 "-" 96308 0
Nov 23 13:42:28 np0005532741.novalocal container-server[96310]: ::1 - - [23/Nov/2025:18:42:28 +0000] "HEAD /3/127375/AUTH_9cc260e0c9e84206955019da66ffcbec/gnocchi.be51771b-20f5-4710-b79c-5113ce01c688" 404 - "HEAD http://[::1]:8080/v1/AUTH_9cc260e0c9e84206955019da66ffcbec/gnocchi.be51771b-20f5-4710-b79c-5113ce01c688?format=json&states=listing" "tx068aadce038b4bb586f98-0069235594" "proxy-server 92676" 0.0005 "-" 96310 0
Nov 23 13:42:28 np0005532741.novalocal container-server[96309]: ::1 - - [23/Nov/2025:18:42:28 +0000] "HEAD /1/127375/AUTH_9cc260e0c9e84206955019da66ffcbec/gnocchi.be51771b-20f5-4710-b79c-5113ce01c688" 404 - "HEAD http://[::1]:8080/v1/AUTH_9cc260e0c9e84206955019da66ffcbec/gnocchi.be51771b-20f5-4710-b79c-5113ce01c688?format=json&states=listing" "tx068aadce038b4bb586f98-0069235594" "proxy-server 92676" 0.0003 "-" 96309 0
Nov 23 13:42:28 np0005532741.novalocal container-server[96309]: ::1 - - [23/Nov/2025:18:42:28 +0000] "HEAD /2/37543/AUTH_9cc260e0c9e84206955019da66ffcbec/gnocchi.c8fabb25-6cd8-4837-8d38-766ae5e16336" 404 - "HEAD http://[::1]:8080/v1/AUTH_9cc260e0c9e84206955019da66ffcbec/gnocchi.c8fabb25-6cd8-4837-8d38-766ae5e16336?format=json&states=listing" "tx0956fd6458744d05be5dc-0069235594" "proxy-server 92677" 0.0002 "-" 96309 0
Nov 23 13:42:28 np0005532741.novalocal container-server[96311]: ::1 - - [23/Nov/2025:18:42:28 +0000] "HEAD /1/37543/AUTH_9cc260e0c9e84206955019da66ffcbec/gnocchi.c8fabb25-6cd8-4837-8d38-766ae5e16336" 404 - "HEAD http://[::1]:8080/v1/AUTH_9cc260e0c9e84206955019da66ffcbec/gnocchi.c8fabb25-6cd8-4837-8d38-766ae5e16336?format=json&states=listing" "tx0956fd6458744d05be5dc-0069235594" "proxy-server 92677" 0.0003 "-" 96311 0
Nov 23 13:42:28 np0005532741.novalocal object-server[96605]: ::1 - - [23/Nov/2025:18:42:28 +0000] "GET /2/14474/AUTH_9cc260e0c9e84206955019da66ffcbec/gnocchi.be51771b-20f5-4710-b79c-5113ce01c688/none_v3" 404 70 "GET http://[::1]:8080/v1/AUTH_9cc260e0c9e84206955019da66ffcbec/gnocchi.be51771b-20f5-4710-b79c-5113ce01c688/none_v3" "tx068aadce038b4bb586f98-0069235594" "proxy-server 92676" 0.0003 "-" 96605 0
Nov 23 13:42:28 np0005532741.novalocal container-server[96308]: ::1 - - [23/Nov/2025:18:42:28 +0000] "HEAD /3/37543/AUTH_9cc260e0c9e84206955019da66ffcbec/gnocchi.c8fabb25-6cd8-4837-8d38-766ae5e16336" 404 - "HEAD http://[::1]:8080/v1/AUTH_9cc260e0c9e84206955019da66ffcbec/gnocchi.c8fabb25-6cd8-4837-8d38-766ae5e16336?format=json&states=listing" "tx0956fd6458744d05be5dc-0069235594" "proxy-server 92677" 0.0002 "-" 96308 0
Nov 23 13:42:28 np0005532741.novalocal object-server[96609]: ::1 - - [23/Nov/2025:18:42:28 +0000] "GET /1/14474/AUTH_9cc260e0c9e84206955019da66ffcbec/gnocchi.be51771b-20f5-4710-b79c-5113ce01c688/none_v3" 404 70 "GET http://[::1]:8080/v1/AUTH_9cc260e0c9e84206955019da66ffcbec/gnocchi.be51771b-20f5-4710-b79c-5113ce01c688/none_v3" "tx068aadce038b4bb586f98-0069235594" "proxy-server 92676" 0.0004 "-" 96609 0
Nov 23 13:42:28 np0005532741.novalocal object-server[96606]: ::1 - - [23/Nov/2025:18:42:28 +0000] "GET /3/14474/AUTH_9cc260e0c9e84206955019da66ffcbec/gnocchi.be51771b-20f5-4710-b79c-5113ce01c688/none_v3" 404 70 "GET http://[::1]:8080/v1/AUTH_9cc260e0c9e84206955019da66ffcbec/gnocchi.be51771b-20f5-4710-b79c-5113ce01c688/none_v3" "tx068aadce038b4bb586f98-0069235594" "proxy-server 92676" 0.0015 "-" 96606 0
Nov 23 13:42:28 np0005532741.novalocal proxy-server[92676]: ::1 ::1 23/Nov/2025/18/42/28 GET /v1/AUTH_9cc260e0c9e84206955019da66ffcbec/gnocchi.be51771b-20f5-4710-b79c-5113ce01c688/none_v3 HTTP/1.0 404 - python-swiftclient-4.2.0 gAAAAABpI1V6j5L9... - 70 - tx068aadce038b4bb586f98-0069235594 - 0.0246 - - 1763923348.939792395 1763923348.964399576 0
Nov 23 13:42:28 np0005532741.novalocal object-server[96607]: ::1 - - [23/Nov/2025:18:42:28 +0000] "GET /2/35587/AUTH_9cc260e0c9e84206955019da66ffcbec/gnocchi.c8fabb25-6cd8-4837-8d38-766ae5e16336/none_v3" 404 70 "GET http://[::1]:8080/v1/AUTH_9cc260e0c9e84206955019da66ffcbec/gnocchi.c8fabb25-6cd8-4837-8d38-766ae5e16336/none_v3" "tx0956fd6458744d05be5dc-0069235594" "proxy-server 92677" 0.0003 "-" 96607 0
Nov 23 13:42:28 np0005532741.novalocal object-server[96606]: ::1 - - [23/Nov/2025:18:42:28 +0000] "GET /3/35587/AUTH_9cc260e0c9e84206955019da66ffcbec/gnocchi.c8fabb25-6cd8-4837-8d38-766ae5e16336/none_v3" 404 70 "GET http://[::1]:8080/v1/AUTH_9cc260e0c9e84206955019da66ffcbec/gnocchi.c8fabb25-6cd8-4837-8d38-766ae5e16336/none_v3" "tx0956fd6458744d05be5dc-0069235594" "proxy-server 92677" 0.0004 "-" 96606 0
Nov 23 13:42:28 np0005532741.novalocal object-server[96607]: ::1 - - [23/Nov/2025:18:42:28 +0000] "GET /1/35587/AUTH_9cc260e0c9e84206955019da66ffcbec/gnocchi.c8fabb25-6cd8-4837-8d38-766ae5e16336/none_v3" 404 70 "GET http://[::1]:8080/v1/AUTH_9cc260e0c9e84206955019da66ffcbec/gnocchi.c8fabb25-6cd8-4837-8d38-766ae5e16336/none_v3" "tx0956fd6458744d05be5dc-0069235594" "proxy-server 92677" 0.0002 "-" 96607 0
Nov 23 13:42:28 np0005532741.novalocal account-server[96018]: ::1 - - [23/Nov/2025:18:42:28 +0000] "PUT /1/21056/AUTH_9cc260e0c9e84206955019da66ffcbec/gnocchi.be51771b-20f5-4710-b79c-5113ce01c688" 201 - "PUT http://[::1]:6001/2/127375/AUTH_9cc260e0c9e84206955019da66ffcbec/gnocchi.be51771b-20f5-4710-b79c-5113ce01c688" "txec606d69c9024bb8ae3f0-0069235594" "container-server 96311" 0.0034 "-" 96018 0
Nov 23 13:42:28 np0005532741.novalocal proxy-server[92677]: ::1 ::1 23/Nov/2025/18/42/28 GET /v1/AUTH_9cc260e0c9e84206955019da66ffcbec/gnocchi.c8fabb25-6cd8-4837-8d38-766ae5e16336/none_v3 HTTP/1.0 404 - python-swiftclient-4.2.0 gAAAAABpI1V6uZq-... - 70 - tx0956fd6458744d05be5dc-0069235594 - 0.0438 - - 1763923348.941501379 1763923348.985332012 0
Nov 23 13:42:28 np0005532741.novalocal container-server[96311]: ::1 - - [23/Nov/2025:18:42:28 +0000] "PUT /2/127375/AUTH_9cc260e0c9e84206955019da66ffcbec/gnocchi.be51771b-20f5-4710-b79c-5113ce01c688" 201 - "PUT http://[::1]:8080/v1/AUTH_9cc260e0c9e84206955019da66ffcbec/gnocchi.be51771b-20f5-4710-b79c-5113ce01c688" "txec606d69c9024bb8ae3f0-0069235594" "proxy-server 92676" 0.0156 "-" 96311 0
Nov 23 13:42:28 np0005532741.novalocal account-server[96017]: ::1 - - [23/Nov/2025:18:42:28 +0000] "PUT /2/21056/AUTH_9cc260e0c9e84206955019da66ffcbec/gnocchi.be51771b-20f5-4710-b79c-5113ce01c688" 201 - "PUT http://[::1]:6001/1/127375/AUTH_9cc260e0c9e84206955019da66ffcbec/gnocchi.be51771b-20f5-4710-b79c-5113ce01c688" "txec606d69c9024bb8ae3f0-0069235594" "container-server 96309" 0.0045 "-" 96017 0
Nov 23 13:42:28 np0005532741.novalocal container-server[96309]: ::1 - - [23/Nov/2025:18:42:28 +0000] "PUT /1/127375/AUTH_9cc260e0c9e84206955019da66ffcbec/gnocchi.be51771b-20f5-4710-b79c-5113ce01c688" 201 - "PUT http://[::1]:8080/v1/AUTH_9cc260e0c9e84206955019da66ffcbec/gnocchi.be51771b-20f5-4710-b79c-5113ce01c688" "txec606d69c9024bb8ae3f0-0069235594" "proxy-server 92676" 0.0185 "-" 96309 0
Nov 23 13:42:28 np0005532741.novalocal account-server[96019]: ::1 - - [23/Nov/2025:18:42:28 +0000] "PUT /3/21056/AUTH_9cc260e0c9e84206955019da66ffcbec/gnocchi.be51771b-20f5-4710-b79c-5113ce01c688" 201 - "PUT http://[::1]:6001/3/127375/AUTH_9cc260e0c9e84206955019da66ffcbec/gnocchi.be51771b-20f5-4710-b79c-5113ce01c688" "txec606d69c9024bb8ae3f0-0069235594" "container-server 96311" 0.0037 "-" 96019 0
Nov 23 13:42:28 np0005532741.novalocal container-server[96311]: ::1 - - [23/Nov/2025:18:42:28 +0000] "PUT /3/127375/AUTH_9cc260e0c9e84206955019da66ffcbec/gnocchi.be51771b-20f5-4710-b79c-5113ce01c688" 201 - "PUT http://[::1]:8080/v1/AUTH_9cc260e0c9e84206955019da66ffcbec/gnocchi.be51771b-20f5-4710-b79c-5113ce01c688" "txec606d69c9024bb8ae3f0-0069235594" "proxy-server 92676" 0.0109 "-" 96311 0
Nov 23 13:42:28 np0005532741.novalocal proxy-server[92676]: ::1 ::1 23/Nov/2025/18/42/28 PUT /v1/AUTH_9cc260e0c9e84206955019da66ffcbec/gnocchi.be51771b-20f5-4710-b79c-5113ce01c688 HTTP/1.0 201 - python-swiftclient-4.2.0 gAAAAABpI1V6j5L9... - - - txec606d69c9024bb8ae3f0-0069235594 - 0.0258 - - 1763923348.967079878 1763923348.992905378 0
Nov 23 13:42:29 np0005532741.novalocal container-server[96308]: ::1 - - [23/Nov/2025:18:42:28 +0000] "HEAD /2/127375/AUTH_9cc260e0c9e84206955019da66ffcbec/gnocchi.be51771b-20f5-4710-b79c-5113ce01c688" 204 - "HEAD http://[::1]:8080/v1/AUTH_9cc260e0c9e84206955019da66ffcbec/gnocchi.be51771b-20f5-4710-b79c-5113ce01c688?format=json&states=listing" "tx5c2efd66d7b4414094077-0069235594" "proxy-server 92676" 0.0021 "-" 96308 0
Nov 23 13:42:29 np0005532741.novalocal container-server[96310]: ::1 - - [23/Nov/2025:18:42:29 +0000] "GET /2/127375/AUTH_9cc260e0c9e84206955019da66ffcbec/gnocchi.be51771b-20f5-4710-b79c-5113ce01c688" 200 2 "GET http://[::1]:8080/v1/AUTH_9cc260e0c9e84206955019da66ffcbec/gnocchi.be51771b-20f5-4710-b79c-5113ce01c688?format=json&states=listing" "tx5c2efd66d7b4414094077-0069235594" "proxy-server 92676" 0.0039 "-" 96310 0
Nov 23 13:42:29 np0005532741.novalocal proxy-server[92676]: ::1 ::1 23/Nov/2025/18/42/29 GET /v1/AUTH_9cc260e0c9e84206955019da66ffcbec/gnocchi.be51771b-20f5-4710-b79c-5113ce01c688%3Fformat%3Djson%26states%3Dlisting HTTP/1.0 200 - python-swiftclient-4.2.0 gAAAAABpI1V6j5L9... - 2 - tx5c2efd66d7b4414094077-0069235594 - 0.0143 - - 1763923348.995692968 1763923349.009946823 0
Nov 23 13:42:29 np0005532741.novalocal account-server[96016]: ::1 - - [23/Nov/2025:18:42:29 +0000] "PUT /3/21056/AUTH_9cc260e0c9e84206955019da66ffcbec/gnocchi.c8fabb25-6cd8-4837-8d38-766ae5e16336" 201 - "PUT http://[::1]:6001/3/37543/AUTH_9cc260e0c9e84206955019da66ffcbec/gnocchi.c8fabb25-6cd8-4837-8d38-766ae5e16336" "txf39dffa525f042229dae1-0069235594" "container-server 96308" 0.0061 "-" 96016 0
Nov 23 13:42:29 np0005532741.novalocal object-server[96605]: ::1 - - [23/Nov/2025:18:42:29 +0000] "GET /3/18646/AUTH_9cc260e0c9e84206955019da66ffcbec/gnocchi.be51771b-20f5-4710-b79c-5113ce01c688/1763640000.0_mean_300.0_v3" 404 70 "GET http://[::1]:8080/v1/AUTH_9cc260e0c9e84206955019da66ffcbec/gnocchi.be51771b-20f5-4710-b79c-5113ce01c688/1763640000.0_mean_300.0_v3" "tx74ce4ff21d3841669687d-0069235595" "proxy-server 92676" 0.0003 "-" 96605 0
Nov 23 13:42:29 np0005532741.novalocal container-server[96308]: ::1 - - [23/Nov/2025:18:42:29 +0000] "PUT /3/37543/AUTH_9cc260e0c9e84206955019da66ffcbec/gnocchi.c8fabb25-6cd8-4837-8d38-766ae5e16336" 201 - "PUT http://[::1]:8080/v1/AUTH_9cc260e0c9e84206955019da66ffcbec/gnocchi.c8fabb25-6cd8-4837-8d38-766ae5e16336" "txf39dffa525f042229dae1-0069235594" "proxy-server 92677" 0.0154 "-" 96308 0
Nov 23 13:42:29 np0005532741.novalocal object-server[96609]: ::1 - - [23/Nov/2025:18:42:29 +0000] "GET /1/18646/AUTH_9cc260e0c9e84206955019da66ffcbec/gnocchi.be51771b-20f5-4710-b79c-5113ce01c688/1763640000.0_mean_300.0_v3" 404 70 "GET http://[::1]:8080/v1/AUTH_9cc260e0c9e84206955019da66ffcbec/gnocchi.be51771b-20f5-4710-b79c-5113ce01c688/1763640000.0_mean_300.0_v3" "tx74ce4ff21d3841669687d-0069235595" "proxy-server 92676" 0.0003 "-" 96609 0
Nov 23 13:42:29 np0005532741.novalocal account-server[96019]: ::1 - - [23/Nov/2025:18:42:29 +0000] "PUT /1/21056/AUTH_9cc260e0c9e84206955019da66ffcbec/gnocchi.c8fabb25-6cd8-4837-8d38-766ae5e16336" 201 - "PUT http://[::1]:6001/1/37543/AUTH_9cc260e0c9e84206955019da66ffcbec/gnocchi.c8fabb25-6cd8-4837-8d38-766ae5e16336" "txf39dffa525f042229dae1-0069235594" "container-server 96309" 0.0032 "-" 96019 0
Nov 23 13:42:29 np0005532741.novalocal object-server[96606]: ::1 - - [23/Nov/2025:18:42:29 +0000] "GET /2/18646/AUTH_9cc260e0c9e84206955019da66ffcbec/gnocchi.be51771b-20f5-4710-b79c-5113ce01c688/1763640000.0_mean_300.0_v3" 404 70 "GET http://[::1]:8080/v1/AUTH_9cc260e0c9e84206955019da66ffcbec/gnocchi.be51771b-20f5-4710-b79c-5113ce01c688/1763640000.0_mean_300.0_v3" "tx74ce4ff21d3841669687d-0069235595" "proxy-server 92676" 0.0004 "-" 96606 0
Nov 23 13:42:29 np0005532741.novalocal proxy-server[92676]: ::1 ::1 23/Nov/2025/18/42/29 GET /v1/AUTH_9cc260e0c9e84206955019da66ffcbec/gnocchi.be51771b-20f5-4710-b79c-5113ce01c688/1763640000.0_mean_300.0_v3 HTTP/1.0 404 - python-swiftclient-4.2.0 gAAAAABpI1V6j5L9... - 70 - tx74ce4ff21d3841669687d-0069235595 - 0.0110 - - 1763923349.012731314 1763923349.023682833 0
Nov 23 13:42:29 np0005532741.novalocal container-server[96308]: ::1 - - [23/Nov/2025:18:42:29 +0000] "PUT /1/127375/AUTH_9cc260e0c9e84206955019da66ffcbec/gnocchi.be51771b-20f5-4710-b79c-5113ce01c688/1763640000.0_mean_300.0_v3" 201 - "PUT http://[::1]:8080/2/18646/AUTH_9cc260e0c9e84206955019da66ffcbec/gnocchi.be51771b-20f5-4710-b79c-5113ce01c688/1763640000.0_mean_300.0_v3" "tx157c1e747d414826a3549-0069235595" "object-server 96609" 0.0005 "-" 96308 0
Nov 23 13:42:29 np0005532741.novalocal object-server[96609]: ::1 - - [23/Nov/2025:18:42:29 +0000] "PUT /2/18646/AUTH_9cc260e0c9e84206955019da66ffcbec/gnocchi.be51771b-20f5-4710-b79c-5113ce01c688/1763640000.0_mean_300.0_v3" 201 - "PUT http://[::1]:8080/v1/AUTH_9cc260e0c9e84206955019da66ffcbec/gnocchi.be51771b-20f5-4710-b79c-5113ce01c688/1763640000.0_mean_300.0_v3" "tx157c1e747d414826a3549-0069235595" "proxy-server 92676" 0.0105 "-" 96609 0
Nov 23 13:42:29 np0005532741.novalocal container-server[96308]: ::1 - - [23/Nov/2025:18:42:29 +0000] "PUT /3/127375/AUTH_9cc260e0c9e84206955019da66ffcbec/gnocchi.be51771b-20f5-4710-b79c-5113ce01c688/1763640000.0_mean_300.0_v3" 201 - "PUT http://[::1]:8080/3/18646/AUTH_9cc260e0c9e84206955019da66ffcbec/gnocchi.be51771b-20f5-4710-b79c-5113ce01c688/1763640000.0_mean_300.0_v3" "tx157c1e747d414826a3549-0069235595" "object-server 96606" 0.0009 "-" 96308 0
Nov 23 13:42:29 np0005532741.novalocal container-server[96309]: ::1 - - [23/Nov/2025:18:42:29 +0000] "PUT /1/37543/AUTH_9cc260e0c9e84206955019da66ffcbec/gnocchi.c8fabb25-6cd8-4837-8d38-766ae5e16336" 201 - "PUT http://[::1]:8080/v1/AUTH_9cc260e0c9e84206955019da66ffcbec/gnocchi.c8fabb25-6cd8-4837-8d38-766ae5e16336" "txf39dffa525f042229dae1-0069235594" "proxy-server 92677" 0.0408 "-" 96309 0
Nov 23 13:42:29 np0005532741.novalocal object-server[96606]: ::1 - - [23/Nov/2025:18:42:29 +0000] "PUT /3/18646/AUTH_9cc260e0c9e84206955019da66ffcbec/gnocchi.be51771b-20f5-4710-b79c-5113ce01c688/1763640000.0_mean_300.0_v3" 201 - "PUT http://[::1]:8080/v1/AUTH_9cc260e0c9e84206955019da66ffcbec/gnocchi.be51771b-20f5-4710-b79c-5113ce01c688/1763640000.0_mean_300.0_v3" "tx157c1e747d414826a3549-0069235595" "proxy-server 92676" 0.0160 "-" 96606 0
Nov 23 13:42:29 np0005532741.novalocal container-server[96309]: ::1 - - [23/Nov/2025:18:42:29 +0000] "PUT /2/127375/AUTH_9cc260e0c9e84206955019da66ffcbec/gnocchi.be51771b-20f5-4710-b79c-5113ce01c688/1763640000.0_mean_300.0_v3" 201 - "PUT http://[::1]:8080/1/18646/AUTH_9cc260e0c9e84206955019da66ffcbec/gnocchi.be51771b-20f5-4710-b79c-5113ce01c688/1763640000.0_mean_300.0_v3" "tx157c1e747d414826a3549-0069235595" "object-server 96606" 0.0006 "-" 96309 0
Nov 23 13:42:29 np0005532741.novalocal account-server[96017]: ::1 - - [23/Nov/2025:18:42:29 +0000] "PUT /2/21056/AUTH_9cc260e0c9e84206955019da66ffcbec/gnocchi.c8fabb25-6cd8-4837-8d38-766ae5e16336" 201 - "PUT http://[::1]:6001/2/37543/AUTH_9cc260e0c9e84206955019da66ffcbec/gnocchi.c8fabb25-6cd8-4837-8d38-766ae5e16336" "txf39dffa525f042229dae1-0069235594" "container-server 96309" 0.0067 "-" 96017 0
Nov 23 13:42:29 np0005532741.novalocal container-server[96309]: ::1 - - [23/Nov/2025:18:42:29 +0000] "PUT /2/37543/AUTH_9cc260e0c9e84206955019da66ffcbec/gnocchi.c8fabb25-6cd8-4837-8d38-766ae5e16336" 201 - "PUT http://[::1]:8080/v1/AUTH_9cc260e0c9e84206955019da66ffcbec/gnocchi.c8fabb25-6cd8-4837-8d38-766ae5e16336" "txf39dffa525f042229dae1-0069235594" "proxy-server 92677" 0.0331 "-" 96309 0
Nov 23 13:42:29 np0005532741.novalocal object-server[96606]: ::1 - - [23/Nov/2025:18:42:29 +0000] "PUT /1/18646/AUTH_9cc260e0c9e84206955019da66ffcbec/gnocchi.be51771b-20f5-4710-b79c-5113ce01c688/1763640000.0_mean_300.0_v3" 201 - "PUT http://[::1]:8080/v1/AUTH_9cc260e0c9e84206955019da66ffcbec/gnocchi.be51771b-20f5-4710-b79c-5113ce01c688/1763640000.0_mean_300.0_v3" "tx157c1e747d414826a3549-0069235595" "proxy-server 92676" 0.0191 "-" 96606 0
Nov 23 13:42:29 np0005532741.novalocal proxy-server[92677]: ::1 ::1 23/Nov/2025/18/42/29 PUT /v1/AUTH_9cc260e0c9e84206955019da66ffcbec/gnocchi.c8fabb25-6cd8-4837-8d38-766ae5e16336 HTTP/1.0 201 - python-swiftclient-4.2.0 gAAAAABpI1V6uZq-... - - - txf39dffa525f042229dae1-0069235594 - 0.0604 - - 1763923348.993150949 1763923349.053547859 0
Nov 23 13:42:29 np0005532741.novalocal proxy-server[92676]: ::1 ::1 23/Nov/2025/18/42/29 PUT /v1/AUTH_9cc260e0c9e84206955019da66ffcbec/gnocchi.be51771b-20f5-4710-b79c-5113ce01c688/1763640000.0_mean_300.0_v3 HTTP/1.0 201 - python-swiftclient-4.2.0 gAAAAABpI1V6j5L9... 16 - - tx157c1e747d414826a3549-0069235595 - 0.0299 - - 1763923349.026157856 1763923349.056026697 0
Nov 23 13:42:29 np0005532741.novalocal container-server[96311]: ::1 - - [23/Nov/2025:18:42:29 +0000] "HEAD /1/37543/AUTH_9cc260e0c9e84206955019da66ffcbec/gnocchi.c8fabb25-6cd8-4837-8d38-766ae5e16336" 204 - "HEAD http://[::1]:8080/v1/AUTH_9cc260e0c9e84206955019da66ffcbec/gnocchi.c8fabb25-6cd8-4837-8d38-766ae5e16336?format=json&states=listing" "tx9d0713df47c946479c99f-0069235595" "proxy-server 92677" 0.0012 "-" 96311 0
Nov 23 13:42:29 np0005532741.novalocal container-server[96310]: ::1 - - [23/Nov/2025:18:42:29 +0000] "PUT /3/127375/AUTH_9cc260e0c9e84206955019da66ffcbec/gnocchi.be51771b-20f5-4710-b79c-5113ce01c688/none_v3" 201 - "PUT http://[::1]:8080/3/14474/AUTH_9cc260e0c9e84206955019da66ffcbec/gnocchi.be51771b-20f5-4710-b79c-5113ce01c688/none_v3" "tx5c90f9e1c80e435a8d14d-0069235595" "object-server 96609" 0.0006 "-" 96310 0
Nov 23 13:42:29 np0005532741.novalocal container-server[96309]: ::1 - - [23/Nov/2025:18:42:29 +0000] "GET /2/37543/AUTH_9cc260e0c9e84206955019da66ffcbec/gnocchi.c8fabb25-6cd8-4837-8d38-766ae5e16336" 200 2 "GET http://[::1]:8080/v1/AUTH_9cc260e0c9e84206955019da66ffcbec/gnocchi.c8fabb25-6cd8-4837-8d38-766ae5e16336?format=json&states=listing" "tx9d0713df47c946479c99f-0069235595" "proxy-server 92677" 0.0041 "-" 96309 0
Nov 23 13:42:29 np0005532741.novalocal container-server[96311]: ::1 - - [23/Nov/2025:18:42:29 +0000] "PUT /1/127375/AUTH_9cc260e0c9e84206955019da66ffcbec/gnocchi.be51771b-20f5-4710-b79c-5113ce01c688/none_v3" 201 - "PUT http://[::1]:8080/2/14474/AUTH_9cc260e0c9e84206955019da66ffcbec/gnocchi.be51771b-20f5-4710-b79c-5113ce01c688/none_v3" "tx5c90f9e1c80e435a8d14d-0069235595" "object-server 96609" 0.0004 "-" 96311 0
Nov 23 13:42:29 np0005532741.novalocal container-server[96309]: ::1 - - [23/Nov/2025:18:42:29 +0000] "PUT /2/127375/AUTH_9cc260e0c9e84206955019da66ffcbec/gnocchi.be51771b-20f5-4710-b79c-5113ce01c688/none_v3" 201 - "PUT http://[::1]:8080/1/14474/AUTH_9cc260e0c9e84206955019da66ffcbec/gnocchi.be51771b-20f5-4710-b79c-5113ce01c688/none_v3" "tx5c90f9e1c80e435a8d14d-0069235595" "object-server 96609" 0.0004 "-" 96309 0
Nov 23 13:42:29 np0005532741.novalocal object-server[96609]: ::1 - - [23/Nov/2025:18:42:29 +0000] "PUT /2/14474/AUTH_9cc260e0c9e84206955019da66ffcbec/gnocchi.be51771b-20f5-4710-b79c-5113ce01c688/none_v3" 201 - "PUT http://[::1]:8080/v1/AUTH_9cc260e0c9e84206955019da66ffcbec/gnocchi.be51771b-20f5-4710-b79c-5113ce01c688/none_v3" "tx5c90f9e1c80e435a8d14d-0069235595" "proxy-server 92676" 0.0110 "-" 96609 0
Nov 23 13:42:29 np0005532741.novalocal object-server[96609]: ::1 - - [23/Nov/2025:18:42:29 +0000] "PUT /1/14474/AUTH_9cc260e0c9e84206955019da66ffcbec/gnocchi.be51771b-20f5-4710-b79c-5113ce01c688/none_v3" 201 - "PUT http://[::1]:8080/v1/AUTH_9cc260e0c9e84206955019da66ffcbec/gnocchi.be51771b-20f5-4710-b79c-5113ce01c688/none_v3" "tx5c90f9e1c80e435a8d14d-0069235595" "proxy-server 92676" 0.0132 "-" 96609 0
Nov 23 13:42:29 np0005532741.novalocal object-server[96609]: ::1 - - [23/Nov/2025:18:42:29 +0000] "PUT /3/14474/AUTH_9cc260e0c9e84206955019da66ffcbec/gnocchi.be51771b-20f5-4710-b79c-5113ce01c688/none_v3" 201 - "PUT http://[::1]:8080/v1/AUTH_9cc260e0c9e84206955019da66ffcbec/gnocchi.be51771b-20f5-4710-b79c-5113ce01c688/none_v3" "tx5c90f9e1c80e435a8d14d-0069235595" "proxy-server 92676" 0.0151 "-" 96609 0
Nov 23 13:42:29 np0005532741.novalocal proxy-server[92677]: ::1 ::1 23/Nov/2025/18/42/29 GET /v1/AUTH_9cc260e0c9e84206955019da66ffcbec/gnocchi.c8fabb25-6cd8-4837-8d38-766ae5e16336%3Fformat%3Djson%26states%3Dlisting HTTP/1.0 200 - python-swiftclient-4.2.0 gAAAAABpI1V6uZq-... - 2 - tx9d0713df47c946479c99f-0069235595 - 0.0225 - - 1763923349.057385206 1763923349.079914093 0
Nov 23 13:42:29 np0005532741.novalocal proxy-server[92676]: ::1 ::1 23/Nov/2025/18/42/29 PUT /v1/AUTH_9cc260e0c9e84206955019da66ffcbec/gnocchi.be51771b-20f5-4710-b79c-5113ce01c688/none_v3 HTTP/1.0 201 - python-swiftclient-4.2.0 gAAAAABpI1V6j5L9... 22 - - tx5c90f9e1c80e435a8d14d-0069235595 - 0.0246 - - 1763923349.058903456 1763923349.083479404 0
Nov 23 13:42:29 np0005532741.novalocal object-server[96609]: ::1 - - [23/Nov/2025:18:42:29 +0000] "GET /1/30149/AUTH_9cc260e0c9e84206955019da66ffcbec/gnocchi.c8fabb25-6cd8-4837-8d38-766ae5e16336/1763640000.0_mean_300.0_v3" 404 70 "GET http://[::1]:8080/v1/AUTH_9cc260e0c9e84206955019da66ffcbec/gnocchi.c8fabb25-6cd8-4837-8d38-766ae5e16336/1763640000.0_mean_300.0_v3" "tx72af2994fa3845c38f960-0069235595" "proxy-server 92677" 0.0005 "-" 96609 0
Nov 23 13:42:29 np0005532741.novalocal object-server[96607]: ::1 - - [23/Nov/2025:18:42:29 +0000] "GET /2/30149/AUTH_9cc260e0c9e84206955019da66ffcbec/gnocchi.c8fabb25-6cd8-4837-8d38-766ae5e16336/1763640000.0_mean_300.0_v3" 404 70 "GET http://[::1]:8080/v1/AUTH_9cc260e0c9e84206955019da66ffcbec/gnocchi.c8fabb25-6cd8-4837-8d38-766ae5e16336/1763640000.0_mean_300.0_v3" "tx72af2994fa3845c38f960-0069235595" "proxy-server 92677" 0.0003 "-" 96607 0
Nov 23 13:42:29 np0005532741.novalocal object-server[96605]: ::1 - - [23/Nov/2025:18:42:29 +0000] "GET /3/30149/AUTH_9cc260e0c9e84206955019da66ffcbec/gnocchi.c8fabb25-6cd8-4837-8d38-766ae5e16336/1763640000.0_mean_300.0_v3" 404 70 "GET http://[::1]:8080/v1/AUTH_9cc260e0c9e84206955019da66ffcbec/gnocchi.c8fabb25-6cd8-4837-8d38-766ae5e16336/1763640000.0_mean_300.0_v3" "tx72af2994fa3845c38f960-0069235595" "proxy-server 92677" 0.0005 "-" 96605 0
Nov 23 13:42:29 np0005532741.novalocal proxy-server[92677]: ::1 ::1 23/Nov/2025/18/42/29 GET /v1/AUTH_9cc260e0c9e84206955019da66ffcbec/gnocchi.c8fabb25-6cd8-4837-8d38-766ae5e16336/1763640000.0_mean_300.0_v3 HTTP/1.0 404 - python-swiftclient-4.2.0 gAAAAABpI1V6uZq-... - 70 - tx72af2994fa3845c38f960-0069235595 - 0.0137 - - 1763923349.083573103 1763923349.097281933 0
Nov 23 13:42:29 np0005532741.novalocal container-server[96308]: ::1 - - [23/Nov/2025:18:42:29 +0000] "HEAD /3/162543/AUTH_9cc260e0c9e84206955019da66ffcbec/gnocchi.97a1579d-5d1c-4360-8133-493b6ec7915b" 404 - "HEAD http://[::1]:8080/v1/AUTH_9cc260e0c9e84206955019da66ffcbec/gnocchi.97a1579d-5d1c-4360-8133-493b6ec7915b?format=json&states=listing" "tx3e6f4133d54d49e191d6b-0069235595" "proxy-server 92676" 0.0004 "-" 96308 0
Nov 23 13:42:29 np0005532741.novalocal container-server[96308]: ::1 - - [23/Nov/2025:18:42:29 +0000] "HEAD /2/162543/AUTH_9cc260e0c9e84206955019da66ffcbec/gnocchi.97a1579d-5d1c-4360-8133-493b6ec7915b" 404 - "HEAD http://[::1]:8080/v1/AUTH_9cc260e0c9e84206955019da66ffcbec/gnocchi.97a1579d-5d1c-4360-8133-493b6ec7915b?format=json&states=listing" "tx3e6f4133d54d49e191d6b-0069235595" "proxy-server 92676" 0.0002 "-" 96308 0
Nov 23 13:42:29 np0005532741.novalocal container-server[96310]: ::1 - - [23/Nov/2025:18:42:29 +0000] "HEAD /1/162543/AUTH_9cc260e0c9e84206955019da66ffcbec/gnocchi.97a1579d-5d1c-4360-8133-493b6ec7915b" 404 - "HEAD http://[::1]:8080/v1/AUTH_9cc260e0c9e84206955019da66ffcbec/gnocchi.97a1579d-5d1c-4360-8133-493b6ec7915b?format=json&states=listing" "tx3e6f4133d54d49e191d6b-0069235595" "proxy-server 92676" 0.0004 "-" 96310 0
Nov 23 13:42:29 np0005532741.novalocal object-server[96607]: ::1 - - [23/Nov/2025:18:42:29 +0000] "GET /2/215045/AUTH_9cc260e0c9e84206955019da66ffcbec/gnocchi.97a1579d-5d1c-4360-8133-493b6ec7915b/none_v3" 404 70 "GET http://[::1]:8080/v1/AUTH_9cc260e0c9e84206955019da66ffcbec/gnocchi.97a1579d-5d1c-4360-8133-493b6ec7915b/none_v3" "tx3e6f4133d54d49e191d6b-0069235595" "proxy-server 92676" 0.0003 "-" 96607 0
Nov 23 13:42:29 np0005532741.novalocal object-server[96605]: ::1 - - [23/Nov/2025:18:42:29 +0000] "GET /1/215045/AUTH_9cc260e0c9e84206955019da66ffcbec/gnocchi.97a1579d-5d1c-4360-8133-493b6ec7915b/none_v3" 404 70 "GET http://[::1]:8080/v1/AUTH_9cc260e0c9e84206955019da66ffcbec/gnocchi.97a1579d-5d1c-4360-8133-493b6ec7915b/none_v3" "tx3e6f4133d54d49e191d6b-0069235595" "proxy-server 92676" 0.0002 "-" 96605 0
Nov 23 13:42:29 np0005532741.novalocal object-server[96606]: ::1 - - [23/Nov/2025:18:42:29 +0000] "GET /3/215045/AUTH_9cc260e0c9e84206955019da66ffcbec/gnocchi.97a1579d-5d1c-4360-8133-493b6ec7915b/none_v3" 404 70 "GET http://[::1]:8080/v1/AUTH_9cc260e0c9e84206955019da66ffcbec/gnocchi.97a1579d-5d1c-4360-8133-493b6ec7915b/none_v3" "tx3e6f4133d54d49e191d6b-0069235595" "proxy-server 92676" 0.0003 "-" 96606 0
Nov 23 13:42:29 np0005532741.novalocal container-server[96310]: ::1 - - [23/Nov/2025:18:42:29 +0000] "PUT /3/37543/AUTH_9cc260e0c9e84206955019da66ffcbec/gnocchi.c8fabb25-6cd8-4837-8d38-766ae5e16336/1763640000.0_mean_300.0_v3" 201 - "PUT http://[::1]:8080/1/30149/AUTH_9cc260e0c9e84206955019da66ffcbec/gnocchi.c8fabb25-6cd8-4837-8d38-766ae5e16336/1763640000.0_mean_300.0_v3" "txef1011e70db649edbbb0e-0069235595" "object-server 96606" 0.0008 "-" 96310 0
Nov 23 13:42:29 np0005532741.novalocal object-server[96606]: ::1 - - [23/Nov/2025:18:42:29 +0000] "PUT /1/30149/AUTH_9cc260e0c9e84206955019da66ffcbec/gnocchi.c8fabb25-6cd8-4837-8d38-766ae5e16336/1763640000.0_mean_300.0_v3" 201 - "PUT http://[::1]:8080/v1/AUTH_9cc260e0c9e84206955019da66ffcbec/gnocchi.c8fabb25-6cd8-4837-8d38-766ae5e16336/1763640000.0_mean_300.0_v3" "txef1011e70db649edbbb0e-0069235595" "proxy-server 92677" 0.0122 "-" 96606 0
Nov 23 13:42:29 np0005532741.novalocal container-server[96308]: ::1 - - [23/Nov/2025:18:42:29 +0000] "PUT /2/37543/AUTH_9cc260e0c9e84206955019da66ffcbec/gnocchi.c8fabb25-6cd8-4837-8d38-766ae5e16336/1763640000.0_mean_300.0_v3" 201 - "PUT http://[::1]:8080/3/30149/AUTH_9cc260e0c9e84206955019da66ffcbec/gnocchi.c8fabb25-6cd8-4837-8d38-766ae5e16336/1763640000.0_mean_300.0_v3" "txef1011e70db649edbbb0e-0069235595" "object-server 96606" 0.0011 "-" 96308 0
Nov 23 13:42:29 np0005532741.novalocal proxy-server[92676]: ::1 ::1 23/Nov/2025/18/42/29 GET /v1/AUTH_9cc260e0c9e84206955019da66ffcbec/gnocchi.97a1579d-5d1c-4360-8133-493b6ec7915b/none_v3 HTTP/1.0 404 - python-swiftclient-4.2.0 gAAAAABpI1V6j5L9... - 70 - tx3e6f4133d54d49e191d6b-0069235595 - 0.0304 - - 1763923349.094077587 1763923349.124480963 0
Nov 23 13:42:29 np0005532741.novalocal object-server[96606]: ::1 - - [23/Nov/2025:18:42:29 +0000] "PUT /3/30149/AUTH_9cc260e0c9e84206955019da66ffcbec/gnocchi.c8fabb25-6cd8-4837-8d38-766ae5e16336/1763640000.0_mean_300.0_v3" 201 - "PUT http://[::1]:8080/v1/AUTH_9cc260e0c9e84206955019da66ffcbec/gnocchi.c8fabb25-6cd8-4837-8d38-766ae5e16336/1763640000.0_mean_300.0_v3" "txef1011e70db649edbbb0e-0069235595" "proxy-server 92677" 0.0167 "-" 96606 0
Nov 23 13:42:29 np0005532741.novalocal container-server[96309]: ::1 - - [23/Nov/2025:18:42:29 +0000] "PUT /1/37543/AUTH_9cc260e0c9e84206955019da66ffcbec/gnocchi.c8fabb25-6cd8-4837-8d38-766ae5e16336/1763640000.0_mean_300.0_v3" 201 - "PUT http://[::1]:8080/2/30149/AUTH_9cc260e0c9e84206955019da66ffcbec/gnocchi.c8fabb25-6cd8-4837-8d38-766ae5e16336/1763640000.0_mean_300.0_v3" "txef1011e70db649edbbb0e-0069235595" "object-server 96609" 0.0007 "-" 96309 0
Nov 23 13:42:29 np0005532741.novalocal object-server[96609]: ::1 - - [23/Nov/2025:18:42:29 +0000] "PUT /2/30149/AUTH_9cc260e0c9e84206955019da66ffcbec/gnocchi.c8fabb25-6cd8-4837-8d38-766ae5e16336/1763640000.0_mean_300.0_v3" 201 - "PUT http://[::1]:8080/v1/AUTH_9cc260e0c9e84206955019da66ffcbec/gnocchi.c8fabb25-6cd8-4837-8d38-766ae5e16336/1763640000.0_mean_300.0_v3" "txef1011e70db649edbbb0e-0069235595" "proxy-server 92677" 0.0186 "-" 96609 0
Nov 23 13:42:29 np0005532741.novalocal proxy-server[92677]: ::1 ::1 23/Nov/2025/18/42/29 PUT /v1/AUTH_9cc260e0c9e84206955019da66ffcbec/gnocchi.c8fabb25-6cd8-4837-8d38-766ae5e16336/1763640000.0_mean_300.0_v3 HTTP/1.0 201 - python-swiftclient-4.2.0 gAAAAABpI1V6uZq-... 16 - - txef1011e70db649edbbb0e-0069235595 - 0.0280 - - 1763923349.100538015 1763923349.128584862 0
Nov 23 13:42:29 np0005532741.novalocal account-server[96017]: ::1 - - [23/Nov/2025:18:42:29 +0000] "PUT /2/21056/AUTH_9cc260e0c9e84206955019da66ffcbec/gnocchi.97a1579d-5d1c-4360-8133-493b6ec7915b" 201 - "PUT http://[::1]:6001/1/162543/AUTH_9cc260e0c9e84206955019da66ffcbec/gnocchi.97a1579d-5d1c-4360-8133-493b6ec7915b" "tx328b80535aab4259b51e4-0069235595" "container-server 96309" 0.0044 "-" 96017 0
Nov 23 13:42:29 np0005532741.novalocal container-server[96309]: ::1 - - [23/Nov/2025:18:42:29 +0000] "PUT /1/162543/AUTH_9cc260e0c9e84206955019da66ffcbec/gnocchi.97a1579d-5d1c-4360-8133-493b6ec7915b" 201 - "PUT http://[::1]:8080/v1/AUTH_9cc260e0c9e84206955019da66ffcbec/gnocchi.97a1579d-5d1c-4360-8133-493b6ec7915b" "tx328b80535aab4259b51e4-0069235595" "proxy-server 92676" 0.0171 "-" 96309 0
Nov 23 13:42:29 np0005532741.novalocal account-server[96019]: ::1 - - [23/Nov/2025:18:42:29 +0000] "PUT /3/21056/AUTH_9cc260e0c9e84206955019da66ffcbec/gnocchi.97a1579d-5d1c-4360-8133-493b6ec7915b" 201 - "PUT http://[::1]:6001/2/162543/AUTH_9cc260e0c9e84206955019da66ffcbec/gnocchi.97a1579d-5d1c-4360-8133-493b6ec7915b" "tx328b80535aab4259b51e4-0069235595" "container-server 96308" 0.0046 "-" 96019 0
Nov 23 13:42:29 np0005532741.novalocal container-server[96308]: ::1 - - [23/Nov/2025:18:42:29 +0000] "PUT /2/162543/AUTH_9cc260e0c9e84206955019da66ffcbec/gnocchi.97a1579d-5d1c-4360-8133-493b6ec7915b" 201 - "PUT http://[::1]:8080/v1/AUTH_9cc260e0c9e84206955019da66ffcbec/gnocchi.97a1579d-5d1c-4360-8133-493b6ec7915b" "tx328b80535aab4259b51e4-0069235595" "proxy-server 92676" 0.0187 "-" 96308 0
Nov 23 13:42:29 np0005532741.novalocal container-server[96311]: ::1 - - [23/Nov/2025:18:42:29 +0000] "PUT /1/37543/AUTH_9cc260e0c9e84206955019da66ffcbec/gnocchi.c8fabb25-6cd8-4837-8d38-766ae5e16336/none_v3" 201 - "PUT http://[::1]:8080/1/35587/AUTH_9cc260e0c9e84206955019da66ffcbec/gnocchi.c8fabb25-6cd8-4837-8d38-766ae5e16336/none_v3" "txf4639a55e6514f7e9cf8d-0069235595" "object-server 96605" 0.0007 "-" 96311 0
Nov 23 13:42:29 np0005532741.novalocal account-server[96017]: ::1 - - [23/Nov/2025:18:42:29 +0000] "PUT /1/21056/AUTH_9cc260e0c9e84206955019da66ffcbec/gnocchi.97a1579d-5d1c-4360-8133-493b6ec7915b" 201 - "PUT http://[::1]:6001/3/162543/AUTH_9cc260e0c9e84206955019da66ffcbec/gnocchi.97a1579d-5d1c-4360-8133-493b6ec7915b" "tx328b80535aab4259b51e4-0069235595" "container-server 96310" 0.0051 "-" 96017 0
Nov 23 13:42:29 np0005532741.novalocal object-server[96605]: ::1 - - [23/Nov/2025:18:42:29 +0000] "PUT /1/35587/AUTH_9cc260e0c9e84206955019da66ffcbec/gnocchi.c8fabb25-6cd8-4837-8d38-766ae5e16336/none_v3" 201 - "PUT http://[::1]:8080/v1/AUTH_9cc260e0c9e84206955019da66ffcbec/gnocchi.c8fabb25-6cd8-4837-8d38-766ae5e16336/none_v3" "txf4639a55e6514f7e9cf8d-0069235595" "proxy-server 92677" 0.0163 "-" 96605 0
Nov 23 13:42:29 np0005532741.novalocal container-server[96310]: ::1 - - [23/Nov/2025:18:42:29 +0000] "PUT /3/162543/AUTH_9cc260e0c9e84206955019da66ffcbec/gnocchi.97a1579d-5d1c-4360-8133-493b6ec7915b" 201 - "PUT http://[::1]:8080/v1/AUTH_9cc260e0c9e84206955019da66ffcbec/gnocchi.97a1579d-5d1c-4360-8133-493b6ec7915b" "tx328b80535aab4259b51e4-0069235595" "proxy-server 92676" 0.0230 "-" 96310 0
