Nov 23 13:42:48 np0005532741.novalocal object-server[96605]: ::1 - - [23/Nov/2025:18:42:48 +0000] "GET /2/55430/AUTH_9cc260e0c9e84206955019da66ffcbec/gnocchi.348a8c5d-de9b-4e34-a439-69cf8eca4aef/none_v3" 200 46 "GET http://[::1]:8080/v1/AUTH_9cc260e0c9e84206955019da66ffcbec/gnocchi.348a8c5d-de9b-4e34-a439-69cf8eca4aef/none_v3" "tx31bfac3f326546dca4790-00692355a8" "proxy-server 92676" 0.0009 "-" 96605 0
Nov 23 13:42:48 np0005532741.novalocal systemd-machined[94010]: Machine qemu-1-instance-00000001 terminated.
Nov 23 13:42:48 np0005532741.novalocal proxy-server[92676]: ::1 ::1 23/Nov/2025/18/42/48 GET /v1/AUTH_9cc260e0c9e84206955019da66ffcbec/gnocchi.348a8c5d-de9b-4e34-a439-69cf8eca4aef/none_v3 HTTP/1.0 200 - python-swiftclient-4.2.0 gAAAAABpI1V6j5L9... - 46 - tx31bfac3f326546dca4790-00692355a8 - 0.0079 - - 1763923368.899821997 1763923368.907696962 0
Nov 23 13:42:48 np0005532741.novalocal object-server[96606]: ::1 - - [23/Nov/2025:18:42:48 +0000] "GET /2/145572/AUTH_9cc260e0c9e84206955019da66ffcbec/gnocchi.d0f0f08b-f677-4540-b5cc-adbdbbcef941/none_v3" 200 44 "GET http://[::1]:8080/v1/AUTH_9cc260e0c9e84206955019da66ffcbec/gnocchi.d0f0f08b-f677-4540-b5cc-adbdbbcef941/none_v3" "tx4f687b5e1d9e481192e75-00692355a8" "proxy-server 92677" 0.0009 "-" 96606 0
Nov 23 13:42:48 np0005532741.novalocal proxy-server[92677]: ::1 ::1 23/Nov/2025/18/42/48 GET /v1/AUTH_9cc260e0c9e84206955019da66ffcbec/gnocchi.d0f0f08b-f677-4540-b5cc-adbdbbcef941/none_v3 HTTP/1.0 200 - python-swiftclient-4.2.0 gAAAAABpI1V6uZq-... - 44 - tx4f687b5e1d9e481192e75-00692355a8 - 0.0135 - - 1763923368.901092529 1763923368.914630175 0
Nov 23 13:42:48 np0005532741.novalocal container-server[96308]: ::1 - - [23/Nov/2025:18:42:48 +0000] "GET /2/64546/AUTH_9cc260e0c9e84206955019da66ffcbec/gnocchi.348a8c5d-de9b-4e34-a439-69cf8eca4aef" 200 357 "GET http://[::1]:8080/v1/AUTH_9cc260e0c9e84206955019da66ffcbec/gnocchi.348a8c5d-de9b-4e34-a439-69cf8eca4aef?format=json&states=listing" "tx9258fff3e8244af0a9464-00692355a8" "proxy-server 92676" 0.0077 "-" 96308 0
Nov 23 13:42:48 np0005532741.novalocal proxy-server[92676]: ::1 ::1 23/Nov/2025/18/42/48 GET /v1/AUTH_9cc260e0c9e84206955019da66ffcbec/gnocchi.348a8c5d-de9b-4e34-a439-69cf8eca4aef%3Fformat%3Djson%26states%3Dlisting HTTP/1.0 200 - python-swiftclient-4.2.0 gAAAAABpI1V6j5L9... - 357 - tx9258fff3e8244af0a9464-00692355a8 - 0.0143 - - 1763923368.911993027 1763923368.926295757 0
Nov 23 13:42:48 np0005532741.novalocal container-server[96310]: ::1 - - [23/Nov/2025:18:42:48 +0000] "GET /3/225361/AUTH_9cc260e0c9e84206955019da66ffcbec/gnocchi.d0f0f08b-f677-4540-b5cc-adbdbbcef941" 200 357 "GET http://[::1]:8080/v1/AUTH_9cc260e0c9e84206955019da66ffcbec/gnocchi.d0f0f08b-f677-4540-b5cc-adbdbbcef941?format=json&states=listing" "txa3e3ac2d195b49f5b6a0e-00692355a8" "proxy-server 92677" 0.0121 "-" 96310 0
Nov 23 13:42:48 np0005532741.novalocal proxy-server[92677]: ::1 ::1 23/Nov/2025/18/42/48 GET /v1/AUTH_9cc260e0c9e84206955019da66ffcbec/gnocchi.d0f0f08b-f677-4540-b5cc-adbdbbcef941%3Fformat%3Djson%26states%3Dlisting HTTP/1.0 200 - python-swiftclient-4.2.0 gAAAAABpI1V6uZq-... - 357 - txa3e3ac2d195b49f5b6a0e-00692355a8 - 0.0241 - - 1763923368.918358803 1763923368.942433596 0
Nov 23 13:42:48 np0005532741.novalocal container-server[96308]: ::1 - - [23/Nov/2025:18:42:48 +0000] "GET /3/64546/AUTH_9cc260e0c9e84206955019da66ffcbec/gnocchi.348a8c5d-de9b-4e34-a439-69cf8eca4aef" 200 2 "GET http://[::1]:8080/v1/AUTH_9cc260e0c9e84206955019da66ffcbec/gnocchi.348a8c5d-de9b-4e34-a439-69cf8eca4aef?format=json&marker=none_v3&states=listing" "tx3bc13a4390a44b61ab39f-00692355a8" "proxy-server 92676" 0.0094 "-" 96308 0
Nov 23 13:42:48 np0005532741.novalocal proxy-server[92676]: ::1 ::1 23/Nov/2025/18/42/48 GET /v1/AUTH_9cc260e0c9e84206955019da66ffcbec/gnocchi.348a8c5d-de9b-4e34-a439-69cf8eca4aef%3Fformat%3Djson%26marker%3Dnone_v3%26states%3Dlisting HTTP/1.0 200 - python-swiftclient-4.2.0 gAAAAABpI1V6j5L9... - 2 - tx3bc13a4390a44b61ab39f-00692355a8 - 0.0178 - - 1763923368.929033041 1763923368.946880817 0
Nov 23 13:42:48 np0005532741.novalocal container-server[96310]: ::1 - - [23/Nov/2025:18:42:48 +0000] "GET /2/225361/AUTH_9cc260e0c9e84206955019da66ffcbec/gnocchi.d0f0f08b-f677-4540-b5cc-adbdbbcef941" 200 2 "GET http://[::1]:8080/v1/AUTH_9cc260e0c9e84206955019da66ffcbec/gnocchi.d0f0f08b-f677-4540-b5cc-adbdbbcef941?format=json&marker=none_v3&states=listing" "tx88ec00517a7e4002bbd38-00692355a8" "proxy-server 92677" 0.0102 "-" 96310 0
Nov 23 13:42:48 np0005532741.novalocal object-server[96609]: ::1 - - [23/Nov/2025:18:42:48 +0000] "GET /3/242988/AUTH_9cc260e0c9e84206955019da66ffcbec/gnocchi.348a8c5d-de9b-4e34-a439-69cf8eca4aef/1763640000.0_mean_300.0_v3" 200 16 "GET http://[::1]:8080/v1/AUTH_9cc260e0c9e84206955019da66ffcbec/gnocchi.348a8c5d-de9b-4e34-a439-69cf8eca4aef/1763640000.0_mean_300.0_v3" "txfa2bca0fbaae48e2b612e-00692355a8" "proxy-server 92676" 0.0007 "-" 96609 0
Nov 23 13:42:48 np0005532741.novalocal proxy-server[92676]: ::1 ::1 23/Nov/2025/18/42/48 GET /v1/AUTH_9cc260e0c9e84206955019da66ffcbec/gnocchi.348a8c5d-de9b-4e34-a439-69cf8eca4aef/1763640000.0_mean_300.0_v3 HTTP/1.0 200 - python-swiftclient-4.2.0 gAAAAABpI1V6j5L9... - 16 - txfa2bca0fbaae48e2b612e-00692355a8 - 0.0116 - - 1763923368.950935125 1763923368.962540865 0
Nov 23 13:42:48 np0005532741.novalocal proxy-server[92677]: ::1 ::1 23/Nov/2025/18/42/48 GET /v1/AUTH_9cc260e0c9e84206955019da66ffcbec/gnocchi.d0f0f08b-f677-4540-b5cc-adbdbbcef941%3Fformat%3Djson%26marker%3Dnone_v3%26states%3Dlisting HTTP/1.0 200 - python-swiftclient-4.2.0 gAAAAABpI1V6uZq-... - 2 - tx88ec00517a7e4002bbd38-00692355a8 - 0.0189 - - 1763923368.945144415 1763923368.964024305 0
Nov 23 13:42:48 np0005532741.novalocal object-server[96605]: ::1 - - [23/Nov/2025:18:42:48 +0000] "GET /2/26156/AUTH_9cc260e0c9e84206955019da66ffcbec/gnocchi.d0f0f08b-f677-4540-b5cc-adbdbbcef941/1763640000.0_mean_300.0_v3" 200 16 "GET http://[::1]:8080/v1/AUTH_9cc260e0c9e84206955019da66ffcbec/gnocchi.d0f0f08b-f677-4540-b5cc-adbdbbcef941/1763640000.0_mean_300.0_v3" "txa8b8720e663f44f48df3a-00692355a8" "proxy-server 92677" 0.0004 "-" 96605 0
Nov 23 13:42:48 np0005532741.novalocal proxy-server[92677]: ::1 ::1 23/Nov/2025/18/42/48 GET /v1/AUTH_9cc260e0c9e84206955019da66ffcbec/gnocchi.d0f0f08b-f677-4540-b5cc-adbdbbcef941/1763640000.0_mean_300.0_v3 HTTP/1.0 200 - python-swiftclient-4.2.0 gAAAAABpI1V6uZq-... - 16 - txa8b8720e663f44f48df3a-00692355a8 - 0.0129 - - 1763923368.969053745 1763923368.981956720 0
Nov 23 13:42:48 np0005532741.novalocal container-server[96310]: ::1 - - [23/Nov/2025:18:42:48 +0000] "PUT /3/64546/AUTH_9cc260e0c9e84206955019da66ffcbec/gnocchi.348a8c5d-de9b-4e34-a439-69cf8eca4aef/1763640000.0_mean_300.0_v3" 201 - "PUT http://[::1]:8080/1/242988/AUTH_9cc260e0c9e84206955019da66ffcbec/gnocchi.348a8c5d-de9b-4e34-a439-69cf8eca4aef/1763640000.0_mean_300.0_v3" "tx12c0b82492374c2081e6d-00692355a8" "object-server 96607" 0.0005 "-" 96310 0
Nov 23 13:42:48 np0005532741.novalocal container-server[96311]: ::1 - - [23/Nov/2025:18:42:48 +0000] "PUT /2/64546/AUTH_9cc260e0c9e84206955019da66ffcbec/gnocchi.348a8c5d-de9b-4e34-a439-69cf8eca4aef/1763640000.0_mean_300.0_v3" 201 - "PUT http://[::1]:8080/2/242988/AUTH_9cc260e0c9e84206955019da66ffcbec/gnocchi.348a8c5d-de9b-4e34-a439-69cf8eca4aef/1763640000.0_mean_300.0_v3" "tx12c0b82492374c2081e6d-00692355a8" "object-server 96609" 0.0008 "-" 96311 0
Nov 23 13:42:48 np0005532741.novalocal object-server[96607]: ::1 - - [23/Nov/2025:18:42:48 +0000] "PUT /1/242988/AUTH_9cc260e0c9e84206955019da66ffcbec/gnocchi.348a8c5d-de9b-4e34-a439-69cf8eca4aef/1763640000.0_mean_300.0_v3" 201 - "PUT http://[::1]:8080/v1/AUTH_9cc260e0c9e84206955019da66ffcbec/gnocchi.348a8c5d-de9b-4e34-a439-69cf8eca4aef/1763640000.0_mean_300.0_v3" "tx12c0b82492374c2081e6d-00692355a8" "proxy-server 92676" 0.0097 "-" 96607 0
Nov 23 13:42:48 np0005532741.novalocal object-server[96609]: ::1 - - [23/Nov/2025:18:42:48 +0000] "PUT /2/242988/AUTH_9cc260e0c9e84206955019da66ffcbec/gnocchi.348a8c5d-de9b-4e34-a439-69cf8eca4aef/1763640000.0_mean_300.0_v3" 201 - "PUT http://[::1]:8080/v1/AUTH_9cc260e0c9e84206955019da66ffcbec/gnocchi.348a8c5d-de9b-4e34-a439-69cf8eca4aef/1763640000.0_mean_300.0_v3" "tx12c0b82492374c2081e6d-00692355a8" "proxy-server 92676" 0.0099 "-" 96609 0
Nov 23 13:42:48 np0005532741.novalocal container-server[96309]: ::1 - - [23/Nov/2025:18:42:48 +0000] "PUT /1/64546/AUTH_9cc260e0c9e84206955019da66ffcbec/gnocchi.348a8c5d-de9b-4e34-a439-69cf8eca4aef/1763640000.0_mean_300.0_v3" 201 - "PUT http://[::1]:8080/3/242988/AUTH_9cc260e0c9e84206955019da66ffcbec/gnocchi.348a8c5d-de9b-4e34-a439-69cf8eca4aef/1763640000.0_mean_300.0_v3" "tx12c0b82492374c2081e6d-00692355a8" "object-server 96605" 0.0006 "-" 96309 0
Nov 23 13:42:48 np0005532741.novalocal object-server[96605]: ::1 - - [23/Nov/2025:18:42:48 +0000] "PUT /3/242988/AUTH_9cc260e0c9e84206955019da66ffcbec/gnocchi.348a8c5d-de9b-4e34-a439-69cf8eca4aef/1763640000.0_mean_300.0_v3" 201 - "PUT http://[::1]:8080/v1/AUTH_9cc260e0c9e84206955019da66ffcbec/gnocchi.348a8c5d-de9b-4e34-a439-69cf8eca4aef/1763640000.0_mean_300.0_v3" "tx12c0b82492374c2081e6d-00692355a8" "proxy-server 92676" 0.0104 "-" 96605 0
Nov 23 13:42:48 np0005532741.novalocal proxy-server[92676]: ::1 ::1 23/Nov/2025/18/42/48 PUT /v1/AUTH_9cc260e0c9e84206955019da66ffcbec/gnocchi.348a8c5d-de9b-4e34-a439-69cf8eca4aef/1763640000.0_mean_300.0_v3 HTTP/1.0 201 - python-swiftclient-4.2.0 gAAAAABpI1V6j5L9... 16 - - tx12c0b82492374c2081e6d-00692355a8 - 0.0239 - - 1763923368.966231585 1763923368.990107536 0
Nov 23 13:42:49 np0005532741.novalocal container-server[96311]: ::1 - - [23/Nov/2025:18:42:49 +0000] "PUT /3/225361/AUTH_9cc260e0c9e84206955019da66ffcbec/gnocchi.d0f0f08b-f677-4540-b5cc-adbdbbcef941/1763640000.0_mean_300.0_v3" 201 - "PUT http://[::1]:8080/3/26156/AUTH_9cc260e0c9e84206955019da66ffcbec/gnocchi.d0f0f08b-f677-4540-b5cc-adbdbbcef941/1763640000.0_mean_300.0_v3" "txbfb39160430441b0aa5cd-00692355a8" "object-server 96607" 0.0006 "-" 96311 0
Nov 23 13:42:49 np0005532741.novalocal object-server[96607]: ::1 - - [23/Nov/2025:18:42:49 +0000] "PUT /3/26156/AUTH_9cc260e0c9e84206955019da66ffcbec/gnocchi.d0f0f08b-f677-4540-b5cc-adbdbbcef941/1763640000.0_mean_300.0_v3" 201 - "PUT http://[::1]:8080/v1/AUTH_9cc260e0c9e84206955019da66ffcbec/gnocchi.d0f0f08b-f677-4540-b5cc-adbdbbcef941/1763640000.0_mean_300.0_v3" "txbfb39160430441b0aa5cd-00692355a8" "proxy-server 92677" 0.0099 "-" 96607 0
Nov 23 13:42:49 np0005532741.novalocal container-server[96309]: ::1 - - [23/Nov/2025:18:42:49 +0000] "PUT /1/225361/AUTH_9cc260e0c9e84206955019da66ffcbec/gnocchi.d0f0f08b-f677-4540-b5cc-adbdbbcef941/1763640000.0_mean_300.0_v3" 201 - "PUT http://[::1]:8080/1/26156/AUTH_9cc260e0c9e84206955019da66ffcbec/gnocchi.d0f0f08b-f677-4540-b5cc-adbdbbcef941/1763640000.0_mean_300.0_v3" "txbfb39160430441b0aa5cd-00692355a8" "object-server 96607" 0.0007 "-" 96309 0
Nov 23 13:42:49 np0005532741.novalocal object-server[96607]: ::1 - - [23/Nov/2025:18:42:49 +0000] "PUT /1/26156/AUTH_9cc260e0c9e84206955019da66ffcbec/gnocchi.d0f0f08b-f677-4540-b5cc-adbdbbcef941/1763640000.0_mean_300.0_v3" 201 - "PUT http://[::1]:8080/v1/AUTH_9cc260e0c9e84206955019da66ffcbec/gnocchi.d0f0f08b-f677-4540-b5cc-adbdbbcef941/1763640000.0_mean_300.0_v3" "txbfb39160430441b0aa5cd-00692355a8" "proxy-server 92677" 0.0147 "-" 96607 0
Nov 23 13:42:49 np0005532741.novalocal container-server[96309]: ::1 - - [23/Nov/2025:18:42:49 +0000] "PUT /2/225361/AUTH_9cc260e0c9e84206955019da66ffcbec/gnocchi.d0f0f08b-f677-4540-b5cc-adbdbbcef941/1763640000.0_mean_300.0_v3" 201 - "PUT http://[::1]:8080/2/26156/AUTH_9cc260e0c9e84206955019da66ffcbec/gnocchi.d0f0f08b-f677-4540-b5cc-adbdbbcef941/1763640000.0_mean_300.0_v3" "txbfb39160430441b0aa5cd-00692355a8" "object-server 96606" 0.0004 "-" 96309 0
Nov 23 13:42:49 np0005532741.novalocal container-server[96309]: ::1 - - [23/Nov/2025:18:42:49 +0000] "PUT /3/64546/AUTH_9cc260e0c9e84206955019da66ffcbec/gnocchi.348a8c5d-de9b-4e34-a439-69cf8eca4aef/none_v3" 201 - "PUT http://[::1]:8080/1/55430/AUTH_9cc260e0c9e84206955019da66ffcbec/gnocchi.348a8c5d-de9b-4e34-a439-69cf8eca4aef/none_v3" "txf9dc0235ad5645bbbfbd9-00692355a8" "object-server 96607" 0.0004 "-" 96309 0
Nov 23 13:42:49 np0005532741.novalocal object-server[96607]: ::1 - - [23/Nov/2025:18:42:49 +0000] "PUT /1/55430/AUTH_9cc260e0c9e84206955019da66ffcbec/gnocchi.348a8c5d-de9b-4e34-a439-69cf8eca4aef/none_v3" 201 - "PUT http://[::1]:8080/v1/AUTH_9cc260e0c9e84206955019da66ffcbec/gnocchi.348a8c5d-de9b-4e34-a439-69cf8eca4aef/none_v3" "txf9dc0235ad5645bbbfbd9-00692355a8" "proxy-server 92676" 0.0115 "-" 96607 0
Nov 23 13:42:49 np0005532741.novalocal object-server[96606]: ::1 - - [23/Nov/2025:18:42:49 +0000] "PUT /2/26156/AUTH_9cc260e0c9e84206955019da66ffcbec/gnocchi.d0f0f08b-f677-4540-b5cc-adbdbbcef941/1763640000.0_mean_300.0_v3" 201 - "PUT http://[::1]:8080/v1/AUTH_9cc260e0c9e84206955019da66ffcbec/gnocchi.d0f0f08b-f677-4540-b5cc-adbdbbcef941/1763640000.0_mean_300.0_v3" "txbfb39160430441b0aa5cd-00692355a8" "proxy-server 92677" 0.0165 "-" 96606 0
Nov 23 13:42:49 np0005532741.novalocal proxy-server[92677]: ::1 ::1 23/Nov/2025/18/42/49 PUT /v1/AUTH_9cc260e0c9e84206955019da66ffcbec/gnocchi.d0f0f08b-f677-4540-b5cc-adbdbbcef941/1763640000.0_mean_300.0_v3 HTTP/1.0 201 - python-swiftclient-4.2.0 gAAAAABpI1V6uZq-... 16 - - txbfb39160430441b0aa5cd-00692355a8 - 0.0240 - - 1763923368.986260414 1763923369.010241508 0
Nov 23 13:42:49 np0005532741.novalocal container-server[96310]: ::1 - - [23/Nov/2025:18:42:49 +0000] "PUT /2/64546/AUTH_9cc260e0c9e84206955019da66ffcbec/gnocchi.348a8c5d-de9b-4e34-a439-69cf8eca4aef/none_v3" 201 - "PUT http://[::1]:8080/2/55430/AUTH_9cc260e0c9e84206955019da66ffcbec/gnocchi.348a8c5d-de9b-4e34-a439-69cf8eca4aef/none_v3" "txf9dc0235ad5645bbbfbd9-00692355a8" "object-server 96606" 0.0006 "-" 96310 0
Nov 23 13:42:49 np0005532741.novalocal object-server[96606]: ::1 - - [23/Nov/2025:18:42:49 +0000] "PUT /2/55430/AUTH_9cc260e0c9e84206955019da66ffcbec/gnocchi.348a8c5d-de9b-4e34-a439-69cf8eca4aef/none_v3" 201 - "PUT http://[::1]:8080/v1/AUTH_9cc260e0c9e84206955019da66ffcbec/gnocchi.348a8c5d-de9b-4e34-a439-69cf8eca4aef/none_v3" "txf9dc0235ad5645bbbfbd9-00692355a8" "proxy-server 92676" 0.0134 "-" 96606 0
Nov 23 13:42:49 np0005532741.novalocal container-server[96309]: ::1 - - [23/Nov/2025:18:42:49 +0000] "PUT /1/64546/AUTH_9cc260e0c9e84206955019da66ffcbec/gnocchi.348a8c5d-de9b-4e34-a439-69cf8eca4aef/none_v3" 201 - "PUT http://[::1]:8080/3/55430/AUTH_9cc260e0c9e84206955019da66ffcbec/gnocchi.348a8c5d-de9b-4e34-a439-69cf8eca4aef/none_v3" "txf9dc0235ad5645bbbfbd9-00692355a8" "object-server 96606" 0.0004 "-" 96309 0
Nov 23 13:42:49 np0005532741.novalocal object-server[96606]: ::1 - - [23/Nov/2025:18:42:49 +0000] "PUT /3/55430/AUTH_9cc260e0c9e84206955019da66ffcbec/gnocchi.348a8c5d-de9b-4e34-a439-69cf8eca4aef/none_v3" 201 - "PUT http://[::1]:8080/v1/AUTH_9cc260e0c9e84206955019da66ffcbec/gnocchi.348a8c5d-de9b-4e34-a439-69cf8eca4aef/none_v3" "txf9dc0235ad5645bbbfbd9-00692355a8" "proxy-server 92676" 0.0162 "-" 96606 0
Nov 23 13:42:49 np0005532741.novalocal proxy-server[92676]: ::1 ::1 23/Nov/2025/18/42/49 PUT /v1/AUTH_9cc260e0c9e84206955019da66ffcbec/gnocchi.348a8c5d-de9b-4e34-a439-69cf8eca4aef/none_v3 HTTP/1.0 201 - python-swiftclient-4.2.0 gAAAAABpI1V6j5L9... 52 - - txf9dc0235ad5645bbbfbd9-00692355a8 - 0.0221 - - 1763923368.992062807 1763923369.014153957 0
Nov 23 13:42:49 np0005532741.novalocal container-server[96310]: ::1 - - [23/Nov/2025:18:42:49 +0000] "PUT /2/225361/AUTH_9cc260e0c9e84206955019da66ffcbec/gnocchi.d0f0f08b-f677-4540-b5cc-adbdbbcef941/none_v3" 201 - "PUT http://[::1]:8080/2/145572/AUTH_9cc260e0c9e84206955019da66ffcbec/gnocchi.d0f0f08b-f677-4540-b5cc-adbdbbcef941/none_v3" "txe030f76951fb48c1b69fd-00692355a9" "object-server 96605" 0.0004 "-" 96310 0
Nov 23 13:42:49 np0005532741.novalocal object-server[96605]: ::1 - - [23/Nov/2025:18:42:49 +0000] "PUT /2/145572/AUTH_9cc260e0c9e84206955019da66ffcbec/gnocchi.d0f0f08b-f677-4540-b5cc-adbdbbcef941/none_v3" 201 - "PUT http://[::1]:8080/v1/AUTH_9cc260e0c9e84206955019da66ffcbec/gnocchi.d0f0f08b-f677-4540-b5cc-adbdbbcef941/none_v3" "txe030f76951fb48c1b69fd-00692355a9" "proxy-server 92677" 0.0084 "-" 96605 0
Nov 23 13:42:49 np0005532741.novalocal container-server[96309]: ::1 - - [23/Nov/2025:18:42:49 +0000] "PUT /3/225361/AUTH_9cc260e0c9e84206955019da66ffcbec/gnocchi.d0f0f08b-f677-4540-b5cc-adbdbbcef941/none_v3" 201 - "PUT http://[::1]:8080/3/145572/AUTH_9cc260e0c9e84206955019da66ffcbec/gnocchi.d0f0f08b-f677-4540-b5cc-adbdbbcef941/none_v3" "txe030f76951fb48c1b69fd-00692355a9" "object-server 96606" 0.0004 "-" 96309 0
Nov 23 13:42:49 np0005532741.novalocal container-server[96311]: ::1 - - [23/Nov/2025:18:42:49 +0000] "PUT /1/225361/AUTH_9cc260e0c9e84206955019da66ffcbec/gnocchi.d0f0f08b-f677-4540-b5cc-adbdbbcef941/none_v3" 201 - "PUT http://[::1]:8080/1/145572/AUTH_9cc260e0c9e84206955019da66ffcbec/gnocchi.d0f0f08b-f677-4540-b5cc-adbdbbcef941/none_v3" "txe030f76951fb48c1b69fd-00692355a9" "object-server 96607" 0.0007 "-" 96311 0
Nov 23 13:42:49 np0005532741.novalocal object-server[96606]: ::1 - - [23/Nov/2025:18:42:49 +0000] "PUT /3/145572/AUTH_9cc260e0c9e84206955019da66ffcbec/gnocchi.d0f0f08b-f677-4540-b5cc-adbdbbcef941/none_v3" 201 - "PUT http://[::1]:8080/v1/AUTH_9cc260e0c9e84206955019da66ffcbec/gnocchi.d0f0f08b-f677-4540-b5cc-adbdbbcef941/none_v3" "txe030f76951fb48c1b69fd-00692355a9" "proxy-server 92677" 0.0104 "-" 96606 0
Nov 23 13:42:49 np0005532741.novalocal object-server[96607]: ::1 - - [23/Nov/2025:18:42:49 +0000] "PUT /1/145572/AUTH_9cc260e0c9e84206955019da66ffcbec/gnocchi.d0f0f08b-f677-4540-b5cc-adbdbbcef941/none_v3" 201 - "PUT http://[::1]:8080/v1/AUTH_9cc260e0c9e84206955019da66ffcbec/gnocchi.d0f0f08b-f677-4540-b5cc-adbdbbcef941/none_v3" "txe030f76951fb48c1b69fd-00692355a9" "proxy-server 92677" 0.0114 "-" 96607 0
Nov 23 13:42:49 np0005532741.novalocal object-server[96609]: ::1 - - [23/Nov/2025:18:42:49 +0000] "GET /2/172059/AUTH_9cc260e0c9e84206955019da66ffcbec/gnocchi.30d765b9-b112-4e3b-9426-1e007e56b219/none_v3" 200 37 "GET http://[::1]:8080/v1/AUTH_9cc260e0c9e84206955019da66ffcbec/gnocchi.30d765b9-b112-4e3b-9426-1e007e56b219/none_v3" "txc8e3fc67e09c4c998514e-00692355a9" "proxy-server 92676" 0.0006 "-" 96609 0
Nov 23 13:42:49 np0005532741.novalocal proxy-server[92677]: ::1 ::1 23/Nov/2025/18/42/49 PUT /v1/AUTH_9cc260e0c9e84206955019da66ffcbec/gnocchi.d0f0f08b-f677-4540-b5cc-adbdbbcef941/none_v3 HTTP/1.0 201 - python-swiftclient-4.2.0 gAAAAABpI1V6uZq-... 51 - - txe030f76951fb48c1b69fd-00692355a9 - 0.0202 - - 1763923369.013229132 1763923369.033443928 0
Nov 23 13:42:49 np0005532741.novalocal proxy-server[92676]: ::1 ::1 23/Nov/2025/18/42/49 GET /v1/AUTH_9cc260e0c9e84206955019da66ffcbec/gnocchi.30d765b9-b112-4e3b-9426-1e007e56b219/none_v3 HTTP/1.0 200 - python-swiftclient-4.2.0 gAAAAABpI1V6j5L9... - 37 - txc8e3fc67e09c4c998514e-00692355a9 - 0.0067 - - 1763923369.028689861 1763923369.035361052 0
Nov 23 13:42:49 np0005532741.novalocal container-server[96310]: ::1 - - [23/Nov/2025:18:42:49 +0000] "GET /1/260953/AUTH_9cc260e0c9e84206955019da66ffcbec/gnocchi.30d765b9-b112-4e3b-9426-1e007e56b219" 200 357 "GET http://[::1]:8080/v1/AUTH_9cc260e0c9e84206955019da66ffcbec/gnocchi.30d765b9-b112-4e3b-9426-1e007e56b219?format=json&states=listing" "tx7e5fcbb49c3647edb638a-00692355a9" "proxy-server 92676" 0.0063 "-" 96310 0
Nov 23 13:42:49 np0005532741.novalocal proxy-server[92676]: ::1 ::1 23/Nov/2025/18/42/49 GET /v1/AUTH_9cc260e0c9e84206955019da66ffcbec/gnocchi.30d765b9-b112-4e3b-9426-1e007e56b219%3Fformat%3Djson%26states%3Dlisting HTTP/1.0 200 - python-swiftclient-4.2.0 gAAAAABpI1V6j5L9... - 357 - tx7e5fcbb49c3647edb638a-00692355a9 - 0.0139 - - 1763923369.039335728 1763923369.053256035 0
Nov 23 13:42:49 np0005532741.novalocal object-server[96609]: ::1 - - [23/Nov/2025:18:42:49 +0000] "GET /1/20595/AUTH_9cc260e0c9e84206955019da66ffcbec/gnocchi.b51e64de-db91-4691-8739-8133dfdc71ab/none_v3" 200 46 "GET http://[::1]:8080/v1/AUTH_9cc260e0c9e84206955019da66ffcbec/gnocchi.b51e64de-db91-4691-8739-8133dfdc71ab/none_v3" "tx0e818a08a1d847f7a4a33-00692355a9" "proxy-server 92677" 0.0006 "-" 96609 0
Nov 23 13:42:49 np0005532741.novalocal proxy-server[92677]: ::1 ::1 23/Nov/2025/18/42/49 GET /v1/AUTH_9cc260e0c9e84206955019da66ffcbec/gnocchi.b51e64de-db91-4691-8739-8133dfdc71ab/none_v3 HTTP/1.0 200 - python-swiftclient-4.2.0 gAAAAABpI1V6uZq-... - 46 - tx0e818a08a1d847f7a4a33-00692355a9 - 0.0064 - - 1763923369.051156998 1763923369.057548046 0
Nov 23 13:42:49 np0005532741.novalocal container-server[96311]: ::1 - - [23/Nov/2025:18:42:49 +0000] "GET /3/260953/AUTH_9cc260e0c9e84206955019da66ffcbec/gnocchi.30d765b9-b112-4e3b-9426-1e007e56b219" 200 2 "GET http://[::1]:8080/v1/AUTH_9cc260e0c9e84206955019da66ffcbec/gnocchi.30d765b9-b112-4e3b-9426-1e007e56b219?format=json&marker=none_v3&states=listing" "txf831606e292e41429fa77-00692355a9" "proxy-server 92676" 0.0101 "-" 96311 0
Nov 23 13:42:49 np0005532741.novalocal container-server[96311]: ::1 - - [23/Nov/2025:18:42:49 +0000] "GET /2/183486/AUTH_9cc260e0c9e84206955019da66ffcbec/gnocchi.b51e64de-db91-4691-8739-8133dfdc71ab" 200 357 "GET http://[::1]:8080/v1/AUTH_9cc260e0c9e84206955019da66ffcbec/gnocchi.b51e64de-db91-4691-8739-8133dfdc71ab?format=json&states=listing" "tx636937b72d314dc789645-00692355a9" "proxy-server 92677" 0.0102 "-" 96311 0
Nov 23 13:42:49 np0005532741.novalocal proxy-server[92676]: ::1 ::1 23/Nov/2025/18/42/49 GET /v1/AUTH_9cc260e0c9e84206955019da66ffcbec/gnocchi.30d765b9-b112-4e3b-9426-1e007e56b219%3Fformat%3Djson%26marker%3Dnone_v3%26states%3Dlisting HTTP/1.0 200 - python-swiftclient-4.2.0 gAAAAABpI1V6j5L9... - 2 - txf831606e292e41429fa77-00692355a9 - 0.0189 - - 1763923369.055880308 1763923369.074824095 0
Nov 23 13:42:49 np0005532741.novalocal proxy-server[92677]: ::1 ::1 23/Nov/2025/18/42/49 GET /v1/AUTH_9cc260e0c9e84206955019da66ffcbec/gnocchi.b51e64de-db91-4691-8739-8133dfdc71ab%3Fformat%3Djson%26states%3Dlisting HTTP/1.0 200 - python-swiftclient-4.2.0 gAAAAABpI1V6uZq-... - 357 - tx636937b72d314dc789645-00692355a9 - 0.0161 - - 1763923369.060997486 1763923369.077095509 0
Nov 23 13:42:49 np0005532741.novalocal object-server[96609]: ::1 - - [23/Nov/2025:18:42:49 +0000] "GET /2/227090/AUTH_9cc260e0c9e84206955019da66ffcbec/gnocchi.30d765b9-b112-4e3b-9426-1e007e56b219/1763640000.0_mean_300.0_v3" 200 16 "GET http://[::1]:8080/v1/AUTH_9cc260e0c9e84206955019da66ffcbec/gnocchi.30d765b9-b112-4e3b-9426-1e007e56b219/1763640000.0_mean_300.0_v3" "tx5f2b2a2945f94d9f93cde-00692355a9" "proxy-server 92676" 0.0006 "-" 96609 0
Nov 23 13:42:49 np0005532741.novalocal proxy-server[92676]: ::1 ::1 23/Nov/2025/18/42/49 GET /v1/AUTH_9cc260e0c9e84206955019da66ffcbec/gnocchi.30d765b9-b112-4e3b-9426-1e007e56b219/1763640000.0_mean_300.0_v3 HTTP/1.0 200 - python-swiftclient-4.2.0 gAAAAABpI1V6j5L9... - 16 - tx5f2b2a2945f94d9f93cde-00692355a9 - 0.0069 - - 1763923369.078058958 1763923369.085000753 0
Nov 23 13:42:49 np0005532741.novalocal container-server[96311]: ::1 - - [23/Nov/2025:18:42:49 +0000] "GET /3/183486/AUTH_9cc260e0c9e84206955019da66ffcbec/gnocchi.b51e64de-db91-4691-8739-8133dfdc71ab" 200 2 "GET http://[::1]:8080/v1/AUTH_9cc260e0c9e84206955019da66ffcbec/gnocchi.b51e64de-db91-4691-8739-8133dfdc71ab?format=json&marker=none_v3&states=listing" "tx0ea2fc87e0ed44039e7d5-00692355a9" "proxy-server 92677" 0.0067 "-" 96311 0
Nov 23 13:42:49 np0005532741.novalocal container-server[96309]: ::1 - - [23/Nov/2025:18:42:49 +0000] "PUT /2/260953/AUTH_9cc260e0c9e84206955019da66ffcbec/gnocchi.30d765b9-b112-4e3b-9426-1e007e56b219/1763640000.0_mean_300.0_v3" 201 - "PUT http://[::1]:8080/3/227090/AUTH_9cc260e0c9e84206955019da66ffcbec/gnocchi.30d765b9-b112-4e3b-9426-1e007e56b219/1763640000.0_mean_300.0_v3" "tx58514c69f6b0460d977e0-00692355a9" "object-server 96607" 0.0008 "-" 96309 0
Nov 23 13:42:49 np0005532741.novalocal proxy-server[92677]: ::1 ::1 23/Nov/2025/18/42/49 GET /v1/AUTH_9cc260e0c9e84206955019da66ffcbec/gnocchi.b51e64de-db91-4691-8739-8133dfdc71ab%3Fformat%3Djson%26marker%3Dnone_v3%26states%3Dlisting HTTP/1.0 200 - python-swiftclient-4.2.0 gAAAAABpI1V6uZq-... - 2 - tx0ea2fc87e0ed44039e7d5-00692355a9 - 0.0230 - - 1763923369.079948425 1763923369.102981329 0
Nov 23 13:42:49 np0005532741.novalocal container-server[96309]: ::1 - - [23/Nov/2025:18:42:49 +0000] "PUT /1/260953/AUTH_9cc260e0c9e84206955019da66ffcbec/gnocchi.30d765b9-b112-4e3b-9426-1e007e56b219/1763640000.0_mean_300.0_v3" 201 - "PUT http://[::1]:8080/2/227090/AUTH_9cc260e0c9e84206955019da66ffcbec/gnocchi.30d765b9-b112-4e3b-9426-1e007e56b219/1763640000.0_mean_300.0_v3" "tx58514c69f6b0460d977e0-00692355a9" "object-server 96605" 0.0004 "-" 96309 0
Nov 23 13:42:49 np0005532741.novalocal object-server[96607]: ::1 - - [23/Nov/2025:18:42:49 +0000] "PUT /3/227090/AUTH_9cc260e0c9e84206955019da66ffcbec/gnocchi.30d765b9-b112-4e3b-9426-1e007e56b219/1763640000.0_mean_300.0_v3" 201 - "PUT http://[::1]:8080/v1/AUTH_9cc260e0c9e84206955019da66ffcbec/gnocchi.30d765b9-b112-4e3b-9426-1e007e56b219/1763640000.0_mean_300.0_v3" "tx58514c69f6b0460d977e0-00692355a9" "proxy-server 92676" 0.0120 "-" 96607 0
Nov 23 13:42:49 np0005532741.novalocal kernel: qvb6e8b47d9-ce: left allmulticast mode
Nov 23 13:42:49 np0005532741.novalocal kernel: qvb6e8b47d9-ce: left promiscuous mode
Nov 23 13:42:49 np0005532741.novalocal kernel: qbr6e8b47d9-ce: port 1(qvb6e8b47d9-ce) entered disabled state
Nov 23 13:42:49 np0005532741.novalocal object-server[96605]: ::1 - - [23/Nov/2025:18:42:49 +0000] "PUT /2/227090/AUTH_9cc260e0c9e84206955019da66ffcbec/gnocchi.30d765b9-b112-4e3b-9426-1e007e56b219/1763640000.0_mean_300.0_v3" 201 - "PUT http://[::1]:8080/v1/AUTH_9cc260e0c9e84206955019da66ffcbec/gnocchi.30d765b9-b112-4e3b-9426-1e007e56b219/1763640000.0_mean_300.0_v3" "tx58514c69f6b0460d977e0-00692355a9" "proxy-server 92676" 0.0157 "-" 96605 0
Nov 23 13:42:49 np0005532741.novalocal container-server[96309]: ::1 - - [23/Nov/2025:18:42:49 +0000] "PUT /3/260953/AUTH_9cc260e0c9e84206955019da66ffcbec/gnocchi.30d765b9-b112-4e3b-9426-1e007e56b219/1763640000.0_mean_300.0_v3" 201 - "PUT http://[::1]:8080/1/227090/AUTH_9cc260e0c9e84206955019da66ffcbec/gnocchi.30d765b9-b112-4e3b-9426-1e007e56b219/1763640000.0_mean_300.0_v3" "tx58514c69f6b0460d977e0-00692355a9" "object-server 96606" 0.0005 "-" 96309 0
Nov 23 13:42:49 np0005532741.novalocal object-server[96606]: ::1 - - [23/Nov/2025:18:42:49 +0000] "PUT /1/227090/AUTH_9cc260e0c9e84206955019da66ffcbec/gnocchi.30d765b9-b112-4e3b-9426-1e007e56b219/1763640000.0_mean_300.0_v3" 201 - "PUT http://[::1]:8080/v1/AUTH_9cc260e0c9e84206955019da66ffcbec/gnocchi.30d765b9-b112-4e3b-9426-1e007e56b219/1763640000.0_mean_300.0_v3" "tx58514c69f6b0460d977e0-00692355a9" "proxy-server 92676" 0.0217 "-" 96606 0
Nov 23 13:42:49 np0005532741.novalocal object-server[96609]: ::1 - - [23/Nov/2025:18:42:49 +0000] "GET /2/612/AUTH_9cc260e0c9e84206955019da66ffcbec/gnocchi.b51e64de-db91-4691-8739-8133dfdc71ab/1763640000.0_mean_300.0_v3" 200 16 "GET http://[::1]:8080/v1/AUTH_9cc260e0c9e84206955019da66ffcbec/gnocchi.b51e64de-db91-4691-8739-8133dfdc71ab/1763640000.0_mean_300.0_v3" "txe699d00810ee4c20bd29b-00692355a9" "proxy-server 92677" 0.0016 "-" 96609 0
Nov 23 13:42:49 np0005532741.novalocal proxy-server[92676]: ::1 ::1 23/Nov/2025/18/42/49 PUT /v1/AUTH_9cc260e0c9e84206955019da66ffcbec/gnocchi.30d765b9-b112-4e3b-9426-1e007e56b219/1763640000.0_mean_300.0_v3 HTTP/1.0 201 - python-swiftclient-4.2.0 gAAAAABpI1V6j5L9... 16 - - tx58514c69f6b0460d977e0-00692355a9 - 0.0280 - - 1763923369.087546110 1763923369.115568876 0
Nov 23 13:42:49 np0005532741.novalocal proxy-server[92677]: ::1 ::1 23/Nov/2025/18/42/49 GET /v1/AUTH_9cc260e0c9e84206955019da66ffcbec/gnocchi.b51e64de-db91-4691-8739-8133dfdc71ab/1763640000.0_mean_300.0_v3 HTTP/1.0 200 - python-swiftclient-4.2.0 gAAAAABpI1V6uZq-... - 16 - txe699d00810ee4c20bd29b-00692355a9 - 0.0102 - - 1763923369.106961250 1763923369.117205620 0
Nov 23 13:42:49 np0005532741.novalocal NetworkManager[858]: [1763923369.1263] device (qbr6e8b47d9-ce): bridge port qvb6e8b47d9-ce was detached
Nov 23 13:42:49 np0005532741.novalocal NetworkManager[858]: [1763923369.1271] device (qbr6e8b47d9-ce): state change: activated -> unmanaged (reason 'unmanaged', managed-type: 'removed')
Nov 23 13:42:49 np0005532741.novalocal container-server[96309]: ::1 - - [23/Nov/2025:18:42:49 +0000] "PUT /3/260953/AUTH_9cc260e0c9e84206955019da66ffcbec/gnocchi.30d765b9-b112-4e3b-9426-1e007e56b219/none_v3" 201 - "PUT http://[::1]:8080/3/172059/AUTH_9cc260e0c9e84206955019da66ffcbec/gnocchi.30d765b9-b112-4e3b-9426-1e007e56b219/none_v3" "txed12b778ee134890b28ac-00692355a9" "object-server 96607" 0.0023 "-" 96309 0
Nov 23 13:42:49 np0005532741.novalocal container-server[96310]: ::1 - - [23/Nov/2025:18:42:49 +0000] "PUT /2/260953/AUTH_9cc260e0c9e84206955019da66ffcbec/gnocchi.30d765b9-b112-4e3b-9426-1e007e56b219/none_v3" 201 - "PUT http://[::1]:8080/2/172059/AUTH_9cc260e0c9e84206955019da66ffcbec/gnocchi.30d765b9-b112-4e3b-9426-1e007e56b219/none_v3" "txed12b778ee134890b28ac-00692355a9" "object-server 96607" 0.0005 "-" 96310 0
Nov 23 13:42:49 np0005532741.novalocal kernel: qvo6e8b47d9-ce: left promiscuous mode
Nov 23 13:42:49 np0005532741.novalocal container-server[96309]: ::1 - - [23/Nov/2025:18:42:49 +0000] "PUT /1/260953/AUTH_9cc260e0c9e84206955019da66ffcbec/gnocchi.30d765b9-b112-4e3b-9426-1e007e56b219/none_v3" 201 - "PUT http://[::1]:8080/1/172059/AUTH_9cc260e0c9e84206955019da66ffcbec/gnocchi.30d765b9-b112-4e3b-9426-1e007e56b219/none_v3" "txed12b778ee134890b28ac-00692355a9" "object-server 96609" 0.0006 "-" 96309 0
Nov 23 13:42:49 np0005532741.novalocal object-server[96609]: ::1 - - [23/Nov/2025:18:42:49 +0000] "PUT /1/172059/AUTH_9cc260e0c9e84206955019da66ffcbec/gnocchi.30d765b9-b112-4e3b-9426-1e007e56b219/none_v3" 201 - "PUT http://[::1]:8080/v1/AUTH_9cc260e0c9e84206955019da66ffcbec/gnocchi.30d765b9-b112-4e3b-9426-1e007e56b219/none_v3" "txed12b778ee134890b28ac-00692355a9" "proxy-server 92676" 0.0233 "-" 96609 0
Nov 23 13:42:49 np0005532741.novalocal container-server[96309]: ::1 - - [23/Nov/2025:18:42:49 +0000] "PUT /2/183486/AUTH_9cc260e0c9e84206955019da66ffcbec/gnocchi.b51e64de-db91-4691-8739-8133dfdc71ab/1763640000.0_mean_300.0_v3" 201 - "PUT http://[::1]:8080/1/612/AUTH_9cc260e0c9e84206955019da66ffcbec/gnocchi.b51e64de-db91-4691-8739-8133dfdc71ab/1763640000.0_mean_300.0_v3" "tx71f5f59bc5444974bcd99-00692355a9" "object-server 96609" 0.0003 "-" 96309 0
Nov 23 13:42:49 np0005532741.novalocal object-server[96609]: ::1 - - [23/Nov/2025:18:42:49 +0000] "PUT /1/612/AUTH_9cc260e0c9e84206955019da66ffcbec/gnocchi.b51e64de-db91-4691-8739-8133dfdc71ab/1763640000.0_mean_300.0_v3" 201 - "PUT http://[::1]:8080/v1/AUTH_9cc260e0c9e84206955019da66ffcbec/gnocchi.b51e64de-db91-4691-8739-8133dfdc71ab/1763640000.0_mean_300.0_v3" "tx71f5f59bc5444974bcd99-00692355a9" "proxy-server 92677" 0.0119 "-" 96609 0
Nov 23 13:42:49 np0005532741.novalocal container-server[96310]: ::1 - - [23/Nov/2025:18:42:49 +0000] "PUT /1/183486/AUTH_9cc260e0c9e84206955019da66ffcbec/gnocchi.b51e64de-db91-4691-8739-8133dfdc71ab/1763640000.0_mean_300.0_v3" 201 - "PUT http://[::1]:8080/3/612/AUTH_9cc260e0c9e84206955019da66ffcbec/gnocchi.b51e64de-db91-4691-8739-8133dfdc71ab/1763640000.0_mean_300.0_v3" "tx71f5f59bc5444974bcd99-00692355a9" "object-server 96609" 0.0005 "-" 96310 0
Nov 23 13:42:49 np0005532741.novalocal object-server[96609]: ::1 - - [23/Nov/2025:18:42:49 +0000] "PUT /3/612/AUTH_9cc260e0c9e84206955019da66ffcbec/gnocchi.b51e64de-db91-4691-8739-8133dfdc71ab/1763640000.0_mean_300.0_v3" 201 - "PUT http://[::1]:8080/v1/AUTH_9cc260e0c9e84206955019da66ffcbec/gnocchi.b51e64de-db91-4691-8739-8133dfdc71ab/1763640000.0_mean_300.0_v3" "tx71f5f59bc5444974bcd99-00692355a9" "proxy-server 92677" 0.0182 "-" 96609 0
Nov 23 13:42:49 np0005532741.novalocal object-server[96607]: ::1 - - [23/Nov/2025:18:42:49 +0000] "PUT /2/172059/AUTH_9cc260e0c9e84206955019da66ffcbec/gnocchi.30d765b9-b112-4e3b-9426-1e007e56b219/none_v3" 201 - "PUT http://[::1]:8080/v1/AUTH_9cc260e0c9e84206955019da66ffcbec/gnocchi.30d765b9-b112-4e3b-9426-1e007e56b219/none_v3" "txed12b778ee134890b28ac-00692355a9" "proxy-server 92676" 0.0291 "-" 96607 0
Nov 23 13:42:49 np0005532741.novalocal object-server[96607]: ::1 - - [23/Nov/2025:18:42:49 +0000] "PUT /3/172059/AUTH_9cc260e0c9e84206955019da66ffcbec/gnocchi.30d765b9-b112-4e3b-9426-1e007e56b219/none_v3" 201 - "PUT http://[::1]:8080/v1/AUTH_9cc260e0c9e84206955019da66ffcbec/gnocchi.30d765b9-b112-4e3b-9426-1e007e56b219/none_v3" "txed12b778ee134890b28ac-00692355a9" "proxy-server 92676" 0.0280 "-" 96607 0
Nov 23 13:42:49 np0005532741.novalocal proxy-server[92676]: ::1 ::1 23/Nov/2025/18/42/49 PUT /v1/AUTH_9cc260e0c9e84206955019da66ffcbec/gnocchi.30d765b9-b112-4e3b-9426-1e007e56b219/none_v3 HTTP/1.0 201 - python-swiftclient-4.2.0 gAAAAABpI1V6j5L9... 45 - - txed12b778ee134890b28ac-00692355a9 - 0.0374 - - 1763923369.118358850 1763923369.155713558 0
Nov 23 13:42:49 np0005532741.novalocal container-server[96308]: ::1 - - [23/Nov/2025:18:42:49 +0000] "PUT /3/183486/AUTH_9cc260e0c9e84206955019da66ffcbec/gnocchi.b51e64de-db91-4691-8739-8133dfdc71ab/1763640000.0_mean_300.0_v3" 201 - "PUT http://[::1]:8080/2/612/AUTH_9cc260e0c9e84206955019da66ffcbec/gnocchi.b51e64de-db91-4691-8739-8133dfdc71ab/1763640000.0_mean_300.0_v3" "tx71f5f59bc5444974bcd99-00692355a9" "object-server 96607" 0.0005 "-" 96308 0
Nov 23 13:42:49 np0005532741.novalocal object-server[96607]: ::1 - - [23/Nov/2025:18:42:49 +0000] "PUT /2/612/AUTH_9cc260e0c9e84206955019da66ffcbec/gnocchi.b51e64de-db91-4691-8739-8133dfdc71ab/1763640000.0_mean_300.0_v3" 201 - "PUT http://[::1]:8080/v1/AUTH_9cc260e0c9e84206955019da66ffcbec/gnocchi.b51e64de-db91-4691-8739-8133dfdc71ab/1763640000.0_mean_300.0_v3" "tx71f5f59bc5444974bcd99-00692355a9" "proxy-server 92677" 0.0268 "-" 96607 0
Nov 23 13:42:49 np0005532741.novalocal proxy-server[92677]: ::1 ::1 23/Nov/2025/18/42/49 PUT /v1/AUTH_9cc260e0c9e84206955019da66ffcbec/gnocchi.b51e64de-db91-4691-8739-8133dfdc71ab/1763640000.0_mean_300.0_v3 HTTP/1.0 201 - python-swiftclient-4.2.0 gAAAAABpI1V6uZq-... 16 - - tx71f5f59bc5444974bcd99-00692355a9 - 0.0371 - - 1763923369.122356176 1763923369.159420729 0
Nov 23 13:42:49 np0005532741.novalocal object-server[96606]: ::1 - - [23/Nov/2025:18:42:49 +0000] "GET /3/145572/AUTH_9cc260e0c9e84206955019da66ffcbec/gnocchi.d0f0f08b-f677-4540-b5cc-adbdbbcef941/none_v3" 200 51 "GET http://[::1]:8080/v1/AUTH_9cc260e0c9e84206955019da66ffcbec/gnocchi.d0f0f08b-f677-4540-b5cc-adbdbbcef941/none_v3" "tx5b07009453344397b5f2f-00692355a9" "proxy-server 92676" 0.0005 "-" 96606 0
Nov 23 13:42:49 np0005532741.novalocal proxy-server[92676]: ::1 ::1 23/Nov/2025/18/42/49 GET /v1/AUTH_9cc260e0c9e84206955019da66ffcbec/gnocchi.d0f0f08b-f677-4540-b5cc-adbdbbcef941/none_v3 HTTP/1.0 200 - python-swiftclient-4.2.0 gAAAAABpI1V6j5L9... - 51 - tx5b07009453344397b5f2f-00692355a9 - 0.0100 - - 1763923369.168686867 1763923369.178639889 0
Nov 23 13:42:49 np0005532741.novalocal container-server[96309]: ::1 - - [23/Nov/2025:18:42:49 +0000] "PUT /1/183486/AUTH_9cc260e0c9e84206955019da66ffcbec/gnocchi.b51e64de-db91-4691-8739-8133dfdc71ab/none_v3" 201 - "PUT http://[::1]:8080/1/20595/AUTH_9cc260e0c9e84206955019da66ffcbec/gnocchi.b51e64de-db91-4691-8739-8133dfdc71ab/none_v3" "tx8f323f08fa7c4a388999e-00692355a9" "object-server 96605" 0.0004 "-" 96309 0
Nov 23 13:42:49 np0005532741.novalocal object-server[96605]: ::1 - - [23/Nov/2025:18:42:49 +0000] "PUT /1/20595/AUTH_9cc260e0c9e84206955019da66ffcbec/gnocchi.b51e64de-db91-4691-8739-8133dfdc71ab/none_v3" 201 - "PUT http://[::1]:8080/v1/AUTH_9cc260e0c9e84206955019da66ffcbec/gnocchi.b51e64de-db91-4691-8739-8133dfdc71ab/none_v3" "tx8f323f08fa7c4a388999e-00692355a9" "proxy-server 92677" 0.0109 "-" 96605 0
Nov 23 13:42:49 np0005532741.novalocal container-server[96310]: ::1 - - [23/Nov/2025:18:42:49 +0000] "PUT /2/183486/AUTH_9cc260e0c9e84206955019da66ffcbec/gnocchi.b51e64de-db91-4691-8739-8133dfdc71ab/none_v3" 201 - "PUT http://[::1]:8080/2/20595/AUTH_9cc260e0c9e84206955019da66ffcbec/gnocchi.b51e64de-db91-4691-8739-8133dfdc71ab/none_v3" "tx8f323f08fa7c4a388999e-00692355a9" "object-server 96605" 0.0005 "-" 96310 0
Nov 23 13:42:49 np0005532741.novalocal object-server[96605]: ::1 - - [23/Nov/2025:18:42:49 +0000] "PUT /2/20595/AUTH_9cc260e0c9e84206955019da66ffcbec/gnocchi.b51e64de-db91-4691-8739-8133dfdc71ab/none_v3" 201 - "PUT http://[::1]:8080/v1/AUTH_9cc260e0c9e84206955019da66ffcbec/gnocchi.b51e64de-db91-4691-8739-8133dfdc71ab/none_v3" "tx8f323f08fa7c4a388999e-00692355a9" "proxy-server 92677" 0.0160 "-" 96605 0
Nov 23 13:42:49 np0005532741.novalocal container-server[96310]: ::1 - - [23/Nov/2025:18:42:49 +0000] "PUT /3/183486/AUTH_9cc260e0c9e84206955019da66ffcbec/gnocchi.b51e64de-db91-4691-8739-8133dfdc71ab/none_v3" 201 - "PUT http://[::1]:8080/3/20595/AUTH_9cc260e0c9e84206955019da66ffcbec/gnocchi.b51e64de-db91-4691-8739-8133dfdc71ab/none_v3" "tx8f323f08fa7c4a388999e-00692355a9" "object-server 96606" 0.0003 "-" 96310 0
Nov 23 13:42:49 np0005532741.novalocal object-server[96606]: ::1 - - [23/Nov/2025:18:42:49 +0000] "PUT /3/20595/AUTH_9cc260e0c9e84206955019da66ffcbec/gnocchi.b51e64de-db91-4691-8739-8133dfdc71ab/none_v3" 201 - "PUT http://[::1]:8080/v1/AUTH_9cc260e0c9e84206955019da66ffcbec/gnocchi.b51e64de-db91-4691-8739-8133dfdc71ab/none_v3" "tx8f323f08fa7c4a388999e-00692355a9" "proxy-server 92677" 0.0166 "-" 96606 0
Nov 23 13:42:49 np0005532741.novalocal proxy-server[92677]: ::1 ::1 23/Nov/2025/18/42/49 PUT /v1/AUTH_9cc260e0c9e84206955019da66ffcbec/gnocchi.b51e64de-db91-4691-8739-8133dfdc71ab/none_v3 HTTP/1.0 201 - python-swiftclient-4.2.0 gAAAAABpI1V6uZq-... 52 - - tx8f323f08fa7c4a388999e-00692355a9 - 0.0260 - - 1763923369.162937641 1763923369.188906431 0
Nov 23 13:42:49 np0005532741.novalocal container-server[96310]: ::1 - - [23/Nov/2025:18:42:49 +0000] "GET /2/225361/AUTH_9cc260e0c9e84206955019da66ffcbec/gnocchi.d0f0f08b-f677-4540-b5cc-adbdbbcef941" 200 357 "GET http://[::1]:8080/v1/AUTH_9cc260e0c9e84206955019da66ffcbec/gnocchi.d0f0f08b-f677-4540-b5cc-adbdbbcef941?format=json&states=listing" "txa60774e5104849579d726-00692355a9" "proxy-server 92676" 0.0084 "-" 96310 0
Nov 23 13:42:49 np0005532741.novalocal proxy-server[92676]: ::1 ::1 23/Nov/2025/18/42/49 GET /v1/AUTH_9cc260e0c9e84206955019da66ffcbec/gnocchi.d0f0f08b-f677-4540-b5cc-adbdbbcef941%3Fformat%3Djson%26states%3Dlisting HTTP/1.0 200 - python-swiftclient-4.2.0 gAAAAABpI1V6j5L9... - 357 - txa60774e5104849579d726-00692355a9 - 0.0192 - - 1763923369.185340405 1763923369.204540253 0
Nov 23 13:42:49 np0005532741.novalocal object-server[96605]: ::1 - - [23/Nov/2025:18:42:49 +0000] "GET /3/55430/AUTH_9cc260e0c9e84206955019da66ffcbec/gnocchi.348a8c5d-de9b-4e34-a439-69cf8eca4aef/none_v3" 200 52 "GET http://[::1]:8080/v1/AUTH_9cc260e0c9e84206955019da66ffcbec/gnocchi.348a8c5d-de9b-4e34-a439-69cf8eca4aef/none_v3" "txc915d0819d024ef2bf207-00692355a9" "proxy-server 92677" 0.0056 "-" 96605 0
Nov 23 13:42:49 np0005532741.novalocal container-server[96309]: ::1 - - [23/Nov/2025:18:42:49 +0000] "GET /2/225361/AUTH_9cc260e0c9e84206955019da66ffcbec/gnocchi.d0f0f08b-f677-4540-b5cc-adbdbbcef941" 200 2 "GET http://[::1]:8080/v1/AUTH_9cc260e0c9e84206955019da66ffcbec/gnocchi.d0f0f08b-f677-4540-b5cc-adbdbbcef941?format=json&marker=none_v3&states=listing" "tx7a14fdf1c0e74fd98fe1d-00692355a9" "proxy-server 92676" 0.0018 "-" 96309 0
Nov 23 13:42:49 np0005532741.novalocal proxy-server[92677]: ::1 ::1 23/Nov/2025/18/42/49 GET /v1/AUTH_9cc260e0c9e84206955019da66ffcbec/gnocchi.348a8c5d-de9b-4e34-a439-69cf8eca4aef/none_v3 HTTP/1.0 200 - python-swiftclient-4.2.0 gAAAAABpI1V6uZq-... - 52 - txc915d0819d024ef2bf207-00692355a9 - 0.0160 - - 1763923369.200554132 1763923369.216568470 0
Nov 23 13:42:49 np0005532741.novalocal proxy-server[92676]: ::1 ::1 23/Nov/2025/18/42/49 GET /v1/AUTH_9cc260e0c9e84206955019da66ffcbec/gnocchi.d0f0f08b-f677-4540-b5cc-adbdbbcef941%3Fformat%3Djson%26marker%3Dnone_v3%26states%3Dlisting HTTP/1.0 200 - python-swiftclient-4.2.0 gAAAAABpI1V6j5L9... - 2 - tx7a14fdf1c0e74fd98fe1d-00692355a9 - 0.0107 - - 1763923369.207376480 1763923369.218080282 0
Nov 23 13:42:49 np0005532741.novalocal object-server[96609]: ::1 - - [23/Nov/2025:18:42:49 +0000] "GET /3/26156/AUTH_9cc260e0c9e84206955019da66ffcbec/gnocchi.d0f0f08b-f677-4540-b5cc-adbdbbcef941/1763640000.0_mean_300.0_v3" 200 16 "GET http://[::1]:8080/v1/AUTH_9cc260e0c9e84206955019da66ffcbec/gnocchi.d0f0f08b-f677-4540-b5cc-adbdbbcef941/1763640000.0_mean_300.0_v3" "tx43b06913dbdf4d3987fa6-00692355a9" "proxy-server 92676" 0.0008 "-" 96609 0
Nov 23 13:42:49 np0005532741.novalocal proxy-server[92676]: ::1 ::1 23/Nov/2025/18/42/49 GET /v1/AUTH_9cc260e0c9e84206955019da66ffcbec/gnocchi.d0f0f08b-f677-4540-b5cc-adbdbbcef941/1763640000.0_mean_300.0_v3 HTTP/1.0 200 - python-swiftclient-4.2.0 gAAAAABpI1V6j5L9... - 16 - tx43b06913dbdf4d3987fa6-00692355a9 - 0.0096 - - 1763923369.221546173 1763923369.231137037 0
Nov 23 13:42:49 np0005532741.novalocal container-server[96308]: ::1 - - [23/Nov/2025:18:42:49 +0000] "GET /3/64546/AUTH_9cc260e0c9e84206955019da66ffcbec/gnocchi.348a8c5d-de9b-4e34-a439-69cf8eca4aef" 200 357 "GET http://[::1]:8080/v1/AUTH_9cc260e0c9e84206955019da66ffcbec/gnocchi.348a8c5d-de9b-4e34-a439-69cf8eca4aef?format=json&states=listing" "tx9976fc60a40c4ed5af06a-00692355a9" "proxy-server 92677" 0.0102 "-" 96308 0
Nov 23 13:42:49 np0005532741.novalocal proxy-server[92677]: ::1 ::1 23/Nov/2025/18/42/49 GET /v1/AUTH_9cc260e0c9e84206955019da66ffcbec/gnocchi.348a8c5d-de9b-4e34-a439-69cf8eca4aef%3Fformat%3Djson%26states%3Dlisting HTTP/1.0 200 - python-swiftclient-4.2.0 gAAAAABpI1V6uZq-... - 357 - tx9976fc60a40c4ed5af06a-00692355a9 - 0.0171 - - 1763923369.220839739 1763923369.237895489 0
Nov 23 13:42:49 np0005532741.novalocal container-server[96310]: ::1 - - [23/Nov/2025:18:42:49 +0000] "GET /2/64546/AUTH_9cc260e0c9e84206955019da66ffcbec/gnocchi.348a8c5d-de9b-4e34-a439-69cf8eca4aef" 200 2 "GET http://[::1]:8080/v1/AUTH_9cc260e0c9e84206955019da66ffcbec/gnocchi.348a8c5d-de9b-4e34-a439-69cf8eca4aef?format=json&marker=none_v3&states=listing" "tx2dfbb052d03841cf89b88-00692355a9" "proxy-server 92677" 0.0072 "-" 96310 0
Nov 23 13:42:49 np0005532741.novalocal proxy-server[92677]: ::1 ::1 23/Nov/2025/18/42/49 GET /v1/AUTH_9cc260e0c9e84206955019da66ffcbec/gnocchi.348a8c5d-de9b-4e34-a439-69cf8eca4aef%3Fformat%3Djson%26marker%3Dnone_v3%26states%3Dlisting HTTP/1.0 200 - python-swiftclient-4.2.0 gAAAAABpI1V6uZq-... - 2 - tx2dfbb052d03841cf89b88-00692355a9 - 0.0143 - - 1763923369.240496397 1763923369.254821777 0
Nov 23 13:42:49 np0005532741.novalocal container-server[96309]: ::1 - - [23/Nov/2025:18:42:49 +0000] "PUT /2/225361/AUTH_9cc260e0c9e84206955019da66ffcbec/gnocchi.d0f0f08b-f677-4540-b5cc-adbdbbcef941/1763640000.0_mean_300.0_v3" 201 - "PUT http://[::1]:8080/1/26156/AUTH_9cc260e0c9e84206955019da66ffcbec/gnocchi.d0f0f08b-f677-4540-b5cc-adbdbbcef941/1763640000.0_mean_300.0_v3" "tx169dfc8dd62544e2a2445-00692355a9" "object-server 96609" 0.0004 "-" 96309 0
Nov 23 13:42:49 np0005532741.novalocal object-server[96609]: ::1 - - [23/Nov/2025:18:42:49 +0000] "PUT /1/26156/AUTH_9cc260e0c9e84206955019da66ffcbec/gnocchi.d0f0f08b-f677-4540-b5cc-adbdbbcef941/1763640000.0_mean_300.0_v3" 201 - "PUT http://[::1]:8080/v1/AUTH_9cc260e0c9e84206955019da66ffcbec/gnocchi.d0f0f08b-f677-4540-b5cc-adbdbbcef941/1763640000.0_mean_300.0_v3" "tx169dfc8dd62544e2a2445-00692355a9" "proxy-server 92676" 0.0166 "-" 96609 0
Nov 23 13:42:49 np0005532741.novalocal container-server[96310]: ::1 - - [23/Nov/2025:18:42:49 +0000] "PUT /3/225361/AUTH_9cc260e0c9e84206955019da66ffcbec/gnocchi.d0f0f08b-f677-4540-b5cc-adbdbbcef941/1763640000.0_mean_300.0_v3" 201 - "PUT http://[::1]:8080/3/26156/AUTH_9cc260e0c9e84206955019da66ffcbec/gnocchi.d0f0f08b-f677-4540-b5cc-adbdbbcef941/1763640000.0_mean_300.0_v3" "tx169dfc8dd62544e2a2445-00692355a9" "object-server 96607" 0.0005 "-" 96310 0
Nov 23 13:42:49 np0005532741.novalocal container-server[96309]: ::1 - - [23/Nov/2025:18:42:49 +0000] "PUT /1/225361/AUTH_9cc260e0c9e84206955019da66ffcbec/gnocchi.d0f0f08b-f677-4540-b5cc-adbdbbcef941/1763640000.0_mean_300.0_v3" 201 - "PUT http://[::1]:8080/2/26156/AUTH_9cc260e0c9e84206955019da66ffcbec/gnocchi.d0f0f08b-f677-4540-b5cc-adbdbbcef941/1763640000.0_mean_300.0_v3" "tx169dfc8dd62544e2a2445-00692355a9" "object-server 96607" 0.0004 "-" 96309 0
Nov 23 13:42:49 np0005532741.novalocal object-server[96605]: ::1 - - [23/Nov/2025:18:42:49 +0000] "GET /2/242988/AUTH_9cc260e0c9e84206955019da66ffcbec/gnocchi.348a8c5d-de9b-4e34-a439-69cf8eca4aef/1763640000.0_mean_300.0_v3" 200 16 "GET http://[::1]:8080/v1/AUTH_9cc260e0c9e84206955019da66ffcbec/gnocchi.348a8c5d-de9b-4e34-a439-69cf8eca4aef/1763640000.0_mean_300.0_v3" "txe5ad087b1888451987a65-00692355a9" "proxy-server 92677" 0.0006 "-" 96605 0
Nov 23 13:42:49 np0005532741.novalocal object-server[96607]: ::1 - - [23/Nov/2025:18:42:49 +0000] "PUT /3/26156/AUTH_9cc260e0c9e84206955019da66ffcbec/gnocchi.d0f0f08b-f677-4540-b5cc-adbdbbcef941/1763640000.0_mean_300.0_v3" 201 - "PUT http://[::1]:8080/v1/AUTH_9cc260e0c9e84206955019da66ffcbec/gnocchi.d0f0f08b-f677-4540-b5cc-adbdbbcef941/1763640000.0_mean_300.0_v3" "tx169dfc8dd62544e2a2445-00692355a9" "proxy-server 92676" 0.0193 "-" 96607 0
Nov 23 13:42:49 np0005532741.novalocal object-server[96607]: ::1 - - [23/Nov/2025:18:42:49 +0000] "PUT /2/26156/AUTH_9cc260e0c9e84206955019da66ffcbec/gnocchi.d0f0f08b-f677-4540-b5cc-adbdbbcef941/1763640000.0_mean_300.0_v3" 201 - "PUT http://[::1]:8080/v1/AUTH_9cc260e0c9e84206955019da66ffcbec/gnocchi.d0f0f08b-f677-4540-b5cc-adbdbbcef941/1763640000.0_mean_300.0_v3" "tx169dfc8dd62544e2a2445-00692355a9" "proxy-server 92676" 0.0191 "-" 96607 0
Nov 23 13:42:49 np0005532741.novalocal proxy-server[92677]: ::1 ::1 23/Nov/2025/18/42/49 GET /v1/AUTH_9cc260e0c9e84206955019da66ffcbec/gnocchi.348a8c5d-de9b-4e34-a439-69cf8eca4aef/1763640000.0_mean_300.0_v3 HTTP/1.0 200 - python-swiftclient-4.2.0 gAAAAABpI1V6uZq-... - 16 - txe5ad087b1888451987a65-00692355a9 - 0.0058 - - 1763923369.258255243 1763923369.264012575 0
Nov 23 13:42:49 np0005532741.novalocal proxy-server[92676]: ::1 ::1 23/Nov/2025/18/42/49 PUT /v1/AUTH_9cc260e0c9e84206955019da66ffcbec/gnocchi.d0f0f08b-f677-4540-b5cc-adbdbbcef941/1763640000.0_mean_300.0_v3 HTTP/1.0 201 - python-swiftclient-4.2.0 gAAAAABpI1V6j5L9... 16 - - tx169dfc8dd62544e2a2445-00692355a9 - 0.0308 - - 1763923369.234397888 1763923369.265155077 0
Nov 23 13:42:49 np0005532741.novalocal container-server[96309]: ::1 - - [23/Nov/2025:18:42:49 +0000] "PUT /3/64546/AUTH_9cc260e0c9e84206955019da66ffcbec/gnocchi.348a8c5d-de9b-4e34-a439-69cf8eca4aef/1763640000.0_mean_300.0_v3" 201 - "PUT http://[::1]:8080/2/242988/AUTH_9cc260e0c9e84206955019da66ffcbec/gnocchi.348a8c5d-de9b-4e34-a439-69cf8eca4aef/1763640000.0_mean_300.0_v3" "txb095adaf43a0408c95ae9-00692355a9" "object-server 96605" 0.0005 "-" 96309 0
Nov 23 13:42:49 np0005532741.novalocal container-server[96310]: ::1 - - [23/Nov/2025:18:42:49 +0000] "PUT /2/64546/AUTH_9cc260e0c9e84206955019da66ffcbec/gnocchi.348a8c5d-de9b-4e34-a439-69cf8eca4aef/1763640000.0_mean_300.0_v3" 201 - "PUT http://[::1]:8080/3/242988/AUTH_9cc260e0c9e84206955019da66ffcbec/gnocchi.348a8c5d-de9b-4e34-a439-69cf8eca4aef/1763640000.0_mean_300.0_v3" "txb095adaf43a0408c95ae9-00692355a9" "object-server 96607" 0.0005 "-" 96310 0
Nov 23 13:42:49 np0005532741.novalocal object-server[96607]: ::1 - - [23/Nov/2025:18:42:49 +0000] "PUT /3/242988/AUTH_9cc260e0c9e84206955019da66ffcbec/gnocchi.348a8c5d-de9b-4e34-a439-69cf8eca4aef/1763640000.0_mean_300.0_v3" 201 - "PUT http://[::1]:8080/v1/AUTH_9cc260e0c9e84206955019da66ffcbec/gnocchi.348a8c5d-de9b-4e34-a439-69cf8eca4aef/1763640000.0_mean_300.0_v3" "txb095adaf43a0408c95ae9-00692355a9" "proxy-server 92677" 0.0120 "-" 96607 0
Nov 23 13:42:49 np0005532741.novalocal container-server[96308]: ::1 - - [23/Nov/2025:18:42:49 +0000] "PUT /1/64546/AUTH_9cc260e0c9e84206955019da66ffcbec/gnocchi.348a8c5d-de9b-4e34-a439-69cf8eca4aef/1763640000.0_mean_300.0_v3" 201 - "PUT http://[::1]:8080/1/242988/AUTH_9cc260e0c9e84206955019da66ffcbec/gnocchi.348a8c5d-de9b-4e34-a439-69cf8eca4aef/1763640000.0_mean_300.0_v3" "txb095adaf43a0408c95ae9-00692355a9" "object-server 96609" 0.0007 "-" 96308 0
Nov 23 13:42:49 np0005532741.novalocal object-server[96609]: ::1 - - [23/Nov/2025:18:42:49 +0000] "PUT /1/242988/AUTH_9cc260e0c9e84206955019da66ffcbec/gnocchi.348a8c5d-de9b-4e34-a439-69cf8eca4aef/1763640000.0_mean_300.0_v3" 201 - "PUT http://[::1]:8080/v1/AUTH_9cc260e0c9e84206955019da66ffcbec/gnocchi.348a8c5d-de9b-4e34-a439-69cf8eca4aef/1763640000.0_mean_300.0_v3" "txb095adaf43a0408c95ae9-00692355a9" "proxy-server 92677" 0.0137 "-" 96609 0
Nov 23 13:42:49 np0005532741.novalocal object-server[96605]: ::1 - - [23/Nov/2025:18:42:49 +0000] "PUT /2/242988/AUTH_9cc260e0c9e84206955019da66ffcbec/gnocchi.348a8c5d-de9b-4e34-a439-69cf8eca4aef/1763640000.0_mean_300.0_v3" 201 - "PUT http://[::1]:8080/v1/AUTH_9cc260e0c9e84206955019da66ffcbec/gnocchi.348a8c5d-de9b-4e34-a439-69cf8eca4aef/1763640000.0_mean_300.0_v3" "txb095adaf43a0408c95ae9-00692355a9" "proxy-server 92677" 0.0139 "-" 96605 0
Nov 23 13:42:49 np0005532741.novalocal proxy-server[92677]: ::1 ::1 23/Nov/2025/18/42/49 PUT /v1/AUTH_9cc260e0c9e84206955019da66ffcbec/gnocchi.348a8c5d-de9b-4e34-a439-69cf8eca4aef/1763640000.0_mean_300.0_v3 HTTP/1.0 201 - python-swiftclient-4.2.0 gAAAAABpI1V6uZq-... 16 - - txb095adaf43a0408c95ae9-00692355a9 - 0.0192 - - 1763923369.265827179 1763923369.285011768 0
Nov 23 13:42:49 np0005532741.novalocal container-server[96311]: ::1 - - [23/Nov/2025:18:42:49 +0000] "PUT /3/225361/AUTH_9cc260e0c9e84206955019da66ffcbec/gnocchi.d0f0f08b-f677-4540-b5cc-adbdbbcef941/none_v3" 201 - "PUT http://[::1]:8080/2/145572/AUTH_9cc260e0c9e84206955019da66ffcbec/gnocchi.d0f0f08b-f677-4540-b5cc-adbdbbcef941/none_v3" "tx8d9a13c8aa6b407381cd9-00692355a9" "object-server 96609" 0.0006 "-" 96311 0
