Nov 23 13:42:03 np0005532741.novalocal object-server[96605]: ::1 - - [23/Nov/2025:18:42:03 +0000] "GET /1/20595/AUTH_9cc260e0c9e84206955019da66ffcbec/gnocchi.b51e64de-db91-4691-8739-8133dfdc71ab/none_v3" 404 70 "GET http://[::1]:8080/v1/AUTH_9cc260e0c9e84206955019da66ffcbec/gnocchi.b51e64de-db91-4691-8739-8133dfdc71ab/none_v3" "tx674323abe6d149f1b1a76-006923557b" "proxy-server 92677" 0.0003 "-" 96605 0
Nov 23 13:42:03 np0005532741.novalocal object-server[96605]: ::1 - - [23/Nov/2025:18:42:03 +0000] "GET /2/20595/AUTH_9cc260e0c9e84206955019da66ffcbec/gnocchi.b51e64de-db91-4691-8739-8133dfdc71ab/none_v3" 404 70 "GET http://[::1]:8080/v1/AUTH_9cc260e0c9e84206955019da66ffcbec/gnocchi.b51e64de-db91-4691-8739-8133dfdc71ab/none_v3" "tx674323abe6d149f1b1a76-006923557b" "proxy-server 92677" 0.0002 "-" 96605 0
Nov 23 13:42:03 np0005532741.novalocal proxy-server[92677]: ::1 ::1 23/Nov/2025/18/42/03 GET /v1/AUTH_9cc260e0c9e84206955019da66ffcbec/gnocchi.b51e64de-db91-4691-8739-8133dfdc71ab/none_v3 HTTP/1.0 404 - python-swiftclient-4.2.0 gAAAAABpI1V6uZq-... - 70 - tx674323abe6d149f1b1a76-006923557b - 0.0247 - - 1763923323.914573431 1763923323.939254045 0
Nov 23 13:42:03 np0005532741.novalocal account-server[96017]: ::1 - - [23/Nov/2025:18:42:03 +0000] "PUT /1/21056/AUTH_9cc260e0c9e84206955019da66ffcbec/gnocchi.b51e64de-db91-4691-8739-8133dfdc71ab" 201 - "PUT http://[::1]:6001/3/183486/AUTH_9cc260e0c9e84206955019da66ffcbec/gnocchi.b51e64de-db91-4691-8739-8133dfdc71ab" "tx505fbf1b273c4515998c8-006923557b" "container-server 96310" 0.0142 "-" 96017 0
Nov 23 13:42:03 np0005532741.novalocal container-server[96310]: ::1 - - [23/Nov/2025:18:42:03 +0000] "PUT /3/183486/AUTH_9cc260e0c9e84206955019da66ffcbec/gnocchi.b51e64de-db91-4691-8739-8133dfdc71ab" 201 - "PUT http://[::1]:8080/v1/AUTH_9cc260e0c9e84206955019da66ffcbec/gnocchi.b51e64de-db91-4691-8739-8133dfdc71ab" "tx505fbf1b273c4515998c8-006923557b" "proxy-server 92677" 0.0239 "-" 96310 0
Nov 23 13:42:04 np0005532741.novalocal account-server[96017]: ::1 - - [23/Nov/2025:18:42:04 +0000] "PUT /3/21056/AUTH_9cc260e0c9e84206955019da66ffcbec/gnocchi.b51e64de-db91-4691-8739-8133dfdc71ab" 201 - "PUT http://[::1]:6001/1/183486/AUTH_9cc260e0c9e84206955019da66ffcbec/gnocchi.b51e64de-db91-4691-8739-8133dfdc71ab" "tx505fbf1b273c4515998c8-006923557b" "container-server 96309" 0.0043 "-" 96017 0
Nov 23 13:42:04 np0005532741.novalocal container-server[96309]: ::1 - - [23/Nov/2025:18:42:04 +0000] "PUT /1/183486/AUTH_9cc260e0c9e84206955019da66ffcbec/gnocchi.b51e64de-db91-4691-8739-8133dfdc71ab" 201 - "PUT http://[::1]:8080/v1/AUTH_9cc260e0c9e84206955019da66ffcbec/gnocchi.b51e64de-db91-4691-8739-8133dfdc71ab" "tx505fbf1b273c4515998c8-006923557b" "proxy-server 92677" 0.0642 "-" 96309 0
Nov 23 13:42:04 np0005532741.novalocal account-server[96018]: ::1 - - [23/Nov/2025:18:42:04 +0000] "PUT /2/21056/AUTH_9cc260e0c9e84206955019da66ffcbec/gnocchi.b51e64de-db91-4691-8739-8133dfdc71ab" 201 - "PUT http://[::1]:6001/2/183486/AUTH_9cc260e0c9e84206955019da66ffcbec/gnocchi.b51e64de-db91-4691-8739-8133dfdc71ab" "tx505fbf1b273c4515998c8-006923557b" "container-server 96309" 0.0096 "-" 96018 0
Nov 23 13:42:04 np0005532741.novalocal container-server[96309]: ::1 - - [23/Nov/2025:18:42:04 +0000] "PUT /2/183486/AUTH_9cc260e0c9e84206955019da66ffcbec/gnocchi.b51e64de-db91-4691-8739-8133dfdc71ab" 201 - "PUT http://[::1]:8080/v1/AUTH_9cc260e0c9e84206955019da66ffcbec/gnocchi.b51e64de-db91-4691-8739-8133dfdc71ab" "tx505fbf1b273c4515998c8-006923557b" "proxy-server 92677" 0.0263 "-" 96309 0
Nov 23 13:42:04 np0005532741.novalocal proxy-server[92677]: ::1 ::1 23/Nov/2025/18/42/04 PUT /v1/AUTH_9cc260e0c9e84206955019da66ffcbec/gnocchi.b51e64de-db91-4691-8739-8133dfdc71ab HTTP/1.0 201 - python-swiftclient-4.2.0 gAAAAABpI1V6uZq-... - - - tx505fbf1b273c4515998c8-006923557b - 0.0801 - - 1763923323.942442894 1763923324.022511005 0
Nov 23 13:42:04 np0005532741.novalocal container-server[96310]: ::1 - - [23/Nov/2025:18:42:04 +0000] "HEAD /1/183486/AUTH_9cc260e0c9e84206955019da66ffcbec/gnocchi.b51e64de-db91-4691-8739-8133dfdc71ab" 204 - "HEAD http://[::1]:8080/v1/AUTH_9cc260e0c9e84206955019da66ffcbec/gnocchi.b51e64de-db91-4691-8739-8133dfdc71ab?format=json&states=listing" "tx11f54ea429394c50a6a49-006923557c" "proxy-server 92677" 0.0032 "-" 96310 0
Nov 23 13:42:04 np0005532741.novalocal container-server[96309]: ::1 - - [23/Nov/2025:18:42:04 +0000] "GET /3/183486/AUTH_9cc260e0c9e84206955019da66ffcbec/gnocchi.b51e64de-db91-4691-8739-8133dfdc71ab" 200 2 "GET http://[::1]:8080/v1/AUTH_9cc260e0c9e84206955019da66ffcbec/gnocchi.b51e64de-db91-4691-8739-8133dfdc71ab?format=json&states=listing" "tx11f54ea429394c50a6a49-006923557c" "proxy-server 92677" 0.0107 "-" 96309 0
Nov 23 13:42:04 np0005532741.novalocal proxy-server[92677]: ::1 ::1 23/Nov/2025/18/42/04 GET /v1/AUTH_9cc260e0c9e84206955019da66ffcbec/gnocchi.b51e64de-db91-4691-8739-8133dfdc71ab%3Fformat%3Djson%26states%3Dlisting HTTP/1.0 200 - python-swiftclient-4.2.0 gAAAAABpI1V6uZq-... - 2 - tx11f54ea429394c50a6a49-006923557c - 0.0316 - - 1763923324.026481152 1763923324.058039188 0
Nov 23 13:42:04 np0005532741.novalocal object-server[96605]: ::1 - - [23/Nov/2025:18:42:04 +0000] "GET /2/612/AUTH_9cc260e0c9e84206955019da66ffcbec/gnocchi.b51e64de-db91-4691-8739-8133dfdc71ab/1763640000.0_mean_300.0_v3" 404 70 "GET http://[::1]:8080/v1/AUTH_9cc260e0c9e84206955019da66ffcbec/gnocchi.b51e64de-db91-4691-8739-8133dfdc71ab/1763640000.0_mean_300.0_v3" "txb699f03dcb874e8980482-006923557c" "proxy-server 92677" 0.0006 "-" 96605 0
Nov 23 13:42:04 np0005532741.novalocal object-server[96605]: ::1 - - [23/Nov/2025:18:42:04 +0000] "GET /1/612/AUTH_9cc260e0c9e84206955019da66ffcbec/gnocchi.b51e64de-db91-4691-8739-8133dfdc71ab/1763640000.0_mean_300.0_v3" 404 70 "GET http://[::1]:8080/v1/AUTH_9cc260e0c9e84206955019da66ffcbec/gnocchi.b51e64de-db91-4691-8739-8133dfdc71ab/1763640000.0_mean_300.0_v3" "txb699f03dcb874e8980482-006923557c" "proxy-server 92677" 0.0004 "-" 96605 0
Nov 23 13:42:04 np0005532741.novalocal object-server[96605]: ::1 - - [23/Nov/2025:18:42:04 +0000] "GET /3/612/AUTH_9cc260e0c9e84206955019da66ffcbec/gnocchi.b51e64de-db91-4691-8739-8133dfdc71ab/1763640000.0_mean_300.0_v3" 404 70 "GET http://[::1]:8080/v1/AUTH_9cc260e0c9e84206955019da66ffcbec/gnocchi.b51e64de-db91-4691-8739-8133dfdc71ab/1763640000.0_mean_300.0_v3" "txb699f03dcb874e8980482-006923557c" "proxy-server 92677" 0.0004 "-" 96605 0
Nov 23 13:42:04 np0005532741.novalocal proxy-server[92677]: ::1 ::1 23/Nov/2025/18/42/04 GET /v1/AUTH_9cc260e0c9e84206955019da66ffcbec/gnocchi.b51e64de-db91-4691-8739-8133dfdc71ab/1763640000.0_mean_300.0_v3 HTTP/1.0 404 - python-swiftclient-4.2.0 gAAAAABpI1V6uZq-... - 70 - txb699f03dcb874e8980482-006923557c - 0.0269 - - 1763923324.062528849 1763923324.089427471 0
Nov 23 13:42:04 np0005532741.novalocal kernel: qr-76592c78-a1: entered promiscuous mode
Nov 23 13:42:04 np0005532741.novalocal NetworkManager[858]: [1763923324.1752] manager: (qr-76592c78-a1): 'openvswitch' plugin not available; creating generic device
Nov 23 13:42:04 np0005532741.novalocal NetworkManager[858]: [1763923324.1768] manager: (qr-76592c78-a1): new Generic device (/org/freedesktop/NetworkManager/Devices/26)
Nov 23 13:42:04 np0005532741.novalocal object-server[96609]: ::1 - - [23/Nov/2025:18:42:04 +0000] "GET /3/127279/AUTH_9cc260e0c9e84206955019da66ffcbec/gnocchi.8f46db69-de64-4328-824f-c7df30aeb82d/none_v3" 404 70 "GET http://[::1]:8080/v1/AUTH_9cc260e0c9e84206955019da66ffcbec/gnocchi.8f46db69-de64-4328-824f-c7df30aeb82d/none_v3" "tx7962d88b074349a3af25a-006923557b" "proxy-server 92676" 0.0002 "-" 96609 0
Nov 23 13:42:04 np0005532741.novalocal object-server[96606]: ::1 - - [23/Nov/2025:18:42:04 +0000] "GET /1/127279/AUTH_9cc260e0c9e84206955019da66ffcbec/gnocchi.8f46db69-de64-4328-824f-c7df30aeb82d/none_v3" 404 70 "GET http://[::1]:8080/v1/AUTH_9cc260e0c9e84206955019da66ffcbec/gnocchi.8f46db69-de64-4328-824f-c7df30aeb82d/none_v3" "tx7962d88b074349a3af25a-006923557b" "proxy-server 92676" 0.0036 "-" 96606 0
Nov 23 13:42:04 np0005532741.novalocal container-server[96310]: ::1 - - [23/Nov/2025:18:42:04 +0000] "PUT /1/183486/AUTH_9cc260e0c9e84206955019da66ffcbec/gnocchi.b51e64de-db91-4691-8739-8133dfdc71ab/1763640000.0_mean_300.0_v3" 201 - "PUT http://[::1]:8080/1/612/AUTH_9cc260e0c9e84206955019da66ffcbec/gnocchi.b51e64de-db91-4691-8739-8133dfdc71ab/1763640000.0_mean_300.0_v3" "txe6c7912e9037473291c82-006923557c" "object-server 96609" 0.0011 "-" 96310 0
Nov 23 13:42:04 np0005532741.novalocal container-server[96309]: ::1 - - [23/Nov/2025:18:42:04 +0000] "PUT /3/183486/AUTH_9cc260e0c9e84206955019da66ffcbec/gnocchi.b51e64de-db91-4691-8739-8133dfdc71ab/1763640000.0_mean_300.0_v3" 201 - "PUT http://[::1]:8080/3/612/AUTH_9cc260e0c9e84206955019da66ffcbec/gnocchi.b51e64de-db91-4691-8739-8133dfdc71ab/1763640000.0_mean_300.0_v3" "txe6c7912e9037473291c82-006923557c" "object-server 96609" 0.0007 "-" 96309 0
Nov 23 13:42:04 np0005532741.novalocal container-server[96309]: ::1 - - [23/Nov/2025:18:42:04 +0000] "PUT /2/183486/AUTH_9cc260e0c9e84206955019da66ffcbec/gnocchi.b51e64de-db91-4691-8739-8133dfdc71ab/1763640000.0_mean_300.0_v3" 201 - "PUT http://[::1]:8080/2/612/AUTH_9cc260e0c9e84206955019da66ffcbec/gnocchi.b51e64de-db91-4691-8739-8133dfdc71ab/1763640000.0_mean_300.0_v3" "txe6c7912e9037473291c82-006923557c" "object-server 96609" 0.0004 "-" 96309 0
Nov 23 13:42:04 np0005532741.novalocal object-server[96609]: ::1 - - [23/Nov/2025:18:42:04 +0000] "PUT /1/612/AUTH_9cc260e0c9e84206955019da66ffcbec/gnocchi.b51e64de-db91-4691-8739-8133dfdc71ab/1763640000.0_mean_300.0_v3" 201 - "PUT http://[::1]:8080/v1/AUTH_9cc260e0c9e84206955019da66ffcbec/gnocchi.b51e64de-db91-4691-8739-8133dfdc71ab/1763640000.0_mean_300.0_v3" "txe6c7912e9037473291c82-006923557c" "proxy-server 92677" 0.0210 "-" 96609 0
Nov 23 13:42:04 np0005532741.novalocal object-server[96609]: ::1 - - [23/Nov/2025:18:42:04 +0000] "PUT /2/612/AUTH_9cc260e0c9e84206955019da66ffcbec/gnocchi.b51e64de-db91-4691-8739-8133dfdc71ab/1763640000.0_mean_300.0_v3" 201 - "PUT http://[::1]:8080/v1/AUTH_9cc260e0c9e84206955019da66ffcbec/gnocchi.b51e64de-db91-4691-8739-8133dfdc71ab/1763640000.0_mean_300.0_v3" "txe6c7912e9037473291c82-006923557c" "proxy-server 92677" 0.1002 "-" 96609 0
Nov 23 13:42:04 np0005532741.novalocal object-server[96609]: ::1 - - [23/Nov/2025:18:42:04 +0000] "GET /2/127279/AUTH_9cc260e0c9e84206955019da66ffcbec/gnocchi.8f46db69-de64-4328-824f-c7df30aeb82d/none_v3" 404 70 "GET http://[::1]:8080/v1/AUTH_9cc260e0c9e84206955019da66ffcbec/gnocchi.8f46db69-de64-4328-824f-c7df30aeb82d/none_v3" "tx7962d88b074349a3af25a-006923557b" "proxy-server 92676" 0.0002 "-" 96609 0
Nov 23 13:42:04 np0005532741.novalocal object-server[96609]: ::1 - - [23/Nov/2025:18:42:04 +0000] "PUT /3/612/AUTH_9cc260e0c9e84206955019da66ffcbec/gnocchi.b51e64de-db91-4691-8739-8133dfdc71ab/1763640000.0_mean_300.0_v3" 201 - "PUT http://[::1]:8080/v1/AUTH_9cc260e0c9e84206955019da66ffcbec/gnocchi.b51e64de-db91-4691-8739-8133dfdc71ab/1763640000.0_mean_300.0_v3" "txe6c7912e9037473291c82-006923557c" "proxy-server 92677" 0.0234 "-" 96609 0
Nov 23 13:42:04 np0005532741.novalocal proxy-server[92677]: ::1 ::1 23/Nov/2025/18/42/04 PUT /v1/AUTH_9cc260e0c9e84206955019da66ffcbec/gnocchi.b51e64de-db91-4691-8739-8133dfdc71ab/1763640000.0_mean_300.0_v3 HTTP/1.0 201 - python-swiftclient-4.2.0 gAAAAABpI1V6uZq-... 16 - - txe6c7912e9037473291c82-006923557c - 0.1157 - - 1763923324.097860336 1763923324.213560581 0
Nov 23 13:42:04 np0005532741.novalocal proxy-server[92676]: ::1 ::1 23/Nov/2025/18/42/04 GET /v1/AUTH_9cc260e0c9e84206955019da66ffcbec/gnocchi.8f46db69-de64-4328-824f-c7df30aeb82d/none_v3 HTTP/1.0 404 - python-swiftclient-4.2.0 gAAAAABpI1V6j5L9... - 70 - tx7962d88b074349a3af25a-006923557b - 0.8954 - - 1763923323.321406603 1763923324.216768265 0
Nov 23 13:42:04 np0005532741.novalocal container-server[96310]: ::1 - - [23/Nov/2025:18:42:04 +0000] "PUT /2/183486/AUTH_9cc260e0c9e84206955019da66ffcbec/gnocchi.b51e64de-db91-4691-8739-8133dfdc71ab/none_v3" 201 - "PUT http://[::1]:8080/2/20595/AUTH_9cc260e0c9e84206955019da66ffcbec/gnocchi.b51e64de-db91-4691-8739-8133dfdc71ab/none_v3" "txf69c8fc0fbf84e548ff18-006923557c" "object-server 96607" 0.0005 "-" 96310 0
Nov 23 13:42:04 np0005532741.novalocal object-server[96607]: ::1 - - [23/Nov/2025:18:42:04 +0000] "PUT /2/20595/AUTH_9cc260e0c9e84206955019da66ffcbec/gnocchi.b51e64de-db91-4691-8739-8133dfdc71ab/none_v3" 201 - "PUT http://[::1]:8080/v1/AUTH_9cc260e0c9e84206955019da66ffcbec/gnocchi.b51e64de-db91-4691-8739-8133dfdc71ab/none_v3" "txf69c8fc0fbf84e548ff18-006923557c" "proxy-server 92677" 0.0230 "-" 96607 0
Nov 23 13:42:04 np0005532741.novalocal account-server[96019]: ::1 - - [23/Nov/2025:18:42:04 +0000] "PUT /1/21056/AUTH_9cc260e0c9e84206955019da66ffcbec/gnocchi.8f46db69-de64-4328-824f-c7df30aeb82d" 201 - "PUT http://[::1]:6001/1/261440/AUTH_9cc260e0c9e84206955019da66ffcbec/gnocchi.8f46db69-de64-4328-824f-c7df30aeb82d" "txa752d2698a4b43489ee67-006923557c" "container-server 96310" 0.0168 "-" 96019 0
Nov 23 13:42:04 np0005532741.novalocal container-server[96310]: ::1 - - [23/Nov/2025:18:42:04 +0000] "PUT /1/261440/AUTH_9cc260e0c9e84206955019da66ffcbec/gnocchi.8f46db69-de64-4328-824f-c7df30aeb82d" 201 - "PUT http://[::1]:8080/v1/AUTH_9cc260e0c9e84206955019da66ffcbec/gnocchi.8f46db69-de64-4328-824f-c7df30aeb82d" "txa752d2698a4b43489ee67-006923557c" "proxy-server 92676" 0.0288 "-" 96310 0
Nov 23 13:42:04 np0005532741.novalocal container-server[96308]: ::1 - - [23/Nov/2025:18:42:04 +0000] "PUT /3/183486/AUTH_9cc260e0c9e84206955019da66ffcbec/gnocchi.b51e64de-db91-4691-8739-8133dfdc71ab/none_v3" 201 - "PUT http://[::1]:8080/1/20595/AUTH_9cc260e0c9e84206955019da66ffcbec/gnocchi.b51e64de-db91-4691-8739-8133dfdc71ab/none_v3" "txf69c8fc0fbf84e548ff18-006923557c" "object-server 96605" 0.0027 "-" 96308 0
Nov 23 13:42:04 np0005532741.novalocal container-server[96308]: ::1 - - [23/Nov/2025:18:42:04 +0000] "PUT /1/183486/AUTH_9cc260e0c9e84206955019da66ffcbec/gnocchi.b51e64de-db91-4691-8739-8133dfdc71ab/none_v3" 201 - "PUT http://[::1]:8080/3/20595/AUTH_9cc260e0c9e84206955019da66ffcbec/gnocchi.b51e64de-db91-4691-8739-8133dfdc71ab/none_v3" "txf69c8fc0fbf84e548ff18-006923557c" "object-server 96607" 0.0003 "-" 96308 0
Nov 23 13:42:04 np0005532741.novalocal object-server[96605]: ::1 - - [23/Nov/2025:18:42:04 +0000] "PUT /1/20595/AUTH_9cc260e0c9e84206955019da66ffcbec/gnocchi.b51e64de-db91-4691-8739-8133dfdc71ab/none_v3" 201 - "PUT http://[::1]:8080/v1/AUTH_9cc260e0c9e84206955019da66ffcbec/gnocchi.b51e64de-db91-4691-8739-8133dfdc71ab/none_v3" "txf69c8fc0fbf84e548ff18-006923557c" "proxy-server 92677" 0.0394 "-" 96605 0
Nov 23 13:42:04 np0005532741.novalocal object-server[96607]: ::1 - - [23/Nov/2025:18:42:04 +0000] "PUT /3/20595/AUTH_9cc260e0c9e84206955019da66ffcbec/gnocchi.b51e64de-db91-4691-8739-8133dfdc71ab/none_v3" 201 - "PUT http://[::1]:8080/v1/AUTH_9cc260e0c9e84206955019da66ffcbec/gnocchi.b51e64de-db91-4691-8739-8133dfdc71ab/none_v3" "txf69c8fc0fbf84e548ff18-006923557c" "proxy-server 92677" 0.0390 "-" 96607 0
Nov 23 13:42:04 np0005532741.novalocal account-server[96019]: ::1 - - [23/Nov/2025:18:42:04 +0000] "PUT /3/21056/AUTH_9cc260e0c9e84206955019da66ffcbec/gnocchi.8f46db69-de64-4328-824f-c7df30aeb82d" 201 - "PUT http://[::1]:6001/3/261440/AUTH_9cc260e0c9e84206955019da66ffcbec/gnocchi.8f46db69-de64-4328-824f-c7df30aeb82d" "txa752d2698a4b43489ee67-006923557c" "container-server 96311" 0.0079 "-" 96019 0
Nov 23 13:42:04 np0005532741.novalocal container-server[96311]: ::1 - - [23/Nov/2025:18:42:04 +0000] "PUT /3/261440/AUTH_9cc260e0c9e84206955019da66ffcbec/gnocchi.8f46db69-de64-4328-824f-c7df30aeb82d" 201 - "PUT http://[::1]:8080/v1/AUTH_9cc260e0c9e84206955019da66ffcbec/gnocchi.8f46db69-de64-4328-824f-c7df30aeb82d" "txa752d2698a4b43489ee67-006923557c" "proxy-server 92676" 0.0379 "-" 96311 0
Nov 23 13:42:04 np0005532741.novalocal proxy-server[92677]: ::1 ::1 23/Nov/2025/18/42/04 PUT /v1/AUTH_9cc260e0c9e84206955019da66ffcbec/gnocchi.b51e64de-db91-4691-8739-8133dfdc71ab/none_v3 HTTP/1.0 201 - python-swiftclient-4.2.0 gAAAAABpI1V6uZq-... 22 - - txf69c8fc0fbf84e548ff18-006923557c - 0.0587 - - 1763923324.240231752 1763923324.298958778 0
Nov 23 13:42:04 np0005532741.novalocal account-server[96019]: ::1 - - [23/Nov/2025:18:42:04 +0000] "PUT /2/21056/AUTH_9cc260e0c9e84206955019da66ffcbec/gnocchi.8f46db69-de64-4328-824f-c7df30aeb82d" 201 - "PUT http://[::1]:6001/2/261440/AUTH_9cc260e0c9e84206955019da66ffcbec/gnocchi.8f46db69-de64-4328-824f-c7df30aeb82d" "txa752d2698a4b43489ee67-006923557c" "container-server 96308" 0.0053 "-" 96019 0
Nov 23 13:42:04 np0005532741.novalocal container-server[96308]: ::1 - - [23/Nov/2025:18:42:04 +0000] "PUT /2/261440/AUTH_9cc260e0c9e84206955019da66ffcbec/gnocchi.8f46db69-de64-4328-824f-c7df30aeb82d" 201 - "PUT http://[::1]:8080/v1/AUTH_9cc260e0c9e84206955019da66ffcbec/gnocchi.8f46db69-de64-4328-824f-c7df30aeb82d" "txa752d2698a4b43489ee67-006923557c" "proxy-server 92676" 0.0393 "-" 96308 0
Nov 23 13:42:04 np0005532741.novalocal proxy-server[92676]: ::1 ::1 23/Nov/2025/18/42/04 PUT /v1/AUTH_9cc260e0c9e84206955019da66ffcbec/gnocchi.8f46db69-de64-4328-824f-c7df30aeb82d HTTP/1.0 201 - python-swiftclient-4.2.0 gAAAAABpI1V6j5L9... - - - txa752d2698a4b43489ee67-006923557c - 0.0603 - - 1763923324.245445490 1763923324.305750370 0
Nov 23 13:42:04 np0005532741.novalocal container-server[96308]: ::1 - - [23/Nov/2025:18:42:04 +0000] "HEAD /3/225361/AUTH_9cc260e0c9e84206955019da66ffcbec/gnocchi.d0f0f08b-f677-4540-b5cc-adbdbbcef941" 404 - "HEAD http://[::1]:8080/v1/AUTH_9cc260e0c9e84206955019da66ffcbec/gnocchi.d0f0f08b-f677-4540-b5cc-adbdbbcef941?format=json&states=listing" "txfa7216f7146a4fd3a44b3-006923557c" "proxy-server 92677" 0.0003 "-" 96308 0
Nov 23 13:42:04 np0005532741.novalocal container-server[96310]: ::1 - - [23/Nov/2025:18:42:04 +0000] "HEAD /2/225361/AUTH_9cc260e0c9e84206955019da66ffcbec/gnocchi.d0f0f08b-f677-4540-b5cc-adbdbbcef941" 404 - "HEAD http://[::1]:8080/v1/AUTH_9cc260e0c9e84206955019da66ffcbec/gnocchi.d0f0f08b-f677-4540-b5cc-adbdbbcef941?format=json&states=listing" "txfa7216f7146a4fd3a44b3-006923557c" "proxy-server 92677" 0.0003 "-" 96310 0
Nov 23 13:42:04 np0005532741.novalocal container-server[96311]: ::1 - - [23/Nov/2025:18:42:04 +0000] "HEAD /1/225361/AUTH_9cc260e0c9e84206955019da66ffcbec/gnocchi.d0f0f08b-f677-4540-b5cc-adbdbbcef941" 404 - "HEAD http://[::1]:8080/v1/AUTH_9cc260e0c9e84206955019da66ffcbec/gnocchi.d0f0f08b-f677-4540-b5cc-adbdbbcef941?format=json&states=listing" "txfa7216f7146a4fd3a44b3-006923557c" "proxy-server 92677" 0.0003 "-" 96311 0
Nov 23 13:42:04 np0005532741.novalocal object-server[96606]: ::1 - - [23/Nov/2025:18:42:04 +0000] "GET /3/145572/AUTH_9cc260e0c9e84206955019da66ffcbec/gnocchi.d0f0f08b-f677-4540-b5cc-adbdbbcef941/none_v3" 404 70 "GET http://[::1]:8080/v1/AUTH_9cc260e0c9e84206955019da66ffcbec/gnocchi.d0f0f08b-f677-4540-b5cc-adbdbbcef941/none_v3" "txfa7216f7146a4fd3a44b3-006923557c" "proxy-server 92677" 0.0003 "-" 96606 0
Nov 23 13:42:04 np0005532741.novalocal object-server[96606]: ::1 - - [23/Nov/2025:18:42:04 +0000] "GET /1/145572/AUTH_9cc260e0c9e84206955019da66ffcbec/gnocchi.d0f0f08b-f677-4540-b5cc-adbdbbcef941/none_v3" 404 70 "GET http://[::1]:8080/v1/AUTH_9cc260e0c9e84206955019da66ffcbec/gnocchi.d0f0f08b-f677-4540-b5cc-adbdbbcef941/none_v3" "txfa7216f7146a4fd3a44b3-006923557c" "proxy-server 92677" 0.0001 "-" 96606 0
Nov 23 13:42:04 np0005532741.novalocal object-server[96606]: ::1 - - [23/Nov/2025:18:42:04 +0000] "GET /2/145572/AUTH_9cc260e0c9e84206955019da66ffcbec/gnocchi.d0f0f08b-f677-4540-b5cc-adbdbbcef941/none_v3" 404 70 "GET http://[::1]:8080/v1/AUTH_9cc260e0c9e84206955019da66ffcbec/gnocchi.d0f0f08b-f677-4540-b5cc-adbdbbcef941/none_v3" "txfa7216f7146a4fd3a44b3-006923557c" "proxy-server 92677" 0.0001 "-" 96606 0
Nov 23 13:42:04 np0005532741.novalocal proxy-server[92677]: ::1 ::1 23/Nov/2025/18/42/04 GET /v1/AUTH_9cc260e0c9e84206955019da66ffcbec/gnocchi.d0f0f08b-f677-4540-b5cc-adbdbbcef941/none_v3 HTTP/1.0 404 - python-swiftclient-4.2.0 gAAAAABpI1V6uZq-... - 70 - txfa7216f7146a4fd3a44b3-006923557c - 0.0247 - - 1763923324.338712215 1763923324.363383770 0
Nov 23 13:42:04 np0005532741.novalocal container-server[96310]: ::1 - - [23/Nov/2025:18:42:04 +0000] "HEAD /3/261440/AUTH_9cc260e0c9e84206955019da66ffcbec/gnocchi.8f46db69-de64-4328-824f-c7df30aeb82d" 204 - "HEAD http://[::1]:8080/v1/AUTH_9cc260e0c9e84206955019da66ffcbec/gnocchi.8f46db69-de64-4328-824f-c7df30aeb82d?format=json&states=listing" "tx5d052db0a10346d79c8bf-006923557c" "proxy-server 92676" 0.0012 "-" 96310 0
Nov 23 13:42:04 np0005532741.novalocal account-server[96018]: ::1 - - [23/Nov/2025:18:42:04 +0000] "PUT /1/21056/AUTH_9cc260e0c9e84206955019da66ffcbec/gnocchi.d0f0f08b-f677-4540-b5cc-adbdbbcef941" 201 - "PUT http://[::1]:6001/1/225361/AUTH_9cc260e0c9e84206955019da66ffcbec/gnocchi.d0f0f08b-f677-4540-b5cc-adbdbbcef941" "tx9f5ea129a066492ea9499-006923557c" "container-server 96309" 0.0154 "-" 96018 0
Nov 23 13:42:04 np0005532741.novalocal container-server[96309]: ::1 - - [23/Nov/2025:18:42:04 +0000] "PUT /1/225361/AUTH_9cc260e0c9e84206955019da66ffcbec/gnocchi.d0f0f08b-f677-4540-b5cc-adbdbbcef941" 201 - "PUT http://[::1]:8080/v1/AUTH_9cc260e0c9e84206955019da66ffcbec/gnocchi.d0f0f08b-f677-4540-b5cc-adbdbbcef941" "tx9f5ea129a066492ea9499-006923557c" "proxy-server 92677" 0.0344 "-" 96309 0
Nov 23 13:42:04 np0005532741.novalocal container-server[96310]: ::1 - - [23/Nov/2025:18:42:04 +0000] "GET /3/261440/AUTH_9cc260e0c9e84206955019da66ffcbec/gnocchi.8f46db69-de64-4328-824f-c7df30aeb82d" 200 2 "GET http://[::1]:8080/v1/AUTH_9cc260e0c9e84206955019da66ffcbec/gnocchi.8f46db69-de64-4328-824f-c7df30aeb82d?format=json&states=listing" "tx5d052db0a10346d79c8bf-006923557c" "proxy-server 92676" 0.0067 "-" 96310 0
Nov 23 13:42:04 np0005532741.novalocal proxy-server[92676]: ::1 ::1 23/Nov/2025/18/42/04 GET /v1/AUTH_9cc260e0c9e84206955019da66ffcbec/gnocchi.8f46db69-de64-4328-824f-c7df30aeb82d%3Fformat%3Djson%26states%3Dlisting HTTP/1.0 200 - python-swiftclient-4.2.0 gAAAAABpI1V6j5L9... - 2 - tx5d052db0a10346d79c8bf-006923557c - 0.0516 - - 1763923324.363848209 1763923324.415496588 0
Nov 23 13:42:04 np0005532741.novalocal account-server[96018]: ::1 - - [23/Nov/2025:18:42:04 +0000] "PUT /2/21056/AUTH_9cc260e0c9e84206955019da66ffcbec/gnocchi.d0f0f08b-f677-4540-b5cc-adbdbbcef941" 201 - "PUT http://[::1]:6001/3/225361/AUTH_9cc260e0c9e84206955019da66ffcbec/gnocchi.d0f0f08b-f677-4540-b5cc-adbdbbcef941" "tx9f5ea129a066492ea9499-006923557c" "container-server 96311" 0.0042 "-" 96018 0
Nov 23 13:42:04 np0005532741.novalocal container-server[96311]: ::1 - - [23/Nov/2025:18:42:04 +0000] "PUT /3/225361/AUTH_9cc260e0c9e84206955019da66ffcbec/gnocchi.d0f0f08b-f677-4540-b5cc-adbdbbcef941" 201 - "PUT http://[::1]:8080/v1/AUTH_9cc260e0c9e84206955019da66ffcbec/gnocchi.d0f0f08b-f677-4540-b5cc-adbdbbcef941" "tx9f5ea129a066492ea9499-006923557c" "proxy-server 92677" 0.0341 "-" 96311 0
Nov 23 13:42:04 np0005532741.novalocal account-server[96017]: ::1 - - [23/Nov/2025:18:42:04 +0000] "PUT /3/21056/AUTH_9cc260e0c9e84206955019da66ffcbec/gnocchi.d0f0f08b-f677-4540-b5cc-adbdbbcef941" 201 - "PUT http://[::1]:6001/2/225361/AUTH_9cc260e0c9e84206955019da66ffcbec/gnocchi.d0f0f08b-f677-4540-b5cc-adbdbbcef941" "tx9f5ea129a066492ea9499-006923557c" "container-server 96311" 0.0066 "-" 96017 0
Nov 23 13:42:04 np0005532741.novalocal container-server[96311]: ::1 - - [23/Nov/2025:18:42:04 +0000] "PUT /2/225361/AUTH_9cc260e0c9e84206955019da66ffcbec/gnocchi.d0f0f08b-f677-4540-b5cc-adbdbbcef941" 201 - "PUT http://[::1]:8080/v1/AUTH_9cc260e0c9e84206955019da66ffcbec/gnocchi.d0f0f08b-f677-4540-b5cc-adbdbbcef941" "tx9f5ea129a066492ea9499-006923557c" "proxy-server 92677" 0.0511 "-" 96311 0
Nov 23 13:42:04 np0005532741.novalocal proxy-server[92677]: ::1 ::1 23/Nov/2025/18/42/04 PUT /v1/AUTH_9cc260e0c9e84206955019da66ffcbec/gnocchi.d0f0f08b-f677-4540-b5cc-adbdbbcef941 HTTP/1.0 201 - python-swiftclient-4.2.0 gAAAAABpI1V6uZq-... - - - tx9f5ea129a066492ea9499-006923557c - 0.0586 - - 1763923324.365566492 1763923324.424152136 0
Nov 23 13:42:04 np0005532741.novalocal object-server[96609]: ::1 - - [23/Nov/2025:18:42:04 +0000] "GET /1/190770/AUTH_9cc260e0c9e84206955019da66ffcbec/gnocchi.8f46db69-de64-4328-824f-c7df30aeb82d/1763640000.0_mean_300.0_v3" 404 70 "GET http://[::1]:8080/v1/AUTH_9cc260e0c9e84206955019da66ffcbec/gnocchi.8f46db69-de64-4328-824f-c7df30aeb82d/1763640000.0_mean_300.0_v3" "tx0803a5b6d4ca445b857ec-006923557c" "proxy-server 92676" 0.0003 "-" 96609 0
Nov 23 13:42:04 np0005532741.novalocal container-server[96308]: ::1 - - [23/Nov/2025:18:42:04 +0000] "HEAD /2/225361/AUTH_9cc260e0c9e84206955019da66ffcbec/gnocchi.d0f0f08b-f677-4540-b5cc-adbdbbcef941" 204 - "HEAD http://[::1]:8080/v1/AUTH_9cc260e0c9e84206955019da66ffcbec/gnocchi.d0f0f08b-f677-4540-b5cc-adbdbbcef941?format=json&states=listing" "txe3ead691d2c34c9ea4da8-006923557c" "proxy-server 92677" 0.0024 "-" 96308 0
Nov 23 13:42:04 np0005532741.novalocal object-server[96607]: ::1 - - [23/Nov/2025:18:42:04 +0000] "GET /3/190770/AUTH_9cc260e0c9e84206955019da66ffcbec/gnocchi.8f46db69-de64-4328-824f-c7df30aeb82d/1763640000.0_mean_300.0_v3" 404 70 "GET http://[::1]:8080/v1/AUTH_9cc260e0c9e84206955019da66ffcbec/gnocchi.8f46db69-de64-4328-824f-c7df30aeb82d/1763640000.0_mean_300.0_v3" "tx0803a5b6d4ca445b857ec-006923557c" "proxy-server 92676" 0.0028 "-" 96607 0
Nov 23 13:42:04 np0005532741.novalocal object-server[96609]: ::1 - - [23/Nov/2025:18:42:04 +0000] "GET /2/190770/AUTH_9cc260e0c9e84206955019da66ffcbec/gnocchi.8f46db69-de64-4328-824f-c7df30aeb82d/1763640000.0_mean_300.0_v3" 404 70 "GET http://[::1]:8080/v1/AUTH_9cc260e0c9e84206955019da66ffcbec/gnocchi.8f46db69-de64-4328-824f-c7df30aeb82d/1763640000.0_mean_300.0_v3" "tx0803a5b6d4ca445b857ec-006923557c" "proxy-server 92676" 0.0002 "-" 96609 0
Nov 23 13:42:04 np0005532741.novalocal proxy-server[92676]: ::1 ::1 23/Nov/2025/18/42/04 GET /v1/AUTH_9cc260e0c9e84206955019da66ffcbec/gnocchi.8f46db69-de64-4328-824f-c7df30aeb82d/1763640000.0_mean_300.0_v3 HTTP/1.0 404 - python-swiftclient-4.2.0 gAAAAABpI1V6j5L9... - 70 - tx0803a5b6d4ca445b857ec-006923557c - 0.0134 - - 1763923324.429007530 1763923324.442394257 0
Nov 23 13:42:04 np0005532741.novalocal container-server[96309]: ::1 - - [23/Nov/2025:18:42:04 +0000] "GET /2/225361/AUTH_9cc260e0c9e84206955019da66ffcbec/gnocchi.d0f0f08b-f677-4540-b5cc-adbdbbcef941" 200 2 "GET http://[::1]:8080/v1/AUTH_9cc260e0c9e84206955019da66ffcbec/gnocchi.d0f0f08b-f677-4540-b5cc-adbdbbcef941?format=json&states=listing" "txe3ead691d2c34c9ea4da8-006923557c" "proxy-server 92677" 0.0024 "-" 96309 0
Nov 23 13:42:04 np0005532741.novalocal proxy-server[92677]: ::1 ::1 23/Nov/2025/18/42/04 GET /v1/AUTH_9cc260e0c9e84206955019da66ffcbec/gnocchi.d0f0f08b-f677-4540-b5cc-adbdbbcef941%3Fformat%3Djson%26states%3Dlisting HTTP/1.0 200 - python-swiftclient-4.2.0 gAAAAABpI1V6uZq-... - 2 - txe3ead691d2c34c9ea4da8-006923557c - 0.0195 - - 1763923324.429517269 1763923324.449061871 0
Nov 23 13:42:04 np0005532741.novalocal object-server[96609]: ::1 - - [23/Nov/2025:18:42:04 +0000] "GET /2/26156/AUTH_9cc260e0c9e84206955019da66ffcbec/gnocchi.d0f0f08b-f677-4540-b5cc-adbdbbcef941/1763640000.0_mean_300.0_v3" 404 70 "GET http://[::1]:8080/v1/AUTH_9cc260e0c9e84206955019da66ffcbec/gnocchi.d0f0f08b-f677-4540-b5cc-adbdbbcef941/1763640000.0_mean_300.0_v3" "txb453021d630e4f619ead1-006923557c" "proxy-server 92677" 0.0003 "-" 96609 0
Nov 23 13:42:04 np0005532741.novalocal object-server[96605]: ::1 - - [23/Nov/2025:18:42:04 +0000] "GET /1/26156/AUTH_9cc260e0c9e84206955019da66ffcbec/gnocchi.d0f0f08b-f677-4540-b5cc-adbdbbcef941/1763640000.0_mean_300.0_v3" 404 70 "GET http://[::1]:8080/v1/AUTH_9cc260e0c9e84206955019da66ffcbec/gnocchi.d0f0f08b-f677-4540-b5cc-adbdbbcef941/1763640000.0_mean_300.0_v3" "txb453021d630e4f619ead1-006923557c" "proxy-server 92677" 0.0003 "-" 96605 0
Nov 23 13:42:04 np0005532741.novalocal object-server[96605]: ::1 - - [23/Nov/2025:18:42:04 +0000] "GET /3/26156/AUTH_9cc260e0c9e84206955019da66ffcbec/gnocchi.d0f0f08b-f677-4540-b5cc-adbdbbcef941/1763640000.0_mean_300.0_v3" 404 70 "GET http://[::1]:8080/v1/AUTH_9cc260e0c9e84206955019da66ffcbec/gnocchi.d0f0f08b-f677-4540-b5cc-adbdbbcef941/1763640000.0_mean_300.0_v3" "txb453021d630e4f619ead1-006923557c" "proxy-server 92677" 0.0001 "-" 96605 0
Nov 23 13:42:04 np0005532741.novalocal proxy-server[92677]: ::1 ::1 23/Nov/2025/18/42/04 GET /v1/AUTH_9cc260e0c9e84206955019da66ffcbec/gnocchi.d0f0f08b-f677-4540-b5cc-adbdbbcef941/1763640000.0_mean_300.0_v3 HTTP/1.0 404 - python-swiftclient-4.2.0 gAAAAABpI1V6uZq-... - 70 - txb453021d630e4f619ead1-006923557c - 0.0119 - - 1763923324.452473164 1763923324.464337111 0
Nov 23 13:42:04 np0005532741.novalocal container-server[96310]: ::1 - - [23/Nov/2025:18:42:04 +0000] "PUT /3/261440/AUTH_9cc260e0c9e84206955019da66ffcbec/gnocchi.8f46db69-de64-4328-824f-c7df30aeb82d/1763640000.0_mean_300.0_v3" 201 - "PUT http://[::1]:8080/2/190770/AUTH_9cc260e0c9e84206955019da66ffcbec/gnocchi.8f46db69-de64-4328-824f-c7df30aeb82d/1763640000.0_mean_300.0_v3" "txee6a3b1605fd49e6b2feb-006923557c" "object-server 96607" 0.0005 "-" 96310 0
Nov 23 13:42:04 np0005532741.novalocal object-server[96607]: ::1 - - [23/Nov/2025:18:42:04 +0000] "PUT /2/190770/AUTH_9cc260e0c9e84206955019da66ffcbec/gnocchi.8f46db69-de64-4328-824f-c7df30aeb82d/1763640000.0_mean_300.0_v3" 201 - "PUT http://[::1]:8080/v1/AUTH_9cc260e0c9e84206955019da66ffcbec/gnocchi.8f46db69-de64-4328-824f-c7df30aeb82d/1763640000.0_mean_300.0_v3" "txee6a3b1605fd49e6b2feb-006923557c" "proxy-server 92676" 0.0121 "-" 96607 0
Nov 23 13:42:04 np0005532741.novalocal container-server[96308]: ::1 - - [23/Nov/2025:18:42:04 +0000] "PUT /1/261440/AUTH_9cc260e0c9e84206955019da66ffcbec/gnocchi.8f46db69-de64-4328-824f-c7df30aeb82d/1763640000.0_mean_300.0_v3" 201 - "PUT http://[::1]:8080/3/190770/AUTH_9cc260e0c9e84206955019da66ffcbec/gnocchi.8f46db69-de64-4328-824f-c7df30aeb82d/1763640000.0_mean_300.0_v3" "txee6a3b1605fd49e6b2feb-006923557c" "object-server 96609" 0.0007 "-" 96308 0
Nov 23 13:42:04 np0005532741.novalocal object-server[96609]: ::1 - - [23/Nov/2025:18:42:04 +0000] "PUT /3/190770/AUTH_9cc260e0c9e84206955019da66ffcbec/gnocchi.8f46db69-de64-4328-824f-c7df30aeb82d/1763640000.0_mean_300.0_v3" 201 - "PUT http://[::1]:8080/v1/AUTH_9cc260e0c9e84206955019da66ffcbec/gnocchi.8f46db69-de64-4328-824f-c7df30aeb82d/1763640000.0_mean_300.0_v3" "txee6a3b1605fd49e6b2feb-006923557c" "proxy-server 92676" 0.0203 "-" 96609 0
Nov 23 13:42:04 np0005532741.novalocal container-server[96310]: ::1 - - [23/Nov/2025:18:42:04 +0000] "PUT /2/261440/AUTH_9cc260e0c9e84206955019da66ffcbec/gnocchi.8f46db69-de64-4328-824f-c7df30aeb82d/1763640000.0_mean_300.0_v3" 201 - "PUT http://[::1]:8080/1/190770/AUTH_9cc260e0c9e84206955019da66ffcbec/gnocchi.8f46db69-de64-4328-824f-c7df30aeb82d/1763640000.0_mean_300.0_v3" "txee6a3b1605fd49e6b2feb-006923557c" "object-server 96605" 0.0007 "-" 96310 0
Nov 23 13:42:04 np0005532741.novalocal object-server[96605]: ::1 - - [23/Nov/2025:18:42:04 +0000] "PUT /1/190770/AUTH_9cc260e0c9e84206955019da66ffcbec/gnocchi.8f46db69-de64-4328-824f-c7df30aeb82d/1763640000.0_mean_300.0_v3" 201 - "PUT http://[::1]:8080/v1/AUTH_9cc260e0c9e84206955019da66ffcbec/gnocchi.8f46db69-de64-4328-824f-c7df30aeb82d/1763640000.0_mean_300.0_v3" "txee6a3b1605fd49e6b2feb-006923557c" "proxy-server 92676" 0.0681 "-" 96605 0
Nov 23 13:42:04 np0005532741.novalocal proxy-server[92676]: ::1 ::1 23/Nov/2025/18/42/04 PUT /v1/AUTH_9cc260e0c9e84206955019da66ffcbec/gnocchi.8f46db69-de64-4328-824f-c7df30aeb82d/1763640000.0_mean_300.0_v3 HTTP/1.0 201 - python-swiftclient-4.2.0 gAAAAABpI1V6j5L9... 16 - - txee6a3b1605fd49e6b2feb-006923557c - 0.0864 - - 1763923324.453640223 1763923324.540080786 0
Nov 23 13:42:04 np0005532741.novalocal container-server[96310]: ::1 - - [23/Nov/2025:18:42:04 +0000] "PUT /3/225361/AUTH_9cc260e0c9e84206955019da66ffcbec/gnocchi.d0f0f08b-f677-4540-b5cc-adbdbbcef941/1763640000.0_mean_300.0_v3" 201 - "PUT http://[::1]:8080/1/26156/AUTH_9cc260e0c9e84206955019da66ffcbec/gnocchi.d0f0f08b-f677-4540-b5cc-adbdbbcef941/1763640000.0_mean_300.0_v3" "txf157a7f7b7fe4b2e9f465-006923557c" "object-server 96605" 0.0005 "-" 96310 0
Nov 23 13:42:04 np0005532741.novalocal object-server[96605]: ::1 - - [23/Nov/2025:18:42:04 +0000] "PUT /1/26156/AUTH_9cc260e0c9e84206955019da66ffcbec/gnocchi.d0f0f08b-f677-4540-b5cc-adbdbbcef941/1763640000.0_mean_300.0_v3" 201 - "PUT http://[::1]:8080/v1/AUTH_9cc260e0c9e84206955019da66ffcbec/gnocchi.d0f0f08b-f677-4540-b5cc-adbdbbcef941/1763640000.0_mean_300.0_v3" "txf157a7f7b7fe4b2e9f465-006923557c" "proxy-server 92677" 0.0192 "-" 96605 0
Nov 23 13:42:04 np0005532741.novalocal container-server[96309]: ::1 - - [23/Nov/2025:18:42:04 +0000] "PUT /1/225361/AUTH_9cc260e0c9e84206955019da66ffcbec/gnocchi.d0f0f08b-f677-4540-b5cc-adbdbbcef941/1763640000.0_mean_300.0_v3" 201 - "PUT http://[::1]:8080/3/26156/AUTH_9cc260e0c9e84206955019da66ffcbec/gnocchi.d0f0f08b-f677-4540-b5cc-adbdbbcef941/1763640000.0_mean_300.0_v3" "txf157a7f7b7fe4b2e9f465-006923557c" "object-server 96605" 0.0007 "-" 96309 0
Nov 23 13:42:04 np0005532741.novalocal object-server[96605]: ::1 - - [23/Nov/2025:18:42:04 +0000] "PUT /3/26156/AUTH_9cc260e0c9e84206955019da66ffcbec/gnocchi.d0f0f08b-f677-4540-b5cc-adbdbbcef941/1763640000.0_mean_300.0_v3" 201 - "PUT http://[::1]:8080/v1/AUTH_9cc260e0c9e84206955019da66ffcbec/gnocchi.d0f0f08b-f677-4540-b5cc-adbdbbcef941/1763640000.0_mean_300.0_v3" "txf157a7f7b7fe4b2e9f465-006923557c" "proxy-server 92677" 0.0187 "-" 96605 0
Nov 23 13:42:04 np0005532741.novalocal container-server[96310]: ::1 - - [23/Nov/2025:18:42:04 +0000] "PUT /2/225361/AUTH_9cc260e0c9e84206955019da66ffcbec/gnocchi.d0f0f08b-f677-4540-b5cc-adbdbbcef941/1763640000.0_mean_300.0_v3" 201 - "PUT http://[::1]:8080/2/26156/AUTH_9cc260e0c9e84206955019da66ffcbec/gnocchi.d0f0f08b-f677-4540-b5cc-adbdbbcef941/1763640000.0_mean_300.0_v3" "txf157a7f7b7fe4b2e9f465-006923557c" "object-server 96606" 0.0010 "-" 96310 0
Nov 23 13:42:04 np0005532741.novalocal object-server[96606]: ::1 - - [23/Nov/2025:18:42:04 +0000] "PUT /2/26156/AUTH_9cc260e0c9e84206955019da66ffcbec/gnocchi.d0f0f08b-f677-4540-b5cc-adbdbbcef941/1763640000.0_mean_300.0_v3" 201 - "PUT http://[::1]:8080/v1/AUTH_9cc260e0c9e84206955019da66ffcbec/gnocchi.d0f0f08b-f677-4540-b5cc-adbdbbcef941/1763640000.0_mean_300.0_v3" "txf157a7f7b7fe4b2e9f465-006923557c" "proxy-server 92677" 0.1077 "-" 96606 0
Nov 23 13:42:04 np0005532741.novalocal container-server[96308]: ::1 - - [23/Nov/2025:18:42:04 +0000] "PUT /3/261440/AUTH_9cc260e0c9e84206955019da66ffcbec/gnocchi.8f46db69-de64-4328-824f-c7df30aeb82d/none_v3" 201 - "PUT http://[::1]:8080/3/127279/AUTH_9cc260e0c9e84206955019da66ffcbec/gnocchi.8f46db69-de64-4328-824f-c7df30aeb82d/none_v3" "tx6ae5338dc3814284ab34b-006923557c" "object-server 96609" 0.0006 "-" 96308 0
Nov 23 13:42:04 np0005532741.novalocal proxy-server[92677]: ::1 ::1 23/Nov/2025/18/42/04 PUT /v1/AUTH_9cc260e0c9e84206955019da66ffcbec/gnocchi.d0f0f08b-f677-4540-b5cc-adbdbbcef941/1763640000.0_mean_300.0_v3 HTTP/1.0 201 - python-swiftclient-4.2.0 gAAAAABpI1V6uZq-... 16 - - txf157a7f7b7fe4b2e9f465-006923557c - 0.1154 - - 1763923324.467199087 1763923324.582582474 0
Nov 23 13:42:04 np0005532741.novalocal container-server[96311]: ::1 - - [23/Nov/2025:18:42:04 +0000] "PUT /2/261440/AUTH_9cc260e0c9e84206955019da66ffcbec/gnocchi.8f46db69-de64-4328-824f-c7df30aeb82d/none_v3" 201 - "PUT http://[::1]:8080/1/127279/AUTH_9cc260e0c9e84206955019da66ffcbec/gnocchi.8f46db69-de64-4328-824f-c7df30aeb82d/none_v3" "tx6ae5338dc3814284ab34b-006923557c" "object-server 96607" 0.0043 "-" 96311 0
Nov 23 13:42:04 np0005532741.novalocal object-server[96609]: ::1 - - [23/Nov/2025:18:42:04 +0000] "PUT /3/127279/AUTH_9cc260e0c9e84206955019da66ffcbec/gnocchi.8f46db69-de64-4328-824f-c7df30aeb82d/none_v3" 201 - "PUT http://[::1]:8080/v1/AUTH_9cc260e0c9e84206955019da66ffcbec/gnocchi.8f46db69-de64-4328-824f-c7df30aeb82d/none_v3" "tx6ae5338dc3814284ab34b-006923557c" "proxy-server 92676" 0.0381 "-" 96609 0
Nov 23 13:42:04 np0005532741.novalocal object-server[96607]: ::1 - - [23/Nov/2025:18:42:04 +0000] "PUT /1/127279/AUTH_9cc260e0c9e84206955019da66ffcbec/gnocchi.8f46db69-de64-4328-824f-c7df30aeb82d/none_v3" 201 - "PUT http://[::1]:8080/v1/AUTH_9cc260e0c9e84206955019da66ffcbec/gnocchi.8f46db69-de64-4328-824f-c7df30aeb82d/none_v3" "tx6ae5338dc3814284ab34b-006923557c" "proxy-server 92676" 0.0402 "-" 96607 0
Nov 23 13:42:04 np0005532741.novalocal container-server[96309]: ::1 - - [23/Nov/2025:18:42:04 +0000] "PUT /1/261440/AUTH_9cc260e0c9e84206955019da66ffcbec/gnocchi.8f46db69-de64-4328-824f-c7df30aeb82d/none_v3" 201 - "PUT http://[::1]:8080/2/127279/AUTH_9cc260e0c9e84206955019da66ffcbec/gnocchi.8f46db69-de64-4328-824f-c7df30aeb82d/none_v3" "tx6ae5338dc3814284ab34b-006923557c" "object-server 96606" 0.0004 "-" 96309 0
Nov 23 13:42:04 np0005532741.novalocal object-server[96606]: ::1 - - [23/Nov/2025:18:42:04 +0000] "PUT /2/127279/AUTH_9cc260e0c9e84206955019da66ffcbec/gnocchi.8f46db69-de64-4328-824f-c7df30aeb82d/none_v3" 201 - "PUT http://[::1]:8080/v1/AUTH_9cc260e0c9e84206955019da66ffcbec/gnocchi.8f46db69-de64-4328-824f-c7df30aeb82d/none_v3" "tx6ae5338dc3814284ab34b-006923557c" "proxy-server 92676" 0.0199 "-" 96606 0
Nov 23 13:42:04 np0005532741.novalocal proxy-server[92676]: ::1 ::1 23/Nov/2025/18/42/04 PUT /v1/AUTH_9cc260e0c9e84206955019da66ffcbec/gnocchi.8f46db69-de64-4328-824f-c7df30aeb82d/none_v3 HTTP/1.0 201 - python-swiftclient-4.2.0 gAAAAABpI1V6j5L9... 22 - - tx6ae5338dc3814284ab34b-006923557c - 0.0498 - - 1763923324.542356014 1763923324.592144489 0
Nov 23 13:42:04 np0005532741.novalocal container-server[96310]: ::1 - - [23/Nov/2025:18:42:04 +0000] "PUT /3/225361/AUTH_9cc260e0c9e84206955019da66ffcbec/gnocchi.d0f0f08b-f677-4540-b5cc-adbdbbcef941/none_v3" 201 - "PUT http://[::1]:8080/2/145572/AUTH_9cc260e0c9e84206955019da66ffcbec/gnocchi.d0f0f08b-f677-4540-b5cc-adbdbbcef941/none_v3" "tx407a1c1bedef4984a351a-006923557c" "object-server 96607" 0.0013 "-" 96310 0
Nov 23 13:42:04 np0005532741.novalocal object-server[96607]: ::1 - - [23/Nov/2025:18:42:04 +0000] "PUT /2/145572/AUTH_9cc260e0c9e84206955019da66ffcbec/gnocchi.d0f0f08b-f677-4540-b5cc-adbdbbcef941/none_v3" 201 - "PUT http://[::1]:8080/v1/AUTH_9cc260e0c9e84206955019da66ffcbec/gnocchi.d0f0f08b-f677-4540-b5cc-adbdbbcef941/none_v3" "tx407a1c1bedef4984a351a-006923557c" "proxy-server 92677" 0.0110 "-" 96607 0
Nov 23 13:42:04 np0005532741.novalocal container-server[96310]: ::1 - - [23/Nov/2025:18:42:04 +0000] "PUT /1/225361/AUTH_9cc260e0c9e84206955019da66ffcbec/gnocchi.d0f0f08b-f677-4540-b5cc-adbdbbcef941/none_v3" 201 - "PUT http://[::1]:8080/1/145572/AUTH_9cc260e0c9e84206955019da66ffcbec/gnocchi.d0f0f08b-f677-4540-b5cc-adbdbbcef941/none_v3" "tx407a1c1bedef4984a351a-006923557c" "object-server 96606" 0.0006 "-" 96310 0
Nov 23 13:42:04 np0005532741.novalocal object-server[96606]: ::1 - - [23/Nov/2025:18:42:04 +0000] "PUT /1/145572/AUTH_9cc260e0c9e84206955019da66ffcbec/gnocchi.d0f0f08b-f677-4540-b5cc-adbdbbcef941/none_v3" 201 - "PUT http://[::1]:8080/v1/AUTH_9cc260e0c9e84206955019da66ffcbec/gnocchi.d0f0f08b-f677-4540-b5cc-adbdbbcef941/none_v3" "tx407a1c1bedef4984a351a-006923557c" "proxy-server 92677" 0.0126 "-" 96606 0
Nov 23 13:42:04 np0005532741.novalocal container-server[96310]: ::1 - - [23/Nov/2025:18:42:04 +0000] "PUT /2/225361/AUTH_9cc260e0c9e84206955019da66ffcbec/gnocchi.d0f0f08b-f677-4540-b5cc-adbdbbcef941/none_v3" 201 - "PUT http://[::1]:8080/3/145572/AUTH_9cc260e0c9e84206955019da66ffcbec/gnocchi.d0f0f08b-f677-4540-b5cc-adbdbbcef941/none_v3" "tx407a1c1bedef4984a351a-006923557c" "object-server 96605" 0.0006 "-" 96310 0
Nov 23 13:42:04 np0005532741.novalocal object-server[96605]: ::1 - - [23/Nov/2025:18:42:04 +0000] "PUT /3/145572/AUTH_9cc260e0c9e84206955019da66ffcbec/gnocchi.d0f0f08b-f677-4540-b5cc-adbdbbcef941/none_v3" 201 - "PUT http://[::1]:8080/v1/AUTH_9cc260e0c9e84206955019da66ffcbec/gnocchi.d0f0f08b-f677-4540-b5cc-adbdbbcef941/none_v3" "tx407a1c1bedef4984a351a-006923557c" "proxy-server 92677" 0.0202 "-" 96605 0
Nov 23 13:42:04 np0005532741.novalocal proxy-server[92677]: ::1 ::1 23/Nov/2025/18/42/04 PUT /v1/AUTH_9cc260e0c9e84206955019da66ffcbec/gnocchi.d0f0f08b-f677-4540-b5cc-adbdbbcef941/none_v3 HTTP/1.0 201 - python-swiftclient-4.2.0 gAAAAABpI1V6uZq-... 22 - - tx407a1c1bedef4984a351a-006923557c - 0.0325 - - 1763923324.584988117 1763923324.617510080 0
Nov 23 13:42:04 np0005532741.novalocal container-server[96311]: ::1 - - [23/Nov/2025:18:42:04 +0000] "HEAD /3/64546/AUTH_9cc260e0c9e84206955019da66ffcbec/gnocchi.348a8c5d-de9b-4e34-a439-69cf8eca4aef" 404 - "HEAD http://[::1]:8080/v1/AUTH_9cc260e0c9e84206955019da66ffcbec/gnocchi.348a8c5d-de9b-4e34-a439-69cf8eca4aef?format=json&states=listing" "tx929002d41ae84dcfa73bb-006923557c" "proxy-server 92676" 0.0004 "-" 96311 0
Nov 23 13:42:04 np0005532741.novalocal container-server[96308]: ::1 - - [23/Nov/2025:18:42:04 +0000] "HEAD /2/64546/AUTH_9cc260e0c9e84206955019da66ffcbec/gnocchi.348a8c5d-de9b-4e34-a439-69cf8eca4aef" 404 - "HEAD http://[::1]:8080/v1/AUTH_9cc260e0c9e84206955019da66ffcbec/gnocchi.348a8c5d-de9b-4e34-a439-69cf8eca4aef?format=json&states=listing" "tx929002d41ae84dcfa73bb-006923557c" "proxy-server 92676" 0.0003 "-" 96308 0
Nov 23 13:42:04 np0005532741.novalocal container-server[96309]: ::1 - - [23/Nov/2025:18:42:04 +0000] "HEAD /1/64546/AUTH_9cc260e0c9e84206955019da66ffcbec/gnocchi.348a8c5d-de9b-4e34-a439-69cf8eca4aef" 404 - "HEAD http://[::1]:8080/v1/AUTH_9cc260e0c9e84206955019da66ffcbec/gnocchi.348a8c5d-de9b-4e34-a439-69cf8eca4aef?format=json&states=listing" "tx929002d41ae84dcfa73bb-006923557c" "proxy-server 92676" 0.0003 "-" 96309 0
Nov 23 13:42:04 np0005532741.novalocal object-server[96609]: ::1 - - [23/Nov/2025:18:42:04 +0000] "GET /2/55430/AUTH_9cc260e0c9e84206955019da66ffcbec/gnocchi.348a8c5d-de9b-4e34-a439-69cf8eca4aef/none_v3" 404 70 "GET http://[::1]:8080/v1/AUTH_9cc260e0c9e84206955019da66ffcbec/gnocchi.348a8c5d-de9b-4e34-a439-69cf8eca4aef/none_v3" "tx929002d41ae84dcfa73bb-006923557c" "proxy-server 92676" 0.0004 "-" 96609 0
Nov 23 13:42:04 np0005532741.novalocal object-server[96607]: ::1 - - [23/Nov/2025:18:42:04 +0000] "GET /3/55430/AUTH_9cc260e0c9e84206955019da66ffcbec/gnocchi.348a8c5d-de9b-4e34-a439-69cf8eca4aef/none_v3" 404 70 "GET http://[::1]:8080/v1/AUTH_9cc260e0c9e84206955019da66ffcbec/gnocchi.348a8c5d-de9b-4e34-a439-69cf8eca4aef/none_v3" "tx929002d41ae84dcfa73bb-006923557c" "proxy-server 92676" 0.0002 "-" 96607 0
Nov 23 13:42:04 np0005532741.novalocal object-server[96605]: ::1 - - [23/Nov/2025:18:42:04 +0000] "GET /1/55430/AUTH_9cc260e0c9e84206955019da66ffcbec/gnocchi.348a8c5d-de9b-4e34-a439-69cf8eca4aef/none_v3" 404 70 "GET http://[::1]:8080/v1/AUTH_9cc260e0c9e84206955019da66ffcbec/gnocchi.348a8c5d-de9b-4e34-a439-69cf8eca4aef/none_v3" "tx929002d41ae84dcfa73bb-006923557c" "proxy-server 92676" 0.0004 "-" 96605 0
Nov 23 13:42:04 np0005532741.novalocal proxy-server[92676]: ::1 ::1 23/Nov/2025/18/42/04 GET /v1/AUTH_9cc260e0c9e84206955019da66ffcbec/gnocchi.348a8c5d-de9b-4e34-a439-69cf8eca4aef/none_v3 HTTP/1.0 404 - python-swiftclient-4.2.0 gAAAAABpI1V6j5L9... - 70 - tx929002d41ae84dcfa73bb-006923557c - 0.0201 - - 1763923324.616165876 1763923324.636241436 0
Nov 23 13:42:04 np0005532741.novalocal account-server[96018]: ::1 - - [23/Nov/2025:18:42:04 +0000] "PUT /2/21056/AUTH_9cc260e0c9e84206955019da66ffcbec/gnocchi.348a8c5d-de9b-4e34-a439-69cf8eca4aef" 201 - "PUT http://[::1]:6001/2/64546/AUTH_9cc260e0c9e84206955019da66ffcbec/gnocchi.348a8c5d-de9b-4e34-a439-69cf8eca4aef" "tx8a156b35dc5e4770b97d7-006923557c" "container-server 96309" 0.0047 "-" 96018 0
Nov 23 13:42:04 np0005532741.novalocal container-server[96309]: ::1 - - [23/Nov/2025:18:42:04 +0000] "PUT /2/64546/AUTH_9cc260e0c9e84206955019da66ffcbec/gnocchi.348a8c5d-de9b-4e34-a439-69cf8eca4aef" 201 - "PUT http://[::1]:8080/v1/AUTH_9cc260e0c9e84206955019da66ffcbec/gnocchi.348a8c5d-de9b-4e34-a439-69cf8eca4aef" "tx8a156b35dc5e4770b97d7-006923557c" "proxy-server 92676" 0.0182 "-" 96309 0
Nov 23 13:42:04 np0005532741.novalocal account-server[96016]: ::1 - - [23/Nov/2025:18:42:04 +0000] "PUT /1/21056/AUTH_9cc260e0c9e84206955019da66ffcbec/gnocchi.348a8c5d-de9b-4e34-a439-69cf8eca4aef" 201 - "PUT http://[::1]:6001/1/64546/AUTH_9cc260e0c9e84206955019da66ffcbec/gnocchi.348a8c5d-de9b-4e34-a439-69cf8eca4aef" "tx8a156b35dc5e4770b97d7-006923557c" "container-server 96308" 0.0113 "-" 96016 0
Nov 23 13:42:04 np0005532741.novalocal container-server[96308]: ::1 - - [23/Nov/2025:18:42:04 +0000] "PUT /1/64546/AUTH_9cc260e0c9e84206955019da66ffcbec/gnocchi.348a8c5d-de9b-4e34-a439-69cf8eca4aef" 201 - "PUT http://[::1]:8080/v1/AUTH_9cc260e0c9e84206955019da66ffcbec/gnocchi.348a8c5d-de9b-4e34-a439-69cf8eca4aef" "tx8a156b35dc5e4770b97d7-006923557c" "proxy-server 92676" 0.0267 "-" 96308 0
Nov 23 13:42:04 np0005532741.novalocal account-server[96019]: ::1 - - [23/Nov/2025:18:42:04 +0000] "PUT /3/21056/AUTH_9cc260e0c9e84206955019da66ffcbec/gnocchi.348a8c5d-de9b-4e34-a439-69cf8eca4aef" 201 - "PUT http://[::1]:6001/3/64546/AUTH_9cc260e0c9e84206955019da66ffcbec/gnocchi.348a8c5d-de9b-4e34-a439-69cf8eca4aef" "tx8a156b35dc5e4770b97d7-006923557c" "container-server 96308" 0.0046 "-" 96019 0
Nov 23 13:42:04 np0005532741.novalocal container-server[96308]: ::1 - - [23/Nov/2025:18:42:04 +0000] "PUT /3/64546/AUTH_9cc260e0c9e84206955019da66ffcbec/gnocchi.348a8c5d-de9b-4e34-a439-69cf8eca4aef" 201 - "PUT http://[::1]:8080/v1/AUTH_9cc260e0c9e84206955019da66ffcbec/gnocchi.348a8c5d-de9b-4e34-a439-69cf8eca4aef" "tx8a156b35dc5e4770b97d7-006923557c" "proxy-server 92676" 0.0205 "-" 96308 0
Nov 23 13:42:04 np0005532741.novalocal proxy-server[92676]: ::1 ::1 23/Nov/2025/18/42/04 PUT /v1/AUTH_9cc260e0c9e84206955019da66ffcbec/gnocchi.348a8c5d-de9b-4e34-a439-69cf8eca4aef HTTP/1.0 201 - python-swiftclient-4.2.0 gAAAAABpI1V6j5L9... - - - tx8a156b35dc5e4770b97d7-006923557c - 0.0393 - - 1763923324.638922691 1763923324.678226233 0
Nov 23 13:42:04 np0005532741.novalocal container-server[96308]: ::1 - - [23/Nov/2025:18:42:04 +0000] "HEAD /1/64546/AUTH_9cc260e0c9e84206955019da66ffcbec/gnocchi.348a8c5d-de9b-4e34-a439-69cf8eca4aef" 204 - "HEAD http://[::1]:8080/v1/AUTH_9cc260e0c9e84206955019da66ffcbec/gnocchi.348a8c5d-de9b-4e34-a439-69cf8eca4aef?format=json&states=listing" "txd45463f3f8ed419ebbdb8-006923557c" "proxy-server 92676" 0.0014 "-" 96308 0
Nov 23 13:42:04 np0005532741.novalocal container-server[96309]: ::1 - - [23/Nov/2025:18:42:04 +0000] "GET /1/64546/AUTH_9cc260e0c9e84206955019da66ffcbec/gnocchi.348a8c5d-de9b-4e34-a439-69cf8eca4aef" 200 2 "GET http://[::1]:8080/v1/AUTH_9cc260e0c9e84206955019da66ffcbec/gnocchi.348a8c5d-de9b-4e34-a439-69cf8eca4aef?format=json&states=listing" "txd45463f3f8ed419ebbdb8-006923557c" "proxy-server 92676" 0.0027 "-" 96309 0
Nov 23 13:42:04 np0005532741.novalocal proxy-server[92676]: ::1 ::1 23/Nov/2025/18/42/04 GET /v1/AUTH_9cc260e0c9e84206955019da66ffcbec/gnocchi.348a8c5d-de9b-4e34-a439-69cf8eca4aef%3Fformat%3Djson%26states%3Dlisting HTTP/1.0 200 - python-swiftclient-4.2.0 gAAAAABpI1V6j5L9... - 2 - txd45463f3f8ed419ebbdb8-006923557c - 0.0200 - - 1763923324.681845427 1763923324.701848745 0
Nov 23 13:42:04 np0005532741.novalocal object-server[96607]: ::1 - - [23/Nov/2025:18:42:04 +0000] "GET /2/242988/AUTH_9cc260e0c9e84206955019da66ffcbec/gnocchi.348a8c5d-de9b-4e34-a439-69cf8eca4aef/1763640000.0_mean_300.0_v3" 404 70 "GET http://[::1]:8080/v1/AUTH_9cc260e0c9e84206955019da66ffcbec/gnocchi.348a8c5d-de9b-4e34-a439-69cf8eca4aef/1763640000.0_mean_300.0_v3" "tx027893f66b4e4aada4632-006923557c" "proxy-server 92676" 0.0003 "-" 96607 0
Nov 23 13:42:04 np0005532741.novalocal object-server[96605]: ::1 - - [23/Nov/2025:18:42:04 +0000] "GET /1/242988/AUTH_9cc260e0c9e84206955019da66ffcbec/gnocchi.348a8c5d-de9b-4e34-a439-69cf8eca4aef/1763640000.0_mean_300.0_v3" 404 70 "GET http://[::1]:8080/v1/AUTH_9cc260e0c9e84206955019da66ffcbec/gnocchi.348a8c5d-de9b-4e34-a439-69cf8eca4aef/1763640000.0_mean_300.0_v3" "tx027893f66b4e4aada4632-006923557c" "proxy-server 92676" 0.0004 "-" 96605 0
Nov 23 13:42:04 np0005532741.novalocal object-server[96606]: ::1 - - [23/Nov/2025:18:42:04 +0000] "GET /3/242988/AUTH_9cc260e0c9e84206955019da66ffcbec/gnocchi.348a8c5d-de9b-4e34-a439-69cf8eca4aef/1763640000.0_mean_300.0_v3" 404 70 "GET http://[::1]:8080/v1/AUTH_9cc260e0c9e84206955019da66ffcbec/gnocchi.348a8c5d-de9b-4e34-a439-69cf8eca4aef/1763640000.0_mean_300.0_v3" "tx027893f66b4e4aada4632-006923557c" "proxy-server 92676" 0.0004 "-" 96606 0
Nov 23 13:42:04 np0005532741.novalocal proxy-server[92676]: ::1 ::1 23/Nov/2025/18/42/04 GET /v1/AUTH_9cc260e0c9e84206955019da66ffcbec/gnocchi.348a8c5d-de9b-4e34-a439-69cf8eca4aef/1763640000.0_mean_300.0_v3 HTTP/1.0 404 - python-swiftclient-4.2.0 gAAAAABpI1V6j5L9... - 70 - tx027893f66b4e4aada4632-006923557c - 0.0128 - - 1763923324.705598354 1763923324.718396664 0
Nov 23 13:42:04 np0005532741.novalocal container-server[96308]: ::1 - - [23/Nov/2025:18:42:04 +0000] "PUT /2/64546/AUTH_9cc260e0c9e84206955019da66ffcbec/gnocchi.348a8c5d-de9b-4e34-a439-69cf8eca4aef/1763640000.0_mean_300.0_v3" 201 - "PUT http://[::1]:8080/3/242988/AUTH_9cc260e0c9e84206955019da66ffcbec/gnocchi.348a8c5d-de9b-4e34-a439-69cf8eca4aef/1763640000.0_mean_300.0_v3" "txceeac54d1e7a43c7af18b-006923557c" "object-server 96607" 0.0006 "-" 96308 0
Nov 23 13:42:04 np0005532741.novalocal container-server[96308]: ::1 - - [23/Nov/2025:18:42:04 +0000] "PUT /3/64546/AUTH_9cc260e0c9e84206955019da66ffcbec/gnocchi.348a8c5d-de9b-4e34-a439-69cf8eca4aef/1763640000.0_mean_300.0_v3" 201 - "PUT http://[::1]:8080/2/242988/AUTH_9cc260e0c9e84206955019da66ffcbec/gnocchi.348a8c5d-de9b-4e34-a439-69cf8eca4aef/1763640000.0_mean_300.0_v3" "txceeac54d1e7a43c7af18b-006923557c" "object-server 96609" 0.0005 "-" 96308 0
