Nov 23 13:42:39 np0005532741.novalocal object-server[96606]: ::1 - - [23/Nov/2025:18:42:39 +0000] "PUT /1/151978/AUTH_9cc260e0c9e84206955019da66ffcbec/gnocchi.781a2710-b3ed-4bb0-bf9a-6e5d4126aa65/1763640000.0_mean_300.0_v3" 201 - "PUT http://[::1]:8080/v1/AUTH_9cc260e0c9e84206955019da66ffcbec/gnocchi.781a2710-b3ed-4bb0-bf9a-6e5d4126aa65/1763640000.0_mean_300.0_v3" "tx483f2b723ca64e1683140-006923559f" "proxy-server 92677" 0.0152 "-" 96606 0
Nov 23 13:42:39 np0005532741.novalocal object-server[96605]: ::1 - - [23/Nov/2025:18:42:39 +0000] "PUT /2/151978/AUTH_9cc260e0c9e84206955019da66ffcbec/gnocchi.781a2710-b3ed-4bb0-bf9a-6e5d4126aa65/1763640000.0_mean_300.0_v3" 201 - "PUT http://[::1]:8080/v1/AUTH_9cc260e0c9e84206955019da66ffcbec/gnocchi.781a2710-b3ed-4bb0-bf9a-6e5d4126aa65/1763640000.0_mean_300.0_v3" "tx483f2b723ca64e1683140-006923559f" "proxy-server 92677" 0.0159 "-" 96605 0
Nov 23 13:42:39 np0005532741.novalocal container-server[96310]: ::1 - - [23/Nov/2025:18:42:39 +0000] "PUT /3/90610/AUTH_9cc260e0c9e84206955019da66ffcbec/gnocchi.781a2710-b3ed-4bb0-bf9a-6e5d4126aa65/1763640000.0_mean_300.0_v3" 201 - "PUT http://[::1]:8080/3/151978/AUTH_9cc260e0c9e84206955019da66ffcbec/gnocchi.781a2710-b3ed-4bb0-bf9a-6e5d4126aa65/1763640000.0_mean_300.0_v3" "tx483f2b723ca64e1683140-006923559f" "object-server 96609" 0.0008 "-" 96310 0
Nov 23 13:42:39 np0005532741.novalocal account-server[96017]: ::1 - - [23/Nov/2025:18:42:39 +0000] "PUT /2/21056/AUTH_9cc260e0c9e84206955019da66ffcbec/gnocchi.da93d4e0-424b-4c20-a34c-e77caa598b2e" 201 - "PUT http://[::1]:6001/1/46675/AUTH_9cc260e0c9e84206955019da66ffcbec/gnocchi.da93d4e0-424b-4c20-a34c-e77caa598b2e" "txac6941a1d87a4974afeb3-006923559f" "container-server 96308" 0.0042 "-" 96017 0
Nov 23 13:42:39 np0005532741.novalocal object-server[96609]: ::1 - - [23/Nov/2025:18:42:39 +0000] "PUT /3/151978/AUTH_9cc260e0c9e84206955019da66ffcbec/gnocchi.781a2710-b3ed-4bb0-bf9a-6e5d4126aa65/1763640000.0_mean_300.0_v3" 201 - "PUT http://[::1]:8080/v1/AUTH_9cc260e0c9e84206955019da66ffcbec/gnocchi.781a2710-b3ed-4bb0-bf9a-6e5d4126aa65/1763640000.0_mean_300.0_v3" "tx483f2b723ca64e1683140-006923559f" "proxy-server 92677" 0.0178 "-" 96609 0
Nov 23 13:42:39 np0005532741.novalocal container-server[96308]: ::1 - - [23/Nov/2025:18:42:39 +0000] "PUT /1/46675/AUTH_9cc260e0c9e84206955019da66ffcbec/gnocchi.da93d4e0-424b-4c20-a34c-e77caa598b2e" 201 - "PUT http://[::1]:8080/v1/AUTH_9cc260e0c9e84206955019da66ffcbec/gnocchi.da93d4e0-424b-4c20-a34c-e77caa598b2e" "txac6941a1d87a4974afeb3-006923559f" "proxy-server 92676" 0.0185 "-" 96308 0
Nov 23 13:42:39 np0005532741.novalocal proxy-server[92677]: ::1 ::1 23/Nov/2025/18/42/39 PUT /v1/AUTH_9cc260e0c9e84206955019da66ffcbec/gnocchi.781a2710-b3ed-4bb0-bf9a-6e5d4126aa65/1763640000.0_mean_300.0_v3 HTTP/1.0 201 - python-swiftclient-4.2.0 gAAAAABpI1V6uZq-... 16 - - tx483f2b723ca64e1683140-006923559f - 0.0239 - - 1763923359.827434778 1763923359.851336479 0
Nov 23 13:42:39 np0005532741.novalocal account-server[96016]: ::1 - - [23/Nov/2025:18:42:39 +0000] "PUT /3/21056/AUTH_9cc260e0c9e84206955019da66ffcbec/gnocchi.da93d4e0-424b-4c20-a34c-e77caa598b2e" 201 - "PUT http://[::1]:6001/3/46675/AUTH_9cc260e0c9e84206955019da66ffcbec/gnocchi.da93d4e0-424b-4c20-a34c-e77caa598b2e" "txac6941a1d87a4974afeb3-006923559f" "container-server 96311" 0.0054 "-" 96016 0
Nov 23 13:42:39 np0005532741.novalocal container-server[96311]: ::1 - - [23/Nov/2025:18:42:39 +0000] "PUT /3/46675/AUTH_9cc260e0c9e84206955019da66ffcbec/gnocchi.da93d4e0-424b-4c20-a34c-e77caa598b2e" 201 - "PUT http://[::1]:8080/v1/AUTH_9cc260e0c9e84206955019da66ffcbec/gnocchi.da93d4e0-424b-4c20-a34c-e77caa598b2e" "txac6941a1d87a4974afeb3-006923559f" "proxy-server 92676" 0.0190 "-" 96311 0
Nov 23 13:42:39 np0005532741.novalocal account-server[96019]: ::1 - - [23/Nov/2025:18:42:39 +0000] "PUT /1/21056/AUTH_9cc260e0c9e84206955019da66ffcbec/gnocchi.da93d4e0-424b-4c20-a34c-e77caa598b2e" 201 - "PUT http://[::1]:6001/2/46675/AUTH_9cc260e0c9e84206955019da66ffcbec/gnocchi.da93d4e0-424b-4c20-a34c-e77caa598b2e" "txac6941a1d87a4974afeb3-006923559f" "container-server 96309" 0.0043 "-" 96019 0
Nov 23 13:42:39 np0005532741.novalocal container-server[96309]: ::1 - - [23/Nov/2025:18:42:39 +0000] "PUT /2/46675/AUTH_9cc260e0c9e84206955019da66ffcbec/gnocchi.da93d4e0-424b-4c20-a34c-e77caa598b2e" 201 - "PUT http://[::1]:8080/v1/AUTH_9cc260e0c9e84206955019da66ffcbec/gnocchi.da93d4e0-424b-4c20-a34c-e77caa598b2e" "txac6941a1d87a4974afeb3-006923559f" "proxy-server 92676" 0.0187 "-" 96309 0
Nov 23 13:42:39 np0005532741.novalocal proxy-server[92676]: ::1 ::1 23/Nov/2025/18/42/39 PUT /v1/AUTH_9cc260e0c9e84206955019da66ffcbec/gnocchi.da93d4e0-424b-4c20-a34c-e77caa598b2e HTTP/1.0 201 - python-swiftclient-4.2.0 gAAAAABpI1V6j5L9... - - - txac6941a1d87a4974afeb3-006923559f - 0.0277 - - 1763923359.828817606 1763923359.856489420 0
Nov 23 13:42:39 np0005532741.novalocal container-server[96309]: ::1 - - [23/Nov/2025:18:42:39 +0000] "PUT /3/90610/AUTH_9cc260e0c9e84206955019da66ffcbec/gnocchi.781a2710-b3ed-4bb0-bf9a-6e5d4126aa65/none_v3" 201 - "PUT http://[::1]:8080/3/174477/AUTH_9cc260e0c9e84206955019da66ffcbec/gnocchi.781a2710-b3ed-4bb0-bf9a-6e5d4126aa65/none_v3" "txce4c6b2e82f0414aaa82f-006923559f" "object-server 96606" 0.0008 "-" 96309 0
Nov 23 13:42:39 np0005532741.novalocal container-server[96310]: ::1 - - [23/Nov/2025:18:42:39 +0000] "PUT /1/90610/AUTH_9cc260e0c9e84206955019da66ffcbec/gnocchi.781a2710-b3ed-4bb0-bf9a-6e5d4126aa65/none_v3" 201 - "PUT http://[::1]:8080/1/174477/AUTH_9cc260e0c9e84206955019da66ffcbec/gnocchi.781a2710-b3ed-4bb0-bf9a-6e5d4126aa65/none_v3" "txce4c6b2e82f0414aaa82f-006923559f" "object-server 96607" 0.0004 "-" 96310 0
Nov 23 13:42:39 np0005532741.novalocal container-server[96308]: ::1 - - [23/Nov/2025:18:42:39 +0000] "HEAD /1/46675/AUTH_9cc260e0c9e84206955019da66ffcbec/gnocchi.da93d4e0-424b-4c20-a34c-e77caa598b2e" 204 - "HEAD http://[::1]:8080/v1/AUTH_9cc260e0c9e84206955019da66ffcbec/gnocchi.da93d4e0-424b-4c20-a34c-e77caa598b2e?format=json&states=listing" "txa1841dac2d80428c8fd8d-006923559f" "proxy-server 92676" 0.0012 "-" 96308 0
Nov 23 13:42:39 np0005532741.novalocal object-server[96606]: ::1 - - [23/Nov/2025:18:42:39 +0000] "PUT /3/174477/AUTH_9cc260e0c9e84206955019da66ffcbec/gnocchi.781a2710-b3ed-4bb0-bf9a-6e5d4126aa65/none_v3" 201 - "PUT http://[::1]:8080/v1/AUTH_9cc260e0c9e84206955019da66ffcbec/gnocchi.781a2710-b3ed-4bb0-bf9a-6e5d4126aa65/none_v3" "txce4c6b2e82f0414aaa82f-006923559f" "proxy-server 92677" 0.0076 "-" 96606 0
Nov 23 13:42:39 np0005532741.novalocal container-server[96308]: ::1 - - [23/Nov/2025:18:42:39 +0000] "PUT /2/90610/AUTH_9cc260e0c9e84206955019da66ffcbec/gnocchi.781a2710-b3ed-4bb0-bf9a-6e5d4126aa65/none_v3" 201 - "PUT http://[::1]:8080/2/174477/AUTH_9cc260e0c9e84206955019da66ffcbec/gnocchi.781a2710-b3ed-4bb0-bf9a-6e5d4126aa65/none_v3" "txce4c6b2e82f0414aaa82f-006923559f" "object-server 96607" 0.0004 "-" 96308 0
Nov 23 13:42:39 np0005532741.novalocal object-server[96607]: ::1 - - [23/Nov/2025:18:42:39 +0000] "PUT /1/174477/AUTH_9cc260e0c9e84206955019da66ffcbec/gnocchi.781a2710-b3ed-4bb0-bf9a-6e5d4126aa65/none_v3" 201 - "PUT http://[::1]:8080/v1/AUTH_9cc260e0c9e84206955019da66ffcbec/gnocchi.781a2710-b3ed-4bb0-bf9a-6e5d4126aa65/none_v3" "txce4c6b2e82f0414aaa82f-006923559f" "proxy-server 92677" 0.0084 "-" 96607 0
Nov 23 13:42:39 np0005532741.novalocal object-server[96607]: ::1 - - [23/Nov/2025:18:42:39 +0000] "PUT /2/174477/AUTH_9cc260e0c9e84206955019da66ffcbec/gnocchi.781a2710-b3ed-4bb0-bf9a-6e5d4126aa65/none_v3" 201 - "PUT http://[::1]:8080/v1/AUTH_9cc260e0c9e84206955019da66ffcbec/gnocchi.781a2710-b3ed-4bb0-bf9a-6e5d4126aa65/none_v3" "txce4c6b2e82f0414aaa82f-006923559f" "proxy-server 92677" 0.0089 "-" 96607 0
Nov 23 13:42:39 np0005532741.novalocal proxy-server[92677]: ::1 ::1 23/Nov/2025/18/42/39 PUT /v1/AUTH_9cc260e0c9e84206955019da66ffcbec/gnocchi.781a2710-b3ed-4bb0-bf9a-6e5d4126aa65/none_v3 HTTP/1.0 201 - python-swiftclient-4.2.0 gAAAAABpI1V6uZq-... 22 - - txce4c6b2e82f0414aaa82f-006923559f - 0.0151 - - 1763923359.854810476 1763923359.869955540 0
Nov 23 13:42:39 np0005532741.novalocal container-server[96310]: ::1 - - [23/Nov/2025:18:42:39 +0000] "GET /3/46675/AUTH_9cc260e0c9e84206955019da66ffcbec/gnocchi.da93d4e0-424b-4c20-a34c-e77caa598b2e" 200 2 "GET http://[::1]:8080/v1/AUTH_9cc260e0c9e84206955019da66ffcbec/gnocchi.da93d4e0-424b-4c20-a34c-e77caa598b2e?format=json&states=listing" "txa1841dac2d80428c8fd8d-006923559f" "proxy-server 92676" 0.0018 "-" 96310 0
Nov 23 13:42:39 np0005532741.novalocal container-server[96310]: ::1 - - [23/Nov/2025:18:42:39 +0000] "HEAD /3/192806/AUTH_9cc260e0c9e84206955019da66ffcbec/gnocchi.0477d8ff-fdc0-4b0e-9f39-53ba6bd04519" 404 - "HEAD http://[::1]:8080/v1/AUTH_9cc260e0c9e84206955019da66ffcbec/gnocchi.0477d8ff-fdc0-4b0e-9f39-53ba6bd04519?format=json&states=listing" "txa44486e96091457f9dd74-006923559f" "proxy-server 92677" 0.0002 "-" 96310 0
Nov 23 13:42:39 np0005532741.novalocal container-server[96310]: ::1 - - [23/Nov/2025:18:42:39 +0000] "HEAD /2/192806/AUTH_9cc260e0c9e84206955019da66ffcbec/gnocchi.0477d8ff-fdc0-4b0e-9f39-53ba6bd04519" 404 - "HEAD http://[::1]:8080/v1/AUTH_9cc260e0c9e84206955019da66ffcbec/gnocchi.0477d8ff-fdc0-4b0e-9f39-53ba6bd04519?format=json&states=listing" "txa44486e96091457f9dd74-006923559f" "proxy-server 92677" 0.0002 "-" 96310 0
Nov 23 13:42:39 np0005532741.novalocal proxy-server[92676]: ::1 ::1 23/Nov/2025/18/42/39 GET /v1/AUTH_9cc260e0c9e84206955019da66ffcbec/gnocchi.da93d4e0-424b-4c20-a34c-e77caa598b2e%3Fformat%3Djson%26states%3Dlisting HTTP/1.0 200 - python-swiftclient-4.2.0 gAAAAABpI1V6j5L9... - 2 - txa1841dac2d80428c8fd8d-006923559f - 0.0223 - - 1763923359.862084866 1763923359.884427309 0
Nov 23 13:42:39 np0005532741.novalocal container-server[96309]: ::1 - - [23/Nov/2025:18:42:39 +0000] "HEAD /1/192806/AUTH_9cc260e0c9e84206955019da66ffcbec/gnocchi.0477d8ff-fdc0-4b0e-9f39-53ba6bd04519" 404 - "HEAD http://[::1]:8080/v1/AUTH_9cc260e0c9e84206955019da66ffcbec/gnocchi.0477d8ff-fdc0-4b0e-9f39-53ba6bd04519?format=json&states=listing" "txa44486e96091457f9dd74-006923559f" "proxy-server 92677" 0.0004 "-" 96309 0
Nov 23 13:42:39 np0005532741.novalocal object-server[96606]: ::1 - - [23/Nov/2025:18:42:39 +0000] "GET /3/78623/AUTH_9cc260e0c9e84206955019da66ffcbec/gnocchi.0477d8ff-fdc0-4b0e-9f39-53ba6bd04519/none_v3" 404 70 "GET http://[::1]:8080/v1/AUTH_9cc260e0c9e84206955019da66ffcbec/gnocchi.0477d8ff-fdc0-4b0e-9f39-53ba6bd04519/none_v3" "txa44486e96091457f9dd74-006923559f" "proxy-server 92677" 0.0003 "-" 96606 0
Nov 23 13:42:39 np0005532741.novalocal object-server[96607]: ::1 - - [23/Nov/2025:18:42:39 +0000] "GET /1/41685/AUTH_9cc260e0c9e84206955019da66ffcbec/gnocchi.da93d4e0-424b-4c20-a34c-e77caa598b2e/1763640000.0_mean_300.0_v3" 404 70 "GET http://[::1]:8080/v1/AUTH_9cc260e0c9e84206955019da66ffcbec/gnocchi.da93d4e0-424b-4c20-a34c-e77caa598b2e/1763640000.0_mean_300.0_v3" "tx8363351cd98b44369b1d5-006923559f" "proxy-server 92676" 0.0004 "-" 96607 0
Nov 23 13:42:39 np0005532741.novalocal object-server[96605]: ::1 - - [23/Nov/2025:18:42:39 +0000] "GET /2/78623/AUTH_9cc260e0c9e84206955019da66ffcbec/gnocchi.0477d8ff-fdc0-4b0e-9f39-53ba6bd04519/none_v3" 404 70 "GET http://[::1]:8080/v1/AUTH_9cc260e0c9e84206955019da66ffcbec/gnocchi.0477d8ff-fdc0-4b0e-9f39-53ba6bd04519/none_v3" "txa44486e96091457f9dd74-006923559f" "proxy-server 92677" 0.0003 "-" 96605 0
Nov 23 13:42:39 np0005532741.novalocal object-server[96606]: ::1 - - [23/Nov/2025:18:42:39 +0000] "GET /3/41685/AUTH_9cc260e0c9e84206955019da66ffcbec/gnocchi.da93d4e0-424b-4c20-a34c-e77caa598b2e/1763640000.0_mean_300.0_v3" 404 70 "GET http://[::1]:8080/v1/AUTH_9cc260e0c9e84206955019da66ffcbec/gnocchi.da93d4e0-424b-4c20-a34c-e77caa598b2e/1763640000.0_mean_300.0_v3" "tx8363351cd98b44369b1d5-006923559f" "proxy-server 92676" 0.0002 "-" 96606 0
Nov 23 13:42:39 np0005532741.novalocal object-server[96605]: ::1 - - [23/Nov/2025:18:42:39 +0000] "GET /1/78623/AUTH_9cc260e0c9e84206955019da66ffcbec/gnocchi.0477d8ff-fdc0-4b0e-9f39-53ba6bd04519/none_v3" 404 70 "GET http://[::1]:8080/v1/AUTH_9cc260e0c9e84206955019da66ffcbec/gnocchi.0477d8ff-fdc0-4b0e-9f39-53ba6bd04519/none_v3" "txa44486e96091457f9dd74-006923559f" "proxy-server 92677" 0.0001 "-" 96605 0
Nov 23 13:42:39 np0005532741.novalocal proxy-server[92677]: ::1 ::1 23/Nov/2025/18/42/39 GET /v1/AUTH_9cc260e0c9e84206955019da66ffcbec/gnocchi.0477d8ff-fdc0-4b0e-9f39-53ba6bd04519/none_v3 HTTP/1.0 404 - python-swiftclient-4.2.0 gAAAAABpI1V6uZq-... - 70 - txa44486e96091457f9dd74-006923559f - 0.0154 - - 1763923359.880315304 1763923359.895712614 0
Nov 23 13:42:39 np0005532741.novalocal object-server[96609]: ::1 - - [23/Nov/2025:18:42:39 +0000] "GET /2/41685/AUTH_9cc260e0c9e84206955019da66ffcbec/gnocchi.da93d4e0-424b-4c20-a34c-e77caa598b2e/1763640000.0_mean_300.0_v3" 404 70 "GET http://[::1]:8080/v1/AUTH_9cc260e0c9e84206955019da66ffcbec/gnocchi.da93d4e0-424b-4c20-a34c-e77caa598b2e/1763640000.0_mean_300.0_v3" "tx8363351cd98b44369b1d5-006923559f" "proxy-server 92676" 0.0005 "-" 96609 0
Nov 23 13:42:39 np0005532741.novalocal proxy-server[92676]: ::1 ::1 23/Nov/2025/18/42/39 GET /v1/AUTH_9cc260e0c9e84206955019da66ffcbec/gnocchi.da93d4e0-424b-4c20-a34c-e77caa598b2e/1763640000.0_mean_300.0_v3 HTTP/1.0 404 - python-swiftclient-4.2.0 gAAAAABpI1V6j5L9... - 70 - tx8363351cd98b44369b1d5-006923559f - 0.0092 - - 1763923359.887462139 1763923359.896706820 0
Nov 23 13:42:39 np0005532741.novalocal account-server[96018]: ::1 - - [23/Nov/2025:18:42:39 +0000] "PUT /3/21056/AUTH_9cc260e0c9e84206955019da66ffcbec/gnocchi.0477d8ff-fdc0-4b0e-9f39-53ba6bd04519" 201 - "PUT http://[::1]:6001/2/192806/AUTH_9cc260e0c9e84206955019da66ffcbec/gnocchi.0477d8ff-fdc0-4b0e-9f39-53ba6bd04519" "tx0a4e27d9e50545b88a5e1-006923559f" "container-server 96310" 0.0063 "-" 96018 0
Nov 23 13:42:39 np0005532741.novalocal container-server[96310]: ::1 - - [23/Nov/2025:18:42:39 +0000] "PUT /2/192806/AUTH_9cc260e0c9e84206955019da66ffcbec/gnocchi.0477d8ff-fdc0-4b0e-9f39-53ba6bd04519" 201 - "PUT http://[::1]:8080/v1/AUTH_9cc260e0c9e84206955019da66ffcbec/gnocchi.0477d8ff-fdc0-4b0e-9f39-53ba6bd04519" "tx0a4e27d9e50545b88a5e1-006923559f" "proxy-server 92677" 0.0154 "-" 96310 0
Nov 23 13:42:39 np0005532741.novalocal container-server[96311]: ::1 - - [23/Nov/2025:18:42:39 +0000] "PUT /1/46675/AUTH_9cc260e0c9e84206955019da66ffcbec/gnocchi.da93d4e0-424b-4c20-a34c-e77caa598b2e/1763640000.0_mean_300.0_v3" 201 - "PUT http://[::1]:8080/1/41685/AUTH_9cc260e0c9e84206955019da66ffcbec/gnocchi.da93d4e0-424b-4c20-a34c-e77caa598b2e/1763640000.0_mean_300.0_v3" "txf1e83894b7e14cc2b59fa-006923559f" "object-server 96609" 0.0005 "-" 96311 0
Nov 23 13:42:39 np0005532741.novalocal object-server[96609]: ::1 - - [23/Nov/2025:18:42:39 +0000] "PUT /1/41685/AUTH_9cc260e0c9e84206955019da66ffcbec/gnocchi.da93d4e0-424b-4c20-a34c-e77caa598b2e/1763640000.0_mean_300.0_v3" 201 - "PUT http://[::1]:8080/v1/AUTH_9cc260e0c9e84206955019da66ffcbec/gnocchi.da93d4e0-424b-4c20-a34c-e77caa598b2e/1763640000.0_mean_300.0_v3" "txf1e83894b7e14cc2b59fa-006923559f" "proxy-server 92676" 0.0107 "-" 96609 0
Nov 23 13:42:39 np0005532741.novalocal account-server[96019]: ::1 - - [23/Nov/2025:18:42:39 +0000] "PUT /1/21056/AUTH_9cc260e0c9e84206955019da66ffcbec/gnocchi.0477d8ff-fdc0-4b0e-9f39-53ba6bd04519" 201 - "PUT http://[::1]:6001/3/192806/AUTH_9cc260e0c9e84206955019da66ffcbec/gnocchi.0477d8ff-fdc0-4b0e-9f39-53ba6bd04519" "tx0a4e27d9e50545b88a5e1-006923559f" "container-server 96308" 0.0052 "-" 96019 0
Nov 23 13:42:39 np0005532741.novalocal container-server[96311]: ::1 - - [23/Nov/2025:18:42:39 +0000] "PUT /3/46675/AUTH_9cc260e0c9e84206955019da66ffcbec/gnocchi.da93d4e0-424b-4c20-a34c-e77caa598b2e/1763640000.0_mean_300.0_v3" 201 - "PUT http://[::1]:8080/3/41685/AUTH_9cc260e0c9e84206955019da66ffcbec/gnocchi.da93d4e0-424b-4c20-a34c-e77caa598b2e/1763640000.0_mean_300.0_v3" "txf1e83894b7e14cc2b59fa-006923559f" "object-server 96609" 0.0004 "-" 96311 0
Nov 23 13:42:39 np0005532741.novalocal object-server[96609]: ::1 - - [23/Nov/2025:18:42:39 +0000] "PUT /3/41685/AUTH_9cc260e0c9e84206955019da66ffcbec/gnocchi.da93d4e0-424b-4c20-a34c-e77caa598b2e/1763640000.0_mean_300.0_v3" 201 - "PUT http://[::1]:8080/v1/AUTH_9cc260e0c9e84206955019da66ffcbec/gnocchi.da93d4e0-424b-4c20-a34c-e77caa598b2e/1763640000.0_mean_300.0_v3" "txf1e83894b7e14cc2b59fa-006923559f" "proxy-server 92676" 0.0114 "-" 96609 0
Nov 23 13:42:39 np0005532741.novalocal container-server[96308]: ::1 - - [23/Nov/2025:18:42:39 +0000] "PUT /3/192806/AUTH_9cc260e0c9e84206955019da66ffcbec/gnocchi.0477d8ff-fdc0-4b0e-9f39-53ba6bd04519" 201 - "PUT http://[::1]:8080/v1/AUTH_9cc260e0c9e84206955019da66ffcbec/gnocchi.0477d8ff-fdc0-4b0e-9f39-53ba6bd04519" "tx0a4e27d9e50545b88a5e1-006923559f" "proxy-server 92677" 0.0189 "-" 96308 0
Nov 23 13:42:39 np0005532741.novalocal container-server[96311]: ::1 - - [23/Nov/2025:18:42:39 +0000] "PUT /2/46675/AUTH_9cc260e0c9e84206955019da66ffcbec/gnocchi.da93d4e0-424b-4c20-a34c-e77caa598b2e/1763640000.0_mean_300.0_v3" 201 - "PUT http://[::1]:8080/2/41685/AUTH_9cc260e0c9e84206955019da66ffcbec/gnocchi.da93d4e0-424b-4c20-a34c-e77caa598b2e/1763640000.0_mean_300.0_v3" "txf1e83894b7e14cc2b59fa-006923559f" "object-server 96605" 0.0003 "-" 96311 0
Nov 23 13:42:39 np0005532741.novalocal object-server[96605]: ::1 - - [23/Nov/2025:18:42:39 +0000] "PUT /2/41685/AUTH_9cc260e0c9e84206955019da66ffcbec/gnocchi.da93d4e0-424b-4c20-a34c-e77caa598b2e/1763640000.0_mean_300.0_v3" 201 - "PUT http://[::1]:8080/v1/AUTH_9cc260e0c9e84206955019da66ffcbec/gnocchi.da93d4e0-424b-4c20-a34c-e77caa598b2e/1763640000.0_mean_300.0_v3" "txf1e83894b7e14cc2b59fa-006923559f" "proxy-server 92676" 0.0146 "-" 96605 0
Nov 23 13:42:39 np0005532741.novalocal proxy-server[92676]: ::1 ::1 23/Nov/2025/18/42/39 PUT /v1/AUTH_9cc260e0c9e84206955019da66ffcbec/gnocchi.da93d4e0-424b-4c20-a34c-e77caa598b2e/1763640000.0_mean_300.0_v3 HTTP/1.0 201 - python-swiftclient-4.2.0 gAAAAABpI1V6j5L9... 16 - - txf1e83894b7e14cc2b59fa-006923559f - 0.0248 - - 1763923359.898994684 1763923359.923747063 0
Nov 23 13:42:39 np0005532741.novalocal account-server[96019]: ::1 - - [23/Nov/2025:18:42:39 +0000] "PUT /2/21056/AUTH_9cc260e0c9e84206955019da66ffcbec/gnocchi.0477d8ff-fdc0-4b0e-9f39-53ba6bd04519" 201 - "PUT http://[::1]:6001/1/192806/AUTH_9cc260e0c9e84206955019da66ffcbec/gnocchi.0477d8ff-fdc0-4b0e-9f39-53ba6bd04519" "tx0a4e27d9e50545b88a5e1-006923559f" "container-server 96311" 0.0036 "-" 96019 0
Nov 23 13:42:39 np0005532741.novalocal container-server[96311]: ::1 - - [23/Nov/2025:18:42:39 +0000] "PUT /1/192806/AUTH_9cc260e0c9e84206955019da66ffcbec/gnocchi.0477d8ff-fdc0-4b0e-9f39-53ba6bd04519" 201 - "PUT http://[::1]:8080/v1/AUTH_9cc260e0c9e84206955019da66ffcbec/gnocchi.0477d8ff-fdc0-4b0e-9f39-53ba6bd04519" "tx0a4e27d9e50545b88a5e1-006923559f" "proxy-server 92677" 0.0209 "-" 96311 0
Nov 23 13:42:39 np0005532741.novalocal proxy-server[92677]: ::1 ::1 23/Nov/2025/18/42/39 PUT /v1/AUTH_9cc260e0c9e84206955019da66ffcbec/gnocchi.0477d8ff-fdc0-4b0e-9f39-53ba6bd04519 HTTP/1.0 201 - python-swiftclient-4.2.0 gAAAAABpI1V6uZq-... - - - tx0a4e27d9e50545b88a5e1-006923559f - 0.0291 - - 1763923359.897852421 1763923359.926991701 0
Nov 23 13:42:39 np0005532741.novalocal container-server[96309]: ::1 - - [23/Nov/2025:18:42:39 +0000] "HEAD /1/156702/AUTH_9cc260e0c9e84206955019da66ffcbec/gnocchi.29efc32f-60a5-49e8-b51b-460ac8e3ae19" 404 - "HEAD http://[::1]:8080/v1/AUTH_9cc260e0c9e84206955019da66ffcbec/gnocchi.29efc32f-60a5-49e8-b51b-460ac8e3ae19?format=json&states=listing" "tx36b52b0d02d04d5eb128c-006923559f" "proxy-server 92677" 0.0004 "-" 96309 0
Nov 23 13:42:39 np0005532741.novalocal container-server[96310]: ::1 - - [23/Nov/2025:18:42:39 +0000] "HEAD /2/156702/AUTH_9cc260e0c9e84206955019da66ffcbec/gnocchi.29efc32f-60a5-49e8-b51b-460ac8e3ae19" 404 - "HEAD http://[::1]:8080/v1/AUTH_9cc260e0c9e84206955019da66ffcbec/gnocchi.29efc32f-60a5-49e8-b51b-460ac8e3ae19?format=json&states=listing" "tx36b52b0d02d04d5eb128c-006923559f" "proxy-server 92677" 0.0003 "-" 96310 0
Nov 23 13:42:39 np0005532741.novalocal container-server[96311]: ::1 - - [23/Nov/2025:18:42:39 +0000] "HEAD /3/156702/AUTH_9cc260e0c9e84206955019da66ffcbec/gnocchi.29efc32f-60a5-49e8-b51b-460ac8e3ae19" 404 - "HEAD http://[::1]:8080/v1/AUTH_9cc260e0c9e84206955019da66ffcbec/gnocchi.29efc32f-60a5-49e8-b51b-460ac8e3ae19?format=json&states=listing" "tx36b52b0d02d04d5eb128c-006923559f" "proxy-server 92677" 0.0002 "-" 96311 0
Nov 23 13:42:39 np0005532741.novalocal container-server[96311]: ::1 - - [23/Nov/2025:18:42:39 +0000] "PUT /1/46675/AUTH_9cc260e0c9e84206955019da66ffcbec/gnocchi.da93d4e0-424b-4c20-a34c-e77caa598b2e/none_v3" 201 - "PUT http://[::1]:8080/1/199804/AUTH_9cc260e0c9e84206955019da66ffcbec/gnocchi.da93d4e0-424b-4c20-a34c-e77caa598b2e/none_v3" "txc2be2b7b79a74bfb9689e-006923559f" "object-server 96607" 0.0003 "-" 96311 0
Nov 23 13:42:39 np0005532741.novalocal container-server[96310]: ::1 - - [23/Nov/2025:18:42:39 +0000] "PUT /2/46675/AUTH_9cc260e0c9e84206955019da66ffcbec/gnocchi.da93d4e0-424b-4c20-a34c-e77caa598b2e/none_v3" 201 - "PUT http://[::1]:8080/2/199804/AUTH_9cc260e0c9e84206955019da66ffcbec/gnocchi.da93d4e0-424b-4c20-a34c-e77caa598b2e/none_v3" "txc2be2b7b79a74bfb9689e-006923559f" "object-server 96605" 0.0004 "-" 96310 0
Nov 23 13:42:39 np0005532741.novalocal object-server[96607]: ::1 - - [23/Nov/2025:18:42:39 +0000] "PUT /1/199804/AUTH_9cc260e0c9e84206955019da66ffcbec/gnocchi.da93d4e0-424b-4c20-a34c-e77caa598b2e/none_v3" 201 - "PUT http://[::1]:8080/v1/AUTH_9cc260e0c9e84206955019da66ffcbec/gnocchi.da93d4e0-424b-4c20-a34c-e77caa598b2e/none_v3" "txc2be2b7b79a74bfb9689e-006923559f" "proxy-server 92676" 0.0079 "-" 96607 0
Nov 23 13:42:39 np0005532741.novalocal container-server[96311]: ::1 - - [23/Nov/2025:18:42:39 +0000] "PUT /3/46675/AUTH_9cc260e0c9e84206955019da66ffcbec/gnocchi.da93d4e0-424b-4c20-a34c-e77caa598b2e/none_v3" 201 - "PUT http://[::1]:8080/3/199804/AUTH_9cc260e0c9e84206955019da66ffcbec/gnocchi.da93d4e0-424b-4c20-a34c-e77caa598b2e/none_v3" "txc2be2b7b79a74bfb9689e-006923559f" "object-server 96605" 0.0002 "-" 96311 0
Nov 23 13:42:39 np0005532741.novalocal object-server[96605]: ::1 - - [23/Nov/2025:18:42:39 +0000] "PUT /2/199804/AUTH_9cc260e0c9e84206955019da66ffcbec/gnocchi.da93d4e0-424b-4c20-a34c-e77caa598b2e/none_v3" 201 - "PUT http://[::1]:8080/v1/AUTH_9cc260e0c9e84206955019da66ffcbec/gnocchi.da93d4e0-424b-4c20-a34c-e77caa598b2e/none_v3" "txc2be2b7b79a74bfb9689e-006923559f" "proxy-server 92676" 0.0085 "-" 96605 0
Nov 23 13:42:39 np0005532741.novalocal object-server[96605]: ::1 - - [23/Nov/2025:18:42:39 +0000] "PUT /3/199804/AUTH_9cc260e0c9e84206955019da66ffcbec/gnocchi.da93d4e0-424b-4c20-a34c-e77caa598b2e/none_v3" 201 - "PUT http://[::1]:8080/v1/AUTH_9cc260e0c9e84206955019da66ffcbec/gnocchi.da93d4e0-424b-4c20-a34c-e77caa598b2e/none_v3" "txc2be2b7b79a74bfb9689e-006923559f" "proxy-server 92676" 0.0110 "-" 96605 0
Nov 23 13:42:39 np0005532741.novalocal proxy-server[92676]: ::1 ::1 23/Nov/2025/18/42/39 PUT /v1/AUTH_9cc260e0c9e84206955019da66ffcbec/gnocchi.da93d4e0-424b-4c20-a34c-e77caa598b2e/none_v3 HTTP/1.0 201 - python-swiftclient-4.2.0 gAAAAABpI1V6j5L9... 22 - - txc2be2b7b79a74bfb9689e-006923559f - 0.0167 - - 1763923359.926554203 1763923359.943249702 0
Nov 23 13:42:39 np0005532741.novalocal object-server[96609]: ::1 - - [23/Nov/2025:18:42:39 +0000] "GET /3/136633/AUTH_9cc260e0c9e84206955019da66ffcbec/gnocchi.29efc32f-60a5-49e8-b51b-460ac8e3ae19/none_v3" 404 70 "GET http://[::1]:8080/v1/AUTH_9cc260e0c9e84206955019da66ffcbec/gnocchi.29efc32f-60a5-49e8-b51b-460ac8e3ae19/none_v3" "tx36b52b0d02d04d5eb128c-006923559f" "proxy-server 92677" 0.0004 "-" 96609 0
Nov 23 13:42:39 np0005532741.novalocal object-server[96607]: ::1 - - [23/Nov/2025:18:42:39 +0000] "GET /1/136633/AUTH_9cc260e0c9e84206955019da66ffcbec/gnocchi.29efc32f-60a5-49e8-b51b-460ac8e3ae19/none_v3" 404 70 "GET http://[::1]:8080/v1/AUTH_9cc260e0c9e84206955019da66ffcbec/gnocchi.29efc32f-60a5-49e8-b51b-460ac8e3ae19/none_v3" "tx36b52b0d02d04d5eb128c-006923559f" "proxy-server 92677" 0.0003 "-" 96607 0
Nov 23 13:42:39 np0005532741.novalocal object-server[96606]: ::1 - - [23/Nov/2025:18:42:39 +0000] "GET /2/136633/AUTH_9cc260e0c9e84206955019da66ffcbec/gnocchi.29efc32f-60a5-49e8-b51b-460ac8e3ae19/none_v3" 404 70 "GET http://[::1]:8080/v1/AUTH_9cc260e0c9e84206955019da66ffcbec/gnocchi.29efc32f-60a5-49e8-b51b-460ac8e3ae19/none_v3" "tx36b52b0d02d04d5eb128c-006923559f" "proxy-server 92677" 0.0004 "-" 96606 0
Nov 23 13:42:39 np0005532741.novalocal proxy-server[92677]: ::1 ::1 23/Nov/2025/18/42/39 GET /v1/AUTH_9cc260e0c9e84206955019da66ffcbec/gnocchi.29efc32f-60a5-49e8-b51b-460ac8e3ae19/none_v3 HTTP/1.0 404 - python-swiftclient-4.2.0 gAAAAABpI1V6uZq-... - 70 - tx36b52b0d02d04d5eb128c-006923559f - 0.0231 - - 1763923359.929069996 1763923359.952170849 0
Nov 23 13:42:39 np0005532741.novalocal container-server[96310]: ::1 - - [23/Nov/2025:18:42:39 +0000] "HEAD /3/80075/AUTH_9cc260e0c9e84206955019da66ffcbec/gnocchi.4c1c8c17-6e3f-4924-9056-ee8f1ea2ec28" 404 - "HEAD http://[::1]:8080/v1/AUTH_9cc260e0c9e84206955019da66ffcbec/gnocchi.4c1c8c17-6e3f-4924-9056-ee8f1ea2ec28?format=json&states=listing" "tx0aaa6dfd1b104dbeb9eb6-006923559f" "proxy-server 92676" 0.0002 "-" 96310 0
Nov 23 13:42:39 np0005532741.novalocal container-server[96310]: ::1 - - [23/Nov/2025:18:42:39 +0000] "HEAD /1/80075/AUTH_9cc260e0c9e84206955019da66ffcbec/gnocchi.4c1c8c17-6e3f-4924-9056-ee8f1ea2ec28" 404 - "HEAD http://[::1]:8080/v1/AUTH_9cc260e0c9e84206955019da66ffcbec/gnocchi.4c1c8c17-6e3f-4924-9056-ee8f1ea2ec28?format=json&states=listing" "tx0aaa6dfd1b104dbeb9eb6-006923559f" "proxy-server 92676" 0.0002 "-" 96310 0
Nov 23 13:42:39 np0005532741.novalocal account-server[96017]: ::1 - - [23/Nov/2025:18:42:39 +0000] "PUT /1/21056/AUTH_9cc260e0c9e84206955019da66ffcbec/gnocchi.29efc32f-60a5-49e8-b51b-460ac8e3ae19" 201 - "PUT http://[::1]:6001/1/156702/AUTH_9cc260e0c9e84206955019da66ffcbec/gnocchi.29efc32f-60a5-49e8-b51b-460ac8e3ae19" "tx470d6a7af0914a38876d2-006923559f" "container-server 96310" 0.0035 "-" 96017 0
Nov 23 13:42:39 np0005532741.novalocal container-server[96310]: ::1 - - [23/Nov/2025:18:42:39 +0000] "PUT /1/156702/AUTH_9cc260e0c9e84206955019da66ffcbec/gnocchi.29efc32f-60a5-49e8-b51b-460ac8e3ae19" 201 - "PUT http://[::1]:8080/v1/AUTH_9cc260e0c9e84206955019da66ffcbec/gnocchi.29efc32f-60a5-49e8-b51b-460ac8e3ae19" "tx470d6a7af0914a38876d2-006923559f" "proxy-server 92677" 0.0139 "-" 96310 0
Nov 23 13:42:39 np0005532741.novalocal container-server[96309]: ::1 - - [23/Nov/2025:18:42:39 +0000] "HEAD /2/80075/AUTH_9cc260e0c9e84206955019da66ffcbec/gnocchi.4c1c8c17-6e3f-4924-9056-ee8f1ea2ec28" 404 - "HEAD http://[::1]:8080/v1/AUTH_9cc260e0c9e84206955019da66ffcbec/gnocchi.4c1c8c17-6e3f-4924-9056-ee8f1ea2ec28?format=json&states=listing" "tx0aaa6dfd1b104dbeb9eb6-006923559f" "proxy-server 92676" 0.0003 "-" 96309 0
Nov 23 13:42:39 np0005532741.novalocal account-server[96018]: ::1 - - [23/Nov/2025:18:42:39 +0000] "PUT /3/21056/AUTH_9cc260e0c9e84206955019da66ffcbec/gnocchi.29efc32f-60a5-49e8-b51b-460ac8e3ae19" 201 - "PUT http://[::1]:6001/3/156702/AUTH_9cc260e0c9e84206955019da66ffcbec/gnocchi.29efc32f-60a5-49e8-b51b-460ac8e3ae19" "tx470d6a7af0914a38876d2-006923559f" "container-server 96309" 0.0045 "-" 96018 0
Nov 23 13:42:39 np0005532741.novalocal container-server[96309]: ::1 - - [23/Nov/2025:18:42:39 +0000] "PUT /3/156702/AUTH_9cc260e0c9e84206955019da66ffcbec/gnocchi.29efc32f-60a5-49e8-b51b-460ac8e3ae19" 201 - "PUT http://[::1]:8080/v1/AUTH_9cc260e0c9e84206955019da66ffcbec/gnocchi.29efc32f-60a5-49e8-b51b-460ac8e3ae19" "tx470d6a7af0914a38876d2-006923559f" "proxy-server 92677" 0.0167 "-" 96309 0
Nov 23 13:42:39 np0005532741.novalocal account-server[96016]: ::1 - - [23/Nov/2025:18:42:39 +0000] "PUT /2/21056/AUTH_9cc260e0c9e84206955019da66ffcbec/gnocchi.29efc32f-60a5-49e8-b51b-460ac8e3ae19" 201 - "PUT http://[::1]:6001/2/156702/AUTH_9cc260e0c9e84206955019da66ffcbec/gnocchi.29efc32f-60a5-49e8-b51b-460ac8e3ae19" "tx470d6a7af0914a38876d2-006923559f" "container-server 96308" 0.0040 "-" 96016 0
Nov 23 13:42:39 np0005532741.novalocal container-server[96308]: ::1 - - [23/Nov/2025:18:42:39 +0000] "PUT /2/156702/AUTH_9cc260e0c9e84206955019da66ffcbec/gnocchi.29efc32f-60a5-49e8-b51b-460ac8e3ae19" 201 - "PUT http://[::1]:8080/v1/AUTH_9cc260e0c9e84206955019da66ffcbec/gnocchi.29efc32f-60a5-49e8-b51b-460ac8e3ae19" "tx470d6a7af0914a38876d2-006923559f" "proxy-server 92677" 0.0165 "-" 96308 0
Nov 23 13:42:39 np0005532741.novalocal proxy-server[92677]: ::1 ::1 23/Nov/2025/18/42/39 PUT /v1/AUTH_9cc260e0c9e84206955019da66ffcbec/gnocchi.29efc32f-60a5-49e8-b51b-460ac8e3ae19 HTTP/1.0 201 - python-swiftclient-4.2.0 gAAAAABpI1V6uZq-... - - - tx470d6a7af0914a38876d2-006923559f - 0.0230 - - 1763923359.954199553 1763923359.977164507 0
Nov 23 13:42:39 np0005532741.novalocal object-server[96606]: ::1 - - [23/Nov/2025:18:42:39 +0000] "GET /3/208782/AUTH_9cc260e0c9e84206955019da66ffcbec/gnocchi.4c1c8c17-6e3f-4924-9056-ee8f1ea2ec28/none_v3" 404 70 "GET http://[::1]:8080/v1/AUTH_9cc260e0c9e84206955019da66ffcbec/gnocchi.4c1c8c17-6e3f-4924-9056-ee8f1ea2ec28/none_v3" "tx0aaa6dfd1b104dbeb9eb6-006923559f" "proxy-server 92676" 0.0003 "-" 96606 0
Nov 23 13:42:39 np0005532741.novalocal object-server[96605]: ::1 - - [23/Nov/2025:18:42:39 +0000] "GET /2/208782/AUTH_9cc260e0c9e84206955019da66ffcbec/gnocchi.4c1c8c17-6e3f-4924-9056-ee8f1ea2ec28/none_v3" 404 70 "GET http://[::1]:8080/v1/AUTH_9cc260e0c9e84206955019da66ffcbec/gnocchi.4c1c8c17-6e3f-4924-9056-ee8f1ea2ec28/none_v3" "tx0aaa6dfd1b104dbeb9eb6-006923559f" "proxy-server 92676" 0.0003 "-" 96605 0
Nov 23 13:42:39 np0005532741.novalocal object-server[96605]: ::1 - - [23/Nov/2025:18:42:39 +0000] "GET /1/208782/AUTH_9cc260e0c9e84206955019da66ffcbec/gnocchi.4c1c8c17-6e3f-4924-9056-ee8f1ea2ec28/none_v3" 404 70 "GET http://[::1]:8080/v1/AUTH_9cc260e0c9e84206955019da66ffcbec/gnocchi.4c1c8c17-6e3f-4924-9056-ee8f1ea2ec28/none_v3" "tx0aaa6dfd1b104dbeb9eb6-006923559f" "proxy-server 92676" 0.0001 "-" 96605 0
Nov 23 13:42:39 np0005532741.novalocal container-server[96308]: ::1 - - [23/Nov/2025:18:42:39 +0000] "HEAD /3/192806/AUTH_9cc260e0c9e84206955019da66ffcbec/gnocchi.0477d8ff-fdc0-4b0e-9f39-53ba6bd04519" 204 - "HEAD http://[::1]:8080/v1/AUTH_9cc260e0c9e84206955019da66ffcbec/gnocchi.0477d8ff-fdc0-4b0e-9f39-53ba6bd04519?format=json&states=listing" "txdf97d829384749e9a4f24-006923559f" "proxy-server 92677" 0.0010 "-" 96308 0
Nov 23 13:42:39 np0005532741.novalocal proxy-server[92676]: ::1 ::1 23/Nov/2025/18/42/39 GET /v1/AUTH_9cc260e0c9e84206955019da66ffcbec/gnocchi.4c1c8c17-6e3f-4924-9056-ee8f1ea2ec28/none_v3 HTTP/1.0 404 - python-swiftclient-4.2.0 gAAAAABpI1V6j5L9... - 70 - tx0aaa6dfd1b104dbeb9eb6-006923559f - 0.0256 - - 1763923359.957702398 1763923359.983268261 0
Nov 23 13:42:39 np0005532741.novalocal container-server[96311]: ::1 - - [23/Nov/2025:18:42:39 +0000] "GET /1/192806/AUTH_9cc260e0c9e84206955019da66ffcbec/gnocchi.0477d8ff-fdc0-4b0e-9f39-53ba6bd04519" 200 2 "GET http://[::1]:8080/v1/AUTH_9cc260e0c9e84206955019da66ffcbec/gnocchi.0477d8ff-fdc0-4b0e-9f39-53ba6bd04519?format=json&states=listing" "txdf97d829384749e9a4f24-006923559f" "proxy-server 92677" 0.0017 "-" 96311 0
Nov 23 13:42:39 np0005532741.novalocal proxy-server[92677]: ::1 ::1 23/Nov/2025/18/42/39 GET /v1/AUTH_9cc260e0c9e84206955019da66ffcbec/gnocchi.0477d8ff-fdc0-4b0e-9f39-53ba6bd04519%3Fformat%3Djson%26states%3Dlisting HTTP/1.0 200 - python-swiftclient-4.2.0 gAAAAABpI1V6uZq-... - 2 - txdf97d829384749e9a4f24-006923559f - 0.0128 - - 1763923359.980187178 1763923359.993003845 0
Nov 23 13:42:40 np0005532741.novalocal account-server[96019]: ::1 - - [23/Nov/2025:18:42:40 +0000] "PUT /1/21056/AUTH_9cc260e0c9e84206955019da66ffcbec/gnocchi.4c1c8c17-6e3f-4924-9056-ee8f1ea2ec28" 201 - "PUT http://[::1]:6001/3/80075/AUTH_9cc260e0c9e84206955019da66ffcbec/gnocchi.4c1c8c17-6e3f-4924-9056-ee8f1ea2ec28" "tx45ef2bf487844db0a0c46-006923559f" "container-server 96308" 0.0049 "-" 96019 0
Nov 23 13:42:40 np0005532741.novalocal container-server[96308]: ::1 - - [23/Nov/2025:18:42:40 +0000] "PUT /3/80075/AUTH_9cc260e0c9e84206955019da66ffcbec/gnocchi.4c1c8c17-6e3f-4924-9056-ee8f1ea2ec28" 201 - "PUT http://[::1]:8080/v1/AUTH_9cc260e0c9e84206955019da66ffcbec/gnocchi.4c1c8c17-6e3f-4924-9056-ee8f1ea2ec28" "tx45ef2bf487844db0a0c46-006923559f" "proxy-server 92676" 0.0137 "-" 96308 0
Nov 23 13:42:40 np0005532741.novalocal account-server[96019]: ::1 - - [23/Nov/2025:18:42:40 +0000] "PUT /3/21056/AUTH_9cc260e0c9e84206955019da66ffcbec/gnocchi.4c1c8c17-6e3f-4924-9056-ee8f1ea2ec28" 201 - "PUT http://[::1]:6001/2/80075/AUTH_9cc260e0c9e84206955019da66ffcbec/gnocchi.4c1c8c17-6e3f-4924-9056-ee8f1ea2ec28" "tx45ef2bf487844db0a0c46-006923559f" "container-server 96310" 0.0041 "-" 96019 0
Nov 23 13:42:40 np0005532741.novalocal container-server[96310]: ::1 - - [23/Nov/2025:18:42:40 +0000] "PUT /2/80075/AUTH_9cc260e0c9e84206955019da66ffcbec/gnocchi.4c1c8c17-6e3f-4924-9056-ee8f1ea2ec28" 201 - "PUT http://[::1]:8080/v1/AUTH_9cc260e0c9e84206955019da66ffcbec/gnocchi.4c1c8c17-6e3f-4924-9056-ee8f1ea2ec28" "tx45ef2bf487844db0a0c46-006923559f" "proxy-server 92676" 0.0194 "-" 96310 0
Nov 23 13:42:40 np0005532741.novalocal container-server[96311]: ::1 - - [23/Nov/2025:18:42:40 +0000] "HEAD /3/156702/AUTH_9cc260e0c9e84206955019da66ffcbec/gnocchi.29efc32f-60a5-49e8-b51b-460ac8e3ae19" 204 - "HEAD http://[::1]:8080/v1/AUTH_9cc260e0c9e84206955019da66ffcbec/gnocchi.29efc32f-60a5-49e8-b51b-460ac8e3ae19?format=json&states=listing" "txa61778649deb460c8d418-00692355a0" "proxy-server 92677" 0.0010 "-" 96311 0
Nov 23 13:42:40 np0005532741.novalocal container-server[96308]: ::1 - - [23/Nov/2025:18:42:40 +0000] "GET /2/156702/AUTH_9cc260e0c9e84206955019da66ffcbec/gnocchi.29efc32f-60a5-49e8-b51b-460ac8e3ae19" 200 2 "GET http://[::1]:8080/v1/AUTH_9cc260e0c9e84206955019da66ffcbec/gnocchi.29efc32f-60a5-49e8-b51b-460ac8e3ae19?format=json&states=listing" "txa61778649deb460c8d418-00692355a0" "proxy-server 92677" 0.0017 "-" 96308 0
Nov 23 13:42:40 np0005532741.novalocal proxy-server[92677]: ::1 ::1 23/Nov/2025/18/42/40 GET /v1/AUTH_9cc260e0c9e84206955019da66ffcbec/gnocchi.29efc32f-60a5-49e8-b51b-460ac8e3ae19%3Fformat%3Djson%26states%3Dlisting HTTP/1.0 200 - python-swiftclient-4.2.0 gAAAAABpI1V6uZq-... - 2 - txa61778649deb460c8d418-00692355a0 - 0.0226 - - 1763923360.000207663 1763923360.022843361 0
Nov 23 13:42:40 np0005532741.novalocal account-server[96019]: ::1 - - [23/Nov/2025:18:42:40 +0000] "PUT /2/21056/AUTH_9cc260e0c9e84206955019da66ffcbec/gnocchi.4c1c8c17-6e3f-4924-9056-ee8f1ea2ec28" 201 - "PUT http://[::1]:6001/1/80075/AUTH_9cc260e0c9e84206955019da66ffcbec/gnocchi.4c1c8c17-6e3f-4924-9056-ee8f1ea2ec28" "tx45ef2bf487844db0a0c46-006923559f" "container-server 96310" 0.0205 "-" 96019 0
Nov 23 13:42:40 np0005532741.novalocal container-server[96310]: ::1 - - [23/Nov/2025:18:42:40 +0000] "PUT /1/80075/AUTH_9cc260e0c9e84206955019da66ffcbec/gnocchi.4c1c8c17-6e3f-4924-9056-ee8f1ea2ec28" 201 - "PUT http://[::1]:8080/v1/AUTH_9cc260e0c9e84206955019da66ffcbec/gnocchi.4c1c8c17-6e3f-4924-9056-ee8f1ea2ec28" "tx45ef2bf487844db0a0c46-006923559f" "proxy-server 92676" 0.0355 "-" 96310 0
Nov 23 13:42:40 np0005532741.novalocal proxy-server[92676]: ::1 ::1 23/Nov/2025/18/42/40 PUT /v1/AUTH_9cc260e0c9e84206955019da66ffcbec/gnocchi.4c1c8c17-6e3f-4924-9056-ee8f1ea2ec28 HTTP/1.0 201 - python-swiftclient-4.2.0 gAAAAABpI1V6j5L9... - - - tx45ef2bf487844db0a0c46-006923559f - 0.0466 - - 1763923359.985571861 1763923360.032132387 0
Nov 23 13:42:40 np0005532741.novalocal sudo[104016]: pam_unix(sudo:session): session closed for user root
Nov 23 13:42:40 np0005532741.novalocal systemd[1]: session-c144.scope: Deactivated successfully.
Nov 23 13:42:40 np0005532741.novalocal object-server[96606]: ::1 - - [23/Nov/2025:18:42:40 +0000] "GET /2/226014/AUTH_9cc260e0c9e84206955019da66ffcbec/gnocchi.0477d8ff-fdc0-4b0e-9f39-53ba6bd04519/1763640000.0_mean_300.0_v3" 404 70 "GET http://[::1]:8080/v1/AUTH_9cc260e0c9e84206955019da66ffcbec/gnocchi.0477d8ff-fdc0-4b0e-9f39-53ba6bd04519/1763640000.0_mean_300.0_v3" "txe8814172b8a54446a1b45-00692355a0" "proxy-server 92677" 0.0005 "-" 96606 0
Nov 23 13:42:40 np0005532741.novalocal object-server[96607]: ::1 - - [23/Nov/2025:18:42:40 +0000] "GET /3/226014/AUTH_9cc260e0c9e84206955019da66ffcbec/gnocchi.0477d8ff-fdc0-4b0e-9f39-53ba6bd04519/1763640000.0_mean_300.0_v3" 404 70 "GET http://[::1]:8080/v1/AUTH_9cc260e0c9e84206955019da66ffcbec/gnocchi.0477d8ff-fdc0-4b0e-9f39-53ba6bd04519/1763640000.0_mean_300.0_v3" "txe8814172b8a54446a1b45-00692355a0" "proxy-server 92677" 0.0003 "-" 96607 0
Nov 23 13:42:40 np0005532741.novalocal object-server[96605]: ::1 - - [23/Nov/2025:18:42:40 +0000] "GET /1/226014/AUTH_9cc260e0c9e84206955019da66ffcbec/gnocchi.0477d8ff-fdc0-4b0e-9f39-53ba6bd04519/1763640000.0_mean_300.0_v3" 404 70 "GET http://[::1]:8080/v1/AUTH_9cc260e0c9e84206955019da66ffcbec/gnocchi.0477d8ff-fdc0-4b0e-9f39-53ba6bd04519/1763640000.0_mean_300.0_v3" "txe8814172b8a54446a1b45-00692355a0" "proxy-server 92677" 0.0003 "-" 96605 0
Nov 23 13:42:40 np0005532741.novalocal proxy-server[92677]: ::1 ::1 23/Nov/2025/18/42/40 GET /v1/AUTH_9cc260e0c9e84206955019da66ffcbec/gnocchi.0477d8ff-fdc0-4b0e-9f39-53ba6bd04519/1763640000.0_mean_300.0_v3 HTTP/1.0 404 - python-swiftclient-4.2.0 gAAAAABpI1V6uZq-... - 70 - txe8814172b8a54446a1b45-00692355a0 - 0.0132 - - 1763923360.028033257 1763923360.041189909 0
Nov 23 13:42:40 np0005532741.novalocal container-server[96310]: ::1 - - [23/Nov/2025:18:42:40 +0000] "HEAD /1/80075/AUTH_9cc260e0c9e84206955019da66ffcbec/gnocchi.4c1c8c17-6e3f-4924-9056-ee8f1ea2ec28" 204 - "HEAD http://[::1]:8080/v1/AUTH_9cc260e0c9e84206955019da66ffcbec/gnocchi.4c1c8c17-6e3f-4924-9056-ee8f1ea2ec28?format=json&states=listing" "tx1385b109f5814ec8a9497-00692355a0" "proxy-server 92676" 0.0046 "-" 96310 0
Nov 23 13:42:40 np0005532741.novalocal object-server[96606]: ::1 - - [23/Nov/2025:18:42:40 +0000] "GET /1/259436/AUTH_9cc260e0c9e84206955019da66ffcbec/gnocchi.29efc32f-60a5-49e8-b51b-460ac8e3ae19/1763640000.0_mean_300.0_v3" 404 70 "GET http://[::1]:8080/v1/AUTH_9cc260e0c9e84206955019da66ffcbec/gnocchi.29efc32f-60a5-49e8-b51b-460ac8e3ae19/1763640000.0_mean_300.0_v3" "tx58494b68c4ed41c992c9f-00692355a0" "proxy-server 92677" 0.0004 "-" 96606 0
Nov 23 13:42:40 np0005532741.novalocal object-server[96605]: ::1 - - [23/Nov/2025:18:42:40 +0000] "GET /2/259436/AUTH_9cc260e0c9e84206955019da66ffcbec/gnocchi.29efc32f-60a5-49e8-b51b-460ac8e3ae19/1763640000.0_mean_300.0_v3" 404 70 "GET http://[::1]:8080/v1/AUTH_9cc260e0c9e84206955019da66ffcbec/gnocchi.29efc32f-60a5-49e8-b51b-460ac8e3ae19/1763640000.0_mean_300.0_v3" "tx58494b68c4ed41c992c9f-00692355a0" "proxy-server 92677" 0.0002 "-" 96605 0
Nov 23 13:42:40 np0005532741.novalocal object-server[96607]: ::1 - - [23/Nov/2025:18:42:40 +0000] "GET /3/259436/AUTH_9cc260e0c9e84206955019da66ffcbec/gnocchi.29efc32f-60a5-49e8-b51b-460ac8e3ae19/1763640000.0_mean_300.0_v3" 404 70 "GET http://[::1]:8080/v1/AUTH_9cc260e0c9e84206955019da66ffcbec/gnocchi.29efc32f-60a5-49e8-b51b-460ac8e3ae19/1763640000.0_mean_300.0_v3" "tx58494b68c4ed41c992c9f-00692355a0" "proxy-server 92677" 0.0003 "-" 96607 0
Nov 23 13:42:40 np0005532741.novalocal proxy-server[92677]: ::1 ::1 23/Nov/2025/18/42/40 GET /v1/AUTH_9cc260e0c9e84206955019da66ffcbec/gnocchi.29efc32f-60a5-49e8-b51b-460ac8e3ae19/1763640000.0_mean_300.0_v3 HTTP/1.0 404 - python-swiftclient-4.2.0 gAAAAABpI1V6uZq-... - 70 - tx58494b68c4ed41c992c9f-00692355a0 - 0.0108 - - 1763923360.043904781 1763923360.054685593 0
Nov 23 13:42:40 np0005532741.novalocal container-server[96310]: ::1 - - [23/Nov/2025:18:42:40 +0000] "GET /1/80075/AUTH_9cc260e0c9e84206955019da66ffcbec/gnocchi.4c1c8c17-6e3f-4924-9056-ee8f1ea2ec28" 200 2 "GET http://[::1]:8080/v1/AUTH_9cc260e0c9e84206955019da66ffcbec/gnocchi.4c1c8c17-6e3f-4924-9056-ee8f1ea2ec28?format=json&states=listing" "tx1385b109f5814ec8a9497-00692355a0" "proxy-server 92676" 0.0062 "-" 96310 0
Nov 23 13:42:40 np0005532741.novalocal proxy-server[92676]: ::1 ::1 23/Nov/2025/18/42/40 GET /v1/AUTH_9cc260e0c9e84206955019da66ffcbec/gnocchi.4c1c8c17-6e3f-4924-9056-ee8f1ea2ec28%3Fformat%3Djson%26states%3Dlisting HTTP/1.0 200 - python-swiftclient-4.2.0 gAAAAABpI1V6j5L9... - 2 - tx1385b109f5814ec8a9497-00692355a0 - 0.0269 - - 1763923360.037729025 1763923360.064579248 0
Nov 23 13:42:40 np0005532741.novalocal sudo[104020]: cinder : PWD=/ ; USER=root ; COMMAND=/usr/bin/cinder-rootwrap /etc/cinder/rootwrap.conf env LC_ALL=C lvs --noheadings --unit=g -o size,data_percent --separator : --nosuffix /dev/cinder-volumes/cinder-volumes-pool
Nov 23 13:42:40 np0005532741.novalocal container-server[96309]: ::1 - - [23/Nov/2025:18:42:40 +0000] "PUT /2/192806/AUTH_9cc260e0c9e84206955019da66ffcbec/gnocchi.0477d8ff-fdc0-4b0e-9f39-53ba6bd04519/1763640000.0_mean_300.0_v3" 201 - "PUT http://[::1]:8080/2/226014/AUTH_9cc260e0c9e84206955019da66ffcbec/gnocchi.0477d8ff-fdc0-4b0e-9f39-53ba6bd04519/1763640000.0_mean_300.0_v3" "txc6d44fb3315f44148f0a9-00692355a0" "object-server 96609" 0.0009 "-" 96309 0
Nov 23 13:42:40 np0005532741.novalocal container-server[96311]: ::1 - - [23/Nov/2025:18:42:40 +0000] "PUT /3/192806/AUTH_9cc260e0c9e84206955019da66ffcbec/gnocchi.0477d8ff-fdc0-4b0e-9f39-53ba6bd04519/1763640000.0_mean_300.0_v3" 201 - "PUT http://[::1]:8080/3/226014/AUTH_9cc260e0c9e84206955019da66ffcbec/gnocchi.0477d8ff-fdc0-4b0e-9f39-53ba6bd04519/1763640000.0_mean_300.0_v3" "txc6d44fb3315f44148f0a9-00692355a0" "object-server 96607" 0.0009 "-" 96311 0
Nov 23 13:42:40 np0005532741.novalocal object-server[96609]: ::1 - - [23/Nov/2025:18:42:40 +0000] "GET /1/3095/AUTH_9cc260e0c9e84206955019da66ffcbec/gnocchi.4c1c8c17-6e3f-4924-9056-ee8f1ea2ec28/1763640000.0_mean_300.0_v3" 404 70 "GET http://[::1]:8080/v1/AUTH_9cc260e0c9e84206955019da66ffcbec/gnocchi.4c1c8c17-6e3f-4924-9056-ee8f1ea2ec28/1763640000.0_mean_300.0_v3" "txff3e853412b646b9a008e-00692355a0" "proxy-server 92676" 0.0003 "-" 96609 0
Nov 23 13:42:40 np0005532741.novalocal container-server[96308]: ::1 - - [23/Nov/2025:18:42:40 +0000] "PUT /1/192806/AUTH_9cc260e0c9e84206955019da66ffcbec/gnocchi.0477d8ff-fdc0-4b0e-9f39-53ba6bd04519/1763640000.0_mean_300.0_v3" 201 - "PUT http://[::1]:8080/1/226014/AUTH_9cc260e0c9e84206955019da66ffcbec/gnocchi.0477d8ff-fdc0-4b0e-9f39-53ba6bd04519/1763640000.0_mean_300.0_v3" "txc6d44fb3315f44148f0a9-00692355a0" "object-server 96607" 0.0027 "-" 96308 0
Nov 23 13:42:40 np0005532741.novalocal object-server[96607]: ::1 - - [23/Nov/2025:18:42:40 +0000] "PUT /3/226014/AUTH_9cc260e0c9e84206955019da66ffcbec/gnocchi.0477d8ff-fdc0-4b0e-9f39-53ba6bd04519/1763640000.0_mean_300.0_v3" 201 - "PUT http://[::1]:8080/v1/AUTH_9cc260e0c9e84206955019da66ffcbec/gnocchi.0477d8ff-fdc0-4b0e-9f39-53ba6bd04519/1763640000.0_mean_300.0_v3" "txc6d44fb3315f44148f0a9-00692355a0" "proxy-server 92677" 0.0103 "-" 96607 0
Nov 23 13:42:40 np0005532741.novalocal object-server[96609]: ::1 - - [23/Nov/2025:18:42:40 +0000] "PUT /2/226014/AUTH_9cc260e0c9e84206955019da66ffcbec/gnocchi.0477d8ff-fdc0-4b0e-9f39-53ba6bd04519/1763640000.0_mean_300.0_v3" 201 - "PUT http://[::1]:8080/v1/AUTH_9cc260e0c9e84206955019da66ffcbec/gnocchi.0477d8ff-fdc0-4b0e-9f39-53ba6bd04519/1763640000.0_mean_300.0_v3" "txc6d44fb3315f44148f0a9-00692355a0" "proxy-server 92677" 0.0117 "-" 96609 0
Nov 23 13:42:40 np0005532741.novalocal object-server[96607]: ::1 - - [23/Nov/2025:18:42:40 +0000] "PUT /1/226014/AUTH_9cc260e0c9e84206955019da66ffcbec/gnocchi.0477d8ff-fdc0-4b0e-9f39-53ba6bd04519/1763640000.0_mean_300.0_v3" 201 - "PUT http://[::1]:8080/v1/AUTH_9cc260e0c9e84206955019da66ffcbec/gnocchi.0477d8ff-fdc0-4b0e-9f39-53ba6bd04519/1763640000.0_mean_300.0_v3" "txc6d44fb3315f44148f0a9-00692355a0" "proxy-server 92677" 0.0125 "-" 96607 0
Nov 23 13:42:40 np0005532741.novalocal object-server[96607]: ::1 - - [23/Nov/2025:18:42:40 +0000] "GET /2/3095/AUTH_9cc260e0c9e84206955019da66ffcbec/gnocchi.4c1c8c17-6e3f-4924-9056-ee8f1ea2ec28/1763640000.0_mean_300.0_v3" 404 70 "GET http://[::1]:8080/v1/AUTH_9cc260e0c9e84206955019da66ffcbec/gnocchi.4c1c8c17-6e3f-4924-9056-ee8f1ea2ec28/1763640000.0_mean_300.0_v3" "txff3e853412b646b9a008e-00692355a0" "proxy-server 92676" 0.0004 "-" 96607 0
Nov 23 13:42:40 np0005532741.novalocal proxy-server[92677]: ::1 ::1 23/Nov/2025/18/42/40 PUT /v1/AUTH_9cc260e0c9e84206955019da66ffcbec/gnocchi.0477d8ff-fdc0-4b0e-9f39-53ba6bd04519/1763640000.0_mean_300.0_v3 HTTP/1.0 201 - python-swiftclient-4.2.0 gAAAAABpI1V6uZq-... 16 - - txc6d44fb3315f44148f0a9-00692355a0 - 0.0210 - - 1763923360.058013201 1763923360.079051495 0
Nov 23 13:42:40 np0005532741.novalocal object-server[96609]: ::1 - - [23/Nov/2025:18:42:40 +0000] "GET /3/3095/AUTH_9cc260e0c9e84206955019da66ffcbec/gnocchi.4c1c8c17-6e3f-4924-9056-ee8f1ea2ec28/1763640000.0_mean_300.0_v3" 404 70 "GET http://[::1]:8080/v1/AUTH_9cc260e0c9e84206955019da66ffcbec/gnocchi.4c1c8c17-6e3f-4924-9056-ee8f1ea2ec28/1763640000.0_mean_300.0_v3" "txff3e853412b646b9a008e-00692355a0" "proxy-server 92676" 0.0003 "-" 96609 0
Nov 23 13:42:40 np0005532741.novalocal proxy-server[92676]: ::1 ::1 23/Nov/2025/18/42/40 GET /v1/AUTH_9cc260e0c9e84206955019da66ffcbec/gnocchi.4c1c8c17-6e3f-4924-9056-ee8f1ea2ec28/1763640000.0_mean_300.0_v3 HTTP/1.0 404 - python-swiftclient-4.2.0 gAAAAABpI1V6j5L9... - 70 - txff3e853412b646b9a008e-00692355a0 - 0.0163 - - 1763923360.068480492 1763923360.084788084 0
Nov 23 13:42:40 np0005532741.novalocal systemd[1]: Started Session c145 of User root.
Nov 23 13:42:40 np0005532741.novalocal sudo[104020]: pam_unix(sudo:session): session opened for user root(uid=0) by (uid=165)
Nov 23 13:42:40 np0005532741.novalocal container-server[96309]: ::1 - - [23/Nov/2025:18:42:40 +0000] "PUT /2/80075/AUTH_9cc260e0c9e84206955019da66ffcbec/gnocchi.4c1c8c17-6e3f-4924-9056-ee8f1ea2ec28/1763640000.0_mean_300.0_v3" 201 - "PUT http://[::1]:8080/2/3095/AUTH_9cc260e0c9e84206955019da66ffcbec/gnocchi.4c1c8c17-6e3f-4924-9056-ee8f1ea2ec28/1763640000.0_mean_300.0_v3" "txf59f3ead70f040b7a017b-00692355a0" "object-server 96606" 0.0009 "-" 96309 0
Nov 23 13:42:40 np0005532741.novalocal container-server[96311]: ::1 - - [23/Nov/2025:18:42:40 +0000] "PUT /1/80075/AUTH_9cc260e0c9e84206955019da66ffcbec/gnocchi.4c1c8c17-6e3f-4924-9056-ee8f1ea2ec28/1763640000.0_mean_300.0_v3" 201 - "PUT http://[::1]:8080/1/3095/AUTH_9cc260e0c9e84206955019da66ffcbec/gnocchi.4c1c8c17-6e3f-4924-9056-ee8f1ea2ec28/1763640000.0_mean_300.0_v3" "txf59f3ead70f040b7a017b-00692355a0" "object-server 96609" 0.0006 "-" 96311 0
Nov 23 13:42:40 np0005532741.novalocal object-server[96606]: ::1 - - [23/Nov/2025:18:42:40 +0000] "PUT /2/3095/AUTH_9cc260e0c9e84206955019da66ffcbec/gnocchi.4c1c8c17-6e3f-4924-9056-ee8f1ea2ec28/1763640000.0_mean_300.0_v3" 201 - "PUT http://[::1]:8080/v1/AUTH_9cc260e0c9e84206955019da66ffcbec/gnocchi.4c1c8c17-6e3f-4924-9056-ee8f1ea2ec28/1763640000.0_mean_300.0_v3" "txf59f3ead70f040b7a017b-00692355a0" "proxy-server 92676" 0.0196 "-" 96606 0
Nov 23 13:42:40 np0005532741.novalocal container-server[96310]: ::1 - - [23/Nov/2025:18:42:40 +0000] "PUT /2/156702/AUTH_9cc260e0c9e84206955019da66ffcbec/gnocchi.29efc32f-60a5-49e8-b51b-460ac8e3ae19/1763640000.0_mean_300.0_v3" 201 - "PUT http://[::1]:8080/1/259436/AUTH_9cc260e0c9e84206955019da66ffcbec/gnocchi.29efc32f-60a5-49e8-b51b-460ac8e3ae19/1763640000.0_mean_300.0_v3" "txcc07aa192d88455aa83e6-00692355a0" "object-server 96606" 0.0011 "-" 96310 0
Nov 23 13:42:40 np0005532741.novalocal object-server[96606]: ::1 - - [23/Nov/2025:18:42:40 +0000] "PUT /1/259436/AUTH_9cc260e0c9e84206955019da66ffcbec/gnocchi.29efc32f-60a5-49e8-b51b-460ac8e3ae19/1763640000.0_mean_300.0_v3" 201 - "PUT http://[::1]:8080/v1/AUTH_9cc260e0c9e84206955019da66ffcbec/gnocchi.29efc32f-60a5-49e8-b51b-460ac8e3ae19/1763640000.0_mean_300.0_v3" "txcc07aa192d88455aa83e6-00692355a0" "proxy-server 92677" 0.0189 "-" 96606 0
Nov 23 13:42:40 np0005532741.novalocal object-server[96609]: ::1 - - [23/Nov/2025:18:42:40 +0000] "PUT /1/3095/AUTH_9cc260e0c9e84206955019da66ffcbec/gnocchi.4c1c8c17-6e3f-4924-9056-ee8f1ea2ec28/1763640000.0_mean_300.0_v3" 201 - "PUT http://[::1]:8080/v1/AUTH_9cc260e0c9e84206955019da66ffcbec/gnocchi.4c1c8c17-6e3f-4924-9056-ee8f1ea2ec28/1763640000.0_mean_300.0_v3" "txf59f3ead70f040b7a017b-00692355a0" "proxy-server 92676" 0.0209 "-" 96609 0
Nov 23 13:42:40 np0005532741.novalocal container-server[96310]: ::1 - - [23/Nov/2025:18:42:40 +0000] "PUT /1/156702/AUTH_9cc260e0c9e84206955019da66ffcbec/gnocchi.29efc32f-60a5-49e8-b51b-460ac8e3ae19/1763640000.0_mean_300.0_v3" 201 - "PUT http://[::1]:8080/3/259436/AUTH_9cc260e0c9e84206955019da66ffcbec/gnocchi.29efc32f-60a5-49e8-b51b-460ac8e3ae19/1763640000.0_mean_300.0_v3" "txcc07aa192d88455aa83e6-00692355a0" "object-server 96609" 0.0007 "-" 96310 0
Nov 23 13:42:40 np0005532741.novalocal container-server[96311]: ::1 - - [23/Nov/2025:18:42:40 +0000] "PUT /3/80075/AUTH_9cc260e0c9e84206955019da66ffcbec/gnocchi.4c1c8c17-6e3f-4924-9056-ee8f1ea2ec28/1763640000.0_mean_300.0_v3" 201 - "PUT http://[::1]:8080/3/3095/AUTH_9cc260e0c9e84206955019da66ffcbec/gnocchi.4c1c8c17-6e3f-4924-9056-ee8f1ea2ec28/1763640000.0_mean_300.0_v3" "txf59f3ead70f040b7a017b-00692355a0" "object-server 96605" 0.0004 "-" 96311 0
Nov 23 13:42:40 np0005532741.novalocal container-server[96309]: ::1 - - [23/Nov/2025:18:42:40 +0000] "PUT /3/156702/AUTH_9cc260e0c9e84206955019da66ffcbec/gnocchi.29efc32f-60a5-49e8-b51b-460ac8e3ae19/1763640000.0_mean_300.0_v3" 201 - "PUT http://[::1]:8080/2/259436/AUTH_9cc260e0c9e84206955019da66ffcbec/gnocchi.29efc32f-60a5-49e8-b51b-460ac8e3ae19/1763640000.0_mean_300.0_v3" "txcc07aa192d88455aa83e6-00692355a0" "object-server 96605" 0.0008 "-" 96309 0
