Nov 23 13:42:20 np0005532741.novalocal proxy-server[92677]: ::1 ::1 23/Nov/2025/18/42/20 GET /v1/AUTH_9cc260e0c9e84206955019da66ffcbec/gnocchi.425b4f14-f6c3-46c6-9402-c6ee8a9998ab/none_v3 HTTP/1.0 404 - python-swiftclient-4.2.0 gAAAAABpI1V6uZq-... - 70 - tx3db2e931920f4d51b53d5-006923558b - 0.0343 - - 1763923339.985632181 1763923340.019980907 0
Nov 23 13:42:20 np0005532741.novalocal proxy-server[92676]: ::1 ::1 23/Nov/2025/18/42/20 GET /v1/AUTH_9cc260e0c9e84206955019da66ffcbec/gnocchi.551c76af-eb06-4abb-8190-1ae6956074fe/none_v3 HTTP/1.0 404 - python-swiftclient-4.2.0 gAAAAABpI1V6j5L9... - 70 - tx7c23c185b63d4175a15ce-006923558b - 0.0336 - - 1763923339.986483812 1763923340.020086050 0
Nov 23 13:42:20 np0005532741.novalocal account-server[96019]: ::1 - - [23/Nov/2025:18:42:20 +0000] "PUT /2/21056/AUTH_9cc260e0c9e84206955019da66ffcbec/gnocchi.425b4f14-f6c3-46c6-9402-c6ee8a9998ab" 201 - "PUT http://[::1]:6001/1/193588/AUTH_9cc260e0c9e84206955019da66ffcbec/gnocchi.425b4f14-f6c3-46c6-9402-c6ee8a9998ab" "txefae19f7bce7432588d75-006923558c" "container-server 96310" 0.0104 "-" 96019 0
Nov 23 13:42:20 np0005532741.novalocal account-server[96016]: ::1 - - [23/Nov/2025:18:42:20 +0000] "PUT /3/21056/AUTH_9cc260e0c9e84206955019da66ffcbec/gnocchi.425b4f14-f6c3-46c6-9402-c6ee8a9998ab" 201 - "PUT http://[::1]:6001/3/193588/AUTH_9cc260e0c9e84206955019da66ffcbec/gnocchi.425b4f14-f6c3-46c6-9402-c6ee8a9998ab" "txefae19f7bce7432588d75-006923558c" "container-server 96309" 0.0056 "-" 96016 0
Nov 23 13:42:20 np0005532741.novalocal container-server[96309]: ::1 - - [23/Nov/2025:18:42:20 +0000] "PUT /3/193588/AUTH_9cc260e0c9e84206955019da66ffcbec/gnocchi.425b4f14-f6c3-46c6-9402-c6ee8a9998ab" 201 - "PUT http://[::1]:8080/v1/AUTH_9cc260e0c9e84206955019da66ffcbec/gnocchi.425b4f14-f6c3-46c6-9402-c6ee8a9998ab" "txefae19f7bce7432588d75-006923558c" "proxy-server 92677" 0.0293 "-" 96309 0
Nov 23 13:42:20 np0005532741.novalocal account-server[96019]: ::1 - - [23/Nov/2025:18:42:20 +0000] "PUT /3/21056/AUTH_9cc260e0c9e84206955019da66ffcbec/gnocchi.551c76af-eb06-4abb-8190-1ae6956074fe" 201 - "PUT http://[::1]:6001/3/28311/AUTH_9cc260e0c9e84206955019da66ffcbec/gnocchi.551c76af-eb06-4abb-8190-1ae6956074fe" "tx7dfa6d2cba6f4fd984838-006923558c" "container-server 96311" 0.0048 "-" 96019 0
Nov 23 13:42:20 np0005532741.novalocal container-server[96311]: ::1 - - [23/Nov/2025:18:42:20 +0000] "PUT /3/28311/AUTH_9cc260e0c9e84206955019da66ffcbec/gnocchi.551c76af-eb06-4abb-8190-1ae6956074fe" 201 - "PUT http://[::1]:8080/v1/AUTH_9cc260e0c9e84206955019da66ffcbec/gnocchi.551c76af-eb06-4abb-8190-1ae6956074fe" "tx7dfa6d2cba6f4fd984838-006923558c" "proxy-server 92676" 0.0207 "-" 96311 0
Nov 23 13:42:20 np0005532741.novalocal account-server[96018]: ::1 - - [23/Nov/2025:18:42:20 +0000] "PUT /1/21056/AUTH_9cc260e0c9e84206955019da66ffcbec/gnocchi.425b4f14-f6c3-46c6-9402-c6ee8a9998ab" 201 - "PUT http://[::1]:6001/2/193588/AUTH_9cc260e0c9e84206955019da66ffcbec/gnocchi.425b4f14-f6c3-46c6-9402-c6ee8a9998ab" "txefae19f7bce7432588d75-006923558c" "container-server 96311" 0.0061 "-" 96018 0
Nov 23 13:42:20 np0005532741.novalocal container-server[96311]: ::1 - - [23/Nov/2025:18:42:20 +0000] "PUT /2/193588/AUTH_9cc260e0c9e84206955019da66ffcbec/gnocchi.425b4f14-f6c3-46c6-9402-c6ee8a9998ab" 201 - "PUT http://[::1]:8080/v1/AUTH_9cc260e0c9e84206955019da66ffcbec/gnocchi.425b4f14-f6c3-46c6-9402-c6ee8a9998ab" "txefae19f7bce7432588d75-006923558c" "proxy-server 92677" 0.0340 "-" 96311 0
Nov 23 13:42:20 np0005532741.novalocal haproxy-metadata-proxy-2f949b52-0933-45e3-a636-5bece3600705[102405]: ::ffff:10.100.0.14:55028 [23/Nov/2025:13:42:20.071] listener listener/metadata 0/0/0/81/81 200 132 - - ---- 1/1/0/0/0 0/0 "GET /2009-04-04/meta-data/public-ipv4 HTTP/1.1"
Nov 23 13:42:20 np0005532741.novalocal object-server[102160]: Object audit (ZBF) "forever" mode completed: 0.84s. Total quarantined: 0, Total errors: 0, Total files/sec: 49.77, Total bytes/sec: 0.00, Auditing time: 0.82, Rate: 0.97
Nov 23 13:42:20 np0005532741.novalocal container-server[96310]: ::1 - - [23/Nov/2025:18:42:20 +0000] "PUT /1/193588/AUTH_9cc260e0c9e84206955019da66ffcbec/gnocchi.425b4f14-f6c3-46c6-9402-c6ee8a9998ab" 201 - "PUT http://[::1]:8080/v1/AUTH_9cc260e0c9e84206955019da66ffcbec/gnocchi.425b4f14-f6c3-46c6-9402-c6ee8a9998ab" "txefae19f7bce7432588d75-006923558c" "proxy-server 92677" 0.1810 "-" 96310 0
Nov 23 13:42:20 np0005532741.novalocal proxy-server[92677]: ::1 ::1 23/Nov/2025/18/42/20 PUT /v1/AUTH_9cc260e0c9e84206955019da66ffcbec/gnocchi.425b4f14-f6c3-46c6-9402-c6ee8a9998ab HTTP/1.0 201 - python-swiftclient-4.2.0 gAAAAABpI1V6uZq-... - - - txefae19f7bce7432588d75-006923558c - 0.1898 - - 1763923340.024544954 1763923340.214323759 0
Nov 23 13:42:20 np0005532741.novalocal account-server[96018]: ::1 - - [23/Nov/2025:18:42:20 +0000] "PUT /1/21056/AUTH_9cc260e0c9e84206955019da66ffcbec/gnocchi.551c76af-eb06-4abb-8190-1ae6956074fe" 201 - "PUT http://[::1]:6001/1/28311/AUTH_9cc260e0c9e84206955019da66ffcbec/gnocchi.551c76af-eb06-4abb-8190-1ae6956074fe" "tx7dfa6d2cba6f4fd984838-006923558c" "container-server 96310" 0.0040 "-" 96018 0
Nov 23 13:42:20 np0005532741.novalocal container-server[96310]: ::1 - - [23/Nov/2025:18:42:20 +0000] "PUT /1/28311/AUTH_9cc260e0c9e84206955019da66ffcbec/gnocchi.551c76af-eb06-4abb-8190-1ae6956074fe" 201 - "PUT http://[::1]:8080/v1/AUTH_9cc260e0c9e84206955019da66ffcbec/gnocchi.551c76af-eb06-4abb-8190-1ae6956074fe" "tx7dfa6d2cba6f4fd984838-006923558c" "proxy-server 92676" 0.1559 "-" 96310 0
Nov 23 13:42:20 np0005532741.novalocal container-server[96308]: ::1 - - [23/Nov/2025:18:42:20 +0000] "HEAD /1/193588/AUTH_9cc260e0c9e84206955019da66ffcbec/gnocchi.425b4f14-f6c3-46c6-9402-c6ee8a9998ab" 204 - "HEAD http://[::1]:8080/v1/AUTH_9cc260e0c9e84206955019da66ffcbec/gnocchi.425b4f14-f6c3-46c6-9402-c6ee8a9998ab?format=json&states=listing" "tx476133a493ce4d12ac8ad-006923558c" "proxy-server 92677" 0.0012 "-" 96308 0
Nov 23 13:42:20 np0005532741.novalocal account-server[96019]: ::1 - - [23/Nov/2025:18:42:20 +0000] "PUT /2/21056/AUTH_9cc260e0c9e84206955019da66ffcbec/gnocchi.551c76af-eb06-4abb-8190-1ae6956074fe" 201 - "PUT http://[::1]:6001/2/28311/AUTH_9cc260e0c9e84206955019da66ffcbec/gnocchi.551c76af-eb06-4abb-8190-1ae6956074fe" "tx7dfa6d2cba6f4fd984838-006923558c" "container-server 96310" 0.0051 "-" 96019 0
Nov 23 13:42:20 np0005532741.novalocal container-server[96310]: ::1 - - [23/Nov/2025:18:42:20 +0000] "PUT /2/28311/AUTH_9cc260e0c9e84206955019da66ffcbec/gnocchi.551c76af-eb06-4abb-8190-1ae6956074fe" 201 - "PUT http://[::1]:8080/v1/AUTH_9cc260e0c9e84206955019da66ffcbec/gnocchi.551c76af-eb06-4abb-8190-1ae6956074fe" "tx7dfa6d2cba6f4fd984838-006923558c" "proxy-server 92676" 0.1790 "-" 96310 0
Nov 23 13:42:20 np0005532741.novalocal proxy-server[92676]: ::1 ::1 23/Nov/2025/18/42/20 PUT /v1/AUTH_9cc260e0c9e84206955019da66ffcbec/gnocchi.551c76af-eb06-4abb-8190-1ae6956074fe HTTP/1.0 201 - python-swiftclient-4.2.0 gAAAAABpI1V6j5L9... - - - tx7dfa6d2cba6f4fd984838-006923558c - 0.1996 - - 1763923340.025289774 1763923340.224934340 0
Nov 23 13:42:20 np0005532741.novalocal container-server[96308]: ::1 - - [23/Nov/2025:18:42:20 +0000] "GET /2/193588/AUTH_9cc260e0c9e84206955019da66ffcbec/gnocchi.425b4f14-f6c3-46c6-9402-c6ee8a9998ab" 200 2 "GET http://[::1]:8080/v1/AUTH_9cc260e0c9e84206955019da66ffcbec/gnocchi.425b4f14-f6c3-46c6-9402-c6ee8a9998ab?format=json&states=listing" "tx476133a493ce4d12ac8ad-006923558c" "proxy-server 92677" 0.0056 "-" 96308 0
Nov 23 13:42:20 np0005532741.novalocal container-server[96311]: ::1 - - [23/Nov/2025:18:42:20 +0000] "HEAD /2/28311/AUTH_9cc260e0c9e84206955019da66ffcbec/gnocchi.551c76af-eb06-4abb-8190-1ae6956074fe" 204 - "HEAD http://[::1]:8080/v1/AUTH_9cc260e0c9e84206955019da66ffcbec/gnocchi.551c76af-eb06-4abb-8190-1ae6956074fe?format=json&states=listing" "tx8288f41d43594f7abd4ef-006923558c" "proxy-server 92676" 0.0011 "-" 96311 0
Nov 23 13:42:20 np0005532741.novalocal proxy-server[92677]: ::1 ::1 23/Nov/2025/18/42/20 GET /v1/AUTH_9cc260e0c9e84206955019da66ffcbec/gnocchi.425b4f14-f6c3-46c6-9402-c6ee8a9998ab%3Fformat%3Djson%26states%3Dlisting HTTP/1.0 200 - python-swiftclient-4.2.0 gAAAAABpI1V6uZq-... - 2 - tx476133a493ce4d12ac8ad-006923558c - 0.0179 - - 1763923340.216819048 1763923340.234757900 0
Nov 23 13:42:20 np0005532741.novalocal container-server[96310]: ::1 - - [23/Nov/2025:18:42:20 +0000] "GET /3/28311/AUTH_9cc260e0c9e84206955019da66ffcbec/gnocchi.551c76af-eb06-4abb-8190-1ae6956074fe" 200 2 "GET http://[::1]:8080/v1/AUTH_9cc260e0c9e84206955019da66ffcbec/gnocchi.551c76af-eb06-4abb-8190-1ae6956074fe?format=json&states=listing" "tx8288f41d43594f7abd4ef-006923558c" "proxy-server 92676" 0.0031 "-" 96310 0
Nov 23 13:42:20 np0005532741.novalocal proxy-server[92676]: ::1 ::1 23/Nov/2025/18/42/20 GET /v1/AUTH_9cc260e0c9e84206955019da66ffcbec/gnocchi.551c76af-eb06-4abb-8190-1ae6956074fe%3Fformat%3Djson%26states%3Dlisting HTTP/1.0 200 - python-swiftclient-4.2.0 gAAAAABpI1V6j5L9... - 2 - tx8288f41d43594f7abd4ef-006923558c - 0.0161 - - 1763923340.229091883 1763923340.245186090 0
Nov 23 13:42:20 np0005532741.novalocal object-server[96606]: ::1 - - [23/Nov/2025:18:42:20 +0000] "GET /1/109771/AUTH_9cc260e0c9e84206955019da66ffcbec/gnocchi.425b4f14-f6c3-46c6-9402-c6ee8a9998ab/1763640000.0_mean_300.0_v3" 404 70 "GET http://[::1]:8080/v1/AUTH_9cc260e0c9e84206955019da66ffcbec/gnocchi.425b4f14-f6c3-46c6-9402-c6ee8a9998ab/1763640000.0_mean_300.0_v3" "txb15d4a396e1b445a99350-006923558c" "proxy-server 92677" 0.0006 "-" 96606 0
Nov 23 13:42:20 np0005532741.novalocal object-server[96606]: ::1 - - [23/Nov/2025:18:42:20 +0000] "GET /2/109771/AUTH_9cc260e0c9e84206955019da66ffcbec/gnocchi.425b4f14-f6c3-46c6-9402-c6ee8a9998ab/1763640000.0_mean_300.0_v3" 404 70 "GET http://[::1]:8080/v1/AUTH_9cc260e0c9e84206955019da66ffcbec/gnocchi.425b4f14-f6c3-46c6-9402-c6ee8a9998ab/1763640000.0_mean_300.0_v3" "txb15d4a396e1b445a99350-006923558c" "proxy-server 92677" 0.0004 "-" 96606 0
Nov 23 13:42:20 np0005532741.novalocal object-server[96606]: ::1 - - [23/Nov/2025:18:42:20 +0000] "GET /2/158586/AUTH_9cc260e0c9e84206955019da66ffcbec/gnocchi.551c76af-eb06-4abb-8190-1ae6956074fe/1763640000.0_mean_300.0_v3" 404 70 "GET http://[::1]:8080/v1/AUTH_9cc260e0c9e84206955019da66ffcbec/gnocchi.551c76af-eb06-4abb-8190-1ae6956074fe/1763640000.0_mean_300.0_v3" "txa37c8efe4399467eab063-006923558c" "proxy-server 92676" 0.0004 "-" 96606 0
Nov 23 13:42:20 np0005532741.novalocal object-server[96606]: ::1 - - [23/Nov/2025:18:42:20 +0000] "GET /3/109771/AUTH_9cc260e0c9e84206955019da66ffcbec/gnocchi.425b4f14-f6c3-46c6-9402-c6ee8a9998ab/1763640000.0_mean_300.0_v3" 404 70 "GET http://[::1]:8080/v1/AUTH_9cc260e0c9e84206955019da66ffcbec/gnocchi.425b4f14-f6c3-46c6-9402-c6ee8a9998ab/1763640000.0_mean_300.0_v3" "txb15d4a396e1b445a99350-006923558c" "proxy-server 92677" 0.0004 "-" 96606 0
Nov 23 13:42:20 np0005532741.novalocal object-server[96607]: ::1 - - [23/Nov/2025:18:42:20 +0000] "GET /3/158586/AUTH_9cc260e0c9e84206955019da66ffcbec/gnocchi.551c76af-eb06-4abb-8190-1ae6956074fe/1763640000.0_mean_300.0_v3" 404 70 "GET http://[::1]:8080/v1/AUTH_9cc260e0c9e84206955019da66ffcbec/gnocchi.551c76af-eb06-4abb-8190-1ae6956074fe/1763640000.0_mean_300.0_v3" "txa37c8efe4399467eab063-006923558c" "proxy-server 92676" 0.0004 "-" 96607 0
Nov 23 13:42:20 np0005532741.novalocal proxy-server[92677]: ::1 ::1 23/Nov/2025/18/42/20 GET /v1/AUTH_9cc260e0c9e84206955019da66ffcbec/gnocchi.425b4f14-f6c3-46c6-9402-c6ee8a9998ab/1763640000.0_mean_300.0_v3 HTTP/1.0 404 - python-swiftclient-4.2.0 gAAAAABpI1V6uZq-... - 70 - txb15d4a396e1b445a99350-006923558c - 0.0207 - - 1763923340.237563133 1763923340.258222342 0
Nov 23 13:42:20 np0005532741.novalocal object-server[96606]: ::1 - - [23/Nov/2025:18:42:20 +0000] "GET /1/158586/AUTH_9cc260e0c9e84206955019da66ffcbec/gnocchi.551c76af-eb06-4abb-8190-1ae6956074fe/1763640000.0_mean_300.0_v3" 404 70 "GET http://[::1]:8080/v1/AUTH_9cc260e0c9e84206955019da66ffcbec/gnocchi.551c76af-eb06-4abb-8190-1ae6956074fe/1763640000.0_mean_300.0_v3" "txa37c8efe4399467eab063-006923558c" "proxy-server 92676" 0.0004 "-" 96606 0
Nov 23 13:42:20 np0005532741.novalocal proxy-server[92676]: ::1 ::1 23/Nov/2025/18/42/20 GET /v1/AUTH_9cc260e0c9e84206955019da66ffcbec/gnocchi.551c76af-eb06-4abb-8190-1ae6956074fe/1763640000.0_mean_300.0_v3 HTTP/1.0 404 - python-swiftclient-4.2.0 gAAAAABpI1V6j5L9... - 70 - txa37c8efe4399467eab063-006923558c - 0.0157 - - 1763923340.248161077 1763923340.263814211 0
Nov 23 13:42:20 np0005532741.novalocal container-server[96308]: ::1 - - [23/Nov/2025:18:42:20 +0000] "PUT /3/193588/AUTH_9cc260e0c9e84206955019da66ffcbec/gnocchi.425b4f14-f6c3-46c6-9402-c6ee8a9998ab/1763640000.0_mean_300.0_v3" 201 - "PUT http://[::1]:8080/2/109771/AUTH_9cc260e0c9e84206955019da66ffcbec/gnocchi.425b4f14-f6c3-46c6-9402-c6ee8a9998ab/1763640000.0_mean_300.0_v3" "tx6bf9b6eabd8745db93b62-006923558c" "object-server 96605" 0.0007 "-" 96308 0
Nov 23 13:42:20 np0005532741.novalocal object-server[96605]: ::1 - - [23/Nov/2025:18:42:20 +0000] "PUT /2/109771/AUTH_9cc260e0c9e84206955019da66ffcbec/gnocchi.425b4f14-f6c3-46c6-9402-c6ee8a9998ab/1763640000.0_mean_300.0_v3" 201 - "PUT http://[::1]:8080/v1/AUTH_9cc260e0c9e84206955019da66ffcbec/gnocchi.425b4f14-f6c3-46c6-9402-c6ee8a9998ab/1763640000.0_mean_300.0_v3" "tx6bf9b6eabd8745db93b62-006923558c" "proxy-server 92677" 0.0192 "-" 96605 0
Nov 23 13:42:20 np0005532741.novalocal haproxy-metadata-proxy-2f949b52-0933-45e3-a636-5bece3600705[102405]: ::ffff:10.100.0.14:55030 [23/Nov/2025:13:42:20.188] listener listener/metadata 0/0/0/101/101 200 183 - - ---- 1/1/0/0/0 0/0 "GET /2009-04-04/meta-data/hostname HTTP/1.1"
Nov 23 13:42:20 np0005532741.novalocal container-server[96309]: ::1 - - [23/Nov/2025:18:42:20 +0000] "PUT /1/193588/AUTH_9cc260e0c9e84206955019da66ffcbec/gnocchi.425b4f14-f6c3-46c6-9402-c6ee8a9998ab/1763640000.0_mean_300.0_v3" 201 - "PUT http://[::1]:8080/1/109771/AUTH_9cc260e0c9e84206955019da66ffcbec/gnocchi.425b4f14-f6c3-46c6-9402-c6ee8a9998ab/1763640000.0_mean_300.0_v3" "tx6bf9b6eabd8745db93b62-006923558c" "object-server 96606" 0.0007 "-" 96309 0
Nov 23 13:42:20 np0005532741.novalocal object-server[96606]: ::1 - - [23/Nov/2025:18:42:20 +0000] "PUT /1/109771/AUTH_9cc260e0c9e84206955019da66ffcbec/gnocchi.425b4f14-f6c3-46c6-9402-c6ee8a9998ab/1763640000.0_mean_300.0_v3" 201 - "PUT http://[::1]:8080/v1/AUTH_9cc260e0c9e84206955019da66ffcbec/gnocchi.425b4f14-f6c3-46c6-9402-c6ee8a9998ab/1763640000.0_mean_300.0_v3" "tx6bf9b6eabd8745db93b62-006923558c" "proxy-server 92677" 0.0336 "-" 96606 0
Nov 23 13:42:20 np0005532741.novalocal container-server[96309]: ::1 - - [23/Nov/2025:18:42:20 +0000] "PUT /2/193588/AUTH_9cc260e0c9e84206955019da66ffcbec/gnocchi.425b4f14-f6c3-46c6-9402-c6ee8a9998ab/1763640000.0_mean_300.0_v3" 201 - "PUT http://[::1]:8080/3/109771/AUTH_9cc260e0c9e84206955019da66ffcbec/gnocchi.425b4f14-f6c3-46c6-9402-c6ee8a9998ab/1763640000.0_mean_300.0_v3" "tx6bf9b6eabd8745db93b62-006923558c" "object-server 96606" 0.0008 "-" 96309 0
Nov 23 13:42:20 np0005532741.novalocal object-server[96606]: ::1 - - [23/Nov/2025:18:42:20 +0000] "PUT /3/109771/AUTH_9cc260e0c9e84206955019da66ffcbec/gnocchi.425b4f14-f6c3-46c6-9402-c6ee8a9998ab/1763640000.0_mean_300.0_v3" 201 - "PUT http://[::1]:8080/v1/AUTH_9cc260e0c9e84206955019da66ffcbec/gnocchi.425b4f14-f6c3-46c6-9402-c6ee8a9998ab/1763640000.0_mean_300.0_v3" "tx6bf9b6eabd8745db93b62-006923558c" "proxy-server 92677" 0.0389 "-" 96606 0
Nov 23 13:42:20 np0005532741.novalocal container-server[96310]: ::1 - - [23/Nov/2025:18:42:20 +0000] "PUT /1/28311/AUTH_9cc260e0c9e84206955019da66ffcbec/gnocchi.551c76af-eb06-4abb-8190-1ae6956074fe/1763640000.0_mean_300.0_v3" 201 - "PUT http://[::1]:8080/1/158586/AUTH_9cc260e0c9e84206955019da66ffcbec/gnocchi.551c76af-eb06-4abb-8190-1ae6956074fe/1763640000.0_mean_300.0_v3" "txbb91f6002acc4ff8b15eb-006923558c" "object-server 96607" 0.0006 "-" 96310 0
Nov 23 13:42:20 np0005532741.novalocal container-server[96309]: ::1 - - [23/Nov/2025:18:42:20 +0000] "PUT /2/28311/AUTH_9cc260e0c9e84206955019da66ffcbec/gnocchi.551c76af-eb06-4abb-8190-1ae6956074fe/1763640000.0_mean_300.0_v3" 201 - "PUT http://[::1]:8080/2/158586/AUTH_9cc260e0c9e84206955019da66ffcbec/gnocchi.551c76af-eb06-4abb-8190-1ae6956074fe/1763640000.0_mean_300.0_v3" "txbb91f6002acc4ff8b15eb-006923558c" "object-server 96605" 0.0005 "-" 96309 0
Nov 23 13:42:20 np0005532741.novalocal object-server[96607]: ::1 - - [23/Nov/2025:18:42:20 +0000] "PUT /1/158586/AUTH_9cc260e0c9e84206955019da66ffcbec/gnocchi.551c76af-eb06-4abb-8190-1ae6956074fe/1763640000.0_mean_300.0_v3" 201 - "PUT http://[::1]:8080/v1/AUTH_9cc260e0c9e84206955019da66ffcbec/gnocchi.551c76af-eb06-4abb-8190-1ae6956074fe/1763640000.0_mean_300.0_v3" "txbb91f6002acc4ff8b15eb-006923558c" "proxy-server 92676" 0.0304 "-" 96607 0
Nov 23 13:42:20 np0005532741.novalocal object-server[96605]: ::1 - - [23/Nov/2025:18:42:20 +0000] "PUT /2/158586/AUTH_9cc260e0c9e84206955019da66ffcbec/gnocchi.551c76af-eb06-4abb-8190-1ae6956074fe/1763640000.0_mean_300.0_v3" 201 - "PUT http://[::1]:8080/v1/AUTH_9cc260e0c9e84206955019da66ffcbec/gnocchi.551c76af-eb06-4abb-8190-1ae6956074fe/1763640000.0_mean_300.0_v3" "txbb91f6002acc4ff8b15eb-006923558c" "proxy-server 92676" 0.0312 "-" 96605 0
Nov 23 13:42:20 np0005532741.novalocal proxy-server[92677]: ::1 ::1 23/Nov/2025/18/42/20 PUT /v1/AUTH_9cc260e0c9e84206955019da66ffcbec/gnocchi.425b4f14-f6c3-46c6-9402-c6ee8a9998ab/1763640000.0_mean_300.0_v3 HTTP/1.0 201 - python-swiftclient-4.2.0 gAAAAABpI1V6uZq-... 16 - - tx6bf9b6eabd8745db93b62-006923558c - 0.0506 - - 1763923340.259912729 1763923340.310517311 0
Nov 23 13:42:20 np0005532741.novalocal container-server[96310]: ::1 - - [23/Nov/2025:18:42:20 +0000] "PUT /3/28311/AUTH_9cc260e0c9e84206955019da66ffcbec/gnocchi.551c76af-eb06-4abb-8190-1ae6956074fe/1763640000.0_mean_300.0_v3" 201 - "PUT http://[::1]:8080/3/158586/AUTH_9cc260e0c9e84206955019da66ffcbec/gnocchi.551c76af-eb06-4abb-8190-1ae6956074fe/1763640000.0_mean_300.0_v3" "txbb91f6002acc4ff8b15eb-006923558c" "object-server 96606" 0.0005 "-" 96310 0
Nov 23 13:42:20 np0005532741.novalocal object-server[96606]: ::1 - - [23/Nov/2025:18:42:20 +0000] "PUT /3/158586/AUTH_9cc260e0c9e84206955019da66ffcbec/gnocchi.551c76af-eb06-4abb-8190-1ae6956074fe/1763640000.0_mean_300.0_v3" 201 - "PUT http://[::1]:8080/v1/AUTH_9cc260e0c9e84206955019da66ffcbec/gnocchi.551c76af-eb06-4abb-8190-1ae6956074fe/1763640000.0_mean_300.0_v3" "txbb91f6002acc4ff8b15eb-006923558c" "proxy-server 92676" 0.0133 "-" 96606 0
Nov 23 13:42:20 np0005532741.novalocal proxy-server[92676]: ::1 ::1 23/Nov/2025/18/42/20 PUT /v1/AUTH_9cc260e0c9e84206955019da66ffcbec/gnocchi.551c76af-eb06-4abb-8190-1ae6956074fe/1763640000.0_mean_300.0_v3 HTTP/1.0 201 - python-swiftclient-4.2.0 gAAAAABpI1V6j5L9... 16 - - txbb91f6002acc4ff8b15eb-006923558c - 0.0469 - - 1763923340.268202543 1763923340.315078259 0
Nov 23 13:42:20 np0005532741.novalocal container-server[96310]: ::1 - - [23/Nov/2025:18:42:20 +0000] "PUT /3/193588/AUTH_9cc260e0c9e84206955019da66ffcbec/gnocchi.425b4f14-f6c3-46c6-9402-c6ee8a9998ab/none_v3" 201 - "PUT http://[::1]:8080/1/25391/AUTH_9cc260e0c9e84206955019da66ffcbec/gnocchi.425b4f14-f6c3-46c6-9402-c6ee8a9998ab/none_v3" "tx882adc273b284c37a6687-006923558c" "object-server 96606" 0.0008 "-" 96310 0
Nov 23 13:42:20 np0005532741.novalocal container-server[96309]: ::1 - - [23/Nov/2025:18:42:20 +0000] "PUT /2/193588/AUTH_9cc260e0c9e84206955019da66ffcbec/gnocchi.425b4f14-f6c3-46c6-9402-c6ee8a9998ab/none_v3" 201 - "PUT http://[::1]:8080/2/25391/AUTH_9cc260e0c9e84206955019da66ffcbec/gnocchi.425b4f14-f6c3-46c6-9402-c6ee8a9998ab/none_v3" "tx882adc273b284c37a6687-006923558c" "object-server 96605" 0.0004 "-" 96309 0
Nov 23 13:42:20 np0005532741.novalocal container-server[96311]: ::1 - - [23/Nov/2025:18:42:20 +0000] "PUT /1/193588/AUTH_9cc260e0c9e84206955019da66ffcbec/gnocchi.425b4f14-f6c3-46c6-9402-c6ee8a9998ab/none_v3" 201 - "PUT http://[::1]:8080/3/25391/AUTH_9cc260e0c9e84206955019da66ffcbec/gnocchi.425b4f14-f6c3-46c6-9402-c6ee8a9998ab/none_v3" "tx882adc273b284c37a6687-006923558c" "object-server 96606" 0.0005 "-" 96311 0
Nov 23 13:42:20 np0005532741.novalocal object-server[96605]: ::1 - - [23/Nov/2025:18:42:20 +0000] "PUT /2/25391/AUTH_9cc260e0c9e84206955019da66ffcbec/gnocchi.425b4f14-f6c3-46c6-9402-c6ee8a9998ab/none_v3" 201 - "PUT http://[::1]:8080/v1/AUTH_9cc260e0c9e84206955019da66ffcbec/gnocchi.425b4f14-f6c3-46c6-9402-c6ee8a9998ab/none_v3" "tx882adc273b284c37a6687-006923558c" "proxy-server 92677" 0.0118 "-" 96605 0
Nov 23 13:42:20 np0005532741.novalocal object-server[96606]: ::1 - - [23/Nov/2025:18:42:20 +0000] "PUT /1/25391/AUTH_9cc260e0c9e84206955019da66ffcbec/gnocchi.425b4f14-f6c3-46c6-9402-c6ee8a9998ab/none_v3" 201 - "PUT http://[::1]:8080/v1/AUTH_9cc260e0c9e84206955019da66ffcbec/gnocchi.425b4f14-f6c3-46c6-9402-c6ee8a9998ab/none_v3" "tx882adc273b284c37a6687-006923558c" "proxy-server 92677" 0.0144 "-" 96606 0
Nov 23 13:42:20 np0005532741.novalocal object-server[96606]: ::1 - - [23/Nov/2025:18:42:20 +0000] "PUT /3/25391/AUTH_9cc260e0c9e84206955019da66ffcbec/gnocchi.425b4f14-f6c3-46c6-9402-c6ee8a9998ab/none_v3" 201 - "PUT http://[::1]:8080/v1/AUTH_9cc260e0c9e84206955019da66ffcbec/gnocchi.425b4f14-f6c3-46c6-9402-c6ee8a9998ab/none_v3" "tx882adc273b284c37a6687-006923558c" "proxy-server 92677" 0.0135 "-" 96606 0
Nov 23 13:42:20 np0005532741.novalocal proxy-server[92677]: ::1 ::1 23/Nov/2025/18/42/20 PUT /v1/AUTH_9cc260e0c9e84206955019da66ffcbec/gnocchi.425b4f14-f6c3-46c6-9402-c6ee8a9998ab/none_v3 HTTP/1.0 201 - python-swiftclient-4.2.0 gAAAAABpI1V6uZq-... 22 - - tx882adc273b284c37a6687-006923558c - 0.0286 - - 1763923340.313177347 1763923340.341745377 0
Nov 23 13:42:20 np0005532741.novalocal container-server[96309]: ::1 - - [23/Nov/2025:18:42:20 +0000] "PUT /2/28311/AUTH_9cc260e0c9e84206955019da66ffcbec/gnocchi.551c76af-eb06-4abb-8190-1ae6956074fe/none_v3" 201 - "PUT http://[::1]:8080/2/210959/AUTH_9cc260e0c9e84206955019da66ffcbec/gnocchi.551c76af-eb06-4abb-8190-1ae6956074fe/none_v3" "txa97ff97972fe4c238e327-006923558c" "object-server 96605" 0.0005 "-" 96309 0
Nov 23 13:42:20 np0005532741.novalocal object-server[96605]: ::1 - - [23/Nov/2025:18:42:20 +0000] "PUT /2/210959/AUTH_9cc260e0c9e84206955019da66ffcbec/gnocchi.551c76af-eb06-4abb-8190-1ae6956074fe/none_v3" 201 - "PUT http://[::1]:8080/v1/AUTH_9cc260e0c9e84206955019da66ffcbec/gnocchi.551c76af-eb06-4abb-8190-1ae6956074fe/none_v3" "txa97ff97972fe4c238e327-006923558c" "proxy-server 92676" 0.0168 "-" 96605 0
Nov 23 13:42:20 np0005532741.novalocal container-server[96309]: ::1 - - [23/Nov/2025:18:42:20 +0000] "PUT /3/28311/AUTH_9cc260e0c9e84206955019da66ffcbec/gnocchi.551c76af-eb06-4abb-8190-1ae6956074fe/none_v3" 201 - "PUT http://[::1]:8080/3/210959/AUTH_9cc260e0c9e84206955019da66ffcbec/gnocchi.551c76af-eb06-4abb-8190-1ae6956074fe/none_v3" "txa97ff97972fe4c238e327-006923558c" "object-server 96609" 0.0003 "-" 96309 0
Nov 23 13:42:20 np0005532741.novalocal object-server[96609]: ::1 - - [23/Nov/2025:18:42:20 +0000] "PUT /3/210959/AUTH_9cc260e0c9e84206955019da66ffcbec/gnocchi.551c76af-eb06-4abb-8190-1ae6956074fe/none_v3" 201 - "PUT http://[::1]:8080/v1/AUTH_9cc260e0c9e84206955019da66ffcbec/gnocchi.551c76af-eb06-4abb-8190-1ae6956074fe/none_v3" "txa97ff97972fe4c238e327-006923558c" "proxy-server 92676" 0.0184 "-" 96609 0
Nov 23 13:42:20 np0005532741.novalocal container-server[96309]: ::1 - - [23/Nov/2025:18:42:20 +0000] "PUT /1/28311/AUTH_9cc260e0c9e84206955019da66ffcbec/gnocchi.551c76af-eb06-4abb-8190-1ae6956074fe/none_v3" 201 - "PUT http://[::1]:8080/1/210959/AUTH_9cc260e0c9e84206955019da66ffcbec/gnocchi.551c76af-eb06-4abb-8190-1ae6956074fe/none_v3" "txa97ff97972fe4c238e327-006923558c" "object-server 96606" 0.0004 "-" 96309 0
Nov 23 13:42:20 np0005532741.novalocal object-server[96606]: ::1 - - [23/Nov/2025:18:42:20 +0000] "PUT /1/210959/AUTH_9cc260e0c9e84206955019da66ffcbec/gnocchi.551c76af-eb06-4abb-8190-1ae6956074fe/none_v3" 201 - "PUT http://[::1]:8080/v1/AUTH_9cc260e0c9e84206955019da66ffcbec/gnocchi.551c76af-eb06-4abb-8190-1ae6956074fe/none_v3" "txa97ff97972fe4c238e327-006923558c" "proxy-server 92676" 0.0155 "-" 96606 0
Nov 23 13:42:20 np0005532741.novalocal proxy-server[92676]: ::1 ::1 23/Nov/2025/18/42/20 PUT /v1/AUTH_9cc260e0c9e84206955019da66ffcbec/gnocchi.551c76af-eb06-4abb-8190-1ae6956074fe/none_v3 HTTP/1.0 201 - python-swiftclient-4.2.0 gAAAAABpI1V6j5L9... 22 - - txa97ff97972fe4c238e327-006923558c - 0.0377 - - 1763923340.317753315 1763923340.355427980 0
Nov 23 13:42:20 np0005532741.novalocal container-server[96309]: ::1 - - [23/Nov/2025:18:42:20 +0000] "HEAD /2/25407/AUTH_9cc260e0c9e84206955019da66ffcbec/gnocchi.9590a4af-50bb-48eb-93c0-54d312905a6a" 404 - "HEAD http://[::1]:8080/v1/AUTH_9cc260e0c9e84206955019da66ffcbec/gnocchi.9590a4af-50bb-48eb-93c0-54d312905a6a?format=json&states=listing" "tx7fa94de403b948c0b2700-006923558c" "proxy-server 92677" 0.0003 "-" 96309 0
Nov 23 13:42:20 np0005532741.novalocal container-server[96308]: ::1 - - [23/Nov/2025:18:42:20 +0000] "HEAD /3/25407/AUTH_9cc260e0c9e84206955019da66ffcbec/gnocchi.9590a4af-50bb-48eb-93c0-54d312905a6a" 404 - "HEAD http://[::1]:8080/v1/AUTH_9cc260e0c9e84206955019da66ffcbec/gnocchi.9590a4af-50bb-48eb-93c0-54d312905a6a?format=json&states=listing" "tx7fa94de403b948c0b2700-006923558c" "proxy-server 92677" 0.0004 "-" 96308 0
Nov 23 13:42:20 np0005532741.novalocal container-server[96309]: ::1 - - [23/Nov/2025:18:42:20 +0000] "HEAD /1/25407/AUTH_9cc260e0c9e84206955019da66ffcbec/gnocchi.9590a4af-50bb-48eb-93c0-54d312905a6a" 404 - "HEAD http://[::1]:8080/v1/AUTH_9cc260e0c9e84206955019da66ffcbec/gnocchi.9590a4af-50bb-48eb-93c0-54d312905a6a?format=json&states=listing" "tx7fa94de403b948c0b2700-006923558c" "proxy-server 92677" 0.0002 "-" 96309 0
Nov 23 13:42:20 np0005532741.novalocal object-server[96607]: ::1 - - [23/Nov/2025:18:42:20 +0000] "GET /2/160369/AUTH_9cc260e0c9e84206955019da66ffcbec/gnocchi.9590a4af-50bb-48eb-93c0-54d312905a6a/none_v3" 404 70 "GET http://[::1]:8080/v1/AUTH_9cc260e0c9e84206955019da66ffcbec/gnocchi.9590a4af-50bb-48eb-93c0-54d312905a6a/none_v3" "tx7fa94de403b948c0b2700-006923558c" "proxy-server 92677" 0.0003 "-" 96607 0
Nov 23 13:42:20 np0005532741.novalocal container-server[96308]: ::1 - - [23/Nov/2025:18:42:20 +0000] "HEAD /3/57536/AUTH_9cc260e0c9e84206955019da66ffcbec/gnocchi.70bb292a-c9e9-454e-8e04-6d46a448cced" 404 - "HEAD http://[::1]:8080/v1/AUTH_9cc260e0c9e84206955019da66ffcbec/gnocchi.70bb292a-c9e9-454e-8e04-6d46a448cced?format=json&states=listing" "tx98c83dfbc13346e1b1202-006923558c" "proxy-server 92676" 0.0004 "-" 96308 0
Nov 23 13:42:20 np0005532741.novalocal container-server[96308]: ::1 - - [23/Nov/2025:18:42:20 +0000] "HEAD /2/57536/AUTH_9cc260e0c9e84206955019da66ffcbec/gnocchi.70bb292a-c9e9-454e-8e04-6d46a448cced" 404 - "HEAD http://[::1]:8080/v1/AUTH_9cc260e0c9e84206955019da66ffcbec/gnocchi.70bb292a-c9e9-454e-8e04-6d46a448cced?format=json&states=listing" "tx98c83dfbc13346e1b1202-006923558c" "proxy-server 92676" 0.0003 "-" 96308 0
Nov 23 13:42:20 np0005532741.novalocal object-server[96605]: ::1 - - [23/Nov/2025:18:42:20 +0000] "GET /3/160369/AUTH_9cc260e0c9e84206955019da66ffcbec/gnocchi.9590a4af-50bb-48eb-93c0-54d312905a6a/none_v3" 404 70 "GET http://[::1]:8080/v1/AUTH_9cc260e0c9e84206955019da66ffcbec/gnocchi.9590a4af-50bb-48eb-93c0-54d312905a6a/none_v3" "tx7fa94de403b948c0b2700-006923558c" "proxy-server 92677" 0.0004 "-" 96605 0
Nov 23 13:42:20 np0005532741.novalocal object-server[96605]: ::1 - - [23/Nov/2025:18:42:20 +0000] "GET /1/160369/AUTH_9cc260e0c9e84206955019da66ffcbec/gnocchi.9590a4af-50bb-48eb-93c0-54d312905a6a/none_v3" 404 70 "GET http://[::1]:8080/v1/AUTH_9cc260e0c9e84206955019da66ffcbec/gnocchi.9590a4af-50bb-48eb-93c0-54d312905a6a/none_v3" "tx7fa94de403b948c0b2700-006923558c" "proxy-server 92677" 0.0002 "-" 96605 0
Nov 23 13:42:20 np0005532741.novalocal container-server[96309]: ::1 - - [23/Nov/2025:18:42:20 +0000] "HEAD /1/57536/AUTH_9cc260e0c9e84206955019da66ffcbec/gnocchi.70bb292a-c9e9-454e-8e04-6d46a448cced" 404 - "HEAD http://[::1]:8080/v1/AUTH_9cc260e0c9e84206955019da66ffcbec/gnocchi.70bb292a-c9e9-454e-8e04-6d46a448cced?format=json&states=listing" "tx98c83dfbc13346e1b1202-006923558c" "proxy-server 92676" 0.0003 "-" 96309 0
Nov 23 13:42:20 np0005532741.novalocal proxy-server[92677]: ::1 ::1 23/Nov/2025/18/42/20 GET /v1/AUTH_9cc260e0c9e84206955019da66ffcbec/gnocchi.9590a4af-50bb-48eb-93c0-54d312905a6a/none_v3 HTTP/1.0 404 - python-swiftclient-4.2.0 gAAAAABpI1V6uZq-... - 70 - tx7fa94de403b948c0b2700-006923558c - 0.0353 - - 1763923340.360887527 1763923340.396214724 0
Nov 23 13:42:20 np0005532741.novalocal object-server[96605]: ::1 - - [23/Nov/2025:18:42:20 +0000] "GET /1/229859/AUTH_9cc260e0c9e84206955019da66ffcbec/gnocchi.70bb292a-c9e9-454e-8e04-6d46a448cced/none_v3" 404 70 "GET http://[::1]:8080/v1/AUTH_9cc260e0c9e84206955019da66ffcbec/gnocchi.70bb292a-c9e9-454e-8e04-6d46a448cced/none_v3" "tx98c83dfbc13346e1b1202-006923558c" "proxy-server 92676" 0.0003 "-" 96605 0
Nov 23 13:42:20 np0005532741.novalocal haproxy-metadata-proxy-2f949b52-0933-45e3-a636-5bece3600705[102405]: ::ffff:10.100.0.14:55032 [23/Nov/2025:13:42:20.333] listener listener/metadata 0/0/0/73/73 200 183 - - ---- 1/1/0/0/0 0/0 "GET /2009-04-04/meta-data/local-hostname HTTP/1.1"
Nov 23 13:42:20 np0005532741.novalocal object-server[96609]: ::1 - - [23/Nov/2025:18:42:20 +0000] "GET /2/229859/AUTH_9cc260e0c9e84206955019da66ffcbec/gnocchi.70bb292a-c9e9-454e-8e04-6d46a448cced/none_v3" 404 70 "GET http://[::1]:8080/v1/AUTH_9cc260e0c9e84206955019da66ffcbec/gnocchi.70bb292a-c9e9-454e-8e04-6d46a448cced/none_v3" "tx98c83dfbc13346e1b1202-006923558c" "proxy-server 92676" 0.0003 "-" 96609 0
Nov 23 13:42:20 np0005532741.novalocal object-server[96609]: ::1 - - [23/Nov/2025:18:42:20 +0000] "GET /3/229859/AUTH_9cc260e0c9e84206955019da66ffcbec/gnocchi.70bb292a-c9e9-454e-8e04-6d46a448cced/none_v3" 404 70 "GET http://[::1]:8080/v1/AUTH_9cc260e0c9e84206955019da66ffcbec/gnocchi.70bb292a-c9e9-454e-8e04-6d46a448cced/none_v3" "tx98c83dfbc13346e1b1202-006923558c" "proxy-server 92676" 0.0001 "-" 96609 0
Nov 23 13:42:20 np0005532741.novalocal proxy-server[92676]: ::1 ::1 23/Nov/2025/18/42/20 GET /v1/AUTH_9cc260e0c9e84206955019da66ffcbec/gnocchi.70bb292a-c9e9-454e-8e04-6d46a448cced/none_v3 HTTP/1.0 404 - python-swiftclient-4.2.0 gAAAAABpI1V6j5L9... - 70 - tx98c83dfbc13346e1b1202-006923558c - 0.0401 - - 1763923340.375478983 1763923340.415600538 0
Nov 23 13:42:20 np0005532741.novalocal account-server[96016]: ::1 - - [23/Nov/2025:18:42:20 +0000] "PUT /2/21056/AUTH_9cc260e0c9e84206955019da66ffcbec/gnocchi.9590a4af-50bb-48eb-93c0-54d312905a6a" 201 - "PUT http://[::1]:6001/1/25407/AUTH_9cc260e0c9e84206955019da66ffcbec/gnocchi.9590a4af-50bb-48eb-93c0-54d312905a6a" "txe79d8fd23d44424ca0cad-006923558c" "container-server 96310" 0.0045 "-" 96016 0
Nov 23 13:42:20 np0005532741.novalocal account-server[96017]: ::1 - - [23/Nov/2025:18:42:20 +0000] "PUT /3/21056/AUTH_9cc260e0c9e84206955019da66ffcbec/gnocchi.9590a4af-50bb-48eb-93c0-54d312905a6a" 201 - "PUT http://[::1]:6001/3/25407/AUTH_9cc260e0c9e84206955019da66ffcbec/gnocchi.9590a4af-50bb-48eb-93c0-54d312905a6a" "txe79d8fd23d44424ca0cad-006923558c" "container-server 96308" 0.0048 "-" 96017 0
Nov 23 13:42:20 np0005532741.novalocal container-server[96310]: ::1 - - [23/Nov/2025:18:42:20 +0000] "PUT /1/25407/AUTH_9cc260e0c9e84206955019da66ffcbec/gnocchi.9590a4af-50bb-48eb-93c0-54d312905a6a" 201 - "PUT http://[::1]:8080/v1/AUTH_9cc260e0c9e84206955019da66ffcbec/gnocchi.9590a4af-50bb-48eb-93c0-54d312905a6a" "txe79d8fd23d44424ca0cad-006923558c" "proxy-server 92677" 0.0185 "-" 96310 0
Nov 23 13:42:20 np0005532741.novalocal account-server[96018]: ::1 - - [23/Nov/2025:18:42:20 +0000] "PUT /1/21056/AUTH_9cc260e0c9e84206955019da66ffcbec/gnocchi.9590a4af-50bb-48eb-93c0-54d312905a6a" 201 - "PUT http://[::1]:6001/2/25407/AUTH_9cc260e0c9e84206955019da66ffcbec/gnocchi.9590a4af-50bb-48eb-93c0-54d312905a6a" "txe79d8fd23d44424ca0cad-006923558c" "container-server 96310" 0.0065 "-" 96018 0
Nov 23 13:42:20 np0005532741.novalocal container-server[96310]: ::1 - - [23/Nov/2025:18:42:20 +0000] "PUT /2/25407/AUTH_9cc260e0c9e84206955019da66ffcbec/gnocchi.9590a4af-50bb-48eb-93c0-54d312905a6a" 201 - "PUT http://[::1]:8080/v1/AUTH_9cc260e0c9e84206955019da66ffcbec/gnocchi.9590a4af-50bb-48eb-93c0-54d312905a6a" "txe79d8fd23d44424ca0cad-006923558c" "proxy-server 92677" 0.0217 "-" 96310 0
Nov 23 13:42:20 np0005532741.novalocal account-server[96018]: ::1 - - [23/Nov/2025:18:42:20 +0000] "PUT /1/21056/AUTH_9cc260e0c9e84206955019da66ffcbec/gnocchi.70bb292a-c9e9-454e-8e04-6d46a448cced" 201 - "PUT http://[::1]:6001/3/57536/AUTH_9cc260e0c9e84206955019da66ffcbec/gnocchi.70bb292a-c9e9-454e-8e04-6d46a448cced" "tx760c5faec16d4d6595f5a-006923558c" "container-server 96309" 0.0057 "-" 96018 0
Nov 23 13:42:20 np0005532741.novalocal container-server[96309]: ::1 - - [23/Nov/2025:18:42:20 +0000] "PUT /3/57536/AUTH_9cc260e0c9e84206955019da66ffcbec/gnocchi.70bb292a-c9e9-454e-8e04-6d46a448cced" 201 - "PUT http://[::1]:8080/v1/AUTH_9cc260e0c9e84206955019da66ffcbec/gnocchi.70bb292a-c9e9-454e-8e04-6d46a448cced" "tx760c5faec16d4d6595f5a-006923558c" "proxy-server 92676" 0.0202 "-" 96309 0
Nov 23 13:42:20 np0005532741.novalocal container-server[96308]: ::1 - - [23/Nov/2025:18:42:20 +0000] "PUT /3/25407/AUTH_9cc260e0c9e84206955019da66ffcbec/gnocchi.9590a4af-50bb-48eb-93c0-54d312905a6a" 201 - "PUT http://[::1]:8080/v1/AUTH_9cc260e0c9e84206955019da66ffcbec/gnocchi.9590a4af-50bb-48eb-93c0-54d312905a6a" "txe79d8fd23d44424ca0cad-006923558c" "proxy-server 92677" 0.0831 "-" 96308 0
Nov 23 13:42:20 np0005532741.novalocal proxy-server[92677]: ::1 ::1 23/Nov/2025/18/42/20 PUT /v1/AUTH_9cc260e0c9e84206955019da66ffcbec/gnocchi.9590a4af-50bb-48eb-93c0-54d312905a6a HTTP/1.0 201 - python-swiftclient-4.2.0 gAAAAABpI1V6uZq-... - - - txe79d8fd23d44424ca0cad-006923558c - 0.0928 - - 1763923340.400806904 1763923340.493639946 0
Nov 23 13:42:20 np0005532741.novalocal account-server[96019]: ::1 - - [23/Nov/2025:18:42:20 +0000] "PUT /2/21056/AUTH_9cc260e0c9e84206955019da66ffcbec/gnocchi.70bb292a-c9e9-454e-8e04-6d46a448cced" 201 - "PUT http://[::1]:6001/1/57536/AUTH_9cc260e0c9e84206955019da66ffcbec/gnocchi.70bb292a-c9e9-454e-8e04-6d46a448cced" "tx760c5faec16d4d6595f5a-006923558c" "container-server 96308" 0.0045 "-" 96019 0
Nov 23 13:42:20 np0005532741.novalocal account-server[96017]: ::1 - - [23/Nov/2025:18:42:20 +0000] "PUT /3/21056/AUTH_9cc260e0c9e84206955019da66ffcbec/gnocchi.70bb292a-c9e9-454e-8e04-6d46a448cced" 201 - "PUT http://[::1]:6001/2/57536/AUTH_9cc260e0c9e84206955019da66ffcbec/gnocchi.70bb292a-c9e9-454e-8e04-6d46a448cced" "tx760c5faec16d4d6595f5a-006923558c" "container-server 96308" 0.0055 "-" 96017 0
Nov 23 13:42:20 np0005532741.novalocal container-server[96308]: ::1 - - [23/Nov/2025:18:42:20 +0000] "PUT /1/57536/AUTH_9cc260e0c9e84206955019da66ffcbec/gnocchi.70bb292a-c9e9-454e-8e04-6d46a448cced" 201 - "PUT http://[::1]:8080/v1/AUTH_9cc260e0c9e84206955019da66ffcbec/gnocchi.70bb292a-c9e9-454e-8e04-6d46a448cced" "tx760c5faec16d4d6595f5a-006923558c" "proxy-server 92676" 0.0614 "-" 96308 0
Nov 23 13:42:20 np0005532741.novalocal container-server[96308]: ::1 - - [23/Nov/2025:18:42:20 +0000] "PUT /2/57536/AUTH_9cc260e0c9e84206955019da66ffcbec/gnocchi.70bb292a-c9e9-454e-8e04-6d46a448cced" 201 - "PUT http://[::1]:8080/v1/AUTH_9cc260e0c9e84206955019da66ffcbec/gnocchi.70bb292a-c9e9-454e-8e04-6d46a448cced" "tx760c5faec16d4d6595f5a-006923558c" "proxy-server 92676" 0.0778 "-" 96308 0
Nov 23 13:42:20 np0005532741.novalocal proxy-server[92676]: ::1 ::1 23/Nov/2025/18/42/20 PUT /v1/AUTH_9cc260e0c9e84206955019da66ffcbec/gnocchi.70bb292a-c9e9-454e-8e04-6d46a448cced HTTP/1.0 201 - python-swiftclient-4.2.0 gAAAAABpI1V6j5L9... - - - tx760c5faec16d4d6595f5a-006923558c - 0.0848 - - 1763923340.418575764 1763923340.503405333 0
Nov 23 13:42:20 np0005532741.novalocal container-server[96309]: ::1 - - [23/Nov/2025:18:42:20 +0000] "HEAD /1/25407/AUTH_9cc260e0c9e84206955019da66ffcbec/gnocchi.9590a4af-50bb-48eb-93c0-54d312905a6a" 204 - "HEAD http://[::1]:8080/v1/AUTH_9cc260e0c9e84206955019da66ffcbec/gnocchi.9590a4af-50bb-48eb-93c0-54d312905a6a?format=json&states=listing" "txfbaa5a971b034df49c42e-006923558c" "proxy-server 92677" 0.0011 "-" 96309 0
Nov 23 13:42:20 np0005532741.novalocal container-server[96311]: ::1 - - [23/Nov/2025:18:42:20 +0000] "HEAD /2/57536/AUTH_9cc260e0c9e84206955019da66ffcbec/gnocchi.70bb292a-c9e9-454e-8e04-6d46a448cced" 204 - "HEAD http://[::1]:8080/v1/AUTH_9cc260e0c9e84206955019da66ffcbec/gnocchi.70bb292a-c9e9-454e-8e04-6d46a448cced?format=json&states=listing" "tx888410ecde25481a96a30-006923558c" "proxy-server 92676" 0.0018 "-" 96311 0
Nov 23 13:42:20 np0005532741.novalocal haproxy-metadata-proxy-2f949b52-0933-45e3-a636-5bece3600705[102405]: ::ffff:10.100.0.14:55034 [23/Nov/2025:13:42:20.458] listener listener/metadata 0/0/0/57/57 200 215 - - ---- 1/1/0/0/0 0/0 "GET /2009-04-04/user-data HTTP/1.1"
Nov 23 13:42:20 np0005532741.novalocal container-server[96311]: ::1 - - [23/Nov/2025:18:42:20 +0000] "GET /2/25407/AUTH_9cc260e0c9e84206955019da66ffcbec/gnocchi.9590a4af-50bb-48eb-93c0-54d312905a6a" 200 2 "GET http://[::1]:8080/v1/AUTH_9cc260e0c9e84206955019da66ffcbec/gnocchi.9590a4af-50bb-48eb-93c0-54d312905a6a?format=json&states=listing" "txfbaa5a971b034df49c42e-006923558c" "proxy-server 92677" 0.0038 "-" 96311 0
Nov 23 13:42:20 np0005532741.novalocal proxy-server[92677]: ::1 ::1 23/Nov/2025/18/42/20 GET /v1/AUTH_9cc260e0c9e84206955019da66ffcbec/gnocchi.9590a4af-50bb-48eb-93c0-54d312905a6a%3Fformat%3Djson%26states%3Dlisting HTTP/1.0 200 - python-swiftclient-4.2.0 gAAAAABpI1V6uZq-... - 2 - txfbaa5a971b034df49c42e-006923558c - 0.0244 - - 1763923340.498281717 1763923340.522698641 0
Nov 23 13:42:20 np0005532741.novalocal container-server[96311]: ::1 - - [23/Nov/2025:18:42:20 +0000] "GET /2/57536/AUTH_9cc260e0c9e84206955019da66ffcbec/gnocchi.70bb292a-c9e9-454e-8e04-6d46a448cced" 200 2 "GET http://[::1]:8080/v1/AUTH_9cc260e0c9e84206955019da66ffcbec/gnocchi.70bb292a-c9e9-454e-8e04-6d46a448cced?format=json&states=listing" "tx888410ecde25481a96a30-006923558c" "proxy-server 92676" 0.0025 "-" 96311 0
Nov 23 13:42:20 np0005532741.novalocal object-server[96605]: ::1 - - [23/Nov/2025:18:42:20 +0000] "GET /3/182648/AUTH_9cc260e0c9e84206955019da66ffcbec/gnocchi.9590a4af-50bb-48eb-93c0-54d312905a6a/1763640000.0_mean_300.0_v3" 404 70 "GET http://[::1]:8080/v1/AUTH_9cc260e0c9e84206955019da66ffcbec/gnocchi.9590a4af-50bb-48eb-93c0-54d312905a6a/1763640000.0_mean_300.0_v3" "txf538230201684356858f4-006923558c" "proxy-server 92677" 0.0003 "-" 96605 0
Nov 23 13:42:20 np0005532741.novalocal proxy-server[92676]: ::1 ::1 23/Nov/2025/18/42/20 GET /v1/AUTH_9cc260e0c9e84206955019da66ffcbec/gnocchi.70bb292a-c9e9-454e-8e04-6d46a448cced%3Fformat%3Djson%26states%3Dlisting HTTP/1.0 200 - python-swiftclient-4.2.0 gAAAAABpI1V6j5L9... - 2 - tx888410ecde25481a96a30-006923558c - 0.0234 - - 1763923340.506474733 1763923340.529846191 0
Nov 23 13:42:20 np0005532741.novalocal object-server[96607]: ::1 - - [23/Nov/2025:18:42:20 +0000] "GET /2/182648/AUTH_9cc260e0c9e84206955019da66ffcbec/gnocchi.9590a4af-50bb-48eb-93c0-54d312905a6a/1763640000.0_mean_300.0_v3" 404 70 "GET http://[::1]:8080/v1/AUTH_9cc260e0c9e84206955019da66ffcbec/gnocchi.9590a4af-50bb-48eb-93c0-54d312905a6a/1763640000.0_mean_300.0_v3" "txf538230201684356858f4-006923558c" "proxy-server 92677" 0.0004 "-" 96607 0
Nov 23 13:42:20 np0005532741.novalocal object-server[96605]: ::1 - - [23/Nov/2025:18:42:20 +0000] "GET /1/182648/AUTH_9cc260e0c9e84206955019da66ffcbec/gnocchi.9590a4af-50bb-48eb-93c0-54d312905a6a/1763640000.0_mean_300.0_v3" 404 70 "GET http://[::1]:8080/v1/AUTH_9cc260e0c9e84206955019da66ffcbec/gnocchi.9590a4af-50bb-48eb-93c0-54d312905a6a/1763640000.0_mean_300.0_v3" "txf538230201684356858f4-006923558c" "proxy-server 92677" 0.0003 "-" 96605 0
Nov 23 13:42:20 np0005532741.novalocal proxy-server[92677]: ::1 ::1 23/Nov/2025/18/42/20 GET /v1/AUTH_9cc260e0c9e84206955019da66ffcbec/gnocchi.9590a4af-50bb-48eb-93c0-54d312905a6a/1763640000.0_mean_300.0_v3 HTTP/1.0 404 - python-swiftclient-4.2.0 gAAAAABpI1V6uZq-... - 70 - txf538230201684356858f4-006923558c - 0.0169 - - 1763923340.526134253 1763923340.543012857 0
Nov 23 13:42:20 np0005532741.novalocal object-server[96609]: ::1 - - [23/Nov/2025:18:42:20 +0000] "GET /3/498/AUTH_9cc260e0c9e84206955019da66ffcbec/gnocchi.70bb292a-c9e9-454e-8e04-6d46a448cced/1763640000.0_mean_300.0_v3" 404 70 "GET http://[::1]:8080/v1/AUTH_9cc260e0c9e84206955019da66ffcbec/gnocchi.70bb292a-c9e9-454e-8e04-6d46a448cced/1763640000.0_mean_300.0_v3" "tx52ce8e0d28144577b9664-006923558c" "proxy-server 92676" 0.0003 "-" 96609 0
Nov 23 13:42:20 np0005532741.novalocal object-server[96606]: ::1 - - [23/Nov/2025:18:42:20 +0000] "GET /1/498/AUTH_9cc260e0c9e84206955019da66ffcbec/gnocchi.70bb292a-c9e9-454e-8e04-6d46a448cced/1763640000.0_mean_300.0_v3" 404 70 "GET http://[::1]:8080/v1/AUTH_9cc260e0c9e84206955019da66ffcbec/gnocchi.70bb292a-c9e9-454e-8e04-6d46a448cced/1763640000.0_mean_300.0_v3" "tx52ce8e0d28144577b9664-006923558c" "proxy-server 92676" 0.0003 "-" 96606 0
Nov 23 13:42:20 np0005532741.novalocal object-server[96605]: ::1 - - [23/Nov/2025:18:42:20 +0000] "GET /2/498/AUTH_9cc260e0c9e84206955019da66ffcbec/gnocchi.70bb292a-c9e9-454e-8e04-6d46a448cced/1763640000.0_mean_300.0_v3" 404 70 "GET http://[::1]:8080/v1/AUTH_9cc260e0c9e84206955019da66ffcbec/gnocchi.70bb292a-c9e9-454e-8e04-6d46a448cced/1763640000.0_mean_300.0_v3" "tx52ce8e0d28144577b9664-006923558c" "proxy-server 92676" 0.0003 "-" 96605 0
Nov 23 13:42:20 np0005532741.novalocal proxy-server[92676]: ::1 ::1 23/Nov/2025/18/42/20 GET /v1/AUTH_9cc260e0c9e84206955019da66ffcbec/gnocchi.70bb292a-c9e9-454e-8e04-6d46a448cced/1763640000.0_mean_300.0_v3 HTTP/1.0 404 - python-swiftclient-4.2.0 gAAAAABpI1V6j5L9... - 70 - tx52ce8e0d28144577b9664-006923558c - 0.0132 - - 1763923340.539895535 1763923340.553119659 0
Nov 23 13:42:20 np0005532741.novalocal container-server[96310]: ::1 - - [23/Nov/2025:18:42:20 +0000] "PUT /3/25407/AUTH_9cc260e0c9e84206955019da66ffcbec/gnocchi.9590a4af-50bb-48eb-93c0-54d312905a6a/1763640000.0_mean_300.0_v3" 201 - "PUT http://[::1]:8080/2/182648/AUTH_9cc260e0c9e84206955019da66ffcbec/gnocchi.9590a4af-50bb-48eb-93c0-54d312905a6a/1763640000.0_mean_300.0_v3" "tx0aa13d3130364b7999514-006923558c" "object-server 96607" 0.0004 "-" 96310 0
Nov 23 13:42:20 np0005532741.novalocal container-server[96309]: ::1 - - [23/Nov/2025:18:42:20 +0000] "PUT /1/25407/AUTH_9cc260e0c9e84206955019da66ffcbec/gnocchi.9590a4af-50bb-48eb-93c0-54d312905a6a/1763640000.0_mean_300.0_v3" 201 - "PUT http://[::1]:8080/1/182648/AUTH_9cc260e0c9e84206955019da66ffcbec/gnocchi.9590a4af-50bb-48eb-93c0-54d312905a6a/1763640000.0_mean_300.0_v3" "tx0aa13d3130364b7999514-006923558c" "object-server 96605" 0.0005 "-" 96309 0
Nov 23 13:42:20 np0005532741.novalocal object-server[96607]: ::1 - - [23/Nov/2025:18:42:20 +0000] "PUT /2/182648/AUTH_9cc260e0c9e84206955019da66ffcbec/gnocchi.9590a4af-50bb-48eb-93c0-54d312905a6a/1763640000.0_mean_300.0_v3" 201 - "PUT http://[::1]:8080/v1/AUTH_9cc260e0c9e84206955019da66ffcbec/gnocchi.9590a4af-50bb-48eb-93c0-54d312905a6a/1763640000.0_mean_300.0_v3" "tx0aa13d3130364b7999514-006923558c" "proxy-server 92677" 0.0107 "-" 96607 0
Nov 23 13:42:20 np0005532741.novalocal object-server[96605]: ::1 - - [23/Nov/2025:18:42:20 +0000] "PUT /1/182648/AUTH_9cc260e0c9e84206955019da66ffcbec/gnocchi.9590a4af-50bb-48eb-93c0-54d312905a6a/1763640000.0_mean_300.0_v3" 201 - "PUT http://[::1]:8080/v1/AUTH_9cc260e0c9e84206955019da66ffcbec/gnocchi.9590a4af-50bb-48eb-93c0-54d312905a6a/1763640000.0_mean_300.0_v3" "tx0aa13d3130364b7999514-006923558c" "proxy-server 92677" 0.0116 "-" 96605 0
Nov 23 13:42:20 np0005532741.novalocal container-server[96310]: ::1 - - [23/Nov/2025:18:42:20 +0000] "PUT /2/25407/AUTH_9cc260e0c9e84206955019da66ffcbec/gnocchi.9590a4af-50bb-48eb-93c0-54d312905a6a/1763640000.0_mean_300.0_v3" 201 - "PUT http://[::1]:8080/3/182648/AUTH_9cc260e0c9e84206955019da66ffcbec/gnocchi.9590a4af-50bb-48eb-93c0-54d312905a6a/1763640000.0_mean_300.0_v3" "tx0aa13d3130364b7999514-006923558c" "object-server 96609" 0.0004 "-" 96310 0
Nov 23 13:42:20 np0005532741.novalocal object-server[96609]: ::1 - - [23/Nov/2025:18:42:20 +0000] "PUT /3/182648/AUTH_9cc260e0c9e84206955019da66ffcbec/gnocchi.9590a4af-50bb-48eb-93c0-54d312905a6a/1763640000.0_mean_300.0_v3" 201 - "PUT http://[::1]:8080/v1/AUTH_9cc260e0c9e84206955019da66ffcbec/gnocchi.9590a4af-50bb-48eb-93c0-54d312905a6a/1763640000.0_mean_300.0_v3" "tx0aa13d3130364b7999514-006923558c" "proxy-server 92677" 0.0127 "-" 96609 0
Nov 23 13:42:20 np0005532741.novalocal proxy-server[92677]: ::1 ::1 23/Nov/2025/18/42/20 PUT /v1/AUTH_9cc260e0c9e84206955019da66ffcbec/gnocchi.9590a4af-50bb-48eb-93c0-54d312905a6a/1763640000.0_mean_300.0_v3 HTTP/1.0 201 - python-swiftclient-4.2.0 gAAAAABpI1V6uZq-... 16 - - tx0aa13d3130364b7999514-006923558c - 0.0232 - - 1763923340.545907497 1763923340.569093227 0
Nov 23 13:42:20 np0005532741.novalocal container-server[96309]: ::1 - - [23/Nov/2025:18:42:20 +0000] "PUT /2/57536/AUTH_9cc260e0c9e84206955019da66ffcbec/gnocchi.70bb292a-c9e9-454e-8e04-6d46a448cced/1763640000.0_mean_300.0_v3" 201 - "PUT http://[::1]:8080/2/498/AUTH_9cc260e0c9e84206955019da66ffcbec/gnocchi.70bb292a-c9e9-454e-8e04-6d46a448cced/1763640000.0_mean_300.0_v3" "tx688faa5d11b8419daeaf1-006923558c" "object-server 96609" 0.0005 "-" 96309 0
Nov 23 13:42:20 np0005532741.novalocal container-server[96310]: ::1 - - [23/Nov/2025:18:42:20 +0000] "PUT /1/57536/AUTH_9cc260e0c9e84206955019da66ffcbec/gnocchi.70bb292a-c9e9-454e-8e04-6d46a448cced/1763640000.0_mean_300.0_v3" 201 - "PUT http://[::1]:8080/3/498/AUTH_9cc260e0c9e84206955019da66ffcbec/gnocchi.70bb292a-c9e9-454e-8e04-6d46a448cced/1763640000.0_mean_300.0_v3" "tx688faa5d11b8419daeaf1-006923558c" "object-server 96606" 0.0004 "-" 96310 0
Nov 23 13:42:20 np0005532741.novalocal object-server[96606]: ::1 - - [23/Nov/2025:18:42:20 +0000] "PUT /3/498/AUTH_9cc260e0c9e84206955019da66ffcbec/gnocchi.70bb292a-c9e9-454e-8e04-6d46a448cced/1763640000.0_mean_300.0_v3" 201 - "PUT http://[::1]:8080/v1/AUTH_9cc260e0c9e84206955019da66ffcbec/gnocchi.70bb292a-c9e9-454e-8e04-6d46a448cced/1763640000.0_mean_300.0_v3" "tx688faa5d11b8419daeaf1-006923558c" "proxy-server 92676" 0.0151 "-" 96606 0
Nov 23 13:42:20 np0005532741.novalocal object-server[96609]: ::1 - - [23/Nov/2025:18:42:20 +0000] "PUT /2/498/AUTH_9cc260e0c9e84206955019da66ffcbec/gnocchi.70bb292a-c9e9-454e-8e04-6d46a448cced/1763640000.0_mean_300.0_v3" 201 - "PUT http://[::1]:8080/v1/AUTH_9cc260e0c9e84206955019da66ffcbec/gnocchi.70bb292a-c9e9-454e-8e04-6d46a448cced/1763640000.0_mean_300.0_v3" "tx688faa5d11b8419daeaf1-006923558c" "proxy-server 92676" 0.0123 "-" 96609 0
Nov 23 13:42:20 np0005532741.novalocal container-server[96308]: ::1 - - [23/Nov/2025:18:42:20 +0000] "PUT /3/57536/AUTH_9cc260e0c9e84206955019da66ffcbec/gnocchi.70bb292a-c9e9-454e-8e04-6d46a448cced/1763640000.0_mean_300.0_v3" 201 - "PUT http://[::1]:8080/1/498/AUTH_9cc260e0c9e84206955019da66ffcbec/gnocchi.70bb292a-c9e9-454e-8e04-6d46a448cced/1763640000.0_mean_300.0_v3" "tx688faa5d11b8419daeaf1-006923558c" "object-server 96609" 0.0009 "-" 96308 0
Nov 23 13:42:20 np0005532741.novalocal container-server[96310]: ::1 - - [23/Nov/2025:18:42:20 +0000] "PUT /1/25407/AUTH_9cc260e0c9e84206955019da66ffcbec/gnocchi.9590a4af-50bb-48eb-93c0-54d312905a6a/none_v3" 201 - "PUT http://[::1]:8080/1/160369/AUTH_9cc260e0c9e84206955019da66ffcbec/gnocchi.9590a4af-50bb-48eb-93c0-54d312905a6a/none_v3" "tx2b1402e4362d4347b944f-006923558c" "object-server 96607" 0.0004 "-" 96310 0
Nov 23 13:42:20 np0005532741.novalocal object-server[96607]: ::1 - - [23/Nov/2025:18:42:20 +0000] "PUT /1/160369/AUTH_9cc260e0c9e84206955019da66ffcbec/gnocchi.9590a4af-50bb-48eb-93c0-54d312905a6a/none_v3" 201 - "PUT http://[::1]:8080/v1/AUTH_9cc260e0c9e84206955019da66ffcbec/gnocchi.9590a4af-50bb-48eb-93c0-54d312905a6a/none_v3" "tx2b1402e4362d4347b944f-006923558c" "proxy-server 92677" 0.0116 "-" 96607 0
Nov 23 13:42:20 np0005532741.novalocal container-server[96309]: ::1 - - [23/Nov/2025:18:42:20 +0000] "PUT /3/25407/AUTH_9cc260e0c9e84206955019da66ffcbec/gnocchi.9590a4af-50bb-48eb-93c0-54d312905a6a/none_v3" 201 - "PUT http://[::1]:8080/3/160369/AUTH_9cc260e0c9e84206955019da66ffcbec/gnocchi.9590a4af-50bb-48eb-93c0-54d312905a6a/none_v3" "tx2b1402e4362d4347b944f-006923558c" "object-server 96606" 0.0003 "-" 96309 0
Nov 23 13:42:20 np0005532741.novalocal object-server[96609]: ::1 - - [23/Nov/2025:18:42:20 +0000] "PUT /1/498/AUTH_9cc260e0c9e84206955019da66ffcbec/gnocchi.70bb292a-c9e9-454e-8e04-6d46a448cced/1763640000.0_mean_300.0_v3" 201 - "PUT http://[::1]:8080/v1/AUTH_9cc260e0c9e84206955019da66ffcbec/gnocchi.70bb292a-c9e9-454e-8e04-6d46a448cced/1763640000.0_mean_300.0_v3" "tx688faa5d11b8419daeaf1-006923558c" "proxy-server 92676" 0.0187 "-" 96609 0
Nov 23 13:42:20 np0005532741.novalocal object-server[96606]: ::1 - - [23/Nov/2025:18:42:20 +0000] "PUT /3/160369/AUTH_9cc260e0c9e84206955019da66ffcbec/gnocchi.9590a4af-50bb-48eb-93c0-54d312905a6a/none_v3" 201 - "PUT http://[::1]:8080/v1/AUTH_9cc260e0c9e84206955019da66ffcbec/gnocchi.9590a4af-50bb-48eb-93c0-54d312905a6a/none_v3" "tx2b1402e4362d4347b944f-006923558c" "proxy-server 92677" 0.0130 "-" 96606 0
Nov 23 13:42:20 np0005532741.novalocal container-server[96308]: ::1 - - [23/Nov/2025:18:42:20 +0000] "PUT /2/25407/AUTH_9cc260e0c9e84206955019da66ffcbec/gnocchi.9590a4af-50bb-48eb-93c0-54d312905a6a/none_v3" 201 - "PUT http://[::1]:8080/2/160369/AUTH_9cc260e0c9e84206955019da66ffcbec/gnocchi.9590a4af-50bb-48eb-93c0-54d312905a6a/none_v3" "tx2b1402e4362d4347b944f-006923558c" "object-server 96609" 0.0006 "-" 96308 0
