Nov 23 13:42:29 np0005532741.novalocal proxy-server[92676]: ::1 ::1 23/Nov/2025/18/42/29 PUT /v1/AUTH_9cc260e0c9e84206955019da66ffcbec/gnocchi.97a1579d-5d1c-4360-8133-493b6ec7915b HTTP/1.0 201 - python-swiftclient-4.2.0 gAAAAABpI1V6j5L9... - - - tx328b80535aab4259b51e4-0069235595 - 0.0304 - - 1763923349.131246567 1763923349.161619186 0
Nov 23 13:42:29 np0005532741.novalocal container-server[96311]: ::1 - - [23/Nov/2025:18:42:29 +0000] "PUT /3/37543/AUTH_9cc260e0c9e84206955019da66ffcbec/gnocchi.c8fabb25-6cd8-4837-8d38-766ae5e16336/none_v3" 201 - "PUT http://[::1]:8080/2/35587/AUTH_9cc260e0c9e84206955019da66ffcbec/gnocchi.c8fabb25-6cd8-4837-8d38-766ae5e16336/none_v3" "txf4639a55e6514f7e9cf8d-0069235595" "object-server 96609" 0.0004 "-" 96311 0
Nov 23 13:42:29 np0005532741.novalocal container-server[96309]: ::1 - - [23/Nov/2025:18:42:29 +0000] "PUT /2/37543/AUTH_9cc260e0c9e84206955019da66ffcbec/gnocchi.c8fabb25-6cd8-4837-8d38-766ae5e16336/none_v3" 201 - "PUT http://[::1]:8080/3/35587/AUTH_9cc260e0c9e84206955019da66ffcbec/gnocchi.c8fabb25-6cd8-4837-8d38-766ae5e16336/none_v3" "txf4639a55e6514f7e9cf8d-0069235595" "object-server 96609" 0.0006 "-" 96309 0
Nov 23 13:42:29 np0005532741.novalocal object-server[96609]: ::1 - - [23/Nov/2025:18:42:29 +0000] "PUT /2/35587/AUTH_9cc260e0c9e84206955019da66ffcbec/gnocchi.c8fabb25-6cd8-4837-8d38-766ae5e16336/none_v3" 201 - "PUT http://[::1]:8080/v1/AUTH_9cc260e0c9e84206955019da66ffcbec/gnocchi.c8fabb25-6cd8-4837-8d38-766ae5e16336/none_v3" "txf4639a55e6514f7e9cf8d-0069235595" "proxy-server 92677" 0.0198 "-" 96609 0
Nov 23 13:42:29 np0005532741.novalocal object-server[96609]: ::1 - - [23/Nov/2025:18:42:29 +0000] "PUT /3/35587/AUTH_9cc260e0c9e84206955019da66ffcbec/gnocchi.c8fabb25-6cd8-4837-8d38-766ae5e16336/none_v3" 201 - "PUT http://[::1]:8080/v1/AUTH_9cc260e0c9e84206955019da66ffcbec/gnocchi.c8fabb25-6cd8-4837-8d38-766ae5e16336/none_v3" "txf4639a55e6514f7e9cf8d-0069235595" "proxy-server 92677" 0.0192 "-" 96609 0
Nov 23 13:42:29 np0005532741.novalocal proxy-server[92677]: ::1 ::1 23/Nov/2025/18/42/29 PUT /v1/AUTH_9cc260e0c9e84206955019da66ffcbec/gnocchi.c8fabb25-6cd8-4837-8d38-766ae5e16336/none_v3 HTTP/1.0 201 - python-swiftclient-4.2.0 gAAAAABpI1V6uZq-... 22 - - txf4639a55e6514f7e9cf8d-0069235595 - 0.0337 - - 1763923349.131208420 1763923349.164916515 0
Nov 23 13:42:29 np0005532741.novalocal container-server[96311]: ::1 - - [23/Nov/2025:18:42:29 +0000] "HEAD /3/162543/AUTH_9cc260e0c9e84206955019da66ffcbec/gnocchi.97a1579d-5d1c-4360-8133-493b6ec7915b" 204 - "HEAD http://[::1]:8080/v1/AUTH_9cc260e0c9e84206955019da66ffcbec/gnocchi.97a1579d-5d1c-4360-8133-493b6ec7915b?format=json&states=listing" "txc1c8e55a1ef8411ea9392-0069235595" "proxy-server 92676" 0.0019 "-" 96311 0
Nov 23 13:42:29 np0005532741.novalocal container-server[96310]: ::1 - - [23/Nov/2025:18:42:29 +0000] "GET /1/162543/AUTH_9cc260e0c9e84206955019da66ffcbec/gnocchi.97a1579d-5d1c-4360-8133-493b6ec7915b" 200 2 "GET http://[::1]:8080/v1/AUTH_9cc260e0c9e84206955019da66ffcbec/gnocchi.97a1579d-5d1c-4360-8133-493b6ec7915b?format=json&states=listing" "txc1c8e55a1ef8411ea9392-0069235595" "proxy-server 92676" 0.0034 "-" 96310 0
Nov 23 13:42:29 np0005532741.novalocal object-server[96609]: ::1 - - [23/Nov/2025:18:42:29 +0000] "GET /2/172059/AUTH_9cc260e0c9e84206955019da66ffcbec/gnocchi.30d765b9-b112-4e3b-9426-1e007e56b219/none_v3" 200 22 "GET http://[::1]:8080/v1/AUTH_9cc260e0c9e84206955019da66ffcbec/gnocchi.30d765b9-b112-4e3b-9426-1e007e56b219/none_v3" "tx03d1781146154fe18d5dc-0069235595" "proxy-server 92677" 0.0007 "-" 96609 0
Nov 23 13:42:29 np0005532741.novalocal proxy-server[92676]: ::1 ::1 23/Nov/2025/18/42/29 GET /v1/AUTH_9cc260e0c9e84206955019da66ffcbec/gnocchi.97a1579d-5d1c-4360-8133-493b6ec7915b%3Fformat%3Djson%26states%3Dlisting HTTP/1.0 200 - python-swiftclient-4.2.0 gAAAAABpI1V6j5L9... - 2 - txc1c8e55a1ef8411ea9392-0069235595 - 0.0261 - - 1763923349.164850235 1763923349.190977573 0
Nov 23 13:42:29 np0005532741.novalocal proxy-server[92677]: ::1 ::1 23/Nov/2025/18/42/29 GET /v1/AUTH_9cc260e0c9e84206955019da66ffcbec/gnocchi.30d765b9-b112-4e3b-9426-1e007e56b219/none_v3 HTTP/1.0 200 - python-swiftclient-4.2.0 gAAAAABpI1V6uZq-... - 22 - tx03d1781146154fe18d5dc-0069235595 - 0.0133 - - 1763923349.179792643 1763923349.193089247 0
Nov 23 13:42:29 np0005532741.novalocal object-server[96606]: ::1 - - [23/Nov/2025:18:42:29 +0000] "GET /2/131477/AUTH_9cc260e0c9e84206955019da66ffcbec/gnocchi.97a1579d-5d1c-4360-8133-493b6ec7915b/1763640000.0_mean_300.0_v3" 404 70 "GET http://[::1]:8080/v1/AUTH_9cc260e0c9e84206955019da66ffcbec/gnocchi.97a1579d-5d1c-4360-8133-493b6ec7915b/1763640000.0_mean_300.0_v3" "tx58c6944348b04d6aaaa1e-0069235595" "proxy-server 92676" 0.0004 "-" 96606 0
Nov 23 13:42:29 np0005532741.novalocal object-server[96609]: ::1 - - [23/Nov/2025:18:42:29 +0000] "GET /3/131477/AUTH_9cc260e0c9e84206955019da66ffcbec/gnocchi.97a1579d-5d1c-4360-8133-493b6ec7915b/1763640000.0_mean_300.0_v3" 404 70 "GET http://[::1]:8080/v1/AUTH_9cc260e0c9e84206955019da66ffcbec/gnocchi.97a1579d-5d1c-4360-8133-493b6ec7915b/1763640000.0_mean_300.0_v3" "tx58c6944348b04d6aaaa1e-0069235595" "proxy-server 92676" 0.0003 "-" 96609 0
Nov 23 13:42:29 np0005532741.novalocal container-server[96311]: ::1 - - [23/Nov/2025:18:42:29 +0000] "GET /3/260953/AUTH_9cc260e0c9e84206955019da66ffcbec/gnocchi.30d765b9-b112-4e3b-9426-1e007e56b219" 200 357 "GET http://[::1]:8080/v1/AUTH_9cc260e0c9e84206955019da66ffcbec/gnocchi.30d765b9-b112-4e3b-9426-1e007e56b219?format=json&states=listing" "tx4abcd590e7d747b7bc28b-0069235595" "proxy-server 92677" 0.0030 "-" 96311 0
Nov 23 13:42:29 np0005532741.novalocal object-server[96605]: ::1 - - [23/Nov/2025:18:42:29 +0000] "GET /1/131477/AUTH_9cc260e0c9e84206955019da66ffcbec/gnocchi.97a1579d-5d1c-4360-8133-493b6ec7915b/1763640000.0_mean_300.0_v3" 404 70 "GET http://[::1]:8080/v1/AUTH_9cc260e0c9e84206955019da66ffcbec/gnocchi.97a1579d-5d1c-4360-8133-493b6ec7915b/1763640000.0_mean_300.0_v3" "tx58c6944348b04d6aaaa1e-0069235595" "proxy-server 92676" 0.0005 "-" 96605 0
Nov 23 13:42:29 np0005532741.novalocal proxy-server[92676]: ::1 ::1 23/Nov/2025/18/42/29 GET /v1/AUTH_9cc260e0c9e84206955019da66ffcbec/gnocchi.97a1579d-5d1c-4360-8133-493b6ec7915b/1763640000.0_mean_300.0_v3 HTTP/1.0 404 - python-swiftclient-4.2.0 gAAAAABpI1V6j5L9... - 70 - tx58c6944348b04d6aaaa1e-0069235595 - 0.0134 - - 1763923349.195055008 1763923349.208467007 0
Nov 23 13:42:29 np0005532741.novalocal proxy-server[92677]: ::1 ::1 23/Nov/2025/18/42/29 GET /v1/AUTH_9cc260e0c9e84206955019da66ffcbec/gnocchi.30d765b9-b112-4e3b-9426-1e007e56b219%3Fformat%3Djson%26states%3Dlisting HTTP/1.0 200 - python-swiftclient-4.2.0 gAAAAABpI1V6uZq-... - 357 - tx4abcd590e7d747b7bc28b-0069235595 - 0.0123 - - 1763923349.197848320 1763923349.210185528 0
Nov 23 13:42:29 np0005532741.novalocal container-server[96311]: ::1 - - [23/Nov/2025:18:42:29 +0000] "GET /2/260953/AUTH_9cc260e0c9e84206955019da66ffcbec/gnocchi.30d765b9-b112-4e3b-9426-1e007e56b219" 200 2 "GET http://[::1]:8080/v1/AUTH_9cc260e0c9e84206955019da66ffcbec/gnocchi.30d765b9-b112-4e3b-9426-1e007e56b219?format=json&marker=none_v3&states=listing" "tx3cb5652944034ee4a9be6-0069235595" "proxy-server 92677" 0.0044 "-" 96311 0
Nov 23 13:42:29 np0005532741.novalocal proxy-server[92677]: ::1 ::1 23/Nov/2025/18/42/29 GET /v1/AUTH_9cc260e0c9e84206955019da66ffcbec/gnocchi.30d765b9-b112-4e3b-9426-1e007e56b219%3Fformat%3Djson%26marker%3Dnone_v3%26states%3Dlisting HTTP/1.0 200 - python-swiftclient-4.2.0 gAAAAABpI1V6uZq-... - 2 - tx3cb5652944034ee4a9be6-0069235595 - 0.0127 - - 1763923349.214253902 1763923349.227002859 0
Nov 23 13:42:29 np0005532741.novalocal container-server[96308]: ::1 - - [23/Nov/2025:18:42:29 +0000] "PUT /2/162543/AUTH_9cc260e0c9e84206955019da66ffcbec/gnocchi.97a1579d-5d1c-4360-8133-493b6ec7915b/1763640000.0_mean_300.0_v3" 201 - "PUT http://[::1]:8080/1/131477/AUTH_9cc260e0c9e84206955019da66ffcbec/gnocchi.97a1579d-5d1c-4360-8133-493b6ec7915b/1763640000.0_mean_300.0_v3" "tx03fa468f30cf4a128361b-0069235595" "object-server 96605" 0.0009 "-" 96308 0
Nov 23 13:42:29 np0005532741.novalocal container-server[96310]: ::1 - - [23/Nov/2025:18:42:29 +0000] "PUT /1/162543/AUTH_9cc260e0c9e84206955019da66ffcbec/gnocchi.97a1579d-5d1c-4360-8133-493b6ec7915b/1763640000.0_mean_300.0_v3" 201 - "PUT http://[::1]:8080/2/131477/AUTH_9cc260e0c9e84206955019da66ffcbec/gnocchi.97a1579d-5d1c-4360-8133-493b6ec7915b/1763640000.0_mean_300.0_v3" "tx03fa468f30cf4a128361b-0069235595" "object-server 96605" 0.0007 "-" 96310 0
Nov 23 13:42:29 np0005532741.novalocal object-server[96605]: ::1 - - [23/Nov/2025:18:42:29 +0000] "PUT /1/131477/AUTH_9cc260e0c9e84206955019da66ffcbec/gnocchi.97a1579d-5d1c-4360-8133-493b6ec7915b/1763640000.0_mean_300.0_v3" 201 - "PUT http://[::1]:8080/v1/AUTH_9cc260e0c9e84206955019da66ffcbec/gnocchi.97a1579d-5d1c-4360-8133-493b6ec7915b/1763640000.0_mean_300.0_v3" "tx03fa468f30cf4a128361b-0069235595" "proxy-server 92676" 0.0121 "-" 96605 0
Nov 23 13:42:29 np0005532741.novalocal object-server[96605]: ::1 - - [23/Nov/2025:18:42:29 +0000] "PUT /2/131477/AUTH_9cc260e0c9e84206955019da66ffcbec/gnocchi.97a1579d-5d1c-4360-8133-493b6ec7915b/1763640000.0_mean_300.0_v3" 201 - "PUT http://[::1]:8080/v1/AUTH_9cc260e0c9e84206955019da66ffcbec/gnocchi.97a1579d-5d1c-4360-8133-493b6ec7915b/1763640000.0_mean_300.0_v3" "tx03fa468f30cf4a128361b-0069235595" "proxy-server 92676" 0.0115 "-" 96605 0
Nov 23 13:42:29 np0005532741.novalocal container-server[96308]: ::1 - - [23/Nov/2025:18:42:29 +0000] "PUT /3/162543/AUTH_9cc260e0c9e84206955019da66ffcbec/gnocchi.97a1579d-5d1c-4360-8133-493b6ec7915b/1763640000.0_mean_300.0_v3" 201 - "PUT http://[::1]:8080/3/131477/AUTH_9cc260e0c9e84206955019da66ffcbec/gnocchi.97a1579d-5d1c-4360-8133-493b6ec7915b/1763640000.0_mean_300.0_v3" "tx03fa468f30cf4a128361b-0069235595" "object-server 96609" 0.0003 "-" 96308 0
Nov 23 13:42:29 np0005532741.novalocal object-server[96609]: ::1 - - [23/Nov/2025:18:42:29 +0000] "PUT /3/131477/AUTH_9cc260e0c9e84206955019da66ffcbec/gnocchi.97a1579d-5d1c-4360-8133-493b6ec7915b/1763640000.0_mean_300.0_v3" 201 - "PUT http://[::1]:8080/v1/AUTH_9cc260e0c9e84206955019da66ffcbec/gnocchi.97a1579d-5d1c-4360-8133-493b6ec7915b/1763640000.0_mean_300.0_v3" "tx03fa468f30cf4a128361b-0069235595" "proxy-server 92676" 0.0144 "-" 96609 0
Nov 23 13:42:29 np0005532741.novalocal object-server[96605]: ::1 - - [23/Nov/2025:18:42:29 +0000] "GET /2/227090/AUTH_9cc260e0c9e84206955019da66ffcbec/gnocchi.30d765b9-b112-4e3b-9426-1e007e56b219/1763640000.0_mean_300.0_v3" 200 16 "GET http://[::1]:8080/v1/AUTH_9cc260e0c9e84206955019da66ffcbec/gnocchi.30d765b9-b112-4e3b-9426-1e007e56b219/1763640000.0_mean_300.0_v3" "txaec3aed5c21b44248af17-0069235595" "proxy-server 92677" 0.0007 "-" 96605 0
Nov 23 13:42:29 np0005532741.novalocal proxy-server[92676]: ::1 ::1 23/Nov/2025/18/42/29 PUT /v1/AUTH_9cc260e0c9e84206955019da66ffcbec/gnocchi.97a1579d-5d1c-4360-8133-493b6ec7915b/1763640000.0_mean_300.0_v3 HTTP/1.0 201 - python-swiftclient-4.2.0 gAAAAABpI1V6j5L9... 16 - - tx03fa468f30cf4a128361b-0069235595 - 0.0254 - - 1763923349.211531878 1763923349.236940622 0
Nov 23 13:42:29 np0005532741.novalocal proxy-server[92677]: ::1 ::1 23/Nov/2025/18/42/29 GET /v1/AUTH_9cc260e0c9e84206955019da66ffcbec/gnocchi.30d765b9-b112-4e3b-9426-1e007e56b219/1763640000.0_mean_300.0_v3 HTTP/1.0 200 - python-swiftclient-4.2.0 gAAAAABpI1V6uZq-... - 16 - txaec3aed5c21b44248af17-0069235595 - 0.0062 - - 1763923349.232523441 1763923349.238754749 0
Nov 23 13:42:29 np0005532741.novalocal container-server[96311]: ::1 - - [23/Nov/2025:18:42:29 +0000] "PUT /3/162543/AUTH_9cc260e0c9e84206955019da66ffcbec/gnocchi.97a1579d-5d1c-4360-8133-493b6ec7915b/none_v3" 201 - "PUT http://[::1]:8080/1/215045/AUTH_9cc260e0c9e84206955019da66ffcbec/gnocchi.97a1579d-5d1c-4360-8133-493b6ec7915b/none_v3" "tx765c3e4936874af59bac5-0069235595" "object-server 96609" 0.0006 "-" 96311 0
Nov 23 13:42:29 np0005532741.novalocal container-server[96310]: ::1 - - [23/Nov/2025:18:42:29 +0000] "PUT /2/162543/AUTH_9cc260e0c9e84206955019da66ffcbec/gnocchi.97a1579d-5d1c-4360-8133-493b6ec7915b/none_v3" 201 - "PUT http://[::1]:8080/3/215045/AUTH_9cc260e0c9e84206955019da66ffcbec/gnocchi.97a1579d-5d1c-4360-8133-493b6ec7915b/none_v3" "tx765c3e4936874af59bac5-0069235595" "object-server 96605" 0.0005 "-" 96310 0
Nov 23 13:42:29 np0005532741.novalocal object-server[96605]: ::1 - - [23/Nov/2025:18:42:29 +0000] "PUT /3/215045/AUTH_9cc260e0c9e84206955019da66ffcbec/gnocchi.97a1579d-5d1c-4360-8133-493b6ec7915b/none_v3" 201 - "PUT http://[::1]:8080/v1/AUTH_9cc260e0c9e84206955019da66ffcbec/gnocchi.97a1579d-5d1c-4360-8133-493b6ec7915b/none_v3" "tx765c3e4936874af59bac5-0069235595" "proxy-server 92676" 0.0134 "-" 96605 0
Nov 23 13:42:29 np0005532741.novalocal container-server[96310]: ::1 - - [23/Nov/2025:18:42:29 +0000] "PUT /1/162543/AUTH_9cc260e0c9e84206955019da66ffcbec/gnocchi.97a1579d-5d1c-4360-8133-493b6ec7915b/none_v3" 201 - "PUT http://[::1]:8080/2/215045/AUTH_9cc260e0c9e84206955019da66ffcbec/gnocchi.97a1579d-5d1c-4360-8133-493b6ec7915b/none_v3" "tx765c3e4936874af59bac5-0069235595" "object-server 96607" 0.0004 "-" 96310 0
Nov 23 13:42:29 np0005532741.novalocal object-server[96607]: ::1 - - [23/Nov/2025:18:42:29 +0000] "PUT /2/215045/AUTH_9cc260e0c9e84206955019da66ffcbec/gnocchi.97a1579d-5d1c-4360-8133-493b6ec7915b/none_v3" 201 - "PUT http://[::1]:8080/v1/AUTH_9cc260e0c9e84206955019da66ffcbec/gnocchi.97a1579d-5d1c-4360-8133-493b6ec7915b/none_v3" "tx765c3e4936874af59bac5-0069235595" "proxy-server 92676" 0.0140 "-" 96607 0
Nov 23 13:42:29 np0005532741.novalocal container-server[96311]: ::1 - - [23/Nov/2025:18:42:29 +0000] "PUT /1/260953/AUTH_9cc260e0c9e84206955019da66ffcbec/gnocchi.30d765b9-b112-4e3b-9426-1e007e56b219/1763640000.0_mean_300.0_v3" 201 - "PUT http://[::1]:8080/1/227090/AUTH_9cc260e0c9e84206955019da66ffcbec/gnocchi.30d765b9-b112-4e3b-9426-1e007e56b219/1763640000.0_mean_300.0_v3" "tx28b42eff0e8943988f0f4-0069235595" "object-server 96606" 0.0004 "-" 96311 0
Nov 23 13:42:29 np0005532741.novalocal container-server[96310]: ::1 - - [23/Nov/2025:18:42:29 +0000] "PUT /3/260953/AUTH_9cc260e0c9e84206955019da66ffcbec/gnocchi.30d765b9-b112-4e3b-9426-1e007e56b219/1763640000.0_mean_300.0_v3" 201 - "PUT http://[::1]:8080/3/227090/AUTH_9cc260e0c9e84206955019da66ffcbec/gnocchi.30d765b9-b112-4e3b-9426-1e007e56b219/1763640000.0_mean_300.0_v3" "tx28b42eff0e8943988f0f4-0069235595" "object-server 96606" 0.0004 "-" 96310 0
Nov 23 13:42:29 np0005532741.novalocal object-server[96609]: ::1 - - [23/Nov/2025:18:42:29 +0000] "PUT /1/215045/AUTH_9cc260e0c9e84206955019da66ffcbec/gnocchi.97a1579d-5d1c-4360-8133-493b6ec7915b/none_v3" 201 - "PUT http://[::1]:8080/v1/AUTH_9cc260e0c9e84206955019da66ffcbec/gnocchi.97a1579d-5d1c-4360-8133-493b6ec7915b/none_v3" "tx765c3e4936874af59bac5-0069235595" "proxy-server 92676" 0.0140 "-" 96609 0
Nov 23 13:42:29 np0005532741.novalocal container-server[96311]: ::1 - - [23/Nov/2025:18:42:29 +0000] "PUT /2/260953/AUTH_9cc260e0c9e84206955019da66ffcbec/gnocchi.30d765b9-b112-4e3b-9426-1e007e56b219/1763640000.0_mean_300.0_v3" 201 - "PUT http://[::1]:8080/2/227090/AUTH_9cc260e0c9e84206955019da66ffcbec/gnocchi.30d765b9-b112-4e3b-9426-1e007e56b219/1763640000.0_mean_300.0_v3" "tx28b42eff0e8943988f0f4-0069235595" "object-server 96606" 0.0004 "-" 96311 0
Nov 23 13:42:29 np0005532741.novalocal object-server[96606]: ::1 - - [23/Nov/2025:18:42:29 +0000] "PUT /1/227090/AUTH_9cc260e0c9e84206955019da66ffcbec/gnocchi.30d765b9-b112-4e3b-9426-1e007e56b219/1763640000.0_mean_300.0_v3" 201 - "PUT http://[::1]:8080/v1/AUTH_9cc260e0c9e84206955019da66ffcbec/gnocchi.30d765b9-b112-4e3b-9426-1e007e56b219/1763640000.0_mean_300.0_v3" "tx28b42eff0e8943988f0f4-0069235595" "proxy-server 92677" 0.0171 "-" 96606 0
Nov 23 13:42:29 np0005532741.novalocal object-server[96606]: ::1 - - [23/Nov/2025:18:42:29 +0000] "PUT /2/227090/AUTH_9cc260e0c9e84206955019da66ffcbec/gnocchi.30d765b9-b112-4e3b-9426-1e007e56b219/1763640000.0_mean_300.0_v3" 201 - "PUT http://[::1]:8080/v1/AUTH_9cc260e0c9e84206955019da66ffcbec/gnocchi.30d765b9-b112-4e3b-9426-1e007e56b219/1763640000.0_mean_300.0_v3" "tx28b42eff0e8943988f0f4-0069235595" "proxy-server 92677" 0.0223 "-" 96606 0
Nov 23 13:42:29 np0005532741.novalocal proxy-server[92676]: ::1 ::1 23/Nov/2025/18/42/29 PUT /v1/AUTH_9cc260e0c9e84206955019da66ffcbec/gnocchi.97a1579d-5d1c-4360-8133-493b6ec7915b/none_v3 HTTP/1.0 201 - python-swiftclient-4.2.0 gAAAAABpI1V6j5L9... 22 - - tx765c3e4936874af59bac5-0069235595 - 0.0297 - - 1763923349.240327597 1763923349.269980431 0
Nov 23 13:42:29 np0005532741.novalocal object-server[96606]: ::1 - - [23/Nov/2025:18:42:29 +0000] "PUT /3/227090/AUTH_9cc260e0c9e84206955019da66ffcbec/gnocchi.30d765b9-b112-4e3b-9426-1e007e56b219/1763640000.0_mean_300.0_v3" 201 - "PUT http://[::1]:8080/v1/AUTH_9cc260e0c9e84206955019da66ffcbec/gnocchi.30d765b9-b112-4e3b-9426-1e007e56b219/1763640000.0_mean_300.0_v3" "tx28b42eff0e8943988f0f4-0069235595" "proxy-server 92677" 0.0216 "-" 96606 0
Nov 23 13:42:29 np0005532741.novalocal proxy-server[92677]: ::1 ::1 23/Nov/2025/18/42/29 PUT /v1/AUTH_9cc260e0c9e84206955019da66ffcbec/gnocchi.30d765b9-b112-4e3b-9426-1e007e56b219/1763640000.0_mean_300.0_v3 HTTP/1.0 201 - python-swiftclient-4.2.0 gAAAAABpI1V6uZq-... 16 - - tx28b42eff0e8943988f0f4-0069235595 - 0.0301 - - 1763923349.241399050 1763923349.271515131 0
Nov 23 13:42:29 np0005532741.novalocal container-server[96311]: ::1 - - [23/Nov/2025:18:42:29 +0000] "HEAD /2/9778/AUTH_9cc260e0c9e84206955019da66ffcbec/gnocchi.bc514fa9-1cba-4fe8-be5b-0088be2c2fde" 404 - "HEAD http://[::1]:8080/v1/AUTH_9cc260e0c9e84206955019da66ffcbec/gnocchi.bc514fa9-1cba-4fe8-be5b-0088be2c2fde?format=json&states=listing" "txcfd0487e35a5434287ff0-0069235595" "proxy-server 92676" 0.0003 "-" 96311 0
Nov 23 13:42:29 np0005532741.novalocal container-server[96309]: ::1 - - [23/Nov/2025:18:42:29 +0000] "HEAD /3/9778/AUTH_9cc260e0c9e84206955019da66ffcbec/gnocchi.bc514fa9-1cba-4fe8-be5b-0088be2c2fde" 404 - "HEAD http://[::1]:8080/v1/AUTH_9cc260e0c9e84206955019da66ffcbec/gnocchi.bc514fa9-1cba-4fe8-be5b-0088be2c2fde?format=json&states=listing" "txcfd0487e35a5434287ff0-0069235595" "proxy-server 92676" 0.0003 "-" 96309 0
Nov 23 13:42:29 np0005532741.novalocal container-server[96311]: ::1 - - [23/Nov/2025:18:42:29 +0000] "HEAD /1/9778/AUTH_9cc260e0c9e84206955019da66ffcbec/gnocchi.bc514fa9-1cba-4fe8-be5b-0088be2c2fde" 404 - "HEAD http://[::1]:8080/v1/AUTH_9cc260e0c9e84206955019da66ffcbec/gnocchi.bc514fa9-1cba-4fe8-be5b-0088be2c2fde?format=json&states=listing" "txcfd0487e35a5434287ff0-0069235595" "proxy-server 92676" 0.0002 "-" 96311 0
Nov 23 13:42:29 np0005532741.novalocal container-server[96309]: ::1 - - [23/Nov/2025:18:42:29 +0000] "PUT /3/260953/AUTH_9cc260e0c9e84206955019da66ffcbec/gnocchi.30d765b9-b112-4e3b-9426-1e007e56b219/none_v3" 201 - "PUT http://[::1]:8080/3/172059/AUTH_9cc260e0c9e84206955019da66ffcbec/gnocchi.30d765b9-b112-4e3b-9426-1e007e56b219/none_v3" "tx0183a1bd577a4c9d9f7bf-0069235595" "object-server 96607" 0.0004 "-" 96309 0
Nov 23 13:42:29 np0005532741.novalocal container-server[96308]: ::1 - - [23/Nov/2025:18:42:29 +0000] "PUT /2/260953/AUTH_9cc260e0c9e84206955019da66ffcbec/gnocchi.30d765b9-b112-4e3b-9426-1e007e56b219/none_v3" 201 - "PUT http://[::1]:8080/1/172059/AUTH_9cc260e0c9e84206955019da66ffcbec/gnocchi.30d765b9-b112-4e3b-9426-1e007e56b219/none_v3" "tx0183a1bd577a4c9d9f7bf-0069235595" "object-server 96605" 0.0009 "-" 96308 0
Nov 23 13:42:29 np0005532741.novalocal object-server[96605]: ::1 - - [23/Nov/2025:18:42:29 +0000] "PUT /1/172059/AUTH_9cc260e0c9e84206955019da66ffcbec/gnocchi.30d765b9-b112-4e3b-9426-1e007e56b219/none_v3" 201 - "PUT http://[::1]:8080/v1/AUTH_9cc260e0c9e84206955019da66ffcbec/gnocchi.30d765b9-b112-4e3b-9426-1e007e56b219/none_v3" "tx0183a1bd577a4c9d9f7bf-0069235595" "proxy-server 92677" 0.0133 "-" 96605 0
Nov 23 13:42:29 np0005532741.novalocal container-server[96310]: ::1 - - [23/Nov/2025:18:42:29 +0000] "PUT /1/260953/AUTH_9cc260e0c9e84206955019da66ffcbec/gnocchi.30d765b9-b112-4e3b-9426-1e007e56b219/none_v3" 201 - "PUT http://[::1]:8080/2/172059/AUTH_9cc260e0c9e84206955019da66ffcbec/gnocchi.30d765b9-b112-4e3b-9426-1e007e56b219/none_v3" "tx0183a1bd577a4c9d9f7bf-0069235595" "object-server 96607" 0.0005 "-" 96310 0
Nov 23 13:42:29 np0005532741.novalocal object-server[96607]: ::1 - - [23/Nov/2025:18:42:29 +0000] "PUT /3/172059/AUTH_9cc260e0c9e84206955019da66ffcbec/gnocchi.30d765b9-b112-4e3b-9426-1e007e56b219/none_v3" 201 - "PUT http://[::1]:8080/v1/AUTH_9cc260e0c9e84206955019da66ffcbec/gnocchi.30d765b9-b112-4e3b-9426-1e007e56b219/none_v3" "tx0183a1bd577a4c9d9f7bf-0069235595" "proxy-server 92677" 0.0125 "-" 96607 0
Nov 23 13:42:29 np0005532741.novalocal object-server[96607]: ::1 - - [23/Nov/2025:18:42:29 +0000] "PUT /2/172059/AUTH_9cc260e0c9e84206955019da66ffcbec/gnocchi.30d765b9-b112-4e3b-9426-1e007e56b219/none_v3" 201 - "PUT http://[::1]:8080/v1/AUTH_9cc260e0c9e84206955019da66ffcbec/gnocchi.30d765b9-b112-4e3b-9426-1e007e56b219/none_v3" "tx0183a1bd577a4c9d9f7bf-0069235595" "proxy-server 92677" 0.0154 "-" 96607 0
Nov 23 13:42:29 np0005532741.novalocal object-server[96607]: ::1 - - [23/Nov/2025:18:42:29 +0000] "GET /1/104209/AUTH_9cc260e0c9e84206955019da66ffcbec/gnocchi.bc514fa9-1cba-4fe8-be5b-0088be2c2fde/none_v3" 404 70 "GET http://[::1]:8080/v1/AUTH_9cc260e0c9e84206955019da66ffcbec/gnocchi.bc514fa9-1cba-4fe8-be5b-0088be2c2fde/none_v3" "txcfd0487e35a5434287ff0-0069235595" "proxy-server 92676" 0.0002 "-" 96607 0
Nov 23 13:42:29 np0005532741.novalocal proxy-server[92677]: ::1 ::1 23/Nov/2025/18/42/29 PUT /v1/AUTH_9cc260e0c9e84206955019da66ffcbec/gnocchi.30d765b9-b112-4e3b-9426-1e007e56b219/none_v3 HTTP/1.0 201 - python-swiftclient-4.2.0 gAAAAABpI1V6uZq-... 27 - - tx0183a1bd577a4c9d9f7bf-0069235595 - 0.0250 - - 1763923349.274235487 1763923349.299198389 0
Nov 23 13:42:29 np0005532741.novalocal object-server[96607]: ::1 - - [23/Nov/2025:18:42:29 +0000] "GET /3/104209/AUTH_9cc260e0c9e84206955019da66ffcbec/gnocchi.bc514fa9-1cba-4fe8-be5b-0088be2c2fde/none_v3" 404 70 "GET http://[::1]:8080/v1/AUTH_9cc260e0c9e84206955019da66ffcbec/gnocchi.bc514fa9-1cba-4fe8-be5b-0088be2c2fde/none_v3" "txcfd0487e35a5434287ff0-0069235595" "proxy-server 92676" 0.0003 "-" 96607 0
Nov 23 13:42:29 np0005532741.novalocal object-server[96605]: ::1 - - [23/Nov/2025:18:42:29 +0000] "GET /2/104209/AUTH_9cc260e0c9e84206955019da66ffcbec/gnocchi.bc514fa9-1cba-4fe8-be5b-0088be2c2fde/none_v3" 404 70 "GET http://[::1]:8080/v1/AUTH_9cc260e0c9e84206955019da66ffcbec/gnocchi.bc514fa9-1cba-4fe8-be5b-0088be2c2fde/none_v3" "txcfd0487e35a5434287ff0-0069235595" "proxy-server 92676" 0.0004 "-" 96605 0
Nov 23 13:42:29 np0005532741.novalocal proxy-server[92676]: ::1 ::1 23/Nov/2025/18/42/29 GET /v1/AUTH_9cc260e0c9e84206955019da66ffcbec/gnocchi.bc514fa9-1cba-4fe8-be5b-0088be2c2fde/none_v3 HTTP/1.0 404 - python-swiftclient-4.2.0 gAAAAABpI1V6j5L9... - 70 - txcfd0487e35a5434287ff0-0069235595 - 0.0251 - - 1763923349.280330420 1763923349.305469036 0
Nov 23 13:42:29 np0005532741.novalocal object-server[96607]: ::1 - - [23/Nov/2025:18:42:29 +0000] "GET /3/145572/AUTH_9cc260e0c9e84206955019da66ffcbec/gnocchi.d0f0f08b-f677-4540-b5cc-adbdbbcef941/none_v3" 200 22 "GET http://[::1]:8080/v1/AUTH_9cc260e0c9e84206955019da66ffcbec/gnocchi.d0f0f08b-f677-4540-b5cc-adbdbbcef941/none_v3" "tx0a13a0f85a44472b9d28f-0069235595" "proxy-server 92677" 0.0034 "-" 96607 0
Nov 23 13:42:29 np0005532741.novalocal account-server[96018]: ::1 - - [23/Nov/2025:18:42:29 +0000] "PUT /3/21056/AUTH_9cc260e0c9e84206955019da66ffcbec/gnocchi.bc514fa9-1cba-4fe8-be5b-0088be2c2fde" 201 - "PUT http://[::1]:6001/1/9778/AUTH_9cc260e0c9e84206955019da66ffcbec/gnocchi.bc514fa9-1cba-4fe8-be5b-0088be2c2fde" "txaf8d72c39e5342adbbf05-0069235595" "container-server 96309" 0.0038 "-" 96018 0
Nov 23 13:42:29 np0005532741.novalocal container-server[96309]: ::1 - - [23/Nov/2025:18:42:29 +0000] "PUT /1/9778/AUTH_9cc260e0c9e84206955019da66ffcbec/gnocchi.bc514fa9-1cba-4fe8-be5b-0088be2c2fde" 201 - "PUT http://[::1]:8080/v1/AUTH_9cc260e0c9e84206955019da66ffcbec/gnocchi.bc514fa9-1cba-4fe8-be5b-0088be2c2fde" "txaf8d72c39e5342adbbf05-0069235595" "proxy-server 92676" 0.0129 "-" 96309 0
Nov 23 13:42:29 np0005532741.novalocal proxy-server[92677]: ::1 ::1 23/Nov/2025/18/42/29 GET /v1/AUTH_9cc260e0c9e84206955019da66ffcbec/gnocchi.d0f0f08b-f677-4540-b5cc-adbdbbcef941/none_v3 HTTP/1.0 200 - python-swiftclient-4.2.0 gAAAAABpI1V6uZq-... - 22 - tx0a13a0f85a44472b9d28f-0069235595 - 0.0156 - - 1763923349.311636209 1763923349.327215433 0
Nov 23 13:42:29 np0005532741.novalocal account-server[96016]: ::1 - - [23/Nov/2025:18:42:29 +0000] "PUT /1/21056/AUTH_9cc260e0c9e84206955019da66ffcbec/gnocchi.bc514fa9-1cba-4fe8-be5b-0088be2c2fde" 201 - "PUT http://[::1]:6001/2/9778/AUTH_9cc260e0c9e84206955019da66ffcbec/gnocchi.bc514fa9-1cba-4fe8-be5b-0088be2c2fde" "txaf8d72c39e5342adbbf05-0069235595" "container-server 96310" 0.0049 "-" 96016 0
Nov 23 13:42:29 np0005532741.novalocal container-server[96310]: ::1 - - [23/Nov/2025:18:42:29 +0000] "PUT /2/9778/AUTH_9cc260e0c9e84206955019da66ffcbec/gnocchi.bc514fa9-1cba-4fe8-be5b-0088be2c2fde" 201 - "PUT http://[::1]:8080/v1/AUTH_9cc260e0c9e84206955019da66ffcbec/gnocchi.bc514fa9-1cba-4fe8-be5b-0088be2c2fde" "txaf8d72c39e5342adbbf05-0069235595" "proxy-server 92676" 0.0163 "-" 96310 0
Nov 23 13:42:29 np0005532741.novalocal account-server[96017]: ::1 - - [23/Nov/2025:18:42:29 +0000] "PUT /2/21056/AUTH_9cc260e0c9e84206955019da66ffcbec/gnocchi.bc514fa9-1cba-4fe8-be5b-0088be2c2fde" 201 - "PUT http://[::1]:6001/3/9778/AUTH_9cc260e0c9e84206955019da66ffcbec/gnocchi.bc514fa9-1cba-4fe8-be5b-0088be2c2fde" "txaf8d72c39e5342adbbf05-0069235595" "container-server 96308" 0.0053 "-" 96017 0
Nov 23 13:42:29 np0005532741.novalocal container-server[96308]: ::1 - - [23/Nov/2025:18:42:29 +0000] "PUT /3/9778/AUTH_9cc260e0c9e84206955019da66ffcbec/gnocchi.bc514fa9-1cba-4fe8-be5b-0088be2c2fde" 201 - "PUT http://[::1]:8080/v1/AUTH_9cc260e0c9e84206955019da66ffcbec/gnocchi.bc514fa9-1cba-4fe8-be5b-0088be2c2fde" "txaf8d72c39e5342adbbf05-0069235595" "proxy-server 92676" 0.0192 "-" 96308 0
Nov 23 13:42:29 np0005532741.novalocal proxy-server[92676]: ::1 ::1 23/Nov/2025/18/42/29 PUT /v1/AUTH_9cc260e0c9e84206955019da66ffcbec/gnocchi.bc514fa9-1cba-4fe8-be5b-0088be2c2fde HTTP/1.0 201 - python-swiftclient-4.2.0 gAAAAABpI1V6j5L9... - - - txaf8d72c39e5342adbbf05-0069235595 - 0.0258 - - 1763923349.308131695 1763923349.333893061 0
Nov 23 13:42:29 np0005532741.novalocal container-server[96310]: ::1 - - [23/Nov/2025:18:42:29 +0000] "GET /1/225361/AUTH_9cc260e0c9e84206955019da66ffcbec/gnocchi.d0f0f08b-f677-4540-b5cc-adbdbbcef941" 200 357 "GET http://[::1]:8080/v1/AUTH_9cc260e0c9e84206955019da66ffcbec/gnocchi.d0f0f08b-f677-4540-b5cc-adbdbbcef941?format=json&states=listing" "tx7d4b8f4f68af4d819f2f1-0069235595" "proxy-server 92677" 0.0033 "-" 96310 0
Nov 23 13:42:29 np0005532741.novalocal container-server[96311]: ::1 - - [23/Nov/2025:18:42:29 +0000] "HEAD /2/9778/AUTH_9cc260e0c9e84206955019da66ffcbec/gnocchi.bc514fa9-1cba-4fe8-be5b-0088be2c2fde" 204 - "HEAD http://[::1]:8080/v1/AUTH_9cc260e0c9e84206955019da66ffcbec/gnocchi.bc514fa9-1cba-4fe8-be5b-0088be2c2fde?format=json&states=listing" "txed9037f6752d4878a434a-0069235595" "proxy-server 92676" 0.0011 "-" 96311 0
Nov 23 13:42:29 np0005532741.novalocal proxy-server[92677]: ::1 ::1 23/Nov/2025/18/42/29 GET /v1/AUTH_9cc260e0c9e84206955019da66ffcbec/gnocchi.d0f0f08b-f677-4540-b5cc-adbdbbcef941%3Fformat%3Djson%26states%3Dlisting HTTP/1.0 200 - python-swiftclient-4.2.0 gAAAAABpI1V6uZq-... - 357 - tx7d4b8f4f68af4d819f2f1-0069235595 - 0.0099 - - 1763923349.330423594 1763923349.340366125 0
Nov 23 13:42:29 np0005532741.novalocal container-server[96310]: ::1 - - [23/Nov/2025:18:42:29 +0000] "GET /2/225361/AUTH_9cc260e0c9e84206955019da66ffcbec/gnocchi.d0f0f08b-f677-4540-b5cc-adbdbbcef941" 200 2 "GET http://[::1]:8080/v1/AUTH_9cc260e0c9e84206955019da66ffcbec/gnocchi.d0f0f08b-f677-4540-b5cc-adbdbbcef941?format=json&marker=none_v3&states=listing" "tx8868afca70a24c86bb6ca-0069235595" "proxy-server 92677" 0.0025 "-" 96310 0
Nov 23 13:42:29 np0005532741.novalocal container-server[96310]: ::1 - - [23/Nov/2025:18:42:29 +0000] "GET /3/9778/AUTH_9cc260e0c9e84206955019da66ffcbec/gnocchi.bc514fa9-1cba-4fe8-be5b-0088be2c2fde" 200 2 "GET http://[::1]:8080/v1/AUTH_9cc260e0c9e84206955019da66ffcbec/gnocchi.bc514fa9-1cba-4fe8-be5b-0088be2c2fde?format=json&states=listing" "txed9037f6752d4878a434a-0069235595" "proxy-server 92676" 0.0021 "-" 96310 0
Nov 23 13:42:29 np0005532741.novalocal proxy-server[92676]: ::1 ::1 23/Nov/2025/18/42/29 GET /v1/AUTH_9cc260e0c9e84206955019da66ffcbec/gnocchi.bc514fa9-1cba-4fe8-be5b-0088be2c2fde%3Fformat%3Djson%26states%3Dlisting HTTP/1.0 200 - python-swiftclient-4.2.0 gAAAAABpI1V6j5L9... - 2 - txed9037f6752d4878a434a-0069235595 - 0.0191 - - 1763923349.336818695 1763923349.355880499 0
Nov 23 13:42:29 np0005532741.novalocal proxy-server[92677]: ::1 ::1 23/Nov/2025/18/42/29 GET /v1/AUTH_9cc260e0c9e84206955019da66ffcbec/gnocchi.d0f0f08b-f677-4540-b5cc-adbdbbcef941%3Fformat%3Djson%26marker%3Dnone_v3%26states%3Dlisting HTTP/1.0 200 - python-swiftclient-4.2.0 gAAAAABpI1V6uZq-... - 2 - tx8868afca70a24c86bb6ca-0069235595 - 0.0130 - - 1763923349.343005180 1763923349.356026411 0
Nov 23 13:42:29 np0005532741.novalocal object-server[96609]: ::1 - - [23/Nov/2025:18:42:29 +0000] "GET /2/45305/AUTH_9cc260e0c9e84206955019da66ffcbec/gnocchi.bc514fa9-1cba-4fe8-be5b-0088be2c2fde/1763640000.0_mean_300.0_v3" 404 70 "GET http://[::1]:8080/v1/AUTH_9cc260e0c9e84206955019da66ffcbec/gnocchi.bc514fa9-1cba-4fe8-be5b-0088be2c2fde/1763640000.0_mean_300.0_v3" "tx2fba2d4dc3674a2a9df1f-0069235595" "proxy-server 92676" 0.0004 "-" 96609 0
Nov 23 13:42:29 np0005532741.novalocal object-server[96605]: ::1 - - [23/Nov/2025:18:42:29 +0000] "GET /3/45305/AUTH_9cc260e0c9e84206955019da66ffcbec/gnocchi.bc514fa9-1cba-4fe8-be5b-0088be2c2fde/1763640000.0_mean_300.0_v3" 404 70 "GET http://[::1]:8080/v1/AUTH_9cc260e0c9e84206955019da66ffcbec/gnocchi.bc514fa9-1cba-4fe8-be5b-0088be2c2fde/1763640000.0_mean_300.0_v3" "tx2fba2d4dc3674a2a9df1f-0069235595" "proxy-server 92676" 0.0004 "-" 96605 0
Nov 23 13:42:29 np0005532741.novalocal object-server[96606]: ::1 - - [23/Nov/2025:18:42:29 +0000] "GET /1/26156/AUTH_9cc260e0c9e84206955019da66ffcbec/gnocchi.d0f0f08b-f677-4540-b5cc-adbdbbcef941/1763640000.0_mean_300.0_v3" 200 16 "GET http://[::1]:8080/v1/AUTH_9cc260e0c9e84206955019da66ffcbec/gnocchi.d0f0f08b-f677-4540-b5cc-adbdbbcef941/1763640000.0_mean_300.0_v3" "tx5effa16f298a441aa6008-0069235595" "proxy-server 92677" 0.0010 "-" 96606 0
Nov 23 13:42:29 np0005532741.novalocal object-server[96609]: ::1 - - [23/Nov/2025:18:42:29 +0000] "GET /1/45305/AUTH_9cc260e0c9e84206955019da66ffcbec/gnocchi.bc514fa9-1cba-4fe8-be5b-0088be2c2fde/1763640000.0_mean_300.0_v3" 404 70 "GET http://[::1]:8080/v1/AUTH_9cc260e0c9e84206955019da66ffcbec/gnocchi.bc514fa9-1cba-4fe8-be5b-0088be2c2fde/1763640000.0_mean_300.0_v3" "tx2fba2d4dc3674a2a9df1f-0069235595" "proxy-server 92676" 0.0002 "-" 96609 0
Nov 23 13:42:29 np0005532741.novalocal proxy-server[92676]: ::1 ::1 23/Nov/2025/18/42/29 GET /v1/AUTH_9cc260e0c9e84206955019da66ffcbec/gnocchi.bc514fa9-1cba-4fe8-be5b-0088be2c2fde/1763640000.0_mean_300.0_v3 HTTP/1.0 404 - python-swiftclient-4.2.0 gAAAAABpI1V6j5L9... - 70 - tx2fba2d4dc3674a2a9df1f-0069235595 - 0.0107 - - 1763923349.359056950 1763923349.369718552 0
Nov 23 13:42:29 np0005532741.novalocal proxy-server[92677]: ::1 ::1 23/Nov/2025/18/42/29 GET /v1/AUTH_9cc260e0c9e84206955019da66ffcbec/gnocchi.d0f0f08b-f677-4540-b5cc-adbdbbcef941/1763640000.0_mean_300.0_v3 HTTP/1.0 200 - python-swiftclient-4.2.0 gAAAAABpI1V6uZq-... - 16 - tx5effa16f298a441aa6008-0069235595 - 0.0113 - - 1763923349.359042645 1763923349.370389700 0
Nov 23 13:42:29 np0005532741.novalocal container-server[96310]: ::1 - - [23/Nov/2025:18:42:29 +0000] "PUT /1/225361/AUTH_9cc260e0c9e84206955019da66ffcbec/gnocchi.d0f0f08b-f677-4540-b5cc-adbdbbcef941/1763640000.0_mean_300.0_v3" 201 - "PUT http://[::1]:8080/3/26156/AUTH_9cc260e0c9e84206955019da66ffcbec/gnocchi.d0f0f08b-f677-4540-b5cc-adbdbbcef941/1763640000.0_mean_300.0_v3" "tx651610398c9d44688b52d-0069235595" "object-server 96607" 0.0006 "-" 96310 0
Nov 23 13:42:29 np0005532741.novalocal object-server[96607]: ::1 - - [23/Nov/2025:18:42:29 +0000] "PUT /3/26156/AUTH_9cc260e0c9e84206955019da66ffcbec/gnocchi.d0f0f08b-f677-4540-b5cc-adbdbbcef941/1763640000.0_mean_300.0_v3" 201 - "PUT http://[::1]:8080/v1/AUTH_9cc260e0c9e84206955019da66ffcbec/gnocchi.d0f0f08b-f677-4540-b5cc-adbdbbcef941/1763640000.0_mean_300.0_v3" "tx651610398c9d44688b52d-0069235595" "proxy-server 92677" 0.0149 "-" 96607 0
Nov 23 13:42:29 np0005532741.novalocal container-server[96309]: ::1 - - [23/Nov/2025:18:42:29 +0000] "PUT /3/9778/AUTH_9cc260e0c9e84206955019da66ffcbec/gnocchi.bc514fa9-1cba-4fe8-be5b-0088be2c2fde/1763640000.0_mean_300.0_v3" 201 - "PUT http://[::1]:8080/2/45305/AUTH_9cc260e0c9e84206955019da66ffcbec/gnocchi.bc514fa9-1cba-4fe8-be5b-0088be2c2fde/1763640000.0_mean_300.0_v3" "txaca68b62239944609af39-0069235595" "object-server 96609" 0.0004 "-" 96309 0
Nov 23 13:42:29 np0005532741.novalocal container-server[96310]: ::1 - - [23/Nov/2025:18:42:29 +0000] "PUT /1/9778/AUTH_9cc260e0c9e84206955019da66ffcbec/gnocchi.bc514fa9-1cba-4fe8-be5b-0088be2c2fde/1763640000.0_mean_300.0_v3" 201 - "PUT http://[::1]:8080/1/45305/AUTH_9cc260e0c9e84206955019da66ffcbec/gnocchi.bc514fa9-1cba-4fe8-be5b-0088be2c2fde/1763640000.0_mean_300.0_v3" "txaca68b62239944609af39-0069235595" "object-server 96609" 0.0008 "-" 96310 0
Nov 23 13:42:29 np0005532741.novalocal object-server[96609]: ::1 - - [23/Nov/2025:18:42:29 +0000] "PUT /2/45305/AUTH_9cc260e0c9e84206955019da66ffcbec/gnocchi.bc514fa9-1cba-4fe8-be5b-0088be2c2fde/1763640000.0_mean_300.0_v3" 201 - "PUT http://[::1]:8080/v1/AUTH_9cc260e0c9e84206955019da66ffcbec/gnocchi.bc514fa9-1cba-4fe8-be5b-0088be2c2fde/1763640000.0_mean_300.0_v3" "txaca68b62239944609af39-0069235595" "proxy-server 92676" 0.0190 "-" 96609 0
Nov 23 13:42:29 np0005532741.novalocal object-server[96609]: ::1 - - [23/Nov/2025:18:42:29 +0000] "PUT /1/45305/AUTH_9cc260e0c9e84206955019da66ffcbec/gnocchi.bc514fa9-1cba-4fe8-be5b-0088be2c2fde/1763640000.0_mean_300.0_v3" 201 - "PUT http://[::1]:8080/v1/AUTH_9cc260e0c9e84206955019da66ffcbec/gnocchi.bc514fa9-1cba-4fe8-be5b-0088be2c2fde/1763640000.0_mean_300.0_v3" "txaca68b62239944609af39-0069235595" "proxy-server 92676" 0.0185 "-" 96609 0
Nov 23 13:42:29 np0005532741.novalocal container-server[96308]: ::1 - - [23/Nov/2025:18:42:29 +0000] "PUT /2/225361/AUTH_9cc260e0c9e84206955019da66ffcbec/gnocchi.d0f0f08b-f677-4540-b5cc-adbdbbcef941/1763640000.0_mean_300.0_v3" 201 - "PUT http://[::1]:8080/2/26156/AUTH_9cc260e0c9e84206955019da66ffcbec/gnocchi.d0f0f08b-f677-4540-b5cc-adbdbbcef941/1763640000.0_mean_300.0_v3" "tx651610398c9d44688b52d-0069235595" "object-server 96606" 0.0007 "-" 96308 0
Nov 23 13:42:29 np0005532741.novalocal object-server[96606]: ::1 - - [23/Nov/2025:18:42:29 +0000] "PUT /2/26156/AUTH_9cc260e0c9e84206955019da66ffcbec/gnocchi.d0f0f08b-f677-4540-b5cc-adbdbbcef941/1763640000.0_mean_300.0_v3" 201 - "PUT http://[::1]:8080/v1/AUTH_9cc260e0c9e84206955019da66ffcbec/gnocchi.d0f0f08b-f677-4540-b5cc-adbdbbcef941/1763640000.0_mean_300.0_v3" "tx651610398c9d44688b52d-0069235595" "proxy-server 92677" 0.0270 "-" 96606 0
Nov 23 13:42:29 np0005532741.novalocal container-server[96310]: ::1 - - [23/Nov/2025:18:42:29 +0000] "PUT /2/9778/AUTH_9cc260e0c9e84206955019da66ffcbec/gnocchi.bc514fa9-1cba-4fe8-be5b-0088be2c2fde/1763640000.0_mean_300.0_v3" 201 - "PUT http://[::1]:8080/3/45305/AUTH_9cc260e0c9e84206955019da66ffcbec/gnocchi.bc514fa9-1cba-4fe8-be5b-0088be2c2fde/1763640000.0_mean_300.0_v3" "txaca68b62239944609af39-0069235595" "object-server 96606" 0.0005 "-" 96310 0
Nov 23 13:42:29 np0005532741.novalocal object-server[96606]: ::1 - - [23/Nov/2025:18:42:29 +0000] "PUT /3/45305/AUTH_9cc260e0c9e84206955019da66ffcbec/gnocchi.bc514fa9-1cba-4fe8-be5b-0088be2c2fde/1763640000.0_mean_300.0_v3" 201 - "PUT http://[::1]:8080/v1/AUTH_9cc260e0c9e84206955019da66ffcbec/gnocchi.bc514fa9-1cba-4fe8-be5b-0088be2c2fde/1763640000.0_mean_300.0_v3" "txaca68b62239944609af39-0069235595" "proxy-server 92676" 0.0276 "-" 96606 0
Nov 23 13:42:29 np0005532741.novalocal container-server[96308]: ::1 - - [23/Nov/2025:18:42:29 +0000] "PUT /3/225361/AUTH_9cc260e0c9e84206955019da66ffcbec/gnocchi.d0f0f08b-f677-4540-b5cc-adbdbbcef941/1763640000.0_mean_300.0_v3" 201 - "PUT http://[::1]:8080/1/26156/AUTH_9cc260e0c9e84206955019da66ffcbec/gnocchi.d0f0f08b-f677-4540-b5cc-adbdbbcef941/1763640000.0_mean_300.0_v3" "tx651610398c9d44688b52d-0069235595" "object-server 96606" 0.0023 "-" 96308 0
Nov 23 13:42:29 np0005532741.novalocal proxy-server[92676]: ::1 ::1 23/Nov/2025/18/42/29 PUT /v1/AUTH_9cc260e0c9e84206955019da66ffcbec/gnocchi.bc514fa9-1cba-4fe8-be5b-0088be2c2fde/1763640000.0_mean_300.0_v3 HTTP/1.0 201 - python-swiftclient-4.2.0 gAAAAABpI1V6j5L9... 16 - - txaca68b62239944609af39-0069235595 - 0.0430 - - 1763923349.372834206 1763923349.415858269 0
Nov 23 13:42:29 np0005532741.novalocal object-server[96606]: ::1 - - [23/Nov/2025:18:42:29 +0000] "PUT /1/26156/AUTH_9cc260e0c9e84206955019da66ffcbec/gnocchi.d0f0f08b-f677-4540-b5cc-adbdbbcef941/1763640000.0_mean_300.0_v3" 201 - "PUT http://[::1]:8080/v1/AUTH_9cc260e0c9e84206955019da66ffcbec/gnocchi.d0f0f08b-f677-4540-b5cc-adbdbbcef941/1763640000.0_mean_300.0_v3" "tx651610398c9d44688b52d-0069235595" "proxy-server 92677" 0.0354 "-" 96606 0
Nov 23 13:42:29 np0005532741.novalocal proxy-server[92677]: ::1 ::1 23/Nov/2025/18/42/29 PUT /v1/AUTH_9cc260e0c9e84206955019da66ffcbec/gnocchi.d0f0f08b-f677-4540-b5cc-adbdbbcef941/1763640000.0_mean_300.0_v3 HTTP/1.0 201 - python-swiftclient-4.2.0 gAAAAABpI1V6uZq-... 16 - - tx651610398c9d44688b52d-0069235595 - 0.0444 - - 1763923349.372862101 1763923349.417228460 0
Nov 23 13:42:29 np0005532741.novalocal container-server[96311]: ::1 - - [23/Nov/2025:18:42:29 +0000] "PUT /1/225361/AUTH_9cc260e0c9e84206955019da66ffcbec/gnocchi.d0f0f08b-f677-4540-b5cc-adbdbbcef941/none_v3" 201 - "PUT http://[::1]:8080/2/145572/AUTH_9cc260e0c9e84206955019da66ffcbec/gnocchi.d0f0f08b-f677-4540-b5cc-adbdbbcef941/none_v3" "tx3cee4abbc98443449d70f-0069235595" "object-server 96605" 0.0004 "-" 96311 0
Nov 23 13:42:29 np0005532741.novalocal object-server[96605]: ::1 - - [23/Nov/2025:18:42:29 +0000] "PUT /2/145572/AUTH_9cc260e0c9e84206955019da66ffcbec/gnocchi.d0f0f08b-f677-4540-b5cc-adbdbbcef941/none_v3" 201 - "PUT http://[::1]:8080/v1/AUTH_9cc260e0c9e84206955019da66ffcbec/gnocchi.d0f0f08b-f677-4540-b5cc-adbdbbcef941/none_v3" "tx3cee4abbc98443449d70f-0069235595" "proxy-server 92677" 0.0093 "-" 96605 0
Nov 23 13:42:29 np0005532741.novalocal container-server[96309]: ::1 - - [23/Nov/2025:18:42:29 +0000] "PUT /1/9778/AUTH_9cc260e0c9e84206955019da66ffcbec/gnocchi.bc514fa9-1cba-4fe8-be5b-0088be2c2fde/none_v3" 201 - "PUT http://[::1]:8080/3/104209/AUTH_9cc260e0c9e84206955019da66ffcbec/gnocchi.bc514fa9-1cba-4fe8-be5b-0088be2c2fde/none_v3" "tx0ad7757877d3418dafcc9-0069235595" "object-server 96605" 0.0004 "-" 96309 0
Nov 23 13:42:29 np0005532741.novalocal object-server[96605]: ::1 - - [23/Nov/2025:18:42:29 +0000] "PUT /3/104209/AUTH_9cc260e0c9e84206955019da66ffcbec/gnocchi.bc514fa9-1cba-4fe8-be5b-0088be2c2fde/none_v3" 201 - "PUT http://[::1]:8080/v1/AUTH_9cc260e0c9e84206955019da66ffcbec/gnocchi.bc514fa9-1cba-4fe8-be5b-0088be2c2fde/none_v3" "tx0ad7757877d3418dafcc9-0069235595" "proxy-server 92676" 0.0101 "-" 96605 0
Nov 23 13:42:29 np0005532741.novalocal container-server[96308]: ::1 - - [23/Nov/2025:18:42:29 +0000] "PUT /3/225361/AUTH_9cc260e0c9e84206955019da66ffcbec/gnocchi.d0f0f08b-f677-4540-b5cc-adbdbbcef941/none_v3" 201 - "PUT http://[::1]:8080/3/145572/AUTH_9cc260e0c9e84206955019da66ffcbec/gnocchi.d0f0f08b-f677-4540-b5cc-adbdbbcef941/none_v3" "tx3cee4abbc98443449d70f-0069235595" "object-server 96607" 0.0006 "-" 96308 0
Nov 23 13:42:29 np0005532741.novalocal container-server[96311]: ::1 - - [23/Nov/2025:18:42:29 +0000] "PUT /2/225361/AUTH_9cc260e0c9e84206955019da66ffcbec/gnocchi.d0f0f08b-f677-4540-b5cc-adbdbbcef941/none_v3" 201 - "PUT http://[::1]:8080/1/145572/AUTH_9cc260e0c9e84206955019da66ffcbec/gnocchi.d0f0f08b-f677-4540-b5cc-adbdbbcef941/none_v3" "tx3cee4abbc98443449d70f-0069235595" "object-server 96606" 0.0003 "-" 96311 0
Nov 23 13:42:29 np0005532741.novalocal container-server[96308]: ::1 - - [23/Nov/2025:18:42:29 +0000] "PUT /2/9778/AUTH_9cc260e0c9e84206955019da66ffcbec/gnocchi.bc514fa9-1cba-4fe8-be5b-0088be2c2fde/none_v3" 201 - "PUT http://[::1]:8080/1/104209/AUTH_9cc260e0c9e84206955019da66ffcbec/gnocchi.bc514fa9-1cba-4fe8-be5b-0088be2c2fde/none_v3" "tx0ad7757877d3418dafcc9-0069235595" "object-server 96609" 0.0004 "-" 96308 0
Nov 23 13:42:29 np0005532741.novalocal object-server[96609]: ::1 - - [23/Nov/2025:18:42:29 +0000] "PUT /1/104209/AUTH_9cc260e0c9e84206955019da66ffcbec/gnocchi.bc514fa9-1cba-4fe8-be5b-0088be2c2fde/none_v3" 201 - "PUT http://[::1]:8080/v1/AUTH_9cc260e0c9e84206955019da66ffcbec/gnocchi.bc514fa9-1cba-4fe8-be5b-0088be2c2fde/none_v3" "tx0ad7757877d3418dafcc9-0069235595" "proxy-server 92676" 0.0134 "-" 96609 0
Nov 23 13:42:29 np0005532741.novalocal object-server[96606]: ::1 - - [23/Nov/2025:18:42:29 +0000] "PUT /1/145572/AUTH_9cc260e0c9e84206955019da66ffcbec/gnocchi.d0f0f08b-f677-4540-b5cc-adbdbbcef941/none_v3" 201 - "PUT http://[::1]:8080/v1/AUTH_9cc260e0c9e84206955019da66ffcbec/gnocchi.d0f0f08b-f677-4540-b5cc-adbdbbcef941/none_v3" "tx3cee4abbc98443449d70f-0069235595" "proxy-server 92677" 0.0163 "-" 96606 0
Nov 23 13:42:29 np0005532741.novalocal object-server[96607]: ::1 - - [23/Nov/2025:18:42:29 +0000] "PUT /3/145572/AUTH_9cc260e0c9e84206955019da66ffcbec/gnocchi.d0f0f08b-f677-4540-b5cc-adbdbbcef941/none_v3" 201 - "PUT http://[::1]:8080/v1/AUTH_9cc260e0c9e84206955019da66ffcbec/gnocchi.d0f0f08b-f677-4540-b5cc-adbdbbcef941/none_v3" "tx3cee4abbc98443449d70f-0069235595" "proxy-server 92677" 0.0172 "-" 96607 0
Nov 23 13:42:29 np0005532741.novalocal proxy-server[92677]: ::1 ::1 23/Nov/2025/18/42/29 PUT /v1/AUTH_9cc260e0c9e84206955019da66ffcbec/gnocchi.d0f0f08b-f677-4540-b5cc-adbdbbcef941/none_v3 HTTP/1.0 201 - python-swiftclient-4.2.0 gAAAAABpI1V6uZq-... 31 - - tx3cee4abbc98443449d70f-0069235595 - 0.0241 - - 1763923349.419290304 1763923349.443354845 0
Nov 23 13:42:29 np0005532741.novalocal container-server[96308]: ::1 - - [23/Nov/2025:18:42:29 +0000] "PUT /3/9778/AUTH_9cc260e0c9e84206955019da66ffcbec/gnocchi.bc514fa9-1cba-4fe8-be5b-0088be2c2fde/none_v3" 201 - "PUT http://[::1]:8080/2/104209/AUTH_9cc260e0c9e84206955019da66ffcbec/gnocchi.bc514fa9-1cba-4fe8-be5b-0088be2c2fde/none_v3" "tx0ad7757877d3418dafcc9-0069235595" "object-server 96607" 0.0004 "-" 96308 0
Nov 23 13:42:29 np0005532741.novalocal object-server[96607]: ::1 - - [23/Nov/2025:18:42:29 +0000] "PUT /2/104209/AUTH_9cc260e0c9e84206955019da66ffcbec/gnocchi.bc514fa9-1cba-4fe8-be5b-0088be2c2fde/none_v3" 201 - "PUT http://[::1]:8080/v1/AUTH_9cc260e0c9e84206955019da66ffcbec/gnocchi.bc514fa9-1cba-4fe8-be5b-0088be2c2fde/none_v3" "tx0ad7757877d3418dafcc9-0069235595" "proxy-server 92676" 0.0155 "-" 96607 0
Nov 23 13:42:29 np0005532741.novalocal proxy-server[92676]: ::1 ::1 23/Nov/2025/18/42/29 PUT /v1/AUTH_9cc260e0c9e84206955019da66ffcbec/gnocchi.bc514fa9-1cba-4fe8-be5b-0088be2c2fde/none_v3 HTTP/1.0 201 - python-swiftclient-4.2.0 gAAAAABpI1V6j5L9... 22 - - tx0ad7757877d3418dafcc9-0069235595 - 0.0313 - - 1763923349.419426918 1763923349.450707436 0
Nov 23 13:42:29 np0005532741.novalocal object-server[96607]: ::1 - - [23/Nov/2025:18:42:29 +0000] "GET /1/20595/AUTH_9cc260e0c9e84206955019da66ffcbec/gnocchi.b51e64de-db91-4691-8739-8133dfdc71ab/none_v3" 200 22 "GET http://[::1]:8080/v1/AUTH_9cc260e0c9e84206955019da66ffcbec/gnocchi.b51e64de-db91-4691-8739-8133dfdc71ab/none_v3" "txa17937f916854a699cb25-0069235595" "proxy-server 92677" 0.0009 "-" 96607 0
Nov 23 13:42:29 np0005532741.novalocal proxy-server[92677]: ::1 ::1 23/Nov/2025/18/42/29 GET /v1/AUTH_9cc260e0c9e84206955019da66ffcbec/gnocchi.b51e64de-db91-4691-8739-8133dfdc71ab/none_v3 HTTP/1.0 200 - python-swiftclient-4.2.0 gAAAAABpI1V6uZq-... - 22 - txa17937f916854a699cb25-0069235595 - 0.0086 - - 1763923349.452135086 1763923349.460729599 0
Nov 23 13:42:29 np0005532741.novalocal container-server[96310]: ::1 - - [23/Nov/2025:18:42:29 +0000] "GET /2/183486/AUTH_9cc260e0c9e84206955019da66ffcbec/gnocchi.b51e64de-db91-4691-8739-8133dfdc71ab" 200 357 "GET http://[::1]:8080/v1/AUTH_9cc260e0c9e84206955019da66ffcbec/gnocchi.b51e64de-db91-4691-8739-8133dfdc71ab?format=json&states=listing" "tx63889a40477a4da0bcd1f-0069235595" "proxy-server 92677" 0.0030 "-" 96310 0
Nov 23 13:42:29 np0005532741.novalocal proxy-server[92677]: ::1 ::1 23/Nov/2025/18/42/29 GET /v1/AUTH_9cc260e0c9e84206955019da66ffcbec/gnocchi.b51e64de-db91-4691-8739-8133dfdc71ab%3Fformat%3Djson%26states%3Dlisting HTTP/1.0 200 - python-swiftclient-4.2.0 gAAAAABpI1V6uZq-... - 357 - tx63889a40477a4da0bcd1f-0069235595 - 0.0078 - - 1763923349.463749886 1763923349.471571684 0
Nov 23 13:42:29 np0005532741.novalocal container-server[96310]: ::1 - - [23/Nov/2025:18:42:29 +0000] "GET /3/183486/AUTH_9cc260e0c9e84206955019da66ffcbec/gnocchi.b51e64de-db91-4691-8739-8133dfdc71ab" 200 2 "GET http://[::1]:8080/v1/AUTH_9cc260e0c9e84206955019da66ffcbec/gnocchi.b51e64de-db91-4691-8739-8133dfdc71ab?format=json&marker=none_v3&states=listing" "txf37bc6f31559410788d34-0069235595" "proxy-server 92677" 0.0028 "-" 96310 0
Nov 23 13:42:29 np0005532741.novalocal container-server[96310]: ::1 - - [23/Nov/2025:18:42:29 +0000] "HEAD /1/82906/AUTH_9cc260e0c9e84206955019da66ffcbec/gnocchi.2f9a2695-5984-442d-92b4-df4e22d3646c" 404 - "HEAD http://[::1]:8080/v1/AUTH_9cc260e0c9e84206955019da66ffcbec/gnocchi.2f9a2695-5984-442d-92b4-df4e22d3646c?format=json&states=listing" "tx617813a9b0dc41949a352-0069235595" "proxy-server 92676" 0.0003 "-" 96310 0
Nov 23 13:42:29 np0005532741.novalocal proxy-server[92677]: ::1 ::1 23/Nov/2025/18/42/29 GET /v1/AUTH_9cc260e0c9e84206955019da66ffcbec/gnocchi.b51e64de-db91-4691-8739-8133dfdc71ab%3Fformat%3Djson%26marker%3Dnone_v3%26states%3Dlisting HTTP/1.0 200 - python-swiftclient-4.2.0 gAAAAABpI1V6uZq-... - 2 - txf37bc6f31559410788d34-0069235595 - 0.0080 - - 1763923349.473334789 1763923349.481354713 0
Nov 23 13:42:29 np0005532741.novalocal container-server[96310]: ::1 - - [23/Nov/2025:18:42:29 +0000] "HEAD /3/82906/AUTH_9cc260e0c9e84206955019da66ffcbec/gnocchi.2f9a2695-5984-442d-92b4-df4e22d3646c" 404 - "HEAD http://[::1]:8080/v1/AUTH_9cc260e0c9e84206955019da66ffcbec/gnocchi.2f9a2695-5984-442d-92b4-df4e22d3646c?format=json&states=listing" "tx617813a9b0dc41949a352-0069235595" "proxy-server 92676" 0.0002 "-" 96310 0
Nov 23 13:42:29 np0005532741.novalocal container-server[96310]: ::1 - - [23/Nov/2025:18:42:29 +0000] "HEAD /2/82906/AUTH_9cc260e0c9e84206955019da66ffcbec/gnocchi.2f9a2695-5984-442d-92b4-df4e22d3646c" 404 - "HEAD http://[::1]:8080/v1/AUTH_9cc260e0c9e84206955019da66ffcbec/gnocchi.2f9a2695-5984-442d-92b4-df4e22d3646c?format=json&states=listing" "tx617813a9b0dc41949a352-0069235595" "proxy-server 92676" 0.0003 "-" 96310 0
Nov 23 13:42:29 np0005532741.novalocal object-server[96605]: ::1 - - [23/Nov/2025:18:42:29 +0000] "GET /1/612/AUTH_9cc260e0c9e84206955019da66ffcbec/gnocchi.b51e64de-db91-4691-8739-8133dfdc71ab/1763640000.0_mean_300.0_v3" 200 16 "GET http://[::1]:8080/v1/AUTH_9cc260e0c9e84206955019da66ffcbec/gnocchi.b51e64de-db91-4691-8739-8133dfdc71ab/1763640000.0_mean_300.0_v3" "tx4c1ad6915fe446f684bb8-0069235595" "proxy-server 92677" 0.0008 "-" 96605 0
Nov 23 13:42:29 np0005532741.novalocal proxy-server[92677]: ::1 ::1 23/Nov/2025/18/42/29 GET /v1/AUTH_9cc260e0c9e84206955019da66ffcbec/gnocchi.b51e64de-db91-4691-8739-8133dfdc71ab/1763640000.0_mean_300.0_v3 HTTP/1.0 200 - python-swiftclient-4.2.0 gAAAAABpI1V6uZq-... - 16 - tx4c1ad6915fe446f684bb8-0069235595 - 0.0057 - - 1763923349.483990192 1763923349.489735126 0
Nov 23 13:42:29 np0005532741.novalocal object-server[96606]: ::1 - - [23/Nov/2025:18:42:29 +0000] "GET /1/193506/AUTH_9cc260e0c9e84206955019da66ffcbec/gnocchi.2f9a2695-5984-442d-92b4-df4e22d3646c/none_v3" 404 70 "GET http://[::1]:8080/v1/AUTH_9cc260e0c9e84206955019da66ffcbec/gnocchi.2f9a2695-5984-442d-92b4-df4e22d3646c/none_v3" "tx617813a9b0dc41949a352-0069235595" "proxy-server 92676" 0.0004 "-" 96606 0
Nov 23 13:42:29 np0005532741.novalocal object-server[96607]: ::1 - - [23/Nov/2025:18:42:29 +0000] "GET /3/193506/AUTH_9cc260e0c9e84206955019da66ffcbec/gnocchi.2f9a2695-5984-442d-92b4-df4e22d3646c/none_v3" 404 70 "GET http://[::1]:8080/v1/AUTH_9cc260e0c9e84206955019da66ffcbec/gnocchi.2f9a2695-5984-442d-92b4-df4e22d3646c/none_v3" "tx617813a9b0dc41949a352-0069235595" "proxy-server 92676" 0.0004 "-" 96607 0
Nov 23 13:42:29 np0005532741.novalocal object-server[96609]: ::1 - - [23/Nov/2025:18:42:29 +0000] "GET /2/193506/AUTH_9cc260e0c9e84206955019da66ffcbec/gnocchi.2f9a2695-5984-442d-92b4-df4e22d3646c/none_v3" 404 70 "GET http://[::1]:8080/v1/AUTH_9cc260e0c9e84206955019da66ffcbec/gnocchi.2f9a2695-5984-442d-92b4-df4e22d3646c/none_v3" "tx617813a9b0dc41949a352-0069235595" "proxy-server 92676" 0.0003 "-" 96609 0
Nov 23 13:42:29 np0005532741.novalocal proxy-server[92676]: ::1 ::1 23/Nov/2025/18/42/29 GET /v1/AUTH_9cc260e0c9e84206955019da66ffcbec/gnocchi.2f9a2695-5984-442d-92b4-df4e22d3646c/none_v3 HTTP/1.0 404 - python-swiftclient-4.2.0 gAAAAABpI1V6j5L9... - 70 - tx617813a9b0dc41949a352-0069235595 - 0.0346 - - 1763923349.470201254 1763923349.504784107 0
Nov 23 13:42:29 np0005532741.novalocal container-server[96309]: ::1 - - [23/Nov/2025:18:42:29 +0000] "PUT /2/183486/AUTH_9cc260e0c9e84206955019da66ffcbec/gnocchi.b51e64de-db91-4691-8739-8133dfdc71ab/1763640000.0_mean_300.0_v3" 201 - "PUT http://[::1]:8080/1/612/AUTH_9cc260e0c9e84206955019da66ffcbec/gnocchi.b51e64de-db91-4691-8739-8133dfdc71ab/1763640000.0_mean_300.0_v3" "tx072781d8f70b41dca0eba-0069235595" "object-server 96609" 0.0004 "-" 96309 0
