Nov 23 13:42:41 np0005532741.novalocal proxy-server[92676]: ::1 ::1 23/Nov/2025/18/42/41 PUT /v1/AUTH_9cc260e0c9e84206955019da66ffcbec/gnocchi.425b4f14-f6c3-46c6-9402-c6ee8a9998ab/1763640000.0_mean_300.0_v3 HTTP/1.0 201 - python-swiftclient-4.2.0 gAAAAABpI1V6j5L9... 16 - - txf8eb2eea435e4b418da78-00692355a1 - 0.0199 - - 1763923361.111724138 1763923361.131672859 0
Nov 23 13:42:41 np0005532741.novalocal container-server[96309]: ::1 - - [23/Nov/2025:18:42:41 +0000] "PUT /3/193588/AUTH_9cc260e0c9e84206955019da66ffcbec/gnocchi.425b4f14-f6c3-46c6-9402-c6ee8a9998ab/none_v3" 201 - "PUT http://[::1]:8080/2/25391/AUTH_9cc260e0c9e84206955019da66ffcbec/gnocchi.425b4f14-f6c3-46c6-9402-c6ee8a9998ab/none_v3" "tx44fa873b629a452a8bf50-00692355a1" "object-server 96609" 0.0005 "-" 96309 0
Nov 23 13:42:41 np0005532741.novalocal container-server[96309]: ::1 - - [23/Nov/2025:18:42:41 +0000] "PUT /2/193588/AUTH_9cc260e0c9e84206955019da66ffcbec/gnocchi.425b4f14-f6c3-46c6-9402-c6ee8a9998ab/none_v3" 201 - "PUT http://[::1]:8080/1/25391/AUTH_9cc260e0c9e84206955019da66ffcbec/gnocchi.425b4f14-f6c3-46c6-9402-c6ee8a9998ab/none_v3" "tx44fa873b629a452a8bf50-00692355a1" "object-server 96606" 0.0002 "-" 96309 0
Nov 23 13:42:41 np0005532741.novalocal container-server[96310]: ::1 - - [23/Nov/2025:18:42:41 +0000] "PUT /2/25407/AUTH_9cc260e0c9e84206955019da66ffcbec/gnocchi.9590a4af-50bb-48eb-93c0-54d312905a6a/1763640000.0_mean_300.0_v3" 201 - "PUT http://[::1]:8080/3/182648/AUTH_9cc260e0c9e84206955019da66ffcbec/gnocchi.9590a4af-50bb-48eb-93c0-54d312905a6a/1763640000.0_mean_300.0_v3" "txa711a67255cd45f08a634-00692355a1" "object-server 96606" 0.0006 "-" 96310 0
Nov 23 13:42:41 np0005532741.novalocal container-server[96309]: ::1 - - [23/Nov/2025:18:42:41 +0000] "PUT /1/193588/AUTH_9cc260e0c9e84206955019da66ffcbec/gnocchi.425b4f14-f6c3-46c6-9402-c6ee8a9998ab/none_v3" 201 - "PUT http://[::1]:8080/3/25391/AUTH_9cc260e0c9e84206955019da66ffcbec/gnocchi.425b4f14-f6c3-46c6-9402-c6ee8a9998ab/none_v3" "tx44fa873b629a452a8bf50-00692355a1" "object-server 96607" 0.0002 "-" 96309 0
Nov 23 13:42:41 np0005532741.novalocal object-server[96609]: ::1 - - [23/Nov/2025:18:42:41 +0000] "PUT /2/25391/AUTH_9cc260e0c9e84206955019da66ffcbec/gnocchi.425b4f14-f6c3-46c6-9402-c6ee8a9998ab/none_v3" 201 - "PUT http://[::1]:8080/v1/AUTH_9cc260e0c9e84206955019da66ffcbec/gnocchi.425b4f14-f6c3-46c6-9402-c6ee8a9998ab/none_v3" "tx44fa873b629a452a8bf50-00692355a1" "proxy-server 92676" 0.0110 "-" 96609 0
Nov 23 13:42:41 np0005532741.novalocal container-server[96309]: ::1 - - [23/Nov/2025:18:42:41 +0000] "PUT /3/25407/AUTH_9cc260e0c9e84206955019da66ffcbec/gnocchi.9590a4af-50bb-48eb-93c0-54d312905a6a/1763640000.0_mean_300.0_v3" 201 - "PUT http://[::1]:8080/1/182648/AUTH_9cc260e0c9e84206955019da66ffcbec/gnocchi.9590a4af-50bb-48eb-93c0-54d312905a6a/1763640000.0_mean_300.0_v3" "txa711a67255cd45f08a634-00692355a1" "object-server 96605" 0.0003 "-" 96309 0
Nov 23 13:42:41 np0005532741.novalocal container-server[96310]: ::1 - - [23/Nov/2025:18:42:41 +0000] "PUT /1/25407/AUTH_9cc260e0c9e84206955019da66ffcbec/gnocchi.9590a4af-50bb-48eb-93c0-54d312905a6a/1763640000.0_mean_300.0_v3" 201 - "PUT http://[::1]:8080/2/182648/AUTH_9cc260e0c9e84206955019da66ffcbec/gnocchi.9590a4af-50bb-48eb-93c0-54d312905a6a/1763640000.0_mean_300.0_v3" "txa711a67255cd45f08a634-00692355a1" "object-server 96607" 0.0004 "-" 96310 0
Nov 23 13:42:41 np0005532741.novalocal object-server[96607]: ::1 - - [23/Nov/2025:18:42:41 +0000] "PUT /3/25391/AUTH_9cc260e0c9e84206955019da66ffcbec/gnocchi.425b4f14-f6c3-46c6-9402-c6ee8a9998ab/none_v3" 201 - "PUT http://[::1]:8080/v1/AUTH_9cc260e0c9e84206955019da66ffcbec/gnocchi.425b4f14-f6c3-46c6-9402-c6ee8a9998ab/none_v3" "tx44fa873b629a452a8bf50-00692355a1" "proxy-server 92676" 0.0122 "-" 96607 0
Nov 23 13:42:41 np0005532741.novalocal object-server[96605]: ::1 - - [23/Nov/2025:18:42:41 +0000] "PUT /1/182648/AUTH_9cc260e0c9e84206955019da66ffcbec/gnocchi.9590a4af-50bb-48eb-93c0-54d312905a6a/1763640000.0_mean_300.0_v3" 201 - "PUT http://[::1]:8080/v1/AUTH_9cc260e0c9e84206955019da66ffcbec/gnocchi.9590a4af-50bb-48eb-93c0-54d312905a6a/1763640000.0_mean_300.0_v3" "txa711a67255cd45f08a634-00692355a1" "proxy-server 92677" 0.0113 "-" 96605 0
Nov 23 13:42:41 np0005532741.novalocal object-server[96607]: ::1 - - [23/Nov/2025:18:42:41 +0000] "PUT /2/182648/AUTH_9cc260e0c9e84206955019da66ffcbec/gnocchi.9590a4af-50bb-48eb-93c0-54d312905a6a/1763640000.0_mean_300.0_v3" 201 - "PUT http://[::1]:8080/v1/AUTH_9cc260e0c9e84206955019da66ffcbec/gnocchi.9590a4af-50bb-48eb-93c0-54d312905a6a/1763640000.0_mean_300.0_v3" "txa711a67255cd45f08a634-00692355a1" "proxy-server 92677" 0.0118 "-" 96607 0
Nov 23 13:42:41 np0005532741.novalocal object-server[96606]: ::1 - - [23/Nov/2025:18:42:41 +0000] "PUT /1/25391/AUTH_9cc260e0c9e84206955019da66ffcbec/gnocchi.425b4f14-f6c3-46c6-9402-c6ee8a9998ab/none_v3" 201 - "PUT http://[::1]:8080/v1/AUTH_9cc260e0c9e84206955019da66ffcbec/gnocchi.425b4f14-f6c3-46c6-9402-c6ee8a9998ab/none_v3" "tx44fa873b629a452a8bf50-00692355a1" "proxy-server 92676" 0.0135 "-" 96606 0
Nov 23 13:42:41 np0005532741.novalocal object-server[96606]: ::1 - - [23/Nov/2025:18:42:41 +0000] "PUT /3/182648/AUTH_9cc260e0c9e84206955019da66ffcbec/gnocchi.9590a4af-50bb-48eb-93c0-54d312905a6a/1763640000.0_mean_300.0_v3" 201 - "PUT http://[::1]:8080/v1/AUTH_9cc260e0c9e84206955019da66ffcbec/gnocchi.9590a4af-50bb-48eb-93c0-54d312905a6a/1763640000.0_mean_300.0_v3" "txa711a67255cd45f08a634-00692355a1" "proxy-server 92677" 0.0129 "-" 96606 0
Nov 23 13:42:41 np0005532741.novalocal proxy-server[92676]: ::1 ::1 23/Nov/2025/18/42/41 PUT /v1/AUTH_9cc260e0c9e84206955019da66ffcbec/gnocchi.425b4f14-f6c3-46c6-9402-c6ee8a9998ab/none_v3 HTTP/1.0 201 - python-swiftclient-4.2.0 gAAAAABpI1V6j5L9... 33 - - tx44fa873b629a452a8bf50-00692355a1 - 0.0204 - - 1763923361.133721113 1763923361.154078484 0
Nov 23 13:42:41 np0005532741.novalocal proxy-server[92677]: ::1 ::1 23/Nov/2025/18/42/41 PUT /v1/AUTH_9cc260e0c9e84206955019da66ffcbec/gnocchi.9590a4af-50bb-48eb-93c0-54d312905a6a/1763640000.0_mean_300.0_v3 HTTP/1.0 201 - python-swiftclient-4.2.0 gAAAAABpI1V6uZq-... 16 - - txa711a67255cd45f08a634-00692355a1 - 0.0219 - - 1763923361.135123730 1763923361.157051563 0
Nov 23 13:42:41 np0005532741.novalocal object-server[96609]: ::1 - - [23/Nov/2025:18:42:41 +0000] "GET /3/80024/AUTH_9cc260e0c9e84206955019da66ffcbec/gnocchi.2a03e779-8006-4874-b24f-1c6878ab5f92/none_v3" 200 22 "GET http://[::1]:8080/v1/AUTH_9cc260e0c9e84206955019da66ffcbec/gnocchi.2a03e779-8006-4874-b24f-1c6878ab5f92/none_v3" "txdef2ce1fd3b44b0394866-00692355a1" "proxy-server 92676" 0.0012 "-" 96609 0
Nov 23 13:42:41 np0005532741.novalocal proxy-server[92676]: ::1 ::1 23/Nov/2025/18/42/41 GET /v1/AUTH_9cc260e0c9e84206955019da66ffcbec/gnocchi.2a03e779-8006-4874-b24f-1c6878ab5f92/none_v3 HTTP/1.0 200 - python-swiftclient-4.2.0 gAAAAABpI1V6j5L9... - 22 - txdef2ce1fd3b44b0394866-00692355a1 - 0.0097 - - 1763923361.163707972 1763923361.173404455 0
Nov 23 13:42:41 np0005532741.novalocal container-server[96311]: ::1 - - [23/Nov/2025:18:42:41 +0000] "PUT /2/25407/AUTH_9cc260e0c9e84206955019da66ffcbec/gnocchi.9590a4af-50bb-48eb-93c0-54d312905a6a/none_v3" 201 - "PUT http://[::1]:8080/3/160369/AUTH_9cc260e0c9e84206955019da66ffcbec/gnocchi.9590a4af-50bb-48eb-93c0-54d312905a6a/none_v3" "txf5f38753f4674d349c1d1-00692355a1" "object-server 96605" 0.0010 "-" 96311 0
Nov 23 13:42:41 np0005532741.novalocal object-server[96605]: ::1 - - [23/Nov/2025:18:42:41 +0000] "PUT /3/160369/AUTH_9cc260e0c9e84206955019da66ffcbec/gnocchi.9590a4af-50bb-48eb-93c0-54d312905a6a/none_v3" 201 - "PUT http://[::1]:8080/v1/AUTH_9cc260e0c9e84206955019da66ffcbec/gnocchi.9590a4af-50bb-48eb-93c0-54d312905a6a/none_v3" "txf5f38753f4674d349c1d1-00692355a1" "proxy-server 92677" 0.0134 "-" 96605 0
Nov 23 13:42:41 np0005532741.novalocal container-server[96308]: ::1 - - [23/Nov/2025:18:42:41 +0000] "PUT /1/25407/AUTH_9cc260e0c9e84206955019da66ffcbec/gnocchi.9590a4af-50bb-48eb-93c0-54d312905a6a/none_v3" 201 - "PUT http://[::1]:8080/1/160369/AUTH_9cc260e0c9e84206955019da66ffcbec/gnocchi.9590a4af-50bb-48eb-93c0-54d312905a6a/none_v3" "txf5f38753f4674d349c1d1-00692355a1" "object-server 96607" 0.0006 "-" 96308 0
Nov 23 13:42:41 np0005532741.novalocal object-server[96607]: ::1 - - [23/Nov/2025:18:42:41 +0000] "PUT /1/160369/AUTH_9cc260e0c9e84206955019da66ffcbec/gnocchi.9590a4af-50bb-48eb-93c0-54d312905a6a/none_v3" 201 - "PUT http://[::1]:8080/v1/AUTH_9cc260e0c9e84206955019da66ffcbec/gnocchi.9590a4af-50bb-48eb-93c0-54d312905a6a/none_v3" "txf5f38753f4674d349c1d1-00692355a1" "proxy-server 92677" 0.0146 "-" 96607 0
Nov 23 13:42:41 np0005532741.novalocal container-server[96311]: ::1 - - [23/Nov/2025:18:42:41 +0000] "GET /2/187258/AUTH_9cc260e0c9e84206955019da66ffcbec/gnocchi.2a03e779-8006-4874-b24f-1c6878ab5f92" 200 357 "GET http://[::1]:8080/v1/AUTH_9cc260e0c9e84206955019da66ffcbec/gnocchi.2a03e779-8006-4874-b24f-1c6878ab5f92?format=json&states=listing" "txd72b6d247a804fa0b4e1a-00692355a1" "proxy-server 92676" 0.0040 "-" 96311 0
Nov 23 13:42:41 np0005532741.novalocal proxy-server[92676]: ::1 ::1 23/Nov/2025/18/42/41 GET /v1/AUTH_9cc260e0c9e84206955019da66ffcbec/gnocchi.2a03e779-8006-4874-b24f-1c6878ab5f92%3Fformat%3Djson%26states%3Dlisting HTTP/1.0 200 - python-swiftclient-4.2.0 gAAAAABpI1V6j5L9... - 357 - txd72b6d247a804fa0b4e1a-00692355a1 - 0.0102 - - 1763923361.176753044 1763923361.186938286 0
Nov 23 13:42:41 np0005532741.novalocal container-server[96311]: ::1 - - [23/Nov/2025:18:42:41 +0000] "PUT /3/25407/AUTH_9cc260e0c9e84206955019da66ffcbec/gnocchi.9590a4af-50bb-48eb-93c0-54d312905a6a/none_v3" 201 - "PUT http://[::1]:8080/2/160369/AUTH_9cc260e0c9e84206955019da66ffcbec/gnocchi.9590a4af-50bb-48eb-93c0-54d312905a6a/none_v3" "txf5f38753f4674d349c1d1-00692355a1" "object-server 96609" 0.0007 "-" 96311 0
Nov 23 13:42:41 np0005532741.novalocal object-server[96609]: ::1 - - [23/Nov/2025:18:42:41 +0000] "PUT /2/160369/AUTH_9cc260e0c9e84206955019da66ffcbec/gnocchi.9590a4af-50bb-48eb-93c0-54d312905a6a/none_v3" 201 - "PUT http://[::1]:8080/v1/AUTH_9cc260e0c9e84206955019da66ffcbec/gnocchi.9590a4af-50bb-48eb-93c0-54d312905a6a/none_v3" "txf5f38753f4674d349c1d1-00692355a1" "proxy-server 92677" 0.0212 "-" 96609 0
Nov 23 13:42:41 np0005532741.novalocal proxy-server[92677]: ::1 ::1 23/Nov/2025/18/42/41 PUT /v1/AUTH_9cc260e0c9e84206955019da66ffcbec/gnocchi.9590a4af-50bb-48eb-93c0-54d312905a6a/none_v3 HTTP/1.0 201 - python-swiftclient-4.2.0 gAAAAABpI1V6uZq-... 38 - - txf5f38753f4674d349c1d1-00692355a1 - 0.0288 - - 1763923361.161226273 1763923361.189996004 0
Nov 23 13:42:41 np0005532741.novalocal container-server[96308]: ::1 - - [23/Nov/2025:18:42:41 +0000] "GET /1/187258/AUTH_9cc260e0c9e84206955019da66ffcbec/gnocchi.2a03e779-8006-4874-b24f-1c6878ab5f92" 200 2 "GET http://[::1]:8080/v1/AUTH_9cc260e0c9e84206955019da66ffcbec/gnocchi.2a03e779-8006-4874-b24f-1c6878ab5f92?format=json&marker=none_v3&states=listing" "tx2910beec4d884b3789b78-00692355a1" "proxy-server 92676" 0.0022 "-" 96308 0
Nov 23 13:42:41 np0005532741.novalocal proxy-server[92676]: ::1 ::1 23/Nov/2025/18/42/41 GET /v1/AUTH_9cc260e0c9e84206955019da66ffcbec/gnocchi.2a03e779-8006-4874-b24f-1c6878ab5f92%3Fformat%3Djson%26marker%3Dnone_v3%26states%3Dlisting HTTP/1.0 200 - python-swiftclient-4.2.0 gAAAAABpI1V6j5L9... - 2 - tx2910beec4d884b3789b78-00692355a1 - 0.0073 - - 1763923361.188960314 1763923361.196226597 0
Nov 23 13:42:41 np0005532741.novalocal object-server[96607]: ::1 - - [23/Nov/2025:18:42:41 +0000] "GET /1/237093/AUTH_9cc260e0c9e84206955019da66ffcbec/gnocchi.2a03e779-8006-4874-b24f-1c6878ab5f92/1763640000.0_mean_300.0_v3" 200 16 "GET http://[::1]:8080/v1/AUTH_9cc260e0c9e84206955019da66ffcbec/gnocchi.2a03e779-8006-4874-b24f-1c6878ab5f92/1763640000.0_mean_300.0_v3" "tx68b8e05ec46249528fd27-00692355a1" "proxy-server 92676" 0.0010 "-" 96607 0
Nov 23 13:42:41 np0005532741.novalocal proxy-server[92676]: ::1 ::1 23/Nov/2025/18/42/41 GET /v1/AUTH_9cc260e0c9e84206955019da66ffcbec/gnocchi.2a03e779-8006-4874-b24f-1c6878ab5f92/1763640000.0_mean_300.0_v3 HTTP/1.0 200 - python-swiftclient-4.2.0 gAAAAABpI1V6j5L9... - 16 - tx68b8e05ec46249528fd27-00692355a1 - 0.0067 - - 1763923361.200466394 1763923361.207201958 0
Nov 23 13:42:41 np0005532741.novalocal object-server[96605]: ::1 - - [23/Nov/2025:18:42:41 +0000] "GET /3/88191/AUTH_9cc260e0c9e84206955019da66ffcbec/gnocchi.67c5e199-ee7a-4c77-8668-f4ead3bc90cb/none_v3" 200 22 "GET http://[::1]:8080/v1/AUTH_9cc260e0c9e84206955019da66ffcbec/gnocchi.67c5e199-ee7a-4c77-8668-f4ead3bc90cb/none_v3" "txdb67d4332d1b4ff59cbeb-00692355a1" "proxy-server 92677" 0.0009 "-" 96605 0
Nov 23 13:42:41 np0005532741.novalocal proxy-server[92677]: ::1 ::1 23/Nov/2025/18/42/41 GET /v1/AUTH_9cc260e0c9e84206955019da66ffcbec/gnocchi.67c5e199-ee7a-4c77-8668-f4ead3bc90cb/none_v3 HTTP/1.0 200 - python-swiftclient-4.2.0 gAAAAABpI1V6uZq-... - 22 - txdb67d4332d1b4ff59cbeb-00692355a1 - 0.0119 - - 1763923361.209597588 1763923361.221520662 0
Nov 23 13:42:41 np0005532741.novalocal container-server[96309]: ::1 - - [23/Nov/2025:18:42:41 +0000] "PUT /3/187258/AUTH_9cc260e0c9e84206955019da66ffcbec/gnocchi.2a03e779-8006-4874-b24f-1c6878ab5f92/1763640000.0_mean_300.0_v3" 201 - "PUT http://[::1]:8080/3/237093/AUTH_9cc260e0c9e84206955019da66ffcbec/gnocchi.2a03e779-8006-4874-b24f-1c6878ab5f92/1763640000.0_mean_300.0_v3" "tx453f2a66d44b48a480b06-00692355a1" "object-server 96607" 0.0007 "-" 96309 0
Nov 23 13:42:41 np0005532741.novalocal object-server[96607]: ::1 - - [23/Nov/2025:18:42:41 +0000] "PUT /3/237093/AUTH_9cc260e0c9e84206955019da66ffcbec/gnocchi.2a03e779-8006-4874-b24f-1c6878ab5f92/1763640000.0_mean_300.0_v3" 201 - "PUT http://[::1]:8080/v1/AUTH_9cc260e0c9e84206955019da66ffcbec/gnocchi.2a03e779-8006-4874-b24f-1c6878ab5f92/1763640000.0_mean_300.0_v3" "tx453f2a66d44b48a480b06-00692355a1" "proxy-server 92676" 0.0140 "-" 96607 0
Nov 23 13:42:41 np0005532741.novalocal container-server[96309]: ::1 - - [23/Nov/2025:18:42:41 +0000] "PUT /1/187258/AUTH_9cc260e0c9e84206955019da66ffcbec/gnocchi.2a03e779-8006-4874-b24f-1c6878ab5f92/1763640000.0_mean_300.0_v3" 201 - "PUT http://[::1]:8080/2/237093/AUTH_9cc260e0c9e84206955019da66ffcbec/gnocchi.2a03e779-8006-4874-b24f-1c6878ab5f92/1763640000.0_mean_300.0_v3" "tx453f2a66d44b48a480b06-00692355a1" "object-server 96606" 0.0006 "-" 96309 0
Nov 23 13:42:41 np0005532741.novalocal object-server[96606]: ::1 - - [23/Nov/2025:18:42:41 +0000] "PUT /2/237093/AUTH_9cc260e0c9e84206955019da66ffcbec/gnocchi.2a03e779-8006-4874-b24f-1c6878ab5f92/1763640000.0_mean_300.0_v3" 201 - "PUT http://[::1]:8080/v1/AUTH_9cc260e0c9e84206955019da66ffcbec/gnocchi.2a03e779-8006-4874-b24f-1c6878ab5f92/1763640000.0_mean_300.0_v3" "tx453f2a66d44b48a480b06-00692355a1" "proxy-server 92676" 0.0153 "-" 96606 0
Nov 23 13:42:41 np0005532741.novalocal container-server[96309]: ::1 - - [23/Nov/2025:18:42:41 +0000] "PUT /2/187258/AUTH_9cc260e0c9e84206955019da66ffcbec/gnocchi.2a03e779-8006-4874-b24f-1c6878ab5f92/1763640000.0_mean_300.0_v3" 201 - "PUT http://[::1]:8080/1/237093/AUTH_9cc260e0c9e84206955019da66ffcbec/gnocchi.2a03e779-8006-4874-b24f-1c6878ab5f92/1763640000.0_mean_300.0_v3" "tx453f2a66d44b48a480b06-00692355a1" "object-server 96605" 0.0006 "-" 96309 0
Nov 23 13:42:41 np0005532741.novalocal object-server[96605]: ::1 - - [23/Nov/2025:18:42:41 +0000] "PUT /1/237093/AUTH_9cc260e0c9e84206955019da66ffcbec/gnocchi.2a03e779-8006-4874-b24f-1c6878ab5f92/1763640000.0_mean_300.0_v3" 201 - "PUT http://[::1]:8080/v1/AUTH_9cc260e0c9e84206955019da66ffcbec/gnocchi.2a03e779-8006-4874-b24f-1c6878ab5f92/1763640000.0_mean_300.0_v3" "tx453f2a66d44b48a480b06-00692355a1" "proxy-server 92676" 0.0175 "-" 96605 0
Nov 23 13:42:41 np0005532741.novalocal proxy-server[92676]: ::1 ::1 23/Nov/2025/18/42/41 PUT /v1/AUTH_9cc260e0c9e84206955019da66ffcbec/gnocchi.2a03e779-8006-4874-b24f-1c6878ab5f92/1763640000.0_mean_300.0_v3 HTTP/1.0 201 - python-swiftclient-4.2.0 gAAAAABpI1V6j5L9... 16 - - tx453f2a66d44b48a480b06-00692355a1 - 0.0238 - - 1763923361.210561752 1763923361.234339952 0
Nov 23 13:42:41 np0005532741.novalocal container-server[96309]: ::1 - - [23/Nov/2025:18:42:41 +0000] "GET /1/197789/AUTH_9cc260e0c9e84206955019da66ffcbec/gnocchi.67c5e199-ee7a-4c77-8668-f4ead3bc90cb" 200 357 "GET http://[::1]:8080/v1/AUTH_9cc260e0c9e84206955019da66ffcbec/gnocchi.67c5e199-ee7a-4c77-8668-f4ead3bc90cb?format=json&states=listing" "txcf4ffdb5fb9b4673acbeb-00692355a1" "proxy-server 92677" 0.0041 "-" 96309 0
Nov 23 13:42:41 np0005532741.novalocal proxy-server[92677]: ::1 ::1 23/Nov/2025/18/42/41 GET /v1/AUTH_9cc260e0c9e84206955019da66ffcbec/gnocchi.67c5e199-ee7a-4c77-8668-f4ead3bc90cb%3Fformat%3Djson%26states%3Dlisting HTTP/1.0 200 - python-swiftclient-4.2.0 gAAAAABpI1V6uZq-... - 357 - txcf4ffdb5fb9b4673acbeb-00692355a1 - 0.0166 - - 1763923361.227321863 1763923361.243880272 0
Nov 23 13:42:41 np0005532741.novalocal container-server[96311]: ::1 - - [23/Nov/2025:18:42:41 +0000] "GET /3/197789/AUTH_9cc260e0c9e84206955019da66ffcbec/gnocchi.67c5e199-ee7a-4c77-8668-f4ead3bc90cb" 200 2 "GET http://[::1]:8080/v1/AUTH_9cc260e0c9e84206955019da66ffcbec/gnocchi.67c5e199-ee7a-4c77-8668-f4ead3bc90cb?format=json&marker=none_v3&states=listing" "tx429ef48f332249e990c7a-00692355a1" "proxy-server 92677" 0.0039 "-" 96311 0
Nov 23 13:42:41 np0005532741.novalocal proxy-server[92677]: ::1 ::1 23/Nov/2025/18/42/41 GET /v1/AUTH_9cc260e0c9e84206955019da66ffcbec/gnocchi.67c5e199-ee7a-4c77-8668-f4ead3bc90cb%3Fformat%3Djson%26marker%3Dnone_v3%26states%3Dlisting HTTP/1.0 200 - python-swiftclient-4.2.0 gAAAAABpI1V6uZq-... - 2 - tx429ef48f332249e990c7a-00692355a1 - 0.0142 - - 1763923361.247339010 1763923361.261546612 0
Nov 23 13:42:41 np0005532741.novalocal container-server[96308]: ::1 - - [23/Nov/2025:18:42:41 +0000] "PUT /2/187258/AUTH_9cc260e0c9e84206955019da66ffcbec/gnocchi.2a03e779-8006-4874-b24f-1c6878ab5f92/none_v3" 201 - "PUT http://[::1]:8080/1/80024/AUTH_9cc260e0c9e84206955019da66ffcbec/gnocchi.2a03e779-8006-4874-b24f-1c6878ab5f92/none_v3" "tx111e47a4f61c462dac9f5-00692355a1" "object-server 96607" 0.0005 "-" 96308 0
Nov 23 13:42:41 np0005532741.novalocal object-server[96607]: ::1 - - [23/Nov/2025:18:42:41 +0000] "PUT /1/80024/AUTH_9cc260e0c9e84206955019da66ffcbec/gnocchi.2a03e779-8006-4874-b24f-1c6878ab5f92/none_v3" 201 - "PUT http://[::1]:8080/v1/AUTH_9cc260e0c9e84206955019da66ffcbec/gnocchi.2a03e779-8006-4874-b24f-1c6878ab5f92/none_v3" "tx111e47a4f61c462dac9f5-00692355a1" "proxy-server 92676" 0.0156 "-" 96607 0
Nov 23 13:42:41 np0005532741.novalocal container-server[96310]: ::1 - - [23/Nov/2025:18:42:41 +0000] "PUT /3/187258/AUTH_9cc260e0c9e84206955019da66ffcbec/gnocchi.2a03e779-8006-4874-b24f-1c6878ab5f92/none_v3" 201 - "PUT http://[::1]:8080/3/80024/AUTH_9cc260e0c9e84206955019da66ffcbec/gnocchi.2a03e779-8006-4874-b24f-1c6878ab5f92/none_v3" "tx111e47a4f61c462dac9f5-00692355a1" "object-server 96605" 0.0008 "-" 96310 0
Nov 23 13:42:41 np0005532741.novalocal object-server[96605]: ::1 - - [23/Nov/2025:18:42:41 +0000] "PUT /3/80024/AUTH_9cc260e0c9e84206955019da66ffcbec/gnocchi.2a03e779-8006-4874-b24f-1c6878ab5f92/none_v3" 201 - "PUT http://[::1]:8080/v1/AUTH_9cc260e0c9e84206955019da66ffcbec/gnocchi.2a03e779-8006-4874-b24f-1c6878ab5f92/none_v3" "tx111e47a4f61c462dac9f5-00692355a1" "proxy-server 92676" 0.0188 "-" 96605 0
Nov 23 13:42:41 np0005532741.novalocal container-server[96309]: ::1 - - [23/Nov/2025:18:42:41 +0000] "PUT /1/187258/AUTH_9cc260e0c9e84206955019da66ffcbec/gnocchi.2a03e779-8006-4874-b24f-1c6878ab5f92/none_v3" 201 - "PUT http://[::1]:8080/2/80024/AUTH_9cc260e0c9e84206955019da66ffcbec/gnocchi.2a03e779-8006-4874-b24f-1c6878ab5f92/none_v3" "tx111e47a4f61c462dac9f5-00692355a1" "object-server 96605" 0.0007 "-" 96309 0
Nov 23 13:42:41 np0005532741.novalocal object-server[96605]: ::1 - - [23/Nov/2025:18:42:41 +0000] "PUT /2/80024/AUTH_9cc260e0c9e84206955019da66ffcbec/gnocchi.2a03e779-8006-4874-b24f-1c6878ab5f92/none_v3" 201 - "PUT http://[::1]:8080/v1/AUTH_9cc260e0c9e84206955019da66ffcbec/gnocchi.2a03e779-8006-4874-b24f-1c6878ab5f92/none_v3" "tx111e47a4f61c462dac9f5-00692355a1" "proxy-server 92676" 0.0173 "-" 96605 0
Nov 23 13:42:41 np0005532741.novalocal proxy-server[92676]: ::1 ::1 23/Nov/2025/18/42/41 PUT /v1/AUTH_9cc260e0c9e84206955019da66ffcbec/gnocchi.2a03e779-8006-4874-b24f-1c6878ab5f92/none_v3 HTTP/1.0 201 - python-swiftclient-4.2.0 gAAAAABpI1V6j5L9... 32 - - tx111e47a4f61c462dac9f5-00692355a1 - 0.0327 - - 1763923361.238251925 1763923361.270911694 0
Nov 23 13:42:41 np0005532741.novalocal object-server[96605]: ::1 - - [23/Nov/2025:18:42:41 +0000] "GET /3/125316/AUTH_9cc260e0c9e84206955019da66ffcbec/gnocchi.67c5e199-ee7a-4c77-8668-f4ead3bc90cb/1763640000.0_mean_300.0_v3" 200 16 "GET http://[::1]:8080/v1/AUTH_9cc260e0c9e84206955019da66ffcbec/gnocchi.67c5e199-ee7a-4c77-8668-f4ead3bc90cb/1763640000.0_mean_300.0_v3" "txb5bb17bdc2a7437ba0db2-00692355a1" "proxy-server 92677" 0.0007 "-" 96605 0
Nov 23 13:42:41 np0005532741.novalocal proxy-server[92677]: ::1 ::1 23/Nov/2025/18/42/41 GET /v1/AUTH_9cc260e0c9e84206955019da66ffcbec/gnocchi.67c5e199-ee7a-4c77-8668-f4ead3bc90cb/1763640000.0_mean_300.0_v3 HTTP/1.0 200 - python-swiftclient-4.2.0 gAAAAABpI1V6uZq-... - 16 - txb5bb17bdc2a7437ba0db2-00692355a1 - 0.0090 - - 1763923361.270043373 1763923361.279068947 0
Nov 23 13:42:41 np0005532741.novalocal object-server[96609]: ::1 - - [23/Nov/2025:18:42:41 +0000] "GET /2/77598/AUTH_9cc260e0c9e84206955019da66ffcbec/gnocchi.242d230b-5dd8-474a-b0bb-4d989983abde/none_v3" 200 22 "GET http://[::1]:8080/v1/AUTH_9cc260e0c9e84206955019da66ffcbec/gnocchi.242d230b-5dd8-474a-b0bb-4d989983abde/none_v3" "tx4a1dbaf70b994008809e9-00692355a1" "proxy-server 92676" 0.0015 "-" 96609 0
Nov 23 13:42:41 np0005532741.novalocal proxy-server[92676]: ::1 ::1 23/Nov/2025/18/42/41 GET /v1/AUTH_9cc260e0c9e84206955019da66ffcbec/gnocchi.242d230b-5dd8-474a-b0bb-4d989983abde/none_v3 HTTP/1.0 200 - python-swiftclient-4.2.0 gAAAAABpI1V6j5L9... - 22 - tx4a1dbaf70b994008809e9-00692355a1 - 0.0142 - - 1763923361.283013821 1763923361.297229290 0
Nov 23 13:42:41 np0005532741.novalocal container-server[96309]: ::1 - - [23/Nov/2025:18:42:41 +0000] "PUT /2/197789/AUTH_9cc260e0c9e84206955019da66ffcbec/gnocchi.67c5e199-ee7a-4c77-8668-f4ead3bc90cb/1763640000.0_mean_300.0_v3" 201 - "PUT http://[::1]:8080/3/125316/AUTH_9cc260e0c9e84206955019da66ffcbec/gnocchi.67c5e199-ee7a-4c77-8668-f4ead3bc90cb/1763640000.0_mean_300.0_v3" "tx27519f6fc7fa471884f39-00692355a1" "object-server 96607" 0.0006 "-" 96309 0
Nov 23 13:42:41 np0005532741.novalocal object-server[96607]: ::1 - - [23/Nov/2025:18:42:41 +0000] "PUT /3/125316/AUTH_9cc260e0c9e84206955019da66ffcbec/gnocchi.67c5e199-ee7a-4c77-8668-f4ead3bc90cb/1763640000.0_mean_300.0_v3" 201 - "PUT http://[::1]:8080/v1/AUTH_9cc260e0c9e84206955019da66ffcbec/gnocchi.67c5e199-ee7a-4c77-8668-f4ead3bc90cb/1763640000.0_mean_300.0_v3" "tx27519f6fc7fa471884f39-00692355a1" "proxy-server 92677" 0.0217 "-" 96607 0
Nov 23 13:42:41 np0005532741.novalocal container-server[96311]: ::1 - - [23/Nov/2025:18:42:41 +0000] "GET /1/136195/AUTH_9cc260e0c9e84206955019da66ffcbec/gnocchi.242d230b-5dd8-474a-b0bb-4d989983abde" 200 357 "GET http://[::1]:8080/v1/AUTH_9cc260e0c9e84206955019da66ffcbec/gnocchi.242d230b-5dd8-474a-b0bb-4d989983abde?format=json&states=listing" "tx10a4d0212586435599cea-00692355a1" "proxy-server 92676" 0.0047 "-" 96311 0
Nov 23 13:42:41 np0005532741.novalocal container-server[96311]: ::1 - - [23/Nov/2025:18:42:41 +0000] "PUT /1/197789/AUTH_9cc260e0c9e84206955019da66ffcbec/gnocchi.67c5e199-ee7a-4c77-8668-f4ead3bc90cb/1763640000.0_mean_300.0_v3" 201 - "PUT http://[::1]:8080/2/125316/AUTH_9cc260e0c9e84206955019da66ffcbec/gnocchi.67c5e199-ee7a-4c77-8668-f4ead3bc90cb/1763640000.0_mean_300.0_v3" "tx27519f6fc7fa471884f39-00692355a1" "object-server 96607" 0.0010 "-" 96311 0
Nov 23 13:42:41 np0005532741.novalocal object-server[96607]: ::1 - - [23/Nov/2025:18:42:41 +0000] "PUT /2/125316/AUTH_9cc260e0c9e84206955019da66ffcbec/gnocchi.67c5e199-ee7a-4c77-8668-f4ead3bc90cb/1763640000.0_mean_300.0_v3" 201 - "PUT http://[::1]:8080/v1/AUTH_9cc260e0c9e84206955019da66ffcbec/gnocchi.67c5e199-ee7a-4c77-8668-f4ead3bc90cb/1763640000.0_mean_300.0_v3" "tx27519f6fc7fa471884f39-00692355a1" "proxy-server 92677" 0.0300 "-" 96607 0
Nov 23 13:42:41 np0005532741.novalocal proxy-server[92676]: ::1 ::1 23/Nov/2025/18/42/41 GET /v1/AUTH_9cc260e0c9e84206955019da66ffcbec/gnocchi.242d230b-5dd8-474a-b0bb-4d989983abde%3Fformat%3Djson%26states%3Dlisting HTTP/1.0 200 - python-swiftclient-4.2.0 gAAAAABpI1V6j5L9... - 357 - tx10a4d0212586435599cea-00692355a1 - 0.0198 - - 1763923361.302282572 1763923361.322053671 0
Nov 23 13:42:41 np0005532741.novalocal container-server[96311]: ::1 - - [23/Nov/2025:18:42:41 +0000] "PUT /3/197789/AUTH_9cc260e0c9e84206955019da66ffcbec/gnocchi.67c5e199-ee7a-4c77-8668-f4ead3bc90cb/1763640000.0_mean_300.0_v3" 201 - "PUT http://[::1]:8080/1/125316/AUTH_9cc260e0c9e84206955019da66ffcbec/gnocchi.67c5e199-ee7a-4c77-8668-f4ead3bc90cb/1763640000.0_mean_300.0_v3" "tx27519f6fc7fa471884f39-00692355a1" "object-server 96607" 0.0010 "-" 96311 0
Nov 23 13:42:41 np0005532741.novalocal object-server[96607]: ::1 - - [23/Nov/2025:18:42:41 +0000] "PUT /1/125316/AUTH_9cc260e0c9e84206955019da66ffcbec/gnocchi.67c5e199-ee7a-4c77-8668-f4ead3bc90cb/1763640000.0_mean_300.0_v3" 201 - "PUT http://[::1]:8080/v1/AUTH_9cc260e0c9e84206955019da66ffcbec/gnocchi.67c5e199-ee7a-4c77-8668-f4ead3bc90cb/1763640000.0_mean_300.0_v3" "tx27519f6fc7fa471884f39-00692355a1" "proxy-server 92677" 0.0250 "-" 96607 0
Nov 23 13:42:41 np0005532741.novalocal proxy-server[92677]: ::1 ::1 23/Nov/2025/18/42/41 PUT /v1/AUTH_9cc260e0c9e84206955019da66ffcbec/gnocchi.67c5e199-ee7a-4c77-8668-f4ead3bc90cb/1763640000.0_mean_300.0_v3 HTTP/1.0 201 - python-swiftclient-4.2.0 gAAAAABpI1V6uZq-... 16 - - tx27519f6fc7fa471884f39-00692355a1 - 0.0408 - - 1763923361.284483671 1763923361.325331211 0
Nov 23 13:42:41 np0005532741.novalocal container-server[96310]: ::1 - - [23/Nov/2025:18:42:41 +0000] "GET /2/136195/AUTH_9cc260e0c9e84206955019da66ffcbec/gnocchi.242d230b-5dd8-474a-b0bb-4d989983abde" 200 2 "GET http://[::1]:8080/v1/AUTH_9cc260e0c9e84206955019da66ffcbec/gnocchi.242d230b-5dd8-474a-b0bb-4d989983abde?format=json&marker=none_v3&states=listing" "tx2b2463ba67754c03a7c53-00692355a1" "proxy-server 92676" 0.0051 "-" 96310 0
Nov 23 13:42:41 np0005532741.novalocal container-server[96308]: ::1 - - [23/Nov/2025:18:42:41 +0000] "PUT /1/197789/AUTH_9cc260e0c9e84206955019da66ffcbec/gnocchi.67c5e199-ee7a-4c77-8668-f4ead3bc90cb/none_v3" 201 - "PUT http://[::1]:8080/3/88191/AUTH_9cc260e0c9e84206955019da66ffcbec/gnocchi.67c5e199-ee7a-4c77-8668-f4ead3bc90cb/none_v3" "txd7aaf558f19a41afa4574-00692355a1" "object-server 96607" 0.0004 "-" 96308 0
Nov 23 13:42:41 np0005532741.novalocal object-server[96607]: ::1 - - [23/Nov/2025:18:42:41 +0000] "PUT /3/88191/AUTH_9cc260e0c9e84206955019da66ffcbec/gnocchi.67c5e199-ee7a-4c77-8668-f4ead3bc90cb/none_v3" 201 - "PUT http://[::1]:8080/v1/AUTH_9cc260e0c9e84206955019da66ffcbec/gnocchi.67c5e199-ee7a-4c77-8668-f4ead3bc90cb/none_v3" "txd7aaf558f19a41afa4574-00692355a1" "proxy-server 92677" 0.0100 "-" 96607 0
Nov 23 13:42:41 np0005532741.novalocal container-server[96308]: ::1 - - [23/Nov/2025:18:42:41 +0000] "PUT /3/197789/AUTH_9cc260e0c9e84206955019da66ffcbec/gnocchi.67c5e199-ee7a-4c77-8668-f4ead3bc90cb/none_v3" 201 - "PUT http://[::1]:8080/2/88191/AUTH_9cc260e0c9e84206955019da66ffcbec/gnocchi.67c5e199-ee7a-4c77-8668-f4ead3bc90cb/none_v3" "txd7aaf558f19a41afa4574-00692355a1" "object-server 96605" 0.0003 "-" 96308 0
Nov 23 13:42:41 np0005532741.novalocal container-server[96311]: ::1 - - [23/Nov/2025:18:42:41 +0000] "PUT /2/197789/AUTH_9cc260e0c9e84206955019da66ffcbec/gnocchi.67c5e199-ee7a-4c77-8668-f4ead3bc90cb/none_v3" 201 - "PUT http://[::1]:8080/1/88191/AUTH_9cc260e0c9e84206955019da66ffcbec/gnocchi.67c5e199-ee7a-4c77-8668-f4ead3bc90cb/none_v3" "txd7aaf558f19a41afa4574-00692355a1" "object-server 96606" 0.0007 "-" 96311 0
Nov 23 13:42:41 np0005532741.novalocal object-server[96605]: ::1 - - [23/Nov/2025:18:42:41 +0000] "PUT /2/88191/AUTH_9cc260e0c9e84206955019da66ffcbec/gnocchi.67c5e199-ee7a-4c77-8668-f4ead3bc90cb/none_v3" 201 - "PUT http://[::1]:8080/v1/AUTH_9cc260e0c9e84206955019da66ffcbec/gnocchi.67c5e199-ee7a-4c77-8668-f4ead3bc90cb/none_v3" "txd7aaf558f19a41afa4574-00692355a1" "proxy-server 92677" 0.0107 "-" 96605 0
Nov 23 13:42:41 np0005532741.novalocal object-server[96606]: ::1 - - [23/Nov/2025:18:42:41 +0000] "PUT /1/88191/AUTH_9cc260e0c9e84206955019da66ffcbec/gnocchi.67c5e199-ee7a-4c77-8668-f4ead3bc90cb/none_v3" 201 - "PUT http://[::1]:8080/v1/AUTH_9cc260e0c9e84206955019da66ffcbec/gnocchi.67c5e199-ee7a-4c77-8668-f4ead3bc90cb/none_v3" "txd7aaf558f19a41afa4574-00692355a1" "proxy-server 92677" 0.0108 "-" 96606 0
Nov 23 13:42:41 np0005532741.novalocal proxy-server[92676]: ::1 ::1 23/Nov/2025/18/42/41 GET /v1/AUTH_9cc260e0c9e84206955019da66ffcbec/gnocchi.242d230b-5dd8-474a-b0bb-4d989983abde%3Fformat%3Djson%26marker%3Dnone_v3%26states%3Dlisting HTTP/1.0 200 - python-swiftclient-4.2.0 gAAAAABpI1V6j5L9... - 2 - tx2b2463ba67754c03a7c53-00692355a1 - 0.0172 - - 1763923361.327142000 1763923361.344299078 0
Nov 23 13:42:41 np0005532741.novalocal proxy-server[92677]: ::1 ::1 23/Nov/2025/18/42/41 PUT /v1/AUTH_9cc260e0c9e84206955019da66ffcbec/gnocchi.67c5e199-ee7a-4c77-8668-f4ead3bc90cb/none_v3 HTTP/1.0 201 - python-swiftclient-4.2.0 gAAAAABpI1V6uZq-... 38 - - txd7aaf558f19a41afa4574-00692355a1 - 0.0180 - - 1763923361.328438997 1763923361.346412182 0
Nov 23 13:42:41 np0005532741.novalocal object-server[96609]: ::1 - - [23/Nov/2025:18:42:41 +0000] "GET /1/192768/AUTH_9cc260e0c9e84206955019da66ffcbec/gnocchi.242d230b-5dd8-474a-b0bb-4d989983abde/1763640000.0_mean_300.0_v3" 200 16 "GET http://[::1]:8080/v1/AUTH_9cc260e0c9e84206955019da66ffcbec/gnocchi.242d230b-5dd8-474a-b0bb-4d989983abde/1763640000.0_mean_300.0_v3" "tx6726723a053941e281e04-00692355a1" "proxy-server 92676" 0.0007 "-" 96609 0
Nov 23 13:42:41 np0005532741.novalocal object-server[96609]: ::1 - - [23/Nov/2025:18:42:41 +0000] "GET /2/45093/AUTH_9cc260e0c9e84206955019da66ffcbec/gnocchi.e8cfe0ae-4ed9-4e5c-b173-7e2b7f42bfd2/none_v3" 200 22 "GET http://[::1]:8080/v1/AUTH_9cc260e0c9e84206955019da66ffcbec/gnocchi.e8cfe0ae-4ed9-4e5c-b173-7e2b7f42bfd2/none_v3" "txa1cbbfc20fae49629b2c2-00692355a1" "proxy-server 92677" 0.0005 "-" 96609 0
Nov 23 13:42:41 np0005532741.novalocal proxy-server[92676]: ::1 ::1 23/Nov/2025/18/42/41 GET /v1/AUTH_9cc260e0c9e84206955019da66ffcbec/gnocchi.242d230b-5dd8-474a-b0bb-4d989983abde/1763640000.0_mean_300.0_v3 HTTP/1.0 200 - python-swiftclient-4.2.0 gAAAAABpI1V6j5L9... - 16 - tx6726723a053941e281e04-00692355a1 - 0.0139 - - 1763923361.350852251 1763923361.364705324 0
Nov 23 13:42:41 np0005532741.novalocal proxy-server[92677]: ::1 ::1 23/Nov/2025/18/42/41 GET /v1/AUTH_9cc260e0c9e84206955019da66ffcbec/gnocchi.e8cfe0ae-4ed9-4e5c-b173-7e2b7f42bfd2/none_v3 HTTP/1.0 200 - python-swiftclient-4.2.0 gAAAAABpI1V6uZq-... - 22 - txa1cbbfc20fae49629b2c2-00692355a1 - 0.0078 - - 1763923361.359079838 1763923361.366883039 0
Nov 23 13:42:41 np0005532741.novalocal container-server[96311]: ::1 - - [23/Nov/2025:18:42:41 +0000] "GET /3/261712/AUTH_9cc260e0c9e84206955019da66ffcbec/gnocchi.e8cfe0ae-4ed9-4e5c-b173-7e2b7f42bfd2" 200 357 "GET http://[::1]:8080/v1/AUTH_9cc260e0c9e84206955019da66ffcbec/gnocchi.e8cfe0ae-4ed9-4e5c-b173-7e2b7f42bfd2?format=json&states=listing" "tx4c2017b24117421ab7a13-00692355a1" "proxy-server 92677" 0.0054 "-" 96311 0
Nov 23 13:42:41 np0005532741.novalocal proxy-server[92677]: ::1 ::1 23/Nov/2025/18/42/41 GET /v1/AUTH_9cc260e0c9e84206955019da66ffcbec/gnocchi.e8cfe0ae-4ed9-4e5c-b173-7e2b7f42bfd2%3Fformat%3Djson%26states%3Dlisting HTTP/1.0 200 - python-swiftclient-4.2.0 gAAAAABpI1V6uZq-... - 357 - tx4c2017b24117421ab7a13-00692355a1 - 0.0116 - - 1763923361.369377136 1763923361.380944967 0
Nov 23 13:42:41 np0005532741.novalocal container-server[96309]: ::1 - - [23/Nov/2025:18:42:41 +0000] "GET /1/261712/AUTH_9cc260e0c9e84206955019da66ffcbec/gnocchi.e8cfe0ae-4ed9-4e5c-b173-7e2b7f42bfd2" 200 2 "GET http://[::1]:8080/v1/AUTH_9cc260e0c9e84206955019da66ffcbec/gnocchi.e8cfe0ae-4ed9-4e5c-b173-7e2b7f42bfd2?format=json&marker=none_v3&states=listing" "txb35c85fe34124e72b5cb4-00692355a1" "proxy-server 92677" 0.0022 "-" 96309 0
Nov 23 13:42:41 np0005532741.novalocal proxy-server[92677]: ::1 ::1 23/Nov/2025/18/42/41 GET /v1/AUTH_9cc260e0c9e84206955019da66ffcbec/gnocchi.e8cfe0ae-4ed9-4e5c-b173-7e2b7f42bfd2%3Fformat%3Djson%26marker%3Dnone_v3%26states%3Dlisting HTTP/1.0 200 - python-swiftclient-4.2.0 gAAAAABpI1V6uZq-... - 2 - txb35c85fe34124e72b5cb4-00692355a1 - 0.0076 - - 1763923361.382884979 1763923361.390444994 0
Nov 23 13:42:41 np0005532741.novalocal container-server[96310]: ::1 - - [23/Nov/2025:18:42:41 +0000] "PUT /2/136195/AUTH_9cc260e0c9e84206955019da66ffcbec/gnocchi.242d230b-5dd8-474a-b0bb-4d989983abde/1763640000.0_mean_300.0_v3" 201 - "PUT http://[::1]:8080/2/192768/AUTH_9cc260e0c9e84206955019da66ffcbec/gnocchi.242d230b-5dd8-474a-b0bb-4d989983abde/1763640000.0_mean_300.0_v3" "tx200c1dd33bc94c01a72c3-00692355a1" "object-server 96609" 0.0010 "-" 96310 0
Nov 23 13:42:41 np0005532741.novalocal object-server[96609]: ::1 - - [23/Nov/2025:18:42:41 +0000] "PUT /2/192768/AUTH_9cc260e0c9e84206955019da66ffcbec/gnocchi.242d230b-5dd8-474a-b0bb-4d989983abde/1763640000.0_mean_300.0_v3" 201 - "PUT http://[::1]:8080/v1/AUTH_9cc260e0c9e84206955019da66ffcbec/gnocchi.242d230b-5dd8-474a-b0bb-4d989983abde/1763640000.0_mean_300.0_v3" "tx200c1dd33bc94c01a72c3-00692355a1" "proxy-server 92676" 0.0125 "-" 96609 0
Nov 23 13:42:41 np0005532741.novalocal container-server[96310]: ::1 - - [23/Nov/2025:18:42:41 +0000] "PUT /1/136195/AUTH_9cc260e0c9e84206955019da66ffcbec/gnocchi.242d230b-5dd8-474a-b0bb-4d989983abde/1763640000.0_mean_300.0_v3" 201 - "PUT http://[::1]:8080/1/192768/AUTH_9cc260e0c9e84206955019da66ffcbec/gnocchi.242d230b-5dd8-474a-b0bb-4d989983abde/1763640000.0_mean_300.0_v3" "tx200c1dd33bc94c01a72c3-00692355a1" "object-server 96607" 0.0006 "-" 96310 0
Nov 23 13:42:41 np0005532741.novalocal object-server[96607]: ::1 - - [23/Nov/2025:18:42:41 +0000] "PUT /1/192768/AUTH_9cc260e0c9e84206955019da66ffcbec/gnocchi.242d230b-5dd8-474a-b0bb-4d989983abde/1763640000.0_mean_300.0_v3" 201 - "PUT http://[::1]:8080/v1/AUTH_9cc260e0c9e84206955019da66ffcbec/gnocchi.242d230b-5dd8-474a-b0bb-4d989983abde/1763640000.0_mean_300.0_v3" "tx200c1dd33bc94c01a72c3-00692355a1" "proxy-server 92676" 0.0156 "-" 96607 0
Nov 23 13:42:41 np0005532741.novalocal container-server[96310]: ::1 - - [23/Nov/2025:18:42:41 +0000] "PUT /3/136195/AUTH_9cc260e0c9e84206955019da66ffcbec/gnocchi.242d230b-5dd8-474a-b0bb-4d989983abde/1763640000.0_mean_300.0_v3" 201 - "PUT http://[::1]:8080/3/192768/AUTH_9cc260e0c9e84206955019da66ffcbec/gnocchi.242d230b-5dd8-474a-b0bb-4d989983abde/1763640000.0_mean_300.0_v3" "tx200c1dd33bc94c01a72c3-00692355a1" "object-server 96605" 0.0006 "-" 96310 0
Nov 23 13:42:41 np0005532741.novalocal object-server[96605]: ::1 - - [23/Nov/2025:18:42:41 +0000] "PUT /3/192768/AUTH_9cc260e0c9e84206955019da66ffcbec/gnocchi.242d230b-5dd8-474a-b0bb-4d989983abde/1763640000.0_mean_300.0_v3" 201 - "PUT http://[::1]:8080/v1/AUTH_9cc260e0c9e84206955019da66ffcbec/gnocchi.242d230b-5dd8-474a-b0bb-4d989983abde/1763640000.0_mean_300.0_v3" "tx200c1dd33bc94c01a72c3-00692355a1" "proxy-server 92676" 0.0172 "-" 96605 0
Nov 23 13:42:41 np0005532741.novalocal object-server[96606]: ::1 - - [23/Nov/2025:18:42:41 +0000] "GET /1/118891/AUTH_9cc260e0c9e84206955019da66ffcbec/gnocchi.e8cfe0ae-4ed9-4e5c-b173-7e2b7f42bfd2/1763640000.0_mean_300.0_v3" 200 16 "GET http://[::1]:8080/v1/AUTH_9cc260e0c9e84206955019da66ffcbec/gnocchi.e8cfe0ae-4ed9-4e5c-b173-7e2b7f42bfd2/1763640000.0_mean_300.0_v3" "tx6bf784b342c344b5bc616-00692355a1" "proxy-server 92677" 0.0009 "-" 96606 0
Nov 23 13:42:41 np0005532741.novalocal proxy-server[92676]: ::1 ::1 23/Nov/2025/18/42/41 PUT /v1/AUTH_9cc260e0c9e84206955019da66ffcbec/gnocchi.242d230b-5dd8-474a-b0bb-4d989983abde/1763640000.0_mean_300.0_v3 HTTP/1.0 201 - python-swiftclient-4.2.0 gAAAAABpI1V6j5L9... 16 - - tx200c1dd33bc94c01a72c3-00692355a1 - 0.0303 - - 1763923361.369216442 1763923361.399522066 0
Nov 23 13:42:41 np0005532741.novalocal proxy-server[92677]: ::1 ::1 23/Nov/2025/18/42/41 GET /v1/AUTH_9cc260e0c9e84206955019da66ffcbec/gnocchi.e8cfe0ae-4ed9-4e5c-b173-7e2b7f42bfd2/1763640000.0_mean_300.0_v3 HTTP/1.0 200 - python-swiftclient-4.2.0 gAAAAABpI1V6uZq-... - 16 - tx6bf784b342c344b5bc616-00692355a1 - 0.0090 - - 1763923361.394385099 1763923361.403397799 0
Nov 23 13:42:41 np0005532741.novalocal container-server[96308]: ::1 - - [23/Nov/2025:18:42:41 +0000] "PUT /3/136195/AUTH_9cc260e0c9e84206955019da66ffcbec/gnocchi.242d230b-5dd8-474a-b0bb-4d989983abde/none_v3" 201 - "PUT http://[::1]:8080/3/77598/AUTH_9cc260e0c9e84206955019da66ffcbec/gnocchi.242d230b-5dd8-474a-b0bb-4d989983abde/none_v3" "tx612ecee06c32485882767-00692355a1" "object-server 96606" 0.0005 "-" 96308 0
Nov 23 13:42:41 np0005532741.novalocal object-server[96606]: ::1 - - [23/Nov/2025:18:42:41 +0000] "PUT /3/77598/AUTH_9cc260e0c9e84206955019da66ffcbec/gnocchi.242d230b-5dd8-474a-b0bb-4d989983abde/none_v3" 201 - "PUT http://[::1]:8080/v1/AUTH_9cc260e0c9e84206955019da66ffcbec/gnocchi.242d230b-5dd8-474a-b0bb-4d989983abde/none_v3" "tx612ecee06c32485882767-00692355a1" "proxy-server 92676" 0.0096 "-" 96606 0
Nov 23 13:42:41 np0005532741.novalocal container-server[96308]: ::1 - - [23/Nov/2025:18:42:41 +0000] "PUT /2/136195/AUTH_9cc260e0c9e84206955019da66ffcbec/gnocchi.242d230b-5dd8-474a-b0bb-4d989983abde/none_v3" 201 - "PUT http://[::1]:8080/1/77598/AUTH_9cc260e0c9e84206955019da66ffcbec/gnocchi.242d230b-5dd8-474a-b0bb-4d989983abde/none_v3" "tx612ecee06c32485882767-00692355a1" "object-server 96609" 0.0003 "-" 96308 0
Nov 23 13:42:41 np0005532741.novalocal object-server[96609]: ::1 - - [23/Nov/2025:18:42:41 +0000] "PUT /1/77598/AUTH_9cc260e0c9e84206955019da66ffcbec/gnocchi.242d230b-5dd8-474a-b0bb-4d989983abde/none_v3" 201 - "PUT http://[::1]:8080/v1/AUTH_9cc260e0c9e84206955019da66ffcbec/gnocchi.242d230b-5dd8-474a-b0bb-4d989983abde/none_v3" "tx612ecee06c32485882767-00692355a1" "proxy-server 92676" 0.0124 "-" 96609 0
Nov 23 13:42:41 np0005532741.novalocal container-server[96308]: ::1 - - [23/Nov/2025:18:42:41 +0000] "PUT /2/261712/AUTH_9cc260e0c9e84206955019da66ffcbec/gnocchi.e8cfe0ae-4ed9-4e5c-b173-7e2b7f42bfd2/1763640000.0_mean_300.0_v3" 201 - "PUT http://[::1]:8080/2/118891/AUTH_9cc260e0c9e84206955019da66ffcbec/gnocchi.e8cfe0ae-4ed9-4e5c-b173-7e2b7f42bfd2/1763640000.0_mean_300.0_v3" "tx262e0646a8d84b5f870f1-00692355a1" "object-server 96605" 0.0003 "-" 96308 0
Nov 23 13:42:41 np0005532741.novalocal object-server[96605]: ::1 - - [23/Nov/2025:18:42:41 +0000] "PUT /2/118891/AUTH_9cc260e0c9e84206955019da66ffcbec/gnocchi.e8cfe0ae-4ed9-4e5c-b173-7e2b7f42bfd2/1763640000.0_mean_300.0_v3" 201 - "PUT http://[::1]:8080/v1/AUTH_9cc260e0c9e84206955019da66ffcbec/gnocchi.e8cfe0ae-4ed9-4e5c-b173-7e2b7f42bfd2/1763640000.0_mean_300.0_v3" "tx262e0646a8d84b5f870f1-00692355a1" "proxy-server 92677" 0.0133 "-" 96605 0
Nov 23 13:42:41 np0005532741.novalocal container-server[96310]: ::1 - - [23/Nov/2025:18:42:41 +0000] "PUT /1/136195/AUTH_9cc260e0c9e84206955019da66ffcbec/gnocchi.242d230b-5dd8-474a-b0bb-4d989983abde/none_v3" 201 - "PUT http://[::1]:8080/2/77598/AUTH_9cc260e0c9e84206955019da66ffcbec/gnocchi.242d230b-5dd8-474a-b0bb-4d989983abde/none_v3" "tx612ecee06c32485882767-00692355a1" "object-server 96607" 0.0008 "-" 96310 0
Nov 23 13:42:41 np0005532741.novalocal object-server[96607]: ::1 - - [23/Nov/2025:18:42:41 +0000] "PUT /2/77598/AUTH_9cc260e0c9e84206955019da66ffcbec/gnocchi.242d230b-5dd8-474a-b0bb-4d989983abde/none_v3" 201 - "PUT http://[::1]:8080/v1/AUTH_9cc260e0c9e84206955019da66ffcbec/gnocchi.242d230b-5dd8-474a-b0bb-4d989983abde/none_v3" "tx612ecee06c32485882767-00692355a1" "proxy-server 92676" 0.0200 "-" 96607 0
Nov 23 13:42:41 np0005532741.novalocal container-server[96311]: ::1 - - [23/Nov/2025:18:42:41 +0000] "PUT /3/261712/AUTH_9cc260e0c9e84206955019da66ffcbec/gnocchi.e8cfe0ae-4ed9-4e5c-b173-7e2b7f42bfd2/1763640000.0_mean_300.0_v3" 201 - "PUT http://[::1]:8080/3/118891/AUTH_9cc260e0c9e84206955019da66ffcbec/gnocchi.e8cfe0ae-4ed9-4e5c-b173-7e2b7f42bfd2/1763640000.0_mean_300.0_v3" "tx262e0646a8d84b5f870f1-00692355a1" "object-server 96609" 0.0010 "-" 96311 0
Nov 23 13:42:41 np0005532741.novalocal object-server[96609]: ::1 - - [23/Nov/2025:18:42:41 +0000] "PUT /3/118891/AUTH_9cc260e0c9e84206955019da66ffcbec/gnocchi.e8cfe0ae-4ed9-4e5c-b173-7e2b7f42bfd2/1763640000.0_mean_300.0_v3" 201 - "PUT http://[::1]:8080/v1/AUTH_9cc260e0c9e84206955019da66ffcbec/gnocchi.e8cfe0ae-4ed9-4e5c-b173-7e2b7f42bfd2/1763640000.0_mean_300.0_v3" "tx262e0646a8d84b5f870f1-00692355a1" "proxy-server 92677" 0.0160 "-" 96609 0
Nov 23 13:42:41 np0005532741.novalocal proxy-server[92676]: ::1 ::1 23/Nov/2025/18/42/41 PUT /v1/AUTH_9cc260e0c9e84206955019da66ffcbec/gnocchi.242d230b-5dd8-474a-b0bb-4d989983abde/none_v3 HTTP/1.0 201 - python-swiftclient-4.2.0 gAAAAABpI1V6j5L9... 33 - - tx612ecee06c32485882767-00692355a1 - 0.0350 - - 1763923361.403910637 1763923361.438952684 0
Nov 23 13:42:41 np0005532741.novalocal container-server[96311]: ::1 - - [23/Nov/2025:18:42:41 +0000] "PUT /1/261712/AUTH_9cc260e0c9e84206955019da66ffcbec/gnocchi.e8cfe0ae-4ed9-4e5c-b173-7e2b7f42bfd2/1763640000.0_mean_300.0_v3" 201 - "PUT http://[::1]:8080/1/118891/AUTH_9cc260e0c9e84206955019da66ffcbec/gnocchi.e8cfe0ae-4ed9-4e5c-b173-7e2b7f42bfd2/1763640000.0_mean_300.0_v3" "tx262e0646a8d84b5f870f1-00692355a1" "object-server 96607" 0.0010 "-" 96311 0
Nov 23 13:42:41 np0005532741.novalocal object-server[96607]: ::1 - - [23/Nov/2025:18:42:41 +0000] "PUT /1/118891/AUTH_9cc260e0c9e84206955019da66ffcbec/gnocchi.e8cfe0ae-4ed9-4e5c-b173-7e2b7f42bfd2/1763640000.0_mean_300.0_v3" 201 - "PUT http://[::1]:8080/v1/AUTH_9cc260e0c9e84206955019da66ffcbec/gnocchi.e8cfe0ae-4ed9-4e5c-b173-7e2b7f42bfd2/1763640000.0_mean_300.0_v3" "tx262e0646a8d84b5f870f1-00692355a1" "proxy-server 92677" 0.0206 "-" 96607 0
Nov 23 13:42:41 np0005532741.novalocal proxy-server[92677]: ::1 ::1 23/Nov/2025/18/42/41 PUT /v1/AUTH_9cc260e0c9e84206955019da66ffcbec/gnocchi.e8cfe0ae-4ed9-4e5c-b173-7e2b7f42bfd2/1763640000.0_mean_300.0_v3 HTTP/1.0 201 - python-swiftclient-4.2.0 gAAAAABpI1V6uZq-... 16 - - tx262e0646a8d84b5f870f1-00692355a1 - 0.0363 - - 1763923361.406926394 1763923361.443190575 0
Nov 23 13:42:41 np0005532741.novalocal container-server[96311]: ::1 - - [23/Nov/2025:18:42:41 +0000] "PUT /1/261712/AUTH_9cc260e0c9e84206955019da66ffcbec/gnocchi.e8cfe0ae-4ed9-4e5c-b173-7e2b7f42bfd2/none_v3" 201 - "PUT http://[::1]:8080/2/45093/AUTH_9cc260e0c9e84206955019da66ffcbec/gnocchi.e8cfe0ae-4ed9-4e5c-b173-7e2b7f42bfd2/none_v3" "tx13cb059d96e54738b9564-00692355a1" "object-server 96605" 0.0006 "-" 96311 0
Nov 23 13:42:41 np0005532741.novalocal container-server[96311]: ::1 - - [23/Nov/2025:18:42:41 +0000] "PUT /3/261712/AUTH_9cc260e0c9e84206955019da66ffcbec/gnocchi.e8cfe0ae-4ed9-4e5c-b173-7e2b7f42bfd2/none_v3" 201 - "PUT http://[::1]:8080/1/45093/AUTH_9cc260e0c9e84206955019da66ffcbec/gnocchi.e8cfe0ae-4ed9-4e5c-b173-7e2b7f42bfd2/none_v3" "tx13cb059d96e54738b9564-00692355a1" "object-server 96607" 0.0004 "-" 96311 0
Nov 23 13:42:41 np0005532741.novalocal object-server[96605]: ::1 - - [23/Nov/2025:18:42:41 +0000] "PUT /2/45093/AUTH_9cc260e0c9e84206955019da66ffcbec/gnocchi.e8cfe0ae-4ed9-4e5c-b173-7e2b7f42bfd2/none_v3" 201 - "PUT http://[::1]:8080/v1/AUTH_9cc260e0c9e84206955019da66ffcbec/gnocchi.e8cfe0ae-4ed9-4e5c-b173-7e2b7f42bfd2/none_v3" "tx13cb059d96e54738b9564-00692355a1" "proxy-server 92677" 0.0121 "-" 96605 0
Nov 23 13:42:41 np0005532741.novalocal object-server[96607]: ::1 - - [23/Nov/2025:18:42:41 +0000] "PUT /1/45093/AUTH_9cc260e0c9e84206955019da66ffcbec/gnocchi.e8cfe0ae-4ed9-4e5c-b173-7e2b7f42bfd2/none_v3" 201 - "PUT http://[::1]:8080/v1/AUTH_9cc260e0c9e84206955019da66ffcbec/gnocchi.e8cfe0ae-4ed9-4e5c-b173-7e2b7f42bfd2/none_v3" "tx13cb059d96e54738b9564-00692355a1" "proxy-server 92677" 0.0124 "-" 96607 0
Nov 23 13:42:41 np0005532741.novalocal container-server[96311]: ::1 - - [23/Nov/2025:18:42:41 +0000] "PUT /2/261712/AUTH_9cc260e0c9e84206955019da66ffcbec/gnocchi.e8cfe0ae-4ed9-4e5c-b173-7e2b7f42bfd2/none_v3" 201 - "PUT http://[::1]:8080/3/45093/AUTH_9cc260e0c9e84206955019da66ffcbec/gnocchi.e8cfe0ae-4ed9-4e5c-b173-7e2b7f42bfd2/none_v3" "tx13cb059d96e54738b9564-00692355a1" "object-server 96609" 0.0005 "-" 96311 0
Nov 23 13:42:41 np0005532741.novalocal object-server[96609]: ::1 - - [23/Nov/2025:18:42:41 +0000] "PUT /3/45093/AUTH_9cc260e0c9e84206955019da66ffcbec/gnocchi.e8cfe0ae-4ed9-4e5c-b173-7e2b7f42bfd2/none_v3" 201 - "PUT http://[::1]:8080/v1/AUTH_9cc260e0c9e84206955019da66ffcbec/gnocchi.e8cfe0ae-4ed9-4e5c-b173-7e2b7f42bfd2/none_v3" "tx13cb059d96e54738b9564-00692355a1" "proxy-server 92677" 0.0135 "-" 96609 0
Nov 23 13:42:41 np0005532741.novalocal proxy-server[92677]: ::1 ::1 23/Nov/2025/18/42/41 PUT /v1/AUTH_9cc260e0c9e84206955019da66ffcbec/gnocchi.e8cfe0ae-4ed9-4e5c-b173-7e2b7f42bfd2/none_v3 HTTP/1.0 201 - python-swiftclient-4.2.0 gAAAAABpI1V6uZq-... 32 - - tx13cb059d96e54738b9564-00692355a1 - 0.0237 - - 1763923361.447083950 1763923361.470797062 0
Nov 23 13:42:42 np0005532741.novalocal object-server[96671]: Starting object replication pass.
Nov 23 13:42:42 np0005532741.novalocal systemd[1]: NetworkManager-dispatcher.service: Deactivated successfully.
Nov 23 13:42:43 np0005532741.novalocal dnsmasq[102958]: read /var/lib/neutron/dhcp/aab98821-3ead-4f93-9616-e0ac8ef9a189/addn_hosts - 0 addresses
Nov 23 13:42:43 np0005532741.novalocal dnsmasq-dhcp[102958]: read /var/lib/neutron/dhcp/aab98821-3ead-4f93-9616-e0ac8ef9a189/host
Nov 23 13:42:43 np0005532741.novalocal dnsmasq-dhcp[102958]: read /var/lib/neutron/dhcp/aab98821-3ead-4f93-9616-e0ac8ef9a189/opts
Nov 23 13:42:44 np0005532741.novalocal kernel: qr-76592c78-a1: left promiscuous mode
Nov 23 13:42:44 np0005532741.novalocal object-server[96671]: 192/192 (100.00%) partitions replicated in 2.54s (75.45/sec, 0s remaining)
Nov 23 13:42:44 np0005532741.novalocal object-server[96671]: 384 successes, 0 failures
Nov 23 13:42:44 np0005532741.novalocal object-server[96671]: 192 suffixes checked - 31.25% hashed, 0.00% synced
Nov 23 13:42:44 np0005532741.novalocal object-server[96671]: Partition times: max 0.0410s, min 0.0036s, med 0.0068s
Nov 23 13:42:44 np0005532741.novalocal object-server[96671]: Object replication complete. (0.04 minutes)
Nov 23 13:42:44 np0005532741.novalocal kernel: qg-8e342855-45: left promiscuous mode
Nov 23 13:42:44 np0005532741.novalocal dnsmasq[102958]: exiting on receipt of SIGTERM
Nov 23 13:42:44 np0005532741.novalocal kernel: tapc339e619-ef: left promiscuous mode
Nov 23 13:42:45 np0005532741.novalocal systemd[1]: run-netns-qrouter\x2d03011f5d\x2da41d\x2d47f7\x2db224\x2dbcfbf08ae691.mount: Deactivated successfully.
Nov 23 13:42:45 np0005532741.novalocal neutron-server[90982]: /usr/lib/python3.9/site-packages/oslo_db/sqlalchemy/enginefacade.py:710: SAWarning: DELETE statement on table 'portsecuritybindings' expected to delete 1 row(s); 0 were matched. Please set confirm_deleted_rows=False within the mapper configuration to prevent this warning.
Nov 23 13:42:45 np0005532741.novalocal neutron-server[90982]: self.session.flush()
Nov 23 13:42:45 np0005532741.novalocal neutron-server[90982]: /usr/lib/python3.9/site-packages/oslo_db/sqlalchemy/enginefacade.py:710: SAWarning: DELETE statement on table 'ml2_port_bindings' expected to delete 1 row(s); 0 were matched. Please set confirm_deleted_rows=False within the mapper configuration to prevent this warning.
Nov 23 13:42:45 np0005532741.novalocal neutron-server[90982]: self.session.flush()
Nov 23 13:42:45 np0005532741.novalocal neutron-server[90982]: /usr/lib/python3.9/site-packages/oslo_db/sqlalchemy/enginefacade.py:710: SAWarning: DELETE statement on table 'ml2_port_binding_levels' expected to delete 1 row(s); 0 were matched. Please set confirm_deleted_rows=False within the mapper configuration to prevent this warning.
Nov 23 13:42:45 np0005532741.novalocal neutron-server[90982]: self.session.flush()
Nov 23 13:42:45 np0005532741.novalocal neutron-server[90982]: /usr/lib/python3.9/site-packages/oslo_db/sqlalchemy/enginefacade.py:710: SAWarning: DELETE statement on table 'ports' expected to delete 1 row(s); 0 were matched. Please set confirm_deleted_rows=False within the mapper configuration to prevent this warning.
Nov 23 13:42:45 np0005532741.novalocal neutron-server[90982]: self.session.flush()
Nov 23 13:42:45 np0005532741.novalocal systemd[1]: run-netns-qdhcp\x2daab98821\x2d3ead\x2d4f93\x2d9616\x2de0ac8ef9a189.mount: Deactivated successfully.
Nov 23 13:42:48 np0005532741.novalocal kernel: qbr6e8b47d9-ce: port 2(tap6e8b47d9-ce) entered disabled state
Nov 23 13:42:48 np0005532741.novalocal kernel: tap6e8b47d9-ce (unregistering): left allmulticast mode
Nov 23 13:42:48 np0005532741.novalocal kernel: tap6e8b47d9-ce (unregistering): left promiscuous mode
Nov 23 13:42:48 np0005532741.novalocal kernel: qbr6e8b47d9-ce: port 2(tap6e8b47d9-ce) entered disabled state
Nov 23 13:42:48 np0005532741.novalocal NetworkManager[858]: [1763923368.8705] device (tap6e8b47d9-ce): state change: activated -> unmanaged (reason 'unmanaged', managed-type: 'removed')
Nov 23 13:42:48 np0005532741.novalocal NetworkManager[858]: [1763923368.8711] device (tap6e8b47d9-ce): released from controller device qbr6e8b47d9-ce
Nov 23 13:42:48 np0005532741.novalocal systemd[1]: Starting Network Manager Script Dispatcher Service...
Nov 23 13:42:48 np0005532741.novalocal systemd[1]: machine-qemu\x2d1\x2dinstance\x2d00000001.scope: Deactivated successfully.
Nov 23 13:42:48 np0005532741.novalocal systemd[1]: machine-qemu\x2d1\x2dinstance\x2d00000001.scope: Consumed 15.109s CPU time.
Nov 23 13:42:48 np0005532741.novalocal systemd[1]: Started Network Manager Script Dispatcher Service.
