Nov 23 13:42:40 np0005532741.novalocal object-server[96606]: ::1 - - [23/Nov/2025:18:42:40 +0000] "PUT /2/20725/AUTH_9cc260e0c9e84206955019da66ffcbec/gnocchi.4d853f32-9c07-4cee-b214-3e93d2c29e53/1763640000.0_mean_300.0_v3" 201 - "PUT http://[::1]:8080/v1/AUTH_9cc260e0c9e84206955019da66ffcbec/gnocchi.4d853f32-9c07-4cee-b214-3e93d2c29e53/1763640000.0_mean_300.0_v3" "tx7bc9d34304e14d219d832-00692355a0" "proxy-server 92676" 0.0149 "-" 96606 0
Nov 23 13:42:40 np0005532741.novalocal container-server[96311]: ::1 - - [23/Nov/2025:18:42:40 +0000] "PUT /2/52187/AUTH_9cc260e0c9e84206955019da66ffcbec/gnocchi.4d853f32-9c07-4cee-b214-3e93d2c29e53/1763640000.0_mean_300.0_v3" 201 - "PUT http://[::1]:8080/3/20725/AUTH_9cc260e0c9e84206955019da66ffcbec/gnocchi.4d853f32-9c07-4cee-b214-3e93d2c29e53/1763640000.0_mean_300.0_v3" "tx7bc9d34304e14d219d832-00692355a0" "object-server 96605" 0.0007 "-" 96311 0
Nov 23 13:42:40 np0005532741.novalocal object-server[96605]: ::1 - - [23/Nov/2025:18:42:40 +0000] "PUT /3/20725/AUTH_9cc260e0c9e84206955019da66ffcbec/gnocchi.4d853f32-9c07-4cee-b214-3e93d2c29e53/1763640000.0_mean_300.0_v3" 201 - "PUT http://[::1]:8080/v1/AUTH_9cc260e0c9e84206955019da66ffcbec/gnocchi.4d853f32-9c07-4cee-b214-3e93d2c29e53/1763640000.0_mean_300.0_v3" "tx7bc9d34304e14d219d832-00692355a0" "proxy-server 92676" 0.0178 "-" 96605 0
Nov 23 13:42:40 np0005532741.novalocal proxy-server[92676]: ::1 ::1 23/Nov/2025/18/42/40 PUT /v1/AUTH_9cc260e0c9e84206955019da66ffcbec/gnocchi.4d853f32-9c07-4cee-b214-3e93d2c29e53/1763640000.0_mean_300.0_v3 HTTP/1.0 201 - python-swiftclient-4.2.0 gAAAAABpI1V6j5L9... 16 - - tx7bc9d34304e14d219d832-00692355a0 - 0.0248 - - 1763923360.473620653 1763923360.498412371 0
Nov 23 13:42:40 np0005532741.novalocal container-server[96308]: ::1 - - [23/Nov/2025:18:42:40 +0000] "PUT /3/52187/AUTH_9cc260e0c9e84206955019da66ffcbec/gnocchi.4d853f32-9c07-4cee-b214-3e93d2c29e53/none_v3" 201 - "PUT http://[::1]:8080/1/126687/AUTH_9cc260e0c9e84206955019da66ffcbec/gnocchi.4d853f32-9c07-4cee-b214-3e93d2c29e53/none_v3" "tx2c0dfbccb277420ea7e62-00692355a0" "object-server 96605" 0.0006 "-" 96308 0
Nov 23 13:42:40 np0005532741.novalocal container-server[96311]: ::1 - - [23/Nov/2025:18:42:40 +0000] "PUT /2/52187/AUTH_9cc260e0c9e84206955019da66ffcbec/gnocchi.4d853f32-9c07-4cee-b214-3e93d2c29e53/none_v3" 201 - "PUT http://[::1]:8080/2/126687/AUTH_9cc260e0c9e84206955019da66ffcbec/gnocchi.4d853f32-9c07-4cee-b214-3e93d2c29e53/none_v3" "tx2c0dfbccb277420ea7e62-00692355a0" "object-server 96605" 0.0009 "-" 96311 0
Nov 23 13:42:40 np0005532741.novalocal object-server[96605]: ::1 - - [23/Nov/2025:18:42:40 +0000] "PUT /1/126687/AUTH_9cc260e0c9e84206955019da66ffcbec/gnocchi.4d853f32-9c07-4cee-b214-3e93d2c29e53/none_v3" 201 - "PUT http://[::1]:8080/v1/AUTH_9cc260e0c9e84206955019da66ffcbec/gnocchi.4d853f32-9c07-4cee-b214-3e93d2c29e53/none_v3" "tx2c0dfbccb277420ea7e62-00692355a0" "proxy-server 92676" 0.0153 "-" 96605 0
Nov 23 13:42:40 np0005532741.novalocal container-server[96310]: ::1 - - [23/Nov/2025:18:42:40 +0000] "PUT /1/52187/AUTH_9cc260e0c9e84206955019da66ffcbec/gnocchi.4d853f32-9c07-4cee-b214-3e93d2c29e53/none_v3" 201 - "PUT http://[::1]:8080/3/126687/AUTH_9cc260e0c9e84206955019da66ffcbec/gnocchi.4d853f32-9c07-4cee-b214-3e93d2c29e53/none_v3" "tx2c0dfbccb277420ea7e62-00692355a0" "object-server 96607" 0.0020 "-" 96310 0
Nov 23 13:42:40 np0005532741.novalocal object-server[96605]: ::1 - - [23/Nov/2025:18:42:40 +0000] "PUT /2/126687/AUTH_9cc260e0c9e84206955019da66ffcbec/gnocchi.4d853f32-9c07-4cee-b214-3e93d2c29e53/none_v3" 201 - "PUT http://[::1]:8080/v1/AUTH_9cc260e0c9e84206955019da66ffcbec/gnocchi.4d853f32-9c07-4cee-b214-3e93d2c29e53/none_v3" "tx2c0dfbccb277420ea7e62-00692355a0" "proxy-server 92676" 0.0141 "-" 96605 0
Nov 23 13:42:40 np0005532741.novalocal object-server[96607]: ::1 - - [23/Nov/2025:18:42:40 +0000] "PUT /3/126687/AUTH_9cc260e0c9e84206955019da66ffcbec/gnocchi.4d853f32-9c07-4cee-b214-3e93d2c29e53/none_v3" 201 - "PUT http://[::1]:8080/v1/AUTH_9cc260e0c9e84206955019da66ffcbec/gnocchi.4d853f32-9c07-4cee-b214-3e93d2c29e53/none_v3" "tx2c0dfbccb277420ea7e62-00692355a0" "proxy-server 92676" 0.0165 "-" 96607 0
Nov 23 13:42:40 np0005532741.novalocal proxy-server[92676]: ::1 ::1 23/Nov/2025/18/42/40 PUT /v1/AUTH_9cc260e0c9e84206955019da66ffcbec/gnocchi.4d853f32-9c07-4cee-b214-3e93d2c29e53/none_v3 HTTP/1.0 201 - python-swiftclient-4.2.0 gAAAAABpI1V6j5L9... 22 - - tx2c0dfbccb277420ea7e62-00692355a0 - 0.0247 - - 1763923360.501214266 1763923360.525963068 0
Nov 23 13:42:40 np0005532741.novalocal sudo[104027]: pam_unix(sudo:session): session closed for user root
Nov 23 13:42:40 np0005532741.novalocal systemd[1]: session-c146.scope: Deactivated successfully.
Nov 23 13:42:40 np0005532741.novalocal object-server[96605]: ::1 - - [23/Nov/2025:18:42:40 +0000] "GET /3/211281/AUTH_9cc260e0c9e84206955019da66ffcbec/gnocchi.26c18d09-7eea-415d-823a-92b771532d45/none_v3" 200 22 "GET http://[::1]:8080/v1/AUTH_9cc260e0c9e84206955019da66ffcbec/gnocchi.26c18d09-7eea-415d-823a-92b771532d45/none_v3" "tx83a7b0a85660419aa7576-00692355a0" "proxy-server 92676" 0.0006 "-" 96605 0
Nov 23 13:42:40 np0005532741.novalocal object-server[96609]: ::1 - - [23/Nov/2025:18:42:40 +0000] "GET /3/210959/AUTH_9cc260e0c9e84206955019da66ffcbec/gnocchi.551c76af-eb06-4abb-8190-1ae6956074fe/none_v3" 200 22 "GET http://[::1]:8080/v1/AUTH_9cc260e0c9e84206955019da66ffcbec/gnocchi.551c76af-eb06-4abb-8190-1ae6956074fe/none_v3" "tx9c15f5dddd5446c6852ea-00692355a0" "proxy-server 92677" 0.0009 "-" 96609 0
Nov 23 13:42:40 np0005532741.novalocal proxy-server[92677]: ::1 ::1 23/Nov/2025/18/42/40 GET /v1/AUTH_9cc260e0c9e84206955019da66ffcbec/gnocchi.551c76af-eb06-4abb-8190-1ae6956074fe/none_v3 HTTP/1.0 200 - python-swiftclient-4.2.0 gAAAAABpI1V6uZq-... - 22 - tx9c15f5dddd5446c6852ea-00692355a0 - 0.0131 - - 1763923360.835137367 1763923360.848208189 0
Nov 23 13:42:40 np0005532741.novalocal proxy-server[92676]: ::1 ::1 23/Nov/2025/18/42/40 GET /v1/AUTH_9cc260e0c9e84206955019da66ffcbec/gnocchi.26c18d09-7eea-415d-823a-92b771532d45/none_v3 HTTP/1.0 200 - python-swiftclient-4.2.0 gAAAAABpI1V6j5L9... - 22 - tx83a7b0a85660419aa7576-00692355a0 - 0.0131 - - 1763923360.837093353 1763923360.850201607 0
Nov 23 13:42:40 np0005532741.novalocal container-server[96308]: ::1 - - [23/Nov/2025:18:42:40 +0000] "GET /2/184703/AUTH_9cc260e0c9e84206955019da66ffcbec/gnocchi.26c18d09-7eea-415d-823a-92b771532d45" 200 357 "GET http://[::1]:8080/v1/AUTH_9cc260e0c9e84206955019da66ffcbec/gnocchi.26c18d09-7eea-415d-823a-92b771532d45?format=json&states=listing" "txb0ec5c2eba55477e88241-00692355a0" "proxy-server 92676" 0.0023 "-" 96308 0
Nov 23 13:42:40 np0005532741.novalocal container-server[96309]: ::1 - - [23/Nov/2025:18:42:40 +0000] "GET /1/28311/AUTH_9cc260e0c9e84206955019da66ffcbec/gnocchi.551c76af-eb06-4abb-8190-1ae6956074fe" 200 357 "GET http://[::1]:8080/v1/AUTH_9cc260e0c9e84206955019da66ffcbec/gnocchi.551c76af-eb06-4abb-8190-1ae6956074fe?format=json&states=listing" "txa30e0451d7f44acfaa5c3-00692355a0" "proxy-server 92677" 0.0018 "-" 96309 0
Nov 23 13:42:40 np0005532741.novalocal proxy-server[92676]: ::1 ::1 23/Nov/2025/18/42/40 GET /v1/AUTH_9cc260e0c9e84206955019da66ffcbec/gnocchi.26c18d09-7eea-415d-823a-92b771532d45%3Fformat%3Djson%26states%3Dlisting HTTP/1.0 200 - python-swiftclient-4.2.0 gAAAAABpI1V6j5L9... - 357 - txb0ec5c2eba55477e88241-00692355a0 - 0.0075 - - 1763923360.853111744 1763923360.860641479 0
Nov 23 13:42:40 np0005532741.novalocal proxy-server[92677]: ::1 ::1 23/Nov/2025/18/42/40 GET /v1/AUTH_9cc260e0c9e84206955019da66ffcbec/gnocchi.551c76af-eb06-4abb-8190-1ae6956074fe%3Fformat%3Djson%26states%3Dlisting HTTP/1.0 200 - python-swiftclient-4.2.0 gAAAAABpI1V6uZq-... - 357 - txa30e0451d7f44acfaa5c3-00692355a0 - 0.0096 - - 1763923360.852478981 1763923360.862114668 0
Nov 23 13:42:40 np0005532741.novalocal container-server[96309]: ::1 - - [23/Nov/2025:18:42:40 +0000] "GET /2/184703/AUTH_9cc260e0c9e84206955019da66ffcbec/gnocchi.26c18d09-7eea-415d-823a-92b771532d45" 200 2 "GET http://[::1]:8080/v1/AUTH_9cc260e0c9e84206955019da66ffcbec/gnocchi.26c18d09-7eea-415d-823a-92b771532d45?format=json&marker=none_v3&states=listing" "tx798caeacac2f4fa2bccd1-00692355a0" "proxy-server 92676" 0.0020 "-" 96309 0
Nov 23 13:42:40 np0005532741.novalocal proxy-server[92676]: ::1 ::1 23/Nov/2025/18/42/40 GET /v1/AUTH_9cc260e0c9e84206955019da66ffcbec/gnocchi.26c18d09-7eea-415d-823a-92b771532d45%3Fformat%3Djson%26marker%3Dnone_v3%26states%3Dlisting HTTP/1.0 200 - python-swiftclient-4.2.0 gAAAAABpI1V6j5L9... - 2 - tx798caeacac2f4fa2bccd1-00692355a0 - 0.0078 - - 1763923360.862863064 1763923360.870702744 0
Nov 23 13:42:40 np0005532741.novalocal object-server[96605]: ::1 - - [23/Nov/2025:18:42:40 +0000] "GET /1/22328/AUTH_9cc260e0c9e84206955019da66ffcbec/gnocchi.26c18d09-7eea-415d-823a-92b771532d45/1763640000.0_mean_300.0_v3" 200 16 "GET http://[::1]:8080/v1/AUTH_9cc260e0c9e84206955019da66ffcbec/gnocchi.26c18d09-7eea-415d-823a-92b771532d45/1763640000.0_mean_300.0_v3" "tx9d4fc6b0c0214f6ca6590-00692355a0" "proxy-server 92676" 0.0006 "-" 96605 0
Nov 23 13:42:40 np0005532741.novalocal container-server[96310]: ::1 - - [23/Nov/2025:18:42:40 +0000] "GET /1/28311/AUTH_9cc260e0c9e84206955019da66ffcbec/gnocchi.551c76af-eb06-4abb-8190-1ae6956074fe" 200 2 "GET http://[::1]:8080/v1/AUTH_9cc260e0c9e84206955019da66ffcbec/gnocchi.551c76af-eb06-4abb-8190-1ae6956074fe?format=json&marker=none_v3&states=listing" "tx8936a18c273a43fa881df-00692355a0" "proxy-server 92677" 0.0049 "-" 96310 0
Nov 23 13:42:40 np0005532741.novalocal proxy-server[92676]: ::1 ::1 23/Nov/2025/18/42/40 GET /v1/AUTH_9cc260e0c9e84206955019da66ffcbec/gnocchi.26c18d09-7eea-415d-823a-92b771532d45/1763640000.0_mean_300.0_v3 HTTP/1.0 200 - python-swiftclient-4.2.0 gAAAAABpI1V6j5L9... - 16 - tx9d4fc6b0c0214f6ca6590-00692355a0 - 0.0054 - - 1763923360.874111414 1763923360.879470587 0
Nov 23 13:42:40 np0005532741.novalocal proxy-server[92677]: ::1 ::1 23/Nov/2025/18/42/40 GET /v1/AUTH_9cc260e0c9e84206955019da66ffcbec/gnocchi.551c76af-eb06-4abb-8190-1ae6956074fe%3Fformat%3Djson%26marker%3Dnone_v3%26states%3Dlisting HTTP/1.0 200 - python-swiftclient-4.2.0 gAAAAABpI1V6uZq-... - 2 - tx8936a18c273a43fa881df-00692355a0 - 0.0139 - - 1763923360.867234707 1763923360.881171703 0
Nov 23 13:42:40 np0005532741.novalocal object-server[96609]: ::1 - - [23/Nov/2025:18:42:40 +0000] "GET /3/158586/AUTH_9cc260e0c9e84206955019da66ffcbec/gnocchi.551c76af-eb06-4abb-8190-1ae6956074fe/1763640000.0_mean_300.0_v3" 200 16 "GET http://[::1]:8080/v1/AUTH_9cc260e0c9e84206955019da66ffcbec/gnocchi.551c76af-eb06-4abb-8190-1ae6956074fe/1763640000.0_mean_300.0_v3" "tx8ebb976975cb4b439f54f-00692355a0" "proxy-server 92677" 0.0006 "-" 96609 0
Nov 23 13:42:40 np0005532741.novalocal proxy-server[92677]: ::1 ::1 23/Nov/2025/18/42/40 GET /v1/AUTH_9cc260e0c9e84206955019da66ffcbec/gnocchi.551c76af-eb06-4abb-8190-1ae6956074fe/1763640000.0_mean_300.0_v3 HTTP/1.0 200 - python-swiftclient-4.2.0 gAAAAABpI1V6uZq-... - 16 - tx8ebb976975cb4b439f54f-00692355a0 - 0.0067 - - 1763923360.886138678 1763923360.892857790 0
Nov 23 13:42:40 np0005532741.novalocal container-server[96308]: ::1 - - [23/Nov/2025:18:42:40 +0000] "PUT /2/184703/AUTH_9cc260e0c9e84206955019da66ffcbec/gnocchi.26c18d09-7eea-415d-823a-92b771532d45/1763640000.0_mean_300.0_v3" 201 - "PUT http://[::1]:8080/1/22328/AUTH_9cc260e0c9e84206955019da66ffcbec/gnocchi.26c18d09-7eea-415d-823a-92b771532d45/1763640000.0_mean_300.0_v3" "txfc81a025a4414d689a340-00692355a0" "object-server 96606" 0.0004 "-" 96308 0
Nov 23 13:42:40 np0005532741.novalocal container-server[96311]: ::1 - - [23/Nov/2025:18:42:40 +0000] "PUT /1/28311/AUTH_9cc260e0c9e84206955019da66ffcbec/gnocchi.551c76af-eb06-4abb-8190-1ae6956074fe/1763640000.0_mean_300.0_v3" 201 - "PUT http://[::1]:8080/1/158586/AUTH_9cc260e0c9e84206955019da66ffcbec/gnocchi.551c76af-eb06-4abb-8190-1ae6956074fe/1763640000.0_mean_300.0_v3" "tx0c25e680f7bf4b399da3b-00692355a0" "object-server 96605" 0.0004 "-" 96311 0
Nov 23 13:42:40 np0005532741.novalocal container-server[96308]: ::1 - - [23/Nov/2025:18:42:40 +0000] "PUT /1/184703/AUTH_9cc260e0c9e84206955019da66ffcbec/gnocchi.26c18d09-7eea-415d-823a-92b771532d45/1763640000.0_mean_300.0_v3" 201 - "PUT http://[::1]:8080/3/22328/AUTH_9cc260e0c9e84206955019da66ffcbec/gnocchi.26c18d09-7eea-415d-823a-92b771532d45/1763640000.0_mean_300.0_v3" "txfc81a025a4414d689a340-00692355a0" "object-server 96606" 0.0003 "-" 96308 0
Nov 23 13:42:40 np0005532741.novalocal container-server[96309]: ::1 - - [23/Nov/2025:18:42:40 +0000] "PUT /3/184703/AUTH_9cc260e0c9e84206955019da66ffcbec/gnocchi.26c18d09-7eea-415d-823a-92b771532d45/1763640000.0_mean_300.0_v3" 201 - "PUT http://[::1]:8080/2/22328/AUTH_9cc260e0c9e84206955019da66ffcbec/gnocchi.26c18d09-7eea-415d-823a-92b771532d45/1763640000.0_mean_300.0_v3" "txfc81a025a4414d689a340-00692355a0" "object-server 96606" 0.0008 "-" 96309 0
Nov 23 13:42:40 np0005532741.novalocal object-server[96605]: ::1 - - [23/Nov/2025:18:42:40 +0000] "PUT /1/158586/AUTH_9cc260e0c9e84206955019da66ffcbec/gnocchi.551c76af-eb06-4abb-8190-1ae6956074fe/1763640000.0_mean_300.0_v3" 201 - "PUT http://[::1]:8080/v1/AUTH_9cc260e0c9e84206955019da66ffcbec/gnocchi.551c76af-eb06-4abb-8190-1ae6956074fe/1763640000.0_mean_300.0_v3" "tx0c25e680f7bf4b399da3b-00692355a0" "proxy-server 92677" 0.0144 "-" 96605 0
Nov 23 13:42:40 np0005532741.novalocal object-server[96606]: ::1 - - [23/Nov/2025:18:42:40 +0000] "PUT /1/22328/AUTH_9cc260e0c9e84206955019da66ffcbec/gnocchi.26c18d09-7eea-415d-823a-92b771532d45/1763640000.0_mean_300.0_v3" 201 - "PUT http://[::1]:8080/v1/AUTH_9cc260e0c9e84206955019da66ffcbec/gnocchi.26c18d09-7eea-415d-823a-92b771532d45/1763640000.0_mean_300.0_v3" "txfc81a025a4414d689a340-00692355a0" "proxy-server 92676" 0.0233 "-" 96606 0
Nov 23 13:42:40 np0005532741.novalocal object-server[96606]: ::1 - - [23/Nov/2025:18:42:40 +0000] "PUT /3/22328/AUTH_9cc260e0c9e84206955019da66ffcbec/gnocchi.26c18d09-7eea-415d-823a-92b771532d45/1763640000.0_mean_300.0_v3" 201 - "PUT http://[::1]:8080/v1/AUTH_9cc260e0c9e84206955019da66ffcbec/gnocchi.26c18d09-7eea-415d-823a-92b771532d45/1763640000.0_mean_300.0_v3" "txfc81a025a4414d689a340-00692355a0" "proxy-server 92676" 0.0311 "-" 96606 0
Nov 23 13:42:40 np0005532741.novalocal object-server[96606]: ::1 - - [23/Nov/2025:18:42:40 +0000] "PUT /2/22328/AUTH_9cc260e0c9e84206955019da66ffcbec/gnocchi.26c18d09-7eea-415d-823a-92b771532d45/1763640000.0_mean_300.0_v3" 201 - "PUT http://[::1]:8080/v1/AUTH_9cc260e0c9e84206955019da66ffcbec/gnocchi.26c18d09-7eea-415d-823a-92b771532d45/1763640000.0_mean_300.0_v3" "txfc81a025a4414d689a340-00692355a0" "proxy-server 92676" 0.0353 "-" 96606 0
Nov 23 13:42:40 np0005532741.novalocal proxy-server[92676]: ::1 ::1 23/Nov/2025/18/42/40 PUT /v1/AUTH_9cc260e0c9e84206955019da66ffcbec/gnocchi.26c18d09-7eea-415d-823a-92b771532d45/1763640000.0_mean_300.0_v3 HTTP/1.0 201 - python-swiftclient-4.2.0 gAAAAABpI1V6j5L9... 16 - - txfc81a025a4414d689a340-00692355a0 - 0.0414 - - 1763923360.881718159 1763923360.923141956 0
Nov 23 13:42:40 np0005532741.novalocal container-server[96310]: ::1 - - [23/Nov/2025:18:42:40 +0000] "PUT /2/28311/AUTH_9cc260e0c9e84206955019da66ffcbec/gnocchi.551c76af-eb06-4abb-8190-1ae6956074fe/1763640000.0_mean_300.0_v3" 201 - "PUT http://[::1]:8080/3/158586/AUTH_9cc260e0c9e84206955019da66ffcbec/gnocchi.551c76af-eb06-4abb-8190-1ae6956074fe/1763640000.0_mean_300.0_v3" "tx0c25e680f7bf4b399da3b-00692355a0" "object-server 96606" 0.0008 "-" 96310 0
Nov 23 13:42:40 np0005532741.novalocal container-server[96311]: ::1 - - [23/Nov/2025:18:42:40 +0000] "PUT /3/28311/AUTH_9cc260e0c9e84206955019da66ffcbec/gnocchi.551c76af-eb06-4abb-8190-1ae6956074fe/1763640000.0_mean_300.0_v3" 201 - "PUT http://[::1]:8080/2/158586/AUTH_9cc260e0c9e84206955019da66ffcbec/gnocchi.551c76af-eb06-4abb-8190-1ae6956074fe/1763640000.0_mean_300.0_v3" "tx0c25e680f7bf4b399da3b-00692355a0" "object-server 96606" 0.0005 "-" 96311 0
Nov 23 13:42:40 np0005532741.novalocal object-server[96606]: ::1 - - [23/Nov/2025:18:42:40 +0000] "PUT /3/158586/AUTH_9cc260e0c9e84206955019da66ffcbec/gnocchi.551c76af-eb06-4abb-8190-1ae6956074fe/1763640000.0_mean_300.0_v3" 201 - "PUT http://[::1]:8080/v1/AUTH_9cc260e0c9e84206955019da66ffcbec/gnocchi.551c76af-eb06-4abb-8190-1ae6956074fe/1763640000.0_mean_300.0_v3" "tx0c25e680f7bf4b399da3b-00692355a0" "proxy-server 92677" 0.0192 "-" 96606 0
Nov 23 13:42:40 np0005532741.novalocal object-server[96606]: ::1 - - [23/Nov/2025:18:42:40 +0000] "PUT /2/158586/AUTH_9cc260e0c9e84206955019da66ffcbec/gnocchi.551c76af-eb06-4abb-8190-1ae6956074fe/1763640000.0_mean_300.0_v3" 201 - "PUT http://[::1]:8080/v1/AUTH_9cc260e0c9e84206955019da66ffcbec/gnocchi.551c76af-eb06-4abb-8190-1ae6956074fe/1763640000.0_mean_300.0_v3" "tx0c25e680f7bf4b399da3b-00692355a0" "proxy-server 92677" 0.0240 "-" 96606 0
Nov 23 13:42:40 np0005532741.novalocal proxy-server[92677]: ::1 ::1 23/Nov/2025/18/42/40 PUT /v1/AUTH_9cc260e0c9e84206955019da66ffcbec/gnocchi.551c76af-eb06-4abb-8190-1ae6956074fe/1763640000.0_mean_300.0_v3 HTTP/1.0 201 - python-swiftclient-4.2.0 gAAAAABpI1V6uZq-... 16 - - tx0c25e680f7bf4b399da3b-00692355a0 - 0.0318 - - 1763923360.897105932 1763923360.928903580 0
Nov 23 13:42:40 np0005532741.novalocal container-server[96311]: ::1 - - [23/Nov/2025:18:42:40 +0000] "PUT /1/184703/AUTH_9cc260e0c9e84206955019da66ffcbec/gnocchi.26c18d09-7eea-415d-823a-92b771532d45/none_v3" 201 - "PUT http://[::1]:8080/2/211281/AUTH_9cc260e0c9e84206955019da66ffcbec/gnocchi.26c18d09-7eea-415d-823a-92b771532d45/none_v3" "txc05eb0755da84c4baceb5-00692355a0" "object-server 96605" 0.0004 "-" 96311 0
Nov 23 13:42:40 np0005532741.novalocal object-server[96605]: ::1 - - [23/Nov/2025:18:42:40 +0000] "PUT /2/211281/AUTH_9cc260e0c9e84206955019da66ffcbec/gnocchi.26c18d09-7eea-415d-823a-92b771532d45/none_v3" 201 - "PUT http://[::1]:8080/v1/AUTH_9cc260e0c9e84206955019da66ffcbec/gnocchi.26c18d09-7eea-415d-823a-92b771532d45/none_v3" "txc05eb0755da84c4baceb5-00692355a0" "proxy-server 92676" 0.0146 "-" 96605 0
Nov 23 13:42:40 np0005532741.novalocal container-server[96311]: ::1 - - [23/Nov/2025:18:42:40 +0000] "PUT /3/184703/AUTH_9cc260e0c9e84206955019da66ffcbec/gnocchi.26c18d09-7eea-415d-823a-92b771532d45/none_v3" 201 - "PUT http://[::1]:8080/3/211281/AUTH_9cc260e0c9e84206955019da66ffcbec/gnocchi.26c18d09-7eea-415d-823a-92b771532d45/none_v3" "txc05eb0755da84c4baceb5-00692355a0" "object-server 96609" 0.0003 "-" 96311 0
Nov 23 13:42:40 np0005532741.novalocal container-server[96311]: ::1 - - [23/Nov/2025:18:42:40 +0000] "PUT /3/28311/AUTH_9cc260e0c9e84206955019da66ffcbec/gnocchi.551c76af-eb06-4abb-8190-1ae6956074fe/none_v3" 201 - "PUT http://[::1]:8080/3/210959/AUTH_9cc260e0c9e84206955019da66ffcbec/gnocchi.551c76af-eb06-4abb-8190-1ae6956074fe/none_v3" "tx3f6f86400cf24dd299765-00692355a0" "object-server 96607" 0.0004 "-" 96311 0
Nov 23 13:42:40 np0005532741.novalocal object-server[96607]: ::1 - - [23/Nov/2025:18:42:40 +0000] "PUT /3/210959/AUTH_9cc260e0c9e84206955019da66ffcbec/gnocchi.551c76af-eb06-4abb-8190-1ae6956074fe/none_v3" 201 - "PUT http://[::1]:8080/v1/AUTH_9cc260e0c9e84206955019da66ffcbec/gnocchi.551c76af-eb06-4abb-8190-1ae6956074fe/none_v3" "tx3f6f86400cf24dd299765-00692355a0" "proxy-server 92677" 0.0097 "-" 96607 0
Nov 23 13:42:40 np0005532741.novalocal container-server[96308]: ::1 - - [23/Nov/2025:18:42:40 +0000] "PUT /1/28311/AUTH_9cc260e0c9e84206955019da66ffcbec/gnocchi.551c76af-eb06-4abb-8190-1ae6956074fe/none_v3" 201 - "PUT http://[::1]:8080/2/210959/AUTH_9cc260e0c9e84206955019da66ffcbec/gnocchi.551c76af-eb06-4abb-8190-1ae6956074fe/none_v3" "tx3f6f86400cf24dd299765-00692355a0" "object-server 96605" 0.0004 "-" 96308 0
Nov 23 13:42:40 np0005532741.novalocal object-server[96609]: ::1 - - [23/Nov/2025:18:42:40 +0000] "PUT /3/211281/AUTH_9cc260e0c9e84206955019da66ffcbec/gnocchi.26c18d09-7eea-415d-823a-92b771532d45/none_v3" 201 - "PUT http://[::1]:8080/v1/AUTH_9cc260e0c9e84206955019da66ffcbec/gnocchi.26c18d09-7eea-415d-823a-92b771532d45/none_v3" "txc05eb0755da84c4baceb5-00692355a0" "proxy-server 92676" 0.0152 "-" 96609 0
Nov 23 13:42:40 np0005532741.novalocal object-server[96605]: ::1 - - [23/Nov/2025:18:42:40 +0000] "PUT /2/210959/AUTH_9cc260e0c9e84206955019da66ffcbec/gnocchi.551c76af-eb06-4abb-8190-1ae6956074fe/none_v3" 201 - "PUT http://[::1]:8080/v1/AUTH_9cc260e0c9e84206955019da66ffcbec/gnocchi.551c76af-eb06-4abb-8190-1ae6956074fe/none_v3" "tx3f6f86400cf24dd299765-00692355a0" "proxy-server 92677" 0.0117 "-" 96605 0
Nov 23 13:42:40 np0005532741.novalocal container-server[96311]: ::1 - - [23/Nov/2025:18:42:40 +0000] "PUT /2/28311/AUTH_9cc260e0c9e84206955019da66ffcbec/gnocchi.551c76af-eb06-4abb-8190-1ae6956074fe/none_v3" 201 - "PUT http://[::1]:8080/1/210959/AUTH_9cc260e0c9e84206955019da66ffcbec/gnocchi.551c76af-eb06-4abb-8190-1ae6956074fe/none_v3" "tx3f6f86400cf24dd299765-00692355a0" "object-server 96609" 0.0003 "-" 96311 0
Nov 23 13:42:40 np0005532741.novalocal container-server[96308]: ::1 - - [23/Nov/2025:18:42:40 +0000] "PUT /2/184703/AUTH_9cc260e0c9e84206955019da66ffcbec/gnocchi.26c18d09-7eea-415d-823a-92b771532d45/none_v3" 201 - "PUT http://[::1]:8080/1/211281/AUTH_9cc260e0c9e84206955019da66ffcbec/gnocchi.26c18d09-7eea-415d-823a-92b771532d45/none_v3" "txc05eb0755da84c4baceb5-00692355a0" "object-server 96609" 0.0003 "-" 96308 0
Nov 23 13:42:40 np0005532741.novalocal object-server[96609]: ::1 - - [23/Nov/2025:18:42:40 +0000] "PUT /1/210959/AUTH_9cc260e0c9e84206955019da66ffcbec/gnocchi.551c76af-eb06-4abb-8190-1ae6956074fe/none_v3" 201 - "PUT http://[::1]:8080/v1/AUTH_9cc260e0c9e84206955019da66ffcbec/gnocchi.551c76af-eb06-4abb-8190-1ae6956074fe/none_v3" "tx3f6f86400cf24dd299765-00692355a0" "proxy-server 92677" 0.0132 "-" 96609 0
Nov 23 13:42:40 np0005532741.novalocal object-server[96609]: ::1 - - [23/Nov/2025:18:42:40 +0000] "PUT /1/211281/AUTH_9cc260e0c9e84206955019da66ffcbec/gnocchi.26c18d09-7eea-415d-823a-92b771532d45/none_v3" 201 - "PUT http://[::1]:8080/v1/AUTH_9cc260e0c9e84206955019da66ffcbec/gnocchi.26c18d09-7eea-415d-823a-92b771532d45/none_v3" "txc05eb0755da84c4baceb5-00692355a0" "proxy-server 92676" 0.0212 "-" 96609 0
Nov 23 13:42:40 np0005532741.novalocal proxy-server[92677]: ::1 ::1 23/Nov/2025/18/42/40 PUT /v1/AUTH_9cc260e0c9e84206955019da66ffcbec/gnocchi.551c76af-eb06-4abb-8190-1ae6956074fe/none_v3 HTTP/1.0 201 - python-swiftclient-4.2.0 gAAAAABpI1V6uZq-... 32 - - tx3f6f86400cf24dd299765-00692355a0 - 0.0225 - - 1763923360.931851625 1763923360.954397440 0
Nov 23 13:42:40 np0005532741.novalocal proxy-server[92676]: ::1 ::1 23/Nov/2025/18/42/40 PUT /v1/AUTH_9cc260e0c9e84206955019da66ffcbec/gnocchi.26c18d09-7eea-415d-823a-92b771532d45/none_v3 HTTP/1.0 201 - python-swiftclient-4.2.0 gAAAAABpI1V6j5L9... 32 - - txc05eb0755da84c4baceb5-00692355a0 - 0.0296 - - 1763923360.925816059 1763923360.955401421 0
Nov 23 13:42:40 np0005532741.novalocal object-server[96607]: ::1 - - [23/Nov/2025:18:42:40 +0000] "GET /3/144992/AUTH_9cc260e0c9e84206955019da66ffcbec/gnocchi.8a584a59-d051-4448-a27b-36634c7b4ab6/none_v3" 200 22 "GET http://[::1]:8080/v1/AUTH_9cc260e0c9e84206955019da66ffcbec/gnocchi.8a584a59-d051-4448-a27b-36634c7b4ab6/none_v3" "tx19551a04e579453b87507-00692355a0" "proxy-server 92676" 0.0007 "-" 96607 0
Nov 23 13:42:40 np0005532741.novalocal proxy-server[92676]: ::1 ::1 23/Nov/2025/18/42/40 GET /v1/AUTH_9cc260e0c9e84206955019da66ffcbec/gnocchi.8a584a59-d051-4448-a27b-36634c7b4ab6/none_v3 HTTP/1.0 200 - python-swiftclient-4.2.0 gAAAAABpI1V6j5L9... - 22 - tx19551a04e579453b87507-00692355a0 - 0.0067 - - 1763923360.965079069 1763923360.971747637 0
Nov 23 13:42:40 np0005532741.novalocal object-server[96607]: ::1 - - [23/Nov/2025:18:42:40 +0000] "GET /1/229859/AUTH_9cc260e0c9e84206955019da66ffcbec/gnocchi.70bb292a-c9e9-454e-8e04-6d46a448cced/none_v3" 200 22 "GET http://[::1]:8080/v1/AUTH_9cc260e0c9e84206955019da66ffcbec/gnocchi.70bb292a-c9e9-454e-8e04-6d46a448cced/none_v3" "txecb09f96059b448f9ba58-00692355a0" "proxy-server 92677" 0.0005 "-" 96607 0
Nov 23 13:42:40 np0005532741.novalocal proxy-server[92677]: ::1 ::1 23/Nov/2025/18/42/40 GET /v1/AUTH_9cc260e0c9e84206955019da66ffcbec/gnocchi.70bb292a-c9e9-454e-8e04-6d46a448cced/none_v3 HTTP/1.0 200 - python-swiftclient-4.2.0 gAAAAABpI1V6uZq-... - 22 - txecb09f96059b448f9ba58-00692355a0 - 0.0074 - - 1763923360.967833757 1763923360.975199699 0
Nov 23 13:42:40 np0005532741.novalocal container-server[96311]: ::1 - - [23/Nov/2025:18:42:40 +0000] "GET /2/218403/AUTH_9cc260e0c9e84206955019da66ffcbec/gnocchi.8a584a59-d051-4448-a27b-36634c7b4ab6" 200 357 "GET http://[::1]:8080/v1/AUTH_9cc260e0c9e84206955019da66ffcbec/gnocchi.8a584a59-d051-4448-a27b-36634c7b4ab6?format=json&states=listing" "tx81e0d852a58a4a2e9f1ea-00692355a0" "proxy-server 92676" 0.0041 "-" 96311 0
Nov 23 13:42:40 np0005532741.novalocal proxy-server[92676]: ::1 ::1 23/Nov/2025/18/42/40 GET /v1/AUTH_9cc260e0c9e84206955019da66ffcbec/gnocchi.8a584a59-d051-4448-a27b-36634c7b4ab6%3Fformat%3Djson%26states%3Dlisting HTTP/1.0 200 - python-swiftclient-4.2.0 gAAAAABpI1V6j5L9... - 357 - tx81e0d852a58a4a2e9f1ea-00692355a0 - 0.0097 - - 1763923360.974163532 1763923360.983896732 0
Nov 23 13:42:40 np0005532741.novalocal container-server[96309]: ::1 - - [23/Nov/2025:18:42:40 +0000] "GET /1/57536/AUTH_9cc260e0c9e84206955019da66ffcbec/gnocchi.70bb292a-c9e9-454e-8e04-6d46a448cced" 200 357 "GET http://[::1]:8080/v1/AUTH_9cc260e0c9e84206955019da66ffcbec/gnocchi.70bb292a-c9e9-454e-8e04-6d46a448cced?format=json&states=listing" "txa4b051aec2b3459e99995-00692355a0" "proxy-server 92677" 0.0037 "-" 96309 0
Nov 23 13:42:40 np0005532741.novalocal proxy-server[92677]: ::1 ::1 23/Nov/2025/18/42/40 GET /v1/AUTH_9cc260e0c9e84206955019da66ffcbec/gnocchi.70bb292a-c9e9-454e-8e04-6d46a448cced%3Fformat%3Djson%26states%3Dlisting HTTP/1.0 200 - python-swiftclient-4.2.0 gAAAAABpI1V6uZq-... - 357 - txa4b051aec2b3459e99995-00692355a0 - 0.0113 - - 1763923360.979157209 1763923360.990464926 0
Nov 23 13:42:40 np0005532741.novalocal container-server[96310]: ::1 - - [23/Nov/2025:18:42:40 +0000] "GET /2/218403/AUTH_9cc260e0c9e84206955019da66ffcbec/gnocchi.8a584a59-d051-4448-a27b-36634c7b4ab6" 200 2 "GET http://[::1]:8080/v1/AUTH_9cc260e0c9e84206955019da66ffcbec/gnocchi.8a584a59-d051-4448-a27b-36634c7b4ab6?format=json&marker=none_v3&states=listing" "tx6e8d81e3371f4a498aa5b-00692355a0" "proxy-server 92676" 0.0018 "-" 96310 0
Nov 23 13:42:40 np0005532741.novalocal proxy-server[92676]: ::1 ::1 23/Nov/2025/18/42/40 GET /v1/AUTH_9cc260e0c9e84206955019da66ffcbec/gnocchi.8a584a59-d051-4448-a27b-36634c7b4ab6%3Fformat%3Djson%26marker%3Dnone_v3%26states%3Dlisting HTTP/1.0 200 - python-swiftclient-4.2.0 gAAAAABpI1V6j5L9... - 2 - tx6e8d81e3371f4a498aa5b-00692355a0 - 0.0080 - - 1763923360.985934019 1763923360.993952513 0
Nov 23 13:42:41 np0005532741.novalocal container-server[96309]: ::1 - - [23/Nov/2025:18:42:41 +0000] "GET /1/57536/AUTH_9cc260e0c9e84206955019da66ffcbec/gnocchi.70bb292a-c9e9-454e-8e04-6d46a448cced" 200 2 "GET http://[::1]:8080/v1/AUTH_9cc260e0c9e84206955019da66ffcbec/gnocchi.70bb292a-c9e9-454e-8e04-6d46a448cced?format=json&marker=none_v3&states=listing" "tx5c7c5966c04146e6832af-00692355a0" "proxy-server 92677" 0.0039 "-" 96309 0
Nov 23 13:42:41 np0005532741.novalocal object-server[96607]: ::1 - - [23/Nov/2025:18:42:41 +0000] "GET /1/95769/AUTH_9cc260e0c9e84206955019da66ffcbec/gnocchi.8a584a59-d051-4448-a27b-36634c7b4ab6/1763640000.0_mean_300.0_v3" 200 16 "GET http://[::1]:8080/v1/AUTH_9cc260e0c9e84206955019da66ffcbec/gnocchi.8a584a59-d051-4448-a27b-36634c7b4ab6/1763640000.0_mean_300.0_v3" "tx8191c0325a5b4d4c909c0-00692355a0" "proxy-server 92676" 0.0006 "-" 96607 0
Nov 23 13:42:41 np0005532741.novalocal proxy-server[92677]: ::1 ::1 23/Nov/2025/18/42/41 GET /v1/AUTH_9cc260e0c9e84206955019da66ffcbec/gnocchi.70bb292a-c9e9-454e-8e04-6d46a448cced%3Fformat%3Djson%26marker%3Dnone_v3%26states%3Dlisting HTTP/1.0 200 - python-swiftclient-4.2.0 gAAAAABpI1V6uZq-... - 2 - tx5c7c5966c04146e6832af-00692355a0 - 0.0108 - - 1763923360.993639708 1763923361.004423857 0
Nov 23 13:42:41 np0005532741.novalocal proxy-server[92676]: ::1 ::1 23/Nov/2025/18/42/41 GET /v1/AUTH_9cc260e0c9e84206955019da66ffcbec/gnocchi.8a584a59-d051-4448-a27b-36634c7b4ab6/1763640000.0_mean_300.0_v3 HTTP/1.0 200 - python-swiftclient-4.2.0 gAAAAABpI1V6j5L9... - 16 - tx8191c0325a5b4d4c909c0-00692355a0 - 0.0084 - - 1763923360.996447086 1763923361.004850864 0
Nov 23 13:42:41 np0005532741.novalocal object-server[96606]: ::1 - - [23/Nov/2025:18:42:41 +0000] "GET /2/498/AUTH_9cc260e0c9e84206955019da66ffcbec/gnocchi.70bb292a-c9e9-454e-8e04-6d46a448cced/1763640000.0_mean_300.0_v3" 200 16 "GET http://[::1]:8080/v1/AUTH_9cc260e0c9e84206955019da66ffcbec/gnocchi.70bb292a-c9e9-454e-8e04-6d46a448cced/1763640000.0_mean_300.0_v3" "tx8575828eb9634b5daa9c8-00692355a1" "proxy-server 92677" 0.0006 "-" 96606 0
Nov 23 13:42:41 np0005532741.novalocal proxy-server[92677]: ::1 ::1 23/Nov/2025/18/42/41 GET /v1/AUTH_9cc260e0c9e84206955019da66ffcbec/gnocchi.70bb292a-c9e9-454e-8e04-6d46a448cced/1763640000.0_mean_300.0_v3 HTTP/1.0 200 - python-swiftclient-4.2.0 gAAAAABpI1V6uZq-... - 16 - tx8575828eb9634b5daa9c8-00692355a1 - 0.0058 - - 1763923361.008497715 1763923361.014270067 0
Nov 23 13:42:41 np0005532741.novalocal container-server[96311]: ::1 - - [23/Nov/2025:18:42:41 +0000] "PUT /1/218403/AUTH_9cc260e0c9e84206955019da66ffcbec/gnocchi.8a584a59-d051-4448-a27b-36634c7b4ab6/1763640000.0_mean_300.0_v3" 201 - "PUT http://[::1]:8080/2/95769/AUTH_9cc260e0c9e84206955019da66ffcbec/gnocchi.8a584a59-d051-4448-a27b-36634c7b4ab6/1763640000.0_mean_300.0_v3" "tx2721e269cc7c4ee28244b-00692355a1" "object-server 96607" 0.0007 "-" 96311 0
Nov 23 13:42:41 np0005532741.novalocal container-server[96310]: ::1 - - [23/Nov/2025:18:42:41 +0000] "PUT /3/218403/AUTH_9cc260e0c9e84206955019da66ffcbec/gnocchi.8a584a59-d051-4448-a27b-36634c7b4ab6/1763640000.0_mean_300.0_v3" 201 - "PUT http://[::1]:8080/3/95769/AUTH_9cc260e0c9e84206955019da66ffcbec/gnocchi.8a584a59-d051-4448-a27b-36634c7b4ab6/1763640000.0_mean_300.0_v3" "tx2721e269cc7c4ee28244b-00692355a1" "object-server 96609" 0.0005 "-" 96310 0
Nov 23 13:42:41 np0005532741.novalocal object-server[96607]: ::1 - - [23/Nov/2025:18:42:41 +0000] "PUT /2/95769/AUTH_9cc260e0c9e84206955019da66ffcbec/gnocchi.8a584a59-d051-4448-a27b-36634c7b4ab6/1763640000.0_mean_300.0_v3" 201 - "PUT http://[::1]:8080/v1/AUTH_9cc260e0c9e84206955019da66ffcbec/gnocchi.8a584a59-d051-4448-a27b-36634c7b4ab6/1763640000.0_mean_300.0_v3" "tx2721e269cc7c4ee28244b-00692355a1" "proxy-server 92676" 0.0105 "-" 96607 0
Nov 23 13:42:41 np0005532741.novalocal object-server[96609]: ::1 - - [23/Nov/2025:18:42:41 +0000] "PUT /3/95769/AUTH_9cc260e0c9e84206955019da66ffcbec/gnocchi.8a584a59-d051-4448-a27b-36634c7b4ab6/1763640000.0_mean_300.0_v3" 201 - "PUT http://[::1]:8080/v1/AUTH_9cc260e0c9e84206955019da66ffcbec/gnocchi.8a584a59-d051-4448-a27b-36634c7b4ab6/1763640000.0_mean_300.0_v3" "tx2721e269cc7c4ee28244b-00692355a1" "proxy-server 92676" 0.0112 "-" 96609 0
Nov 23 13:42:41 np0005532741.novalocal container-server[96311]: ::1 - - [23/Nov/2025:18:42:41 +0000] "PUT /2/218403/AUTH_9cc260e0c9e84206955019da66ffcbec/gnocchi.8a584a59-d051-4448-a27b-36634c7b4ab6/1763640000.0_mean_300.0_v3" 201 - "PUT http://[::1]:8080/1/95769/AUTH_9cc260e0c9e84206955019da66ffcbec/gnocchi.8a584a59-d051-4448-a27b-36634c7b4ab6/1763640000.0_mean_300.0_v3" "tx2721e269cc7c4ee28244b-00692355a1" "object-server 96605" 0.0006 "-" 96311 0
Nov 23 13:42:41 np0005532741.novalocal object-server[96605]: ::1 - - [23/Nov/2025:18:42:41 +0000] "PUT /1/95769/AUTH_9cc260e0c9e84206955019da66ffcbec/gnocchi.8a584a59-d051-4448-a27b-36634c7b4ab6/1763640000.0_mean_300.0_v3" 201 - "PUT http://[::1]:8080/v1/AUTH_9cc260e0c9e84206955019da66ffcbec/gnocchi.8a584a59-d051-4448-a27b-36634c7b4ab6/1763640000.0_mean_300.0_v3" "tx2721e269cc7c4ee28244b-00692355a1" "proxy-server 92676" 0.0156 "-" 96605 0
Nov 23 13:42:41 np0005532741.novalocal proxy-server[92676]: ::1 ::1 23/Nov/2025/18/42/41 PUT /v1/AUTH_9cc260e0c9e84206955019da66ffcbec/gnocchi.8a584a59-d051-4448-a27b-36634c7b4ab6/1763640000.0_mean_300.0_v3 HTTP/1.0 201 - python-swiftclient-4.2.0 gAAAAABpI1V6j5L9... 16 - - tx2721e269cc7c4ee28244b-00692355a1 - 0.0270 - - 1763923361.007442951 1763923361.034471512 0
Nov 23 13:42:41 np0005532741.novalocal container-server[96310]: ::1 - - [23/Nov/2025:18:42:41 +0000] "PUT /1/57536/AUTH_9cc260e0c9e84206955019da66ffcbec/gnocchi.70bb292a-c9e9-454e-8e04-6d46a448cced/1763640000.0_mean_300.0_v3" 201 - "PUT http://[::1]:8080/2/498/AUTH_9cc260e0c9e84206955019da66ffcbec/gnocchi.70bb292a-c9e9-454e-8e04-6d46a448cced/1763640000.0_mean_300.0_v3" "tx867919cccd5e405c8f6ee-00692355a1" "object-server 96609" 0.0004 "-" 96310 0
Nov 23 13:42:41 np0005532741.novalocal object-server[96609]: ::1 - - [23/Nov/2025:18:42:41 +0000] "PUT /2/498/AUTH_9cc260e0c9e84206955019da66ffcbec/gnocchi.70bb292a-c9e9-454e-8e04-6d46a448cced/1763640000.0_mean_300.0_v3" 201 - "PUT http://[::1]:8080/v1/AUTH_9cc260e0c9e84206955019da66ffcbec/gnocchi.70bb292a-c9e9-454e-8e04-6d46a448cced/1763640000.0_mean_300.0_v3" "tx867919cccd5e405c8f6ee-00692355a1" "proxy-server 92677" 0.0135 "-" 96609 0
Nov 23 13:42:41 np0005532741.novalocal container-server[96310]: ::1 - - [23/Nov/2025:18:42:41 +0000] "PUT /2/57536/AUTH_9cc260e0c9e84206955019da66ffcbec/gnocchi.70bb292a-c9e9-454e-8e04-6d46a448cced/1763640000.0_mean_300.0_v3" 201 - "PUT http://[::1]:8080/1/498/AUTH_9cc260e0c9e84206955019da66ffcbec/gnocchi.70bb292a-c9e9-454e-8e04-6d46a448cced/1763640000.0_mean_300.0_v3" "tx867919cccd5e405c8f6ee-00692355a1" "object-server 96605" 0.0003 "-" 96310 0
Nov 23 13:42:41 np0005532741.novalocal object-server[96605]: ::1 - - [23/Nov/2025:18:42:41 +0000] "PUT /1/498/AUTH_9cc260e0c9e84206955019da66ffcbec/gnocchi.70bb292a-c9e9-454e-8e04-6d46a448cced/1763640000.0_mean_300.0_v3" 201 - "PUT http://[::1]:8080/v1/AUTH_9cc260e0c9e84206955019da66ffcbec/gnocchi.70bb292a-c9e9-454e-8e04-6d46a448cced/1763640000.0_mean_300.0_v3" "tx867919cccd5e405c8f6ee-00692355a1" "proxy-server 92677" 0.0151 "-" 96605 0
Nov 23 13:42:41 np0005532741.novalocal container-server[96311]: ::1 - - [23/Nov/2025:18:42:41 +0000] "PUT /3/57536/AUTH_9cc260e0c9e84206955019da66ffcbec/gnocchi.70bb292a-c9e9-454e-8e04-6d46a448cced/1763640000.0_mean_300.0_v3" 201 - "PUT http://[::1]:8080/3/498/AUTH_9cc260e0c9e84206955019da66ffcbec/gnocchi.70bb292a-c9e9-454e-8e04-6d46a448cced/1763640000.0_mean_300.0_v3" "tx867919cccd5e405c8f6ee-00692355a1" "object-server 96605" 0.0006 "-" 96311 0
Nov 23 13:42:41 np0005532741.novalocal object-server[96605]: ::1 - - [23/Nov/2025:18:42:41 +0000] "PUT /3/498/AUTH_9cc260e0c9e84206955019da66ffcbec/gnocchi.70bb292a-c9e9-454e-8e04-6d46a448cced/1763640000.0_mean_300.0_v3" 201 - "PUT http://[::1]:8080/v1/AUTH_9cc260e0c9e84206955019da66ffcbec/gnocchi.70bb292a-c9e9-454e-8e04-6d46a448cced/1763640000.0_mean_300.0_v3" "tx867919cccd5e405c8f6ee-00692355a1" "proxy-server 92677" 0.0144 "-" 96605 0
Nov 23 13:42:41 np0005532741.novalocal proxy-server[92677]: ::1 ::1 23/Nov/2025/18/42/41 PUT /v1/AUTH_9cc260e0c9e84206955019da66ffcbec/gnocchi.70bb292a-c9e9-454e-8e04-6d46a448cced/1763640000.0_mean_300.0_v3 HTTP/1.0 201 - python-swiftclient-4.2.0 gAAAAABpI1V6uZq-... 16 - - tx867919cccd5e405c8f6ee-00692355a1 - 0.0247 - - 1763923361.017168045 1763923361.041879892 0
Nov 23 13:42:41 np0005532741.novalocal container-server[96308]: ::1 - - [23/Nov/2025:18:42:41 +0000] "PUT /2/218403/AUTH_9cc260e0c9e84206955019da66ffcbec/gnocchi.8a584a59-d051-4448-a27b-36634c7b4ab6/none_v3" 201 - "PUT http://[::1]:8080/3/144992/AUTH_9cc260e0c9e84206955019da66ffcbec/gnocchi.8a584a59-d051-4448-a27b-36634c7b4ab6/none_v3" "txb99c7f5a3c5945cc9daa9-00692355a1" "object-server 96609" 0.0004 "-" 96308 0
Nov 23 13:42:41 np0005532741.novalocal container-server[96311]: ::1 - - [23/Nov/2025:18:42:41 +0000] "PUT /1/218403/AUTH_9cc260e0c9e84206955019da66ffcbec/gnocchi.8a584a59-d051-4448-a27b-36634c7b4ab6/none_v3" 201 - "PUT http://[::1]:8080/1/144992/AUTH_9cc260e0c9e84206955019da66ffcbec/gnocchi.8a584a59-d051-4448-a27b-36634c7b4ab6/none_v3" "txb99c7f5a3c5945cc9daa9-00692355a1" "object-server 96606" 0.0007 "-" 96311 0
Nov 23 13:42:41 np0005532741.novalocal container-server[96310]: ::1 - - [23/Nov/2025:18:42:41 +0000] "PUT /3/218403/AUTH_9cc260e0c9e84206955019da66ffcbec/gnocchi.8a584a59-d051-4448-a27b-36634c7b4ab6/none_v3" 201 - "PUT http://[::1]:8080/2/144992/AUTH_9cc260e0c9e84206955019da66ffcbec/gnocchi.8a584a59-d051-4448-a27b-36634c7b4ab6/none_v3" "txb99c7f5a3c5945cc9daa9-00692355a1" "object-server 96605" 0.0004 "-" 96310 0
Nov 23 13:42:41 np0005532741.novalocal object-server[96606]: ::1 - - [23/Nov/2025:18:42:41 +0000] "PUT /1/144992/AUTH_9cc260e0c9e84206955019da66ffcbec/gnocchi.8a584a59-d051-4448-a27b-36634c7b4ab6/none_v3" 201 - "PUT http://[::1]:8080/v1/AUTH_9cc260e0c9e84206955019da66ffcbec/gnocchi.8a584a59-d051-4448-a27b-36634c7b4ab6/none_v3" "txb99c7f5a3c5945cc9daa9-00692355a1" "proxy-server 92676" 0.0128 "-" 96606 0
Nov 23 13:42:41 np0005532741.novalocal object-server[96609]: ::1 - - [23/Nov/2025:18:42:41 +0000] "PUT /3/144992/AUTH_9cc260e0c9e84206955019da66ffcbec/gnocchi.8a584a59-d051-4448-a27b-36634c7b4ab6/none_v3" 201 - "PUT http://[::1]:8080/v1/AUTH_9cc260e0c9e84206955019da66ffcbec/gnocchi.8a584a59-d051-4448-a27b-36634c7b4ab6/none_v3" "txb99c7f5a3c5945cc9daa9-00692355a1" "proxy-server 92676" 0.0127 "-" 96609 0
Nov 23 13:42:41 np0005532741.novalocal object-server[96605]: ::1 - - [23/Nov/2025:18:42:41 +0000] "PUT /2/144992/AUTH_9cc260e0c9e84206955019da66ffcbec/gnocchi.8a584a59-d051-4448-a27b-36634c7b4ab6/none_v3" 201 - "PUT http://[::1]:8080/v1/AUTH_9cc260e0c9e84206955019da66ffcbec/gnocchi.8a584a59-d051-4448-a27b-36634c7b4ab6/none_v3" "txb99c7f5a3c5945cc9daa9-00692355a1" "proxy-server 92676" 0.0141 "-" 96605 0
Nov 23 13:42:41 np0005532741.novalocal proxy-server[92676]: ::1 ::1 23/Nov/2025/18/42/41 PUT /v1/AUTH_9cc260e0c9e84206955019da66ffcbec/gnocchi.8a584a59-d051-4448-a27b-36634c7b4ab6/none_v3 HTTP/1.0 201 - python-swiftclient-4.2.0 gAAAAABpI1V6j5L9... 33 - - txb99c7f5a3c5945cc9daa9-00692355a1 - 0.0217 - - 1763923361.036506653 1763923361.058222055 0
Nov 23 13:42:41 np0005532741.novalocal container-server[96310]: ::1 - - [23/Nov/2025:18:42:41 +0000] "PUT /1/57536/AUTH_9cc260e0c9e84206955019da66ffcbec/gnocchi.70bb292a-c9e9-454e-8e04-6d46a448cced/none_v3" 201 - "PUT http://[::1]:8080/2/229859/AUTH_9cc260e0c9e84206955019da66ffcbec/gnocchi.70bb292a-c9e9-454e-8e04-6d46a448cced/none_v3" "txf98b15032d2e46048c9f5-00692355a1" "object-server 96607" 0.0003 "-" 96310 0
Nov 23 13:42:41 np0005532741.novalocal object-server[96607]: ::1 - - [23/Nov/2025:18:42:41 +0000] "PUT /2/229859/AUTH_9cc260e0c9e84206955019da66ffcbec/gnocchi.70bb292a-c9e9-454e-8e04-6d46a448cced/none_v3" 201 - "PUT http://[::1]:8080/v1/AUTH_9cc260e0c9e84206955019da66ffcbec/gnocchi.70bb292a-c9e9-454e-8e04-6d46a448cced/none_v3" "txf98b15032d2e46048c9f5-00692355a1" "proxy-server 92677" 0.0100 "-" 96607 0
Nov 23 13:42:41 np0005532741.novalocal container-server[96310]: ::1 - - [23/Nov/2025:18:42:41 +0000] "PUT /3/57536/AUTH_9cc260e0c9e84206955019da66ffcbec/gnocchi.70bb292a-c9e9-454e-8e04-6d46a448cced/none_v3" 201 - "PUT http://[::1]:8080/1/229859/AUTH_9cc260e0c9e84206955019da66ffcbec/gnocchi.70bb292a-c9e9-454e-8e04-6d46a448cced/none_v3" "txf98b15032d2e46048c9f5-00692355a1" "object-server 96605" 0.0004 "-" 96310 0
Nov 23 13:42:41 np0005532741.novalocal object-server[96605]: ::1 - - [23/Nov/2025:18:42:41 +0000] "PUT /1/229859/AUTH_9cc260e0c9e84206955019da66ffcbec/gnocchi.70bb292a-c9e9-454e-8e04-6d46a448cced/none_v3" 201 - "PUT http://[::1]:8080/v1/AUTH_9cc260e0c9e84206955019da66ffcbec/gnocchi.70bb292a-c9e9-454e-8e04-6d46a448cced/none_v3" "txf98b15032d2e46048c9f5-00692355a1" "proxy-server 92677" 0.0153 "-" 96605 0
Nov 23 13:42:41 np0005532741.novalocal container-server[96310]: ::1 - - [23/Nov/2025:18:42:41 +0000] "PUT /2/57536/AUTH_9cc260e0c9e84206955019da66ffcbec/gnocchi.70bb292a-c9e9-454e-8e04-6d46a448cced/none_v3" 201 - "PUT http://[::1]:8080/3/229859/AUTH_9cc260e0c9e84206955019da66ffcbec/gnocchi.70bb292a-c9e9-454e-8e04-6d46a448cced/none_v3" "txf98b15032d2e46048c9f5-00692355a1" "object-server 96605" 0.0003 "-" 96310 0
Nov 23 13:42:41 np0005532741.novalocal object-server[96605]: ::1 - - [23/Nov/2025:18:42:41 +0000] "PUT /3/229859/AUTH_9cc260e0c9e84206955019da66ffcbec/gnocchi.70bb292a-c9e9-454e-8e04-6d46a448cced/none_v3" 201 - "PUT http://[::1]:8080/v1/AUTH_9cc260e0c9e84206955019da66ffcbec/gnocchi.70bb292a-c9e9-454e-8e04-6d46a448cced/none_v3" "txf98b15032d2e46048c9f5-00692355a1" "proxy-server 92677" 0.0199 "-" 96605 0
Nov 23 13:42:41 np0005532741.novalocal proxy-server[92677]: ::1 ::1 23/Nov/2025/18/42/41 PUT /v1/AUTH_9cc260e0c9e84206955019da66ffcbec/gnocchi.70bb292a-c9e9-454e-8e04-6d46a448cced/none_v3 HTTP/1.0 201 - python-swiftclient-4.2.0 gAAAAABpI1V6uZq-... 33 - - txf98b15032d2e46048c9f5-00692355a1 - 0.0277 - - 1763923361.044490337 1763923361.072170973 0
Nov 23 13:42:41 np0005532741.novalocal object-server[96609]: ::1 - - [23/Nov/2025:18:42:41 +0000] "GET /2/25391/AUTH_9cc260e0c9e84206955019da66ffcbec/gnocchi.425b4f14-f6c3-46c6-9402-c6ee8a9998ab/none_v3" 200 22 "GET http://[::1]:8080/v1/AUTH_9cc260e0c9e84206955019da66ffcbec/gnocchi.425b4f14-f6c3-46c6-9402-c6ee8a9998ab/none_v3" "txa1f16a66e1cf4692b8736-00692355a1" "proxy-server 92676" 0.0009 "-" 96609 0
Nov 23 13:42:41 np0005532741.novalocal proxy-server[92676]: ::1 ::1 23/Nov/2025/18/42/41 GET /v1/AUTH_9cc260e0c9e84206955019da66ffcbec/gnocchi.425b4f14-f6c3-46c6-9402-c6ee8a9998ab/none_v3 HTTP/1.0 200 - python-swiftclient-4.2.0 gAAAAABpI1V6j5L9... - 22 - txa1f16a66e1cf4692b8736-00692355a1 - 0.0094 - - 1763923361.067291975 1763923361.076645374 0
Nov 23 13:42:41 np0005532741.novalocal container-server[96310]: ::1 - - [23/Nov/2025:18:42:41 +0000] "GET /3/193588/AUTH_9cc260e0c9e84206955019da66ffcbec/gnocchi.425b4f14-f6c3-46c6-9402-c6ee8a9998ab" 200 357 "GET http://[::1]:8080/v1/AUTH_9cc260e0c9e84206955019da66ffcbec/gnocchi.425b4f14-f6c3-46c6-9402-c6ee8a9998ab?format=json&states=listing" "tx4bb55d707d834e0eb20bf-00692355a1" "proxy-server 92676" 0.0027 "-" 96310 0
Nov 23 13:42:41 np0005532741.novalocal proxy-server[92676]: ::1 ::1 23/Nov/2025/18/42/41 GET /v1/AUTH_9cc260e0c9e84206955019da66ffcbec/gnocchi.425b4f14-f6c3-46c6-9402-c6ee8a9998ab%3Fformat%3Djson%26states%3Dlisting HTTP/1.0 200 - python-swiftclient-4.2.0 gAAAAABpI1V6j5L9... - 357 - tx4bb55d707d834e0eb20bf-00692355a1 - 0.0092 - - 1763923361.079066992 1763923361.088282824 0
Nov 23 13:42:41 np0005532741.novalocal object-server[96607]: ::1 - - [23/Nov/2025:18:42:41 +0000] "GET /2/160369/AUTH_9cc260e0c9e84206955019da66ffcbec/gnocchi.9590a4af-50bb-48eb-93c0-54d312905a6a/none_v3" 200 22 "GET http://[::1]:8080/v1/AUTH_9cc260e0c9e84206955019da66ffcbec/gnocchi.9590a4af-50bb-48eb-93c0-54d312905a6a/none_v3" "tx680289c839554f6e9a3db-00692355a1" "proxy-server 92677" 0.0012 "-" 96607 0
Nov 23 13:42:41 np0005532741.novalocal proxy-server[92677]: ::1 ::1 23/Nov/2025/18/42/41 GET /v1/AUTH_9cc260e0c9e84206955019da66ffcbec/gnocchi.9590a4af-50bb-48eb-93c0-54d312905a6a/none_v3 HTTP/1.0 200 - python-swiftclient-4.2.0 gAAAAABpI1V6uZq-... - 22 - tx680289c839554f6e9a3db-00692355a1 - 0.0082 - - 1763923361.086314201 1763923361.094555616 0
Nov 23 13:42:41 np0005532741.novalocal container-server[96309]: ::1 - - [23/Nov/2025:18:42:41 +0000] "GET /2/193588/AUTH_9cc260e0c9e84206955019da66ffcbec/gnocchi.425b4f14-f6c3-46c6-9402-c6ee8a9998ab" 200 2 "GET http://[::1]:8080/v1/AUTH_9cc260e0c9e84206955019da66ffcbec/gnocchi.425b4f14-f6c3-46c6-9402-c6ee8a9998ab?format=json&marker=none_v3&states=listing" "tx5d4a6e25ce064595b81c3-00692355a1" "proxy-server 92676" 0.0021 "-" 96309 0
Nov 23 13:42:41 np0005532741.novalocal proxy-server[92676]: ::1 ::1 23/Nov/2025/18/42/41 GET /v1/AUTH_9cc260e0c9e84206955019da66ffcbec/gnocchi.425b4f14-f6c3-46c6-9402-c6ee8a9998ab%3Fformat%3Djson%26marker%3Dnone_v3%26states%3Dlisting HTTP/1.0 200 - python-swiftclient-4.2.0 gAAAAABpI1V6j5L9... - 2 - tx5d4a6e25ce064595b81c3-00692355a1 - 0.0079 - - 1763923361.089979172 1763923361.097904205 0
Nov 23 13:42:41 np0005532741.novalocal container-server[96309]: ::1 - - [23/Nov/2025:18:42:41 +0000] "GET /2/25407/AUTH_9cc260e0c9e84206955019da66ffcbec/gnocchi.9590a4af-50bb-48eb-93c0-54d312905a6a" 200 357 "GET http://[::1]:8080/v1/AUTH_9cc260e0c9e84206955019da66ffcbec/gnocchi.9590a4af-50bb-48eb-93c0-54d312905a6a?format=json&states=listing" "tx481f0e04ef894440a6bec-00692355a1" "proxy-server 92677" 0.0017 "-" 96309 0
Nov 23 13:42:41 np0005532741.novalocal object-server[96605]: ::1 - - [23/Nov/2025:18:42:41 +0000] "GET /2/109771/AUTH_9cc260e0c9e84206955019da66ffcbec/gnocchi.425b4f14-f6c3-46c6-9402-c6ee8a9998ab/1763640000.0_mean_300.0_v3" 200 16 "GET http://[::1]:8080/v1/AUTH_9cc260e0c9e84206955019da66ffcbec/gnocchi.425b4f14-f6c3-46c6-9402-c6ee8a9998ab/1763640000.0_mean_300.0_v3" "tx8af714d71f1a4914bc3ae-00692355a1" "proxy-server 92676" 0.0006 "-" 96605 0
Nov 23 13:42:41 np0005532741.novalocal proxy-server[92677]: ::1 ::1 23/Nov/2025/18/42/41 GET /v1/AUTH_9cc260e0c9e84206955019da66ffcbec/gnocchi.9590a4af-50bb-48eb-93c0-54d312905a6a%3Fformat%3Djson%26states%3Dlisting HTTP/1.0 200 - python-swiftclient-4.2.0 gAAAAABpI1V6uZq-... - 357 - tx481f0e04ef894440a6bec-00692355a1 - 0.0076 - - 1763923361.099040031 1763923361.106607199 0
Nov 23 13:42:41 np0005532741.novalocal proxy-server[92676]: ::1 ::1 23/Nov/2025/18/42/41 GET /v1/AUTH_9cc260e0c9e84206955019da66ffcbec/gnocchi.425b4f14-f6c3-46c6-9402-c6ee8a9998ab/1763640000.0_mean_300.0_v3 HTTP/1.0 200 - python-swiftclient-4.2.0 gAAAAABpI1V6j5L9... - 16 - tx8af714d71f1a4914bc3ae-00692355a1 - 0.0085 - - 1763923361.100676537 1763923361.109193325 0
Nov 23 13:42:41 np0005532741.novalocal container-server[96310]: ::1 - - [23/Nov/2025:18:42:41 +0000] "GET /1/25407/AUTH_9cc260e0c9e84206955019da66ffcbec/gnocchi.9590a4af-50bb-48eb-93c0-54d312905a6a" 200 2 "GET http://[::1]:8080/v1/AUTH_9cc260e0c9e84206955019da66ffcbec/gnocchi.9590a4af-50bb-48eb-93c0-54d312905a6a?format=json&marker=none_v3&states=listing" "txd8eeaa0cfad741cf9d56d-00692355a1" "proxy-server 92677" 0.0020 "-" 96310 0
Nov 23 13:42:41 np0005532741.novalocal proxy-server[92677]: ::1 ::1 23/Nov/2025/18/42/41 GET /v1/AUTH_9cc260e0c9e84206955019da66ffcbec/gnocchi.9590a4af-50bb-48eb-93c0-54d312905a6a%3Fformat%3Djson%26marker%3Dnone_v3%26states%3Dlisting HTTP/1.0 200 - python-swiftclient-4.2.0 gAAAAABpI1V6uZq-... - 2 - txd8eeaa0cfad741cf9d56d-00692355a1 - 0.0074 - - 1763923361.110149145 1763923361.117592096 0
Nov 23 13:42:41 np0005532741.novalocal container-server[96309]: ::1 - - [23/Nov/2025:18:42:41 +0000] "PUT /3/193588/AUTH_9cc260e0c9e84206955019da66ffcbec/gnocchi.425b4f14-f6c3-46c6-9402-c6ee8a9998ab/1763640000.0_mean_300.0_v3" 201 - "PUT http://[::1]:8080/3/109771/AUTH_9cc260e0c9e84206955019da66ffcbec/gnocchi.425b4f14-f6c3-46c6-9402-c6ee8a9998ab/1763640000.0_mean_300.0_v3" "txf8eb2eea435e4b418da78-00692355a1" "object-server 96606" 0.0005 "-" 96309 0
Nov 23 13:42:41 np0005532741.novalocal object-server[96606]: ::1 - - [23/Nov/2025:18:42:41 +0000] "PUT /3/109771/AUTH_9cc260e0c9e84206955019da66ffcbec/gnocchi.425b4f14-f6c3-46c6-9402-c6ee8a9998ab/1763640000.0_mean_300.0_v3" 201 - "PUT http://[::1]:8080/v1/AUTH_9cc260e0c9e84206955019da66ffcbec/gnocchi.425b4f14-f6c3-46c6-9402-c6ee8a9998ab/1763640000.0_mean_300.0_v3" "txf8eb2eea435e4b418da78-00692355a1" "proxy-server 92676" 0.0091 "-" 96606 0
Nov 23 13:42:41 np0005532741.novalocal container-server[96308]: ::1 - - [23/Nov/2025:18:42:41 +0000] "PUT /1/193588/AUTH_9cc260e0c9e84206955019da66ffcbec/gnocchi.425b4f14-f6c3-46c6-9402-c6ee8a9998ab/1763640000.0_mean_300.0_v3" 201 - "PUT http://[::1]:8080/2/109771/AUTH_9cc260e0c9e84206955019da66ffcbec/gnocchi.425b4f14-f6c3-46c6-9402-c6ee8a9998ab/1763640000.0_mean_300.0_v3" "txf8eb2eea435e4b418da78-00692355a1" "object-server 96607" 0.0004 "-" 96308 0
Nov 23 13:42:41 np0005532741.novalocal container-server[96311]: ::1 - - [23/Nov/2025:18:42:41 +0000] "PUT /2/193588/AUTH_9cc260e0c9e84206955019da66ffcbec/gnocchi.425b4f14-f6c3-46c6-9402-c6ee8a9998ab/1763640000.0_mean_300.0_v3" 201 - "PUT http://[::1]:8080/1/109771/AUTH_9cc260e0c9e84206955019da66ffcbec/gnocchi.425b4f14-f6c3-46c6-9402-c6ee8a9998ab/1763640000.0_mean_300.0_v3" "txf8eb2eea435e4b418da78-00692355a1" "object-server 96609" 0.0008 "-" 96311 0
Nov 23 13:42:41 np0005532741.novalocal object-server[96605]: ::1 - - [23/Nov/2025:18:42:41 +0000] "GET /1/182648/AUTH_9cc260e0c9e84206955019da66ffcbec/gnocchi.9590a4af-50bb-48eb-93c0-54d312905a6a/1763640000.0_mean_300.0_v3" 200 16 "GET http://[::1]:8080/v1/AUTH_9cc260e0c9e84206955019da66ffcbec/gnocchi.9590a4af-50bb-48eb-93c0-54d312905a6a/1763640000.0_mean_300.0_v3" "txf2d41d5cf5a7423a95f9d-00692355a1" "proxy-server 92677" 0.0012 "-" 96605 0
Nov 23 13:42:41 np0005532741.novalocal object-server[96607]: ::1 - - [23/Nov/2025:18:42:41 +0000] "PUT /2/109771/AUTH_9cc260e0c9e84206955019da66ffcbec/gnocchi.425b4f14-f6c3-46c6-9402-c6ee8a9998ab/1763640000.0_mean_300.0_v3" 201 - "PUT http://[::1]:8080/v1/AUTH_9cc260e0c9e84206955019da66ffcbec/gnocchi.425b4f14-f6c3-46c6-9402-c6ee8a9998ab/1763640000.0_mean_300.0_v3" "txf8eb2eea435e4b418da78-00692355a1" "proxy-server 92676" 0.0109 "-" 96607 0
Nov 23 13:42:41 np0005532741.novalocal object-server[96609]: ::1 - - [23/Nov/2025:18:42:41 +0000] "PUT /1/109771/AUTH_9cc260e0c9e84206955019da66ffcbec/gnocchi.425b4f14-f6c3-46c6-9402-c6ee8a9998ab/1763640000.0_mean_300.0_v3" 201 - "PUT http://[::1]:8080/v1/AUTH_9cc260e0c9e84206955019da66ffcbec/gnocchi.425b4f14-f6c3-46c6-9402-c6ee8a9998ab/1763640000.0_mean_300.0_v3" "txf8eb2eea435e4b418da78-00692355a1" "proxy-server 92676" 0.0118 "-" 96609 0
Nov 23 13:42:41 np0005532741.novalocal proxy-server[92677]: ::1 ::1 23/Nov/2025/18/42/41 GET /v1/AUTH_9cc260e0c9e84206955019da66ffcbec/gnocchi.9590a4af-50bb-48eb-93c0-54d312905a6a/1763640000.0_mean_300.0_v3 HTTP/1.0 200 - python-swiftclient-4.2.0 gAAAAABpI1V6uZq-... - 16 - txf2d41d5cf5a7423a95f9d-00692355a1 - 0.0083 - - 1763923361.122747183 1763923361.131083012 0
