Nov 23 13:42:29 np0005532741.novalocal container-server[96311]: ::1 - - [23/Nov/2025:18:42:29 +0000] "PUT /1/183486/AUTH_9cc260e0c9e84206955019da66ffcbec/gnocchi.b51e64de-db91-4691-8739-8133dfdc71ab/1763640000.0_mean_300.0_v3" 201 - "PUT http://[::1]:8080/3/612/AUTH_9cc260e0c9e84206955019da66ffcbec/gnocchi.b51e64de-db91-4691-8739-8133dfdc71ab/1763640000.0_mean_300.0_v3" "tx072781d8f70b41dca0eba-0069235595" "object-server 96606" 0.0004 "-" 96311 0
Nov 23 13:42:29 np0005532741.novalocal container-server[96309]: ::1 - - [23/Nov/2025:18:42:29 +0000] "PUT /3/183486/AUTH_9cc260e0c9e84206955019da66ffcbec/gnocchi.b51e64de-db91-4691-8739-8133dfdc71ab/1763640000.0_mean_300.0_v3" 201 - "PUT http://[::1]:8080/2/612/AUTH_9cc260e0c9e84206955019da66ffcbec/gnocchi.b51e64de-db91-4691-8739-8133dfdc71ab/1763640000.0_mean_300.0_v3" "tx072781d8f70b41dca0eba-0069235595" "object-server 96607" 0.0003 "-" 96309 0
Nov 23 13:42:29 np0005532741.novalocal object-server[96609]: ::1 - - [23/Nov/2025:18:42:29 +0000] "PUT /1/612/AUTH_9cc260e0c9e84206955019da66ffcbec/gnocchi.b51e64de-db91-4691-8739-8133dfdc71ab/1763640000.0_mean_300.0_v3" 201 - "PUT http://[::1]:8080/v1/AUTH_9cc260e0c9e84206955019da66ffcbec/gnocchi.b51e64de-db91-4691-8739-8133dfdc71ab/1763640000.0_mean_300.0_v3" "tx072781d8f70b41dca0eba-0069235595" "proxy-server 92677" 0.0101 "-" 96609 0
Nov 23 13:42:29 np0005532741.novalocal object-server[96606]: ::1 - - [23/Nov/2025:18:42:29 +0000] "PUT /3/612/AUTH_9cc260e0c9e84206955019da66ffcbec/gnocchi.b51e64de-db91-4691-8739-8133dfdc71ab/1763640000.0_mean_300.0_v3" 201 - "PUT http://[::1]:8080/v1/AUTH_9cc260e0c9e84206955019da66ffcbec/gnocchi.b51e64de-db91-4691-8739-8133dfdc71ab/1763640000.0_mean_300.0_v3" "tx072781d8f70b41dca0eba-0069235595" "proxy-server 92677" 0.0108 "-" 96606 0
Nov 23 13:42:29 np0005532741.novalocal object-server[96607]: ::1 - - [23/Nov/2025:18:42:29 +0000] "PUT /2/612/AUTH_9cc260e0c9e84206955019da66ffcbec/gnocchi.b51e64de-db91-4691-8739-8133dfdc71ab/1763640000.0_mean_300.0_v3" 201 - "PUT http://[::1]:8080/v1/AUTH_9cc260e0c9e84206955019da66ffcbec/gnocchi.b51e64de-db91-4691-8739-8133dfdc71ab/1763640000.0_mean_300.0_v3" "tx072781d8f70b41dca0eba-0069235595" "proxy-server 92677" 0.0121 "-" 96607 0
Nov 23 13:42:29 np0005532741.novalocal proxy-server[92677]: ::1 ::1 23/Nov/2025/18/42/29 PUT /v1/AUTH_9cc260e0c9e84206955019da66ffcbec/gnocchi.b51e64de-db91-4691-8739-8133dfdc71ab/1763640000.0_mean_300.0_v3 HTTP/1.0 201 - python-swiftclient-4.2.0 gAAAAABpI1V6uZq-... 16 - - tx072781d8f70b41dca0eba-0069235595 - 0.0176 - - 1763923349.491788864 1763923349.509437799 0
Nov 23 13:42:29 np0005532741.novalocal container-server[96311]: ::1 - - [23/Nov/2025:18:42:29 +0000] "PUT /2/183486/AUTH_9cc260e0c9e84206955019da66ffcbec/gnocchi.b51e64de-db91-4691-8739-8133dfdc71ab/none_v3" 201 - "PUT http://[::1]:8080/3/20595/AUTH_9cc260e0c9e84206955019da66ffcbec/gnocchi.b51e64de-db91-4691-8739-8133dfdc71ab/none_v3" "tx1a491021ed6a485f818e8-0069235595" "object-server 96609" 0.0003 "-" 96311 0
Nov 23 13:42:29 np0005532741.novalocal account-server[96016]: ::1 - - [23/Nov/2025:18:42:29 +0000] "PUT /1/21056/AUTH_9cc260e0c9e84206955019da66ffcbec/gnocchi.2f9a2695-5984-442d-92b4-df4e22d3646c" 201 - "PUT http://[::1]:6001/1/82906/AUTH_9cc260e0c9e84206955019da66ffcbec/gnocchi.2f9a2695-5984-442d-92b4-df4e22d3646c" "tx0329476fad6744b68f66f-0069235595" "container-server 96311" 0.0105 "-" 96016 0
Nov 23 13:42:29 np0005532741.novalocal container-server[96311]: ::1 - - [23/Nov/2025:18:42:29 +0000] "PUT /1/82906/AUTH_9cc260e0c9e84206955019da66ffcbec/gnocchi.2f9a2695-5984-442d-92b4-df4e22d3646c" 201 - "PUT http://[::1]:8080/v1/AUTH_9cc260e0c9e84206955019da66ffcbec/gnocchi.2f9a2695-5984-442d-92b4-df4e22d3646c" "tx0329476fad6744b68f66f-0069235595" "proxy-server 92676" 0.0204 "-" 96311 0
Nov 23 13:42:29 np0005532741.novalocal object-server[96609]: ::1 - - [23/Nov/2025:18:42:29 +0000] "PUT /3/20595/AUTH_9cc260e0c9e84206955019da66ffcbec/gnocchi.b51e64de-db91-4691-8739-8133dfdc71ab/none_v3" 201 - "PUT http://[::1]:8080/v1/AUTH_9cc260e0c9e84206955019da66ffcbec/gnocchi.b51e64de-db91-4691-8739-8133dfdc71ab/none_v3" "tx1a491021ed6a485f818e8-0069235595" "proxy-server 92677" 0.0144 "-" 96609 0
Nov 23 13:42:29 np0005532741.novalocal container-server[96310]: ::1 - - [23/Nov/2025:18:42:29 +0000] "PUT /1/183486/AUTH_9cc260e0c9e84206955019da66ffcbec/gnocchi.b51e64de-db91-4691-8739-8133dfdc71ab/none_v3" 201 - "PUT http://[::1]:8080/2/20595/AUTH_9cc260e0c9e84206955019da66ffcbec/gnocchi.b51e64de-db91-4691-8739-8133dfdc71ab/none_v3" "tx1a491021ed6a485f818e8-0069235595" "object-server 96606" 0.0012 "-" 96310 0
Nov 23 13:42:29 np0005532741.novalocal container-server[96310]: ::1 - - [23/Nov/2025:18:42:29 +0000] "PUT /3/183486/AUTH_9cc260e0c9e84206955019da66ffcbec/gnocchi.b51e64de-db91-4691-8739-8133dfdc71ab/none_v3" 201 - "PUT http://[::1]:8080/1/20595/AUTH_9cc260e0c9e84206955019da66ffcbec/gnocchi.b51e64de-db91-4691-8739-8133dfdc71ab/none_v3" "tx1a491021ed6a485f818e8-0069235595" "object-server 96609" 0.0004 "-" 96310 0
Nov 23 13:42:29 np0005532741.novalocal object-server[96609]: ::1 - - [23/Nov/2025:18:42:29 +0000] "PUT /1/20595/AUTH_9cc260e0c9e84206955019da66ffcbec/gnocchi.b51e64de-db91-4691-8739-8133dfdc71ab/none_v3" 201 - "PUT http://[::1]:8080/v1/AUTH_9cc260e0c9e84206955019da66ffcbec/gnocchi.b51e64de-db91-4691-8739-8133dfdc71ab/none_v3" "tx1a491021ed6a485f818e8-0069235595" "proxy-server 92677" 0.0237 "-" 96609 0
Nov 23 13:42:29 np0005532741.novalocal object-server[96606]: ::1 - - [23/Nov/2025:18:42:29 +0000] "PUT /2/20595/AUTH_9cc260e0c9e84206955019da66ffcbec/gnocchi.b51e64de-db91-4691-8739-8133dfdc71ab/none_v3" 201 - "PUT http://[::1]:8080/v1/AUTH_9cc260e0c9e84206955019da66ffcbec/gnocchi.b51e64de-db91-4691-8739-8133dfdc71ab/none_v3" "tx1a491021ed6a485f818e8-0069235595" "proxy-server 92677" 0.0238 "-" 96606 0
Nov 23 13:42:29 np0005532741.novalocal account-server[96017]: ::1 - - [23/Nov/2025:18:42:29 +0000] "PUT /3/21056/AUTH_9cc260e0c9e84206955019da66ffcbec/gnocchi.2f9a2695-5984-442d-92b4-df4e22d3646c" 201 - "PUT http://[::1]:6001/2/82906/AUTH_9cc260e0c9e84206955019da66ffcbec/gnocchi.2f9a2695-5984-442d-92b4-df4e22d3646c" "tx0329476fad6744b68f66f-0069235595" "container-server 96308" 0.0043 "-" 96017 0
Nov 23 13:42:29 np0005532741.novalocal proxy-server[92677]: ::1 ::1 23/Nov/2025/18/42/29 PUT /v1/AUTH_9cc260e0c9e84206955019da66ffcbec/gnocchi.b51e64de-db91-4691-8739-8133dfdc71ab/none_v3 HTTP/1.0 201 - python-swiftclient-4.2.0 gAAAAABpI1V6uZq-... 32 - - tx1a491021ed6a485f818e8-0069235595 - 0.0342 - - 1763923349.511351824 1763923349.545508623 0
Nov 23 13:42:29 np0005532741.novalocal container-server[96308]: ::1 - - [23/Nov/2025:18:42:29 +0000] "PUT /2/82906/AUTH_9cc260e0c9e84206955019da66ffcbec/gnocchi.2f9a2695-5984-442d-92b4-df4e22d3646c" 201 - "PUT http://[::1]:8080/v1/AUTH_9cc260e0c9e84206955019da66ffcbec/gnocchi.2f9a2695-5984-442d-92b4-df4e22d3646c" "tx0329476fad6744b68f66f-0069235595" "proxy-server 92676" 0.0322 "-" 96308 0
Nov 23 13:42:29 np0005532741.novalocal account-server[96016]: ::1 - - [23/Nov/2025:18:42:29 +0000] "PUT /2/21056/AUTH_9cc260e0c9e84206955019da66ffcbec/gnocchi.2f9a2695-5984-442d-92b4-df4e22d3646c" 201 - "PUT http://[::1]:6001/3/82906/AUTH_9cc260e0c9e84206955019da66ffcbec/gnocchi.2f9a2695-5984-442d-92b4-df4e22d3646c" "tx0329476fad6744b68f66f-0069235595" "container-server 96310" 0.0085 "-" 96016 0
Nov 23 13:42:29 np0005532741.novalocal container-server[96310]: ::1 - - [23/Nov/2025:18:42:29 +0000] "PUT /3/82906/AUTH_9cc260e0c9e84206955019da66ffcbec/gnocchi.2f9a2695-5984-442d-92b4-df4e22d3646c" 201 - "PUT http://[::1]:8080/v1/AUTH_9cc260e0c9e84206955019da66ffcbec/gnocchi.2f9a2695-5984-442d-92b4-df4e22d3646c" "tx0329476fad6744b68f66f-0069235595" "proxy-server 92676" 0.0346 "-" 96310 0
Nov 23 13:42:29 np0005532741.novalocal proxy-server[92676]: ::1 ::1 23/Nov/2025/18/42/29 PUT /v1/AUTH_9cc260e0c9e84206955019da66ffcbec/gnocchi.2f9a2695-5984-442d-92b4-df4e22d3646c HTTP/1.0 201 - python-swiftclient-4.2.0 gAAAAABpI1V6j5L9... - - - tx0329476fad6744b68f66f-0069235595 - 0.0490 - - 1763923349.507744551 1763923349.556789398 0
Nov 23 13:42:29 np0005532741.novalocal object-server[96609]: ::1 - - [23/Nov/2025:18:42:29 +0000] "GET /1/55430/AUTH_9cc260e0c9e84206955019da66ffcbec/gnocchi.348a8c5d-de9b-4e34-a439-69cf8eca4aef/none_v3" 200 22 "GET http://[::1]:8080/v1/AUTH_9cc260e0c9e84206955019da66ffcbec/gnocchi.348a8c5d-de9b-4e34-a439-69cf8eca4aef/none_v3" "tx6802f3656f0843909e5a2-0069235595" "proxy-server 92677" 0.0008 "-" 96609 0
Nov 23 13:42:29 np0005532741.novalocal container-server[96311]: ::1 - - [23/Nov/2025:18:42:29 +0000] "HEAD /1/82906/AUTH_9cc260e0c9e84206955019da66ffcbec/gnocchi.2f9a2695-5984-442d-92b4-df4e22d3646c" 204 - "HEAD http://[::1]:8080/v1/AUTH_9cc260e0c9e84206955019da66ffcbec/gnocchi.2f9a2695-5984-442d-92b4-df4e22d3646c?format=json&states=listing" "tx0b75d9d4a4ac48afa884d-0069235595" "proxy-server 92676" 0.0015 "-" 96311 0
Nov 23 13:42:29 np0005532741.novalocal proxy-server[92677]: ::1 ::1 23/Nov/2025/18/42/29 GET /v1/AUTH_9cc260e0c9e84206955019da66ffcbec/gnocchi.348a8c5d-de9b-4e34-a439-69cf8eca4aef/none_v3 HTTP/1.0 200 - python-swiftclient-4.2.0 gAAAAABpI1V6uZq-... - 22 - tx6802f3656f0843909e5a2-0069235595 - 0.0097 - - 1763923349.556532621 1763923349.566280365 0
Nov 23 13:42:29 np0005532741.novalocal container-server[96308]: ::1 - - [23/Nov/2025:18:42:29 +0000] "GET /1/82906/AUTH_9cc260e0c9e84206955019da66ffcbec/gnocchi.2f9a2695-5984-442d-92b4-df4e22d3646c" 200 2 "GET http://[::1]:8080/v1/AUTH_9cc260e0c9e84206955019da66ffcbec/gnocchi.2f9a2695-5984-442d-92b4-df4e22d3646c?format=json&states=listing" "tx0b75d9d4a4ac48afa884d-0069235595" "proxy-server 92676" 0.0023 "-" 96308 0
Nov 23 13:42:29 np0005532741.novalocal container-server[96309]: ::1 - - [23/Nov/2025:18:42:29 +0000] "GET /1/64546/AUTH_9cc260e0c9e84206955019da66ffcbec/gnocchi.348a8c5d-de9b-4e34-a439-69cf8eca4aef" 200 357 "GET http://[::1]:8080/v1/AUTH_9cc260e0c9e84206955019da66ffcbec/gnocchi.348a8c5d-de9b-4e34-a439-69cf8eca4aef?format=json&states=listing" "tx3ecd88efc9414cbeb3cd8-0069235595" "proxy-server 92677" 0.0023 "-" 96309 0
Nov 23 13:42:29 np0005532741.novalocal proxy-server[92676]: ::1 ::1 23/Nov/2025/18/42/29 GET /v1/AUTH_9cc260e0c9e84206955019da66ffcbec/gnocchi.2f9a2695-5984-442d-92b4-df4e22d3646c%3Fformat%3Djson%26states%3Dlisting HTTP/1.0 200 - python-swiftclient-4.2.0 gAAAAABpI1V6j5L9... - 2 - tx0b75d9d4a4ac48afa884d-0069235595 - 0.0151 - - 1763923349.560405970 1763923349.575477600 0
Nov 23 13:42:29 np0005532741.novalocal proxy-server[92677]: ::1 ::1 23/Nov/2025/18/42/29 GET /v1/AUTH_9cc260e0c9e84206955019da66ffcbec/gnocchi.348a8c5d-de9b-4e34-a439-69cf8eca4aef%3Fformat%3Djson%26states%3Dlisting HTTP/1.0 200 - python-swiftclient-4.2.0 gAAAAABpI1V6uZq-... - 357 - tx3ecd88efc9414cbeb3cd8-0069235595 - 0.0079 - - 1763923349.568974257 1763923349.576891422 0
Nov 23 13:42:29 np0005532741.novalocal container-server[96310]: ::1 - - [23/Nov/2025:18:42:29 +0000] "GET /2/64546/AUTH_9cc260e0c9e84206955019da66ffcbec/gnocchi.348a8c5d-de9b-4e34-a439-69cf8eca4aef" 200 2 "GET http://[::1]:8080/v1/AUTH_9cc260e0c9e84206955019da66ffcbec/gnocchi.348a8c5d-de9b-4e34-a439-69cf8eca4aef?format=json&marker=none_v3&states=listing" "tx1ed234bea17345fe90297-0069235595" "proxy-server 92677" 0.0017 "-" 96310 0
Nov 23 13:42:29 np0005532741.novalocal object-server[96605]: ::1 - - [23/Nov/2025:18:42:29 +0000] "GET /3/52126/AUTH_9cc260e0c9e84206955019da66ffcbec/gnocchi.2f9a2695-5984-442d-92b4-df4e22d3646c/1763640000.0_mean_300.0_v3" 404 70 "GET http://[::1]:8080/v1/AUTH_9cc260e0c9e84206955019da66ffcbec/gnocchi.2f9a2695-5984-442d-92b4-df4e22d3646c/1763640000.0_mean_300.0_v3" "tx9fb51e237e8d4f7eb4774-0069235595" "proxy-server 92676" 0.0004 "-" 96605 0
Nov 23 13:42:29 np0005532741.novalocal proxy-server[92677]: ::1 ::1 23/Nov/2025/18/42/29 GET /v1/AUTH_9cc260e0c9e84206955019da66ffcbec/gnocchi.348a8c5d-de9b-4e34-a439-69cf8eca4aef%3Fformat%3Djson%26marker%3Dnone_v3%26states%3Dlisting HTTP/1.0 200 - python-swiftclient-4.2.0 gAAAAABpI1V6uZq-... - 2 - tx1ed234bea17345fe90297-0069235595 - 0.0061 - - 1763923349.578720331 1763923349.584817648 0
Nov 23 13:42:29 np0005532741.novalocal object-server[96609]: ::1 - - [23/Nov/2025:18:42:29 +0000] "GET /2/52126/AUTH_9cc260e0c9e84206955019da66ffcbec/gnocchi.2f9a2695-5984-442d-92b4-df4e22d3646c/1763640000.0_mean_300.0_v3" 404 70 "GET http://[::1]:8080/v1/AUTH_9cc260e0c9e84206955019da66ffcbec/gnocchi.2f9a2695-5984-442d-92b4-df4e22d3646c/1763640000.0_mean_300.0_v3" "tx9fb51e237e8d4f7eb4774-0069235595" "proxy-server 92676" 0.0003 "-" 96609 0
Nov 23 13:42:29 np0005532741.novalocal object-server[96609]: ::1 - - [23/Nov/2025:18:42:29 +0000] "GET /1/242988/AUTH_9cc260e0c9e84206955019da66ffcbec/gnocchi.348a8c5d-de9b-4e34-a439-69cf8eca4aef/1763640000.0_mean_300.0_v3" 200 16 "GET http://[::1]:8080/v1/AUTH_9cc260e0c9e84206955019da66ffcbec/gnocchi.348a8c5d-de9b-4e34-a439-69cf8eca4aef/1763640000.0_mean_300.0_v3" "txaa3faf3375124972b2b6c-0069235595" "proxy-server 92677" 0.0005 "-" 96609 0
Nov 23 13:42:29 np0005532741.novalocal proxy-server[92677]: ::1 ::1 23/Nov/2025/18/42/29 GET /v1/AUTH_9cc260e0c9e84206955019da66ffcbec/gnocchi.348a8c5d-de9b-4e34-a439-69cf8eca4aef/1763640000.0_mean_300.0_v3 HTTP/1.0 200 - python-swiftclient-4.2.0 gAAAAABpI1V6uZq-... - 16 - txaa3faf3375124972b2b6c-0069235595 - 0.0047 - - 1763923349.587415695 1763923349.592077494 0
Nov 23 13:42:29 np0005532741.novalocal object-server[96606]: ::1 - - [23/Nov/2025:18:42:29 +0000] "GET /1/52126/AUTH_9cc260e0c9e84206955019da66ffcbec/gnocchi.2f9a2695-5984-442d-92b4-df4e22d3646c/1763640000.0_mean_300.0_v3" 404 70 "GET http://[::1]:8080/v1/AUTH_9cc260e0c9e84206955019da66ffcbec/gnocchi.2f9a2695-5984-442d-92b4-df4e22d3646c/1763640000.0_mean_300.0_v3" "tx9fb51e237e8d4f7eb4774-0069235595" "proxy-server 92676" 0.0006 "-" 96606 0
Nov 23 13:42:29 np0005532741.novalocal proxy-server[92676]: ::1 ::1 23/Nov/2025/18/42/29 GET /v1/AUTH_9cc260e0c9e84206955019da66ffcbec/gnocchi.2f9a2695-5984-442d-92b4-df4e22d3646c/1763640000.0_mean_300.0_v3 HTTP/1.0 404 - python-swiftclient-4.2.0 gAAAAABpI1V6j5L9... - 70 - tx9fb51e237e8d4f7eb4774-0069235595 - 0.0156 - - 1763923349.579054117 1763923349.594635248 0
Nov 23 13:42:29 np0005532741.novalocal container-server[96310]: ::1 - - [23/Nov/2025:18:42:29 +0000] "PUT /2/64546/AUTH_9cc260e0c9e84206955019da66ffcbec/gnocchi.348a8c5d-de9b-4e34-a439-69cf8eca4aef/1763640000.0_mean_300.0_v3" 201 - "PUT http://[::1]:8080/3/242988/AUTH_9cc260e0c9e84206955019da66ffcbec/gnocchi.348a8c5d-de9b-4e34-a439-69cf8eca4aef/1763640000.0_mean_300.0_v3" "tx8e64d162e71b4877ac6d0-0069235595" "object-server 96605" 0.0006 "-" 96310 0
Nov 23 13:42:29 np0005532741.novalocal object-server[96605]: ::1 - - [23/Nov/2025:18:42:29 +0000] "PUT /3/242988/AUTH_9cc260e0c9e84206955019da66ffcbec/gnocchi.348a8c5d-de9b-4e34-a439-69cf8eca4aef/1763640000.0_mean_300.0_v3" 201 - "PUT http://[::1]:8080/v1/AUTH_9cc260e0c9e84206955019da66ffcbec/gnocchi.348a8c5d-de9b-4e34-a439-69cf8eca4aef/1763640000.0_mean_300.0_v3" "tx8e64d162e71b4877ac6d0-0069235595" "proxy-server 92677" 0.0115 "-" 96605 0
Nov 23 13:42:29 np0005532741.novalocal container-server[96309]: ::1 - - [23/Nov/2025:18:42:29 +0000] "PUT /3/64546/AUTH_9cc260e0c9e84206955019da66ffcbec/gnocchi.348a8c5d-de9b-4e34-a439-69cf8eca4aef/1763640000.0_mean_300.0_v3" 201 - "PUT http://[::1]:8080/1/242988/AUTH_9cc260e0c9e84206955019da66ffcbec/gnocchi.348a8c5d-de9b-4e34-a439-69cf8eca4aef/1763640000.0_mean_300.0_v3" "tx8e64d162e71b4877ac6d0-0069235595" "object-server 96609" 0.0006 "-" 96309 0
Nov 23 13:42:29 np0005532741.novalocal object-server[96609]: ::1 - - [23/Nov/2025:18:42:29 +0000] "PUT /1/242988/AUTH_9cc260e0c9e84206955019da66ffcbec/gnocchi.348a8c5d-de9b-4e34-a439-69cf8eca4aef/1763640000.0_mean_300.0_v3" 201 - "PUT http://[::1]:8080/v1/AUTH_9cc260e0c9e84206955019da66ffcbec/gnocchi.348a8c5d-de9b-4e34-a439-69cf8eca4aef/1763640000.0_mean_300.0_v3" "tx8e64d162e71b4877ac6d0-0069235595" "proxy-server 92677" 0.0135 "-" 96609 0
Nov 23 13:42:29 np0005532741.novalocal container-server[96309]: ::1 - - [23/Nov/2025:18:42:29 +0000] "PUT /1/64546/AUTH_9cc260e0c9e84206955019da66ffcbec/gnocchi.348a8c5d-de9b-4e34-a439-69cf8eca4aef/1763640000.0_mean_300.0_v3" 201 - "PUT http://[::1]:8080/2/242988/AUTH_9cc260e0c9e84206955019da66ffcbec/gnocchi.348a8c5d-de9b-4e34-a439-69cf8eca4aef/1763640000.0_mean_300.0_v3" "tx8e64d162e71b4877ac6d0-0069235595" "object-server 96605" 0.0004 "-" 96309 0
Nov 23 13:42:29 np0005532741.novalocal object-server[96605]: ::1 - - [23/Nov/2025:18:42:29 +0000] "PUT /2/242988/AUTH_9cc260e0c9e84206955019da66ffcbec/gnocchi.348a8c5d-de9b-4e34-a439-69cf8eca4aef/1763640000.0_mean_300.0_v3" 201 - "PUT http://[::1]:8080/v1/AUTH_9cc260e0c9e84206955019da66ffcbec/gnocchi.348a8c5d-de9b-4e34-a439-69cf8eca4aef/1763640000.0_mean_300.0_v3" "tx8e64d162e71b4877ac6d0-0069235595" "proxy-server 92677" 0.0134 "-" 96605 0
Nov 23 13:42:29 np0005532741.novalocal proxy-server[92677]: ::1 ::1 23/Nov/2025/18/42/29 PUT /v1/AUTH_9cc260e0c9e84206955019da66ffcbec/gnocchi.348a8c5d-de9b-4e34-a439-69cf8eca4aef/1763640000.0_mean_300.0_v3 HTTP/1.0 201 - python-swiftclient-4.2.0 gAAAAABpI1V6uZq-... 16 - - tx8e64d162e71b4877ac6d0-0069235595 - 0.0197 - - 1763923349.594055414 1763923349.613705635 0
Nov 23 13:42:29 np0005532741.novalocal container-server[96308]: ::1 - - [23/Nov/2025:18:42:29 +0000] "PUT /1/64546/AUTH_9cc260e0c9e84206955019da66ffcbec/gnocchi.348a8c5d-de9b-4e34-a439-69cf8eca4aef/none_v3" 201 - "PUT http://[::1]:8080/3/55430/AUTH_9cc260e0c9e84206955019da66ffcbec/gnocchi.348a8c5d-de9b-4e34-a439-69cf8eca4aef/none_v3" "tx4542a0540563484f9e6c5-0069235595" "object-server 96605" 0.0007 "-" 96308 0
Nov 23 13:42:29 np0005532741.novalocal object-server[96605]: ::1 - - [23/Nov/2025:18:42:29 +0000] "PUT /3/55430/AUTH_9cc260e0c9e84206955019da66ffcbec/gnocchi.348a8c5d-de9b-4e34-a439-69cf8eca4aef/none_v3" 201 - "PUT http://[::1]:8080/v1/AUTH_9cc260e0c9e84206955019da66ffcbec/gnocchi.348a8c5d-de9b-4e34-a439-69cf8eca4aef/none_v3" "tx4542a0540563484f9e6c5-0069235595" "proxy-server 92677" 0.0144 "-" 96605 0
Nov 23 13:42:29 np0005532741.novalocal container-server[96309]: ::1 - - [23/Nov/2025:18:42:29 +0000] "PUT /2/64546/AUTH_9cc260e0c9e84206955019da66ffcbec/gnocchi.348a8c5d-de9b-4e34-a439-69cf8eca4aef/none_v3" 201 - "PUT http://[::1]:8080/2/55430/AUTH_9cc260e0c9e84206955019da66ffcbec/gnocchi.348a8c5d-de9b-4e34-a439-69cf8eca4aef/none_v3" "tx4542a0540563484f9e6c5-0069235595" "object-server 96605" 0.0004 "-" 96309 0
Nov 23 13:42:29 np0005532741.novalocal container-server[96308]: ::1 - - [23/Nov/2025:18:42:29 +0000] "PUT /3/82906/AUTH_9cc260e0c9e84206955019da66ffcbec/gnocchi.2f9a2695-5984-442d-92b4-df4e22d3646c/1763640000.0_mean_300.0_v3" 201 - "PUT http://[::1]:8080/1/52126/AUTH_9cc260e0c9e84206955019da66ffcbec/gnocchi.2f9a2695-5984-442d-92b4-df4e22d3646c/1763640000.0_mean_300.0_v3" "txc0415ee6ea2d4acb8ae4a-0069235595" "object-server 96606" 0.0005 "-" 96308 0
Nov 23 13:42:29 np0005532741.novalocal object-server[96605]: ::1 - - [23/Nov/2025:18:42:29 +0000] "PUT /2/55430/AUTH_9cc260e0c9e84206955019da66ffcbec/gnocchi.348a8c5d-de9b-4e34-a439-69cf8eca4aef/none_v3" 201 - "PUT http://[::1]:8080/v1/AUTH_9cc260e0c9e84206955019da66ffcbec/gnocchi.348a8c5d-de9b-4e34-a439-69cf8eca4aef/none_v3" "tx4542a0540563484f9e6c5-0069235595" "proxy-server 92677" 0.0167 "-" 96605 0
Nov 23 13:42:29 np0005532741.novalocal container-server[96309]: ::1 - - [23/Nov/2025:18:42:29 +0000] "PUT /2/82906/AUTH_9cc260e0c9e84206955019da66ffcbec/gnocchi.2f9a2695-5984-442d-92b4-df4e22d3646c/1763640000.0_mean_300.0_v3" 201 - "PUT http://[::1]:8080/3/52126/AUTH_9cc260e0c9e84206955019da66ffcbec/gnocchi.2f9a2695-5984-442d-92b4-df4e22d3646c/1763640000.0_mean_300.0_v3" "txc0415ee6ea2d4acb8ae4a-0069235595" "object-server 96606" 0.0004 "-" 96309 0
Nov 23 13:42:29 np0005532741.novalocal container-server[96310]: ::1 - - [23/Nov/2025:18:42:29 +0000] "PUT /1/82906/AUTH_9cc260e0c9e84206955019da66ffcbec/gnocchi.2f9a2695-5984-442d-92b4-df4e22d3646c/1763640000.0_mean_300.0_v3" 201 - "PUT http://[::1]:8080/2/52126/AUTH_9cc260e0c9e84206955019da66ffcbec/gnocchi.2f9a2695-5984-442d-92b4-df4e22d3646c/1763640000.0_mean_300.0_v3" "txc0415ee6ea2d4acb8ae4a-0069235595" "object-server 96606" 0.0006 "-" 96310 0
Nov 23 13:42:29 np0005532741.novalocal object-server[96606]: ::1 - - [23/Nov/2025:18:42:29 +0000] "PUT /1/52126/AUTH_9cc260e0c9e84206955019da66ffcbec/gnocchi.2f9a2695-5984-442d-92b4-df4e22d3646c/1763640000.0_mean_300.0_v3" 201 - "PUT http://[::1]:8080/v1/AUTH_9cc260e0c9e84206955019da66ffcbec/gnocchi.2f9a2695-5984-442d-92b4-df4e22d3646c/1763640000.0_mean_300.0_v3" "txc0415ee6ea2d4acb8ae4a-0069235595" "proxy-server 92676" 0.0246 "-" 96606 0
Nov 23 13:42:29 np0005532741.novalocal object-server[96606]: ::1 - - [23/Nov/2025:18:42:29 +0000] "PUT /2/52126/AUTH_9cc260e0c9e84206955019da66ffcbec/gnocchi.2f9a2695-5984-442d-92b4-df4e22d3646c/1763640000.0_mean_300.0_v3" 201 - "PUT http://[::1]:8080/v1/AUTH_9cc260e0c9e84206955019da66ffcbec/gnocchi.2f9a2695-5984-442d-92b4-df4e22d3646c/1763640000.0_mean_300.0_v3" "txc0415ee6ea2d4acb8ae4a-0069235595" "proxy-server 92676" 0.0253 "-" 96606 0
Nov 23 13:42:29 np0005532741.novalocal object-server[96606]: ::1 - - [23/Nov/2025:18:42:29 +0000] "PUT /3/52126/AUTH_9cc260e0c9e84206955019da66ffcbec/gnocchi.2f9a2695-5984-442d-92b4-df4e22d3646c/1763640000.0_mean_300.0_v3" 201 - "PUT http://[::1]:8080/v1/AUTH_9cc260e0c9e84206955019da66ffcbec/gnocchi.2f9a2695-5984-442d-92b4-df4e22d3646c/1763640000.0_mean_300.0_v3" "txc0415ee6ea2d4acb8ae4a-0069235595" "proxy-server 92676" 0.0316 "-" 96606 0
Nov 23 13:42:29 np0005532741.novalocal container-server[96311]: ::1 - - [23/Nov/2025:18:42:29 +0000] "PUT /3/64546/AUTH_9cc260e0c9e84206955019da66ffcbec/gnocchi.348a8c5d-de9b-4e34-a439-69cf8eca4aef/none_v3" 201 - "PUT http://[::1]:8080/1/55430/AUTH_9cc260e0c9e84206955019da66ffcbec/gnocchi.348a8c5d-de9b-4e34-a439-69cf8eca4aef/none_v3" "tx4542a0540563484f9e6c5-0069235595" "object-server 96606" 0.0004 "-" 96311 0
Nov 23 13:42:29 np0005532741.novalocal proxy-server[92676]: ::1 ::1 23/Nov/2025/18/42/29 PUT /v1/AUTH_9cc260e0c9e84206955019da66ffcbec/gnocchi.2f9a2695-5984-442d-92b4-df4e22d3646c/1763640000.0_mean_300.0_v3 HTTP/1.0 201 - python-swiftclient-4.2.0 gAAAAABpI1V6j5L9... 16 - - txc0415ee6ea2d4acb8ae4a-0069235595 - 0.0448 - - 1763923349.601193428 1763923349.646002531 0
Nov 23 13:42:29 np0005532741.novalocal object-server[96606]: ::1 - - [23/Nov/2025:18:42:29 +0000] "PUT /1/55430/AUTH_9cc260e0c9e84206955019da66ffcbec/gnocchi.348a8c5d-de9b-4e34-a439-69cf8eca4aef/none_v3" 201 - "PUT http://[::1]:8080/v1/AUTH_9cc260e0c9e84206955019da66ffcbec/gnocchi.348a8c5d-de9b-4e34-a439-69cf8eca4aef/none_v3" "tx4542a0540563484f9e6c5-0069235595" "proxy-server 92677" 0.0259 "-" 96606 0
Nov 23 13:42:29 np0005532741.novalocal proxy-server[92677]: ::1 ::1 23/Nov/2025/18/42/29 PUT /v1/AUTH_9cc260e0c9e84206955019da66ffcbec/gnocchi.348a8c5d-de9b-4e34-a439-69cf8eca4aef/none_v3 HTTP/1.0 201 - python-swiftclient-4.2.0 gAAAAABpI1V6uZq-... 32 - - tx4542a0540563484f9e6c5-0069235595 - 0.0315 - - 1763923349.615648746 1763923349.647104740 0
Nov 23 13:42:29 np0005532741.novalocal container-server[96308]: ::1 - - [23/Nov/2025:18:42:29 +0000] "PUT /2/82906/AUTH_9cc260e0c9e84206955019da66ffcbec/gnocchi.2f9a2695-5984-442d-92b4-df4e22d3646c/none_v3" 201 - "PUT http://[::1]:8080/3/193506/AUTH_9cc260e0c9e84206955019da66ffcbec/gnocchi.2f9a2695-5984-442d-92b4-df4e22d3646c/none_v3" "txb2dca19f5ed04c28b48cc-0069235595" "object-server 96609" 0.0006 "-" 96308 0
Nov 23 13:42:29 np0005532741.novalocal container-server[96310]: ::1 - - [23/Nov/2025:18:42:29 +0000] "PUT /3/82906/AUTH_9cc260e0c9e84206955019da66ffcbec/gnocchi.2f9a2695-5984-442d-92b4-df4e22d3646c/none_v3" 201 - "PUT http://[::1]:8080/2/193506/AUTH_9cc260e0c9e84206955019da66ffcbec/gnocchi.2f9a2695-5984-442d-92b4-df4e22d3646c/none_v3" "txb2dca19f5ed04c28b48cc-0069235595" "object-server 96607" 0.0006 "-" 96310 0
Nov 23 13:42:29 np0005532741.novalocal object-server[96607]: ::1 - - [23/Nov/2025:18:42:29 +0000] "PUT /2/193506/AUTH_9cc260e0c9e84206955019da66ffcbec/gnocchi.2f9a2695-5984-442d-92b4-df4e22d3646c/none_v3" 201 - "PUT http://[::1]:8080/v1/AUTH_9cc260e0c9e84206955019da66ffcbec/gnocchi.2f9a2695-5984-442d-92b4-df4e22d3646c/none_v3" "txb2dca19f5ed04c28b48cc-0069235595" "proxy-server 92676" 0.0105 "-" 96607 0
Nov 23 13:42:29 np0005532741.novalocal object-server[96609]: ::1 - - [23/Nov/2025:18:42:29 +0000] "PUT /3/193506/AUTH_9cc260e0c9e84206955019da66ffcbec/gnocchi.2f9a2695-5984-442d-92b4-df4e22d3646c/none_v3" 201 - "PUT http://[::1]:8080/v1/AUTH_9cc260e0c9e84206955019da66ffcbec/gnocchi.2f9a2695-5984-442d-92b4-df4e22d3646c/none_v3" "txb2dca19f5ed04c28b48cc-0069235595" "proxy-server 92676" 0.0131 "-" 96609 0
Nov 23 13:42:29 np0005532741.novalocal container-server[96310]: ::1 - - [23/Nov/2025:18:42:29 +0000] "PUT /1/82906/AUTH_9cc260e0c9e84206955019da66ffcbec/gnocchi.2f9a2695-5984-442d-92b4-df4e22d3646c/none_v3" 201 - "PUT http://[::1]:8080/1/193506/AUTH_9cc260e0c9e84206955019da66ffcbec/gnocchi.2f9a2695-5984-442d-92b4-df4e22d3646c/none_v3" "txb2dca19f5ed04c28b48cc-0069235595" "object-server 96607" 0.0008 "-" 96310 0
Nov 23 13:42:29 np0005532741.novalocal object-server[96607]: ::1 - - [23/Nov/2025:18:42:29 +0000] "PUT /1/193506/AUTH_9cc260e0c9e84206955019da66ffcbec/gnocchi.2f9a2695-5984-442d-92b4-df4e22d3646c/none_v3" 201 - "PUT http://[::1]:8080/v1/AUTH_9cc260e0c9e84206955019da66ffcbec/gnocchi.2f9a2695-5984-442d-92b4-df4e22d3646c/none_v3" "txb2dca19f5ed04c28b48cc-0069235595" "proxy-server 92676" 0.0144 "-" 96607 0
Nov 23 13:42:29 np0005532741.novalocal proxy-server[92676]: ::1 ::1 23/Nov/2025/18/42/29 PUT /v1/AUTH_9cc260e0c9e84206955019da66ffcbec/gnocchi.2f9a2695-5984-442d-92b4-df4e22d3646c/none_v3 HTTP/1.0 201 - python-swiftclient-4.2.0 gAAAAABpI1V6j5L9... 22 - - txb2dca19f5ed04c28b48cc-0069235595 - 0.0212 - - 1763923349.649122000 1763923349.670282125 0
Nov 23 13:42:30 np0005532741.novalocal container-server[96374]: Beginning replication run
Nov 23 13:42:32 np0005532741.novalocal kernel: qbr6c328a8c-fd: port 2(tap6c328a8c-fd) entered disabled state
Nov 23 13:42:32 np0005532741.novalocal kernel: tap6c328a8c-fd (unregistering): left allmulticast mode
Nov 23 13:42:32 np0005532741.novalocal kernel: tap6c328a8c-fd (unregistering): left promiscuous mode
Nov 23 13:42:32 np0005532741.novalocal kernel: qbr6c328a8c-fd: port 2(tap6c328a8c-fd) entered disabled state
Nov 23 13:42:32 np0005532741.novalocal NetworkManager[858]: [1763923352.4293] device (tap6c328a8c-fd): state change: activated -> unmanaged (reason 'unmanaged', managed-type: 'removed')
Nov 23 13:42:32 np0005532741.novalocal NetworkManager[858]: [1763923352.4301] device (tap6c328a8c-fd): released from controller device qbr6c328a8c-fd
Nov 23 13:42:32 np0005532741.novalocal systemd[1]: machine-qemu\x2d2\x2dinstance\x2d00000002.scope: Deactivated successfully.
Nov 23 13:42:32 np0005532741.novalocal systemd[1]: machine-qemu\x2d2\x2dinstance\x2d00000002.scope: Consumed 4.175s CPU time.
Nov 23 13:42:32 np0005532741.novalocal systemd-machined[94010]: Machine qemu-2-instance-00000002 terminated.
Nov 23 13:42:32 np0005532741.novalocal object-server[96609]: ::1 - - [23/Nov/2025:18:42:32 +0000] "GET /3/14474/AUTH_9cc260e0c9e84206955019da66ffcbec/gnocchi.be51771b-20f5-4710-b79c-5113ce01c688/none_v3" 200 22 "GET http://[::1]:8080/v1/AUTH_9cc260e0c9e84206955019da66ffcbec/gnocchi.be51771b-20f5-4710-b79c-5113ce01c688/none_v3" "tx3631fdf66c504ce0a4b99-0069235598" "proxy-server 92677" 0.0006 "-" 96609 0
Nov 23 13:42:32 np0005532741.novalocal proxy-server[92677]: ::1 ::1 23/Nov/2025/18/42/32 GET /v1/AUTH_9cc260e0c9e84206955019da66ffcbec/gnocchi.be51771b-20f5-4710-b79c-5113ce01c688/none_v3 HTTP/1.0 200 - python-swiftclient-4.2.0 gAAAAABpI1V6uZq-... - 22 - tx3631fdf66c504ce0a4b99-0069235598 - 0.0078 - - 1763923352.550711393 1763923352.558495760 0
Nov 23 13:42:32 np0005532741.novalocal container-server[96310]: ::1 - - [23/Nov/2025:18:42:32 +0000] "GET /1/127375/AUTH_9cc260e0c9e84206955019da66ffcbec/gnocchi.be51771b-20f5-4710-b79c-5113ce01c688" 200 357 "GET http://[::1]:8080/v1/AUTH_9cc260e0c9e84206955019da66ffcbec/gnocchi.be51771b-20f5-4710-b79c-5113ce01c688?format=json&states=listing" "tx977dcbee7c954eec860c3-0069235598" "proxy-server 92677" 0.0029 "-" 96310 0
Nov 23 13:42:32 np0005532741.novalocal proxy-server[92677]: ::1 ::1 23/Nov/2025/18/42/32 GET /v1/AUTH_9cc260e0c9e84206955019da66ffcbec/gnocchi.be51771b-20f5-4710-b79c-5113ce01c688%3Fformat%3Djson%26states%3Dlisting HTTP/1.0 200 - python-swiftclient-4.2.0 gAAAAABpI1V6uZq-... - 357 - tx977dcbee7c954eec860c3-0069235598 - 0.0120 - - 1763923352.561298132 1763923352.573339224 0
Nov 23 13:42:32 np0005532741.novalocal container-server[96310]: ::1 - - [23/Nov/2025:18:42:32 +0000] "GET /3/127375/AUTH_9cc260e0c9e84206955019da66ffcbec/gnocchi.be51771b-20f5-4710-b79c-5113ce01c688" 200 2 "GET http://[::1]:8080/v1/AUTH_9cc260e0c9e84206955019da66ffcbec/gnocchi.be51771b-20f5-4710-b79c-5113ce01c688?format=json&marker=none_v3&states=listing" "tx22bde71b2813435698b1d-0069235598" "proxy-server 92677" 0.0024 "-" 96310 0
Nov 23 13:42:32 np0005532741.novalocal proxy-server[92677]: ::1 ::1 23/Nov/2025/18/42/32 GET /v1/AUTH_9cc260e0c9e84206955019da66ffcbec/gnocchi.be51771b-20f5-4710-b79c-5113ce01c688%3Fformat%3Djson%26marker%3Dnone_v3%26states%3Dlisting HTTP/1.0 200 - python-swiftclient-4.2.0 gAAAAABpI1V6uZq-... - 2 - tx22bde71b2813435698b1d-0069235598 - 0.0085 - - 1763923352.576217175 1763923352.584731817 0
Nov 23 13:42:32 np0005532741.novalocal object-server[96607]: ::1 - - [23/Nov/2025:18:42:32 +0000] "GET /1/18646/AUTH_9cc260e0c9e84206955019da66ffcbec/gnocchi.be51771b-20f5-4710-b79c-5113ce01c688/1763640000.0_mean_300.0_v3" 200 16 "GET http://[::1]:8080/v1/AUTH_9cc260e0c9e84206955019da66ffcbec/gnocchi.be51771b-20f5-4710-b79c-5113ce01c688/1763640000.0_mean_300.0_v3" "tx083019abd1ed42b884017-0069235598" "proxy-server 92677" 0.0012 "-" 96607 0
Nov 23 13:42:32 np0005532741.novalocal proxy-server[92677]: ::1 ::1 23/Nov/2025/18/42/32 GET /v1/AUTH_9cc260e0c9e84206955019da66ffcbec/gnocchi.be51771b-20f5-4710-b79c-5113ce01c688/1763640000.0_mean_300.0_v3 HTTP/1.0 200 - python-swiftclient-4.2.0 gAAAAABpI1V6uZq-... - 16 - tx083019abd1ed42b884017-0069235598 - 0.0070 - - 1763923352.587902308 1763923352.594917059 0
Nov 23 13:42:32 np0005532741.novalocal object-server[96609]: ::1 - - [23/Nov/2025:18:42:32 +0000] "GET /3/35587/AUTH_9cc260e0c9e84206955019da66ffcbec/gnocchi.c8fabb25-6cd8-4837-8d38-766ae5e16336/none_v3" 200 22 "GET http://[::1]:8080/v1/AUTH_9cc260e0c9e84206955019da66ffcbec/gnocchi.c8fabb25-6cd8-4837-8d38-766ae5e16336/none_v3" "tx8c4ebf6520854c74b8dbe-0069235598" "proxy-server 92676" 0.0005 "-" 96609 0
Nov 23 13:42:32 np0005532741.novalocal proxy-server[92676]: ::1 ::1 23/Nov/2025/18/42/32 GET /v1/AUTH_9cc260e0c9e84206955019da66ffcbec/gnocchi.c8fabb25-6cd8-4837-8d38-766ae5e16336/none_v3 HTTP/1.0 200 - python-swiftclient-4.2.0 gAAAAABpI1V6j5L9... - 22 - tx8c4ebf6520854c74b8dbe-0069235598 - 0.0109 - - 1763923352.605447531 1763923352.616305590 0
Nov 23 13:42:32 np0005532741.novalocal container-server[96309]: ::1 - - [23/Nov/2025:18:42:32 +0000] "PUT /2/127375/AUTH_9cc260e0c9e84206955019da66ffcbec/gnocchi.be51771b-20f5-4710-b79c-5113ce01c688/1763640000.0_mean_300.0_v3" 201 - "PUT http://[::1]:8080/2/18646/AUTH_9cc260e0c9e84206955019da66ffcbec/gnocchi.be51771b-20f5-4710-b79c-5113ce01c688/1763640000.0_mean_300.0_v3" "tx4f0ee8a6d78a4871b3ad4-0069235598" "object-server 96607" 0.0007 "-" 96309 0
Nov 23 13:42:32 np0005532741.novalocal object-server[96607]: ::1 - - [23/Nov/2025:18:42:32 +0000] "PUT /2/18646/AUTH_9cc260e0c9e84206955019da66ffcbec/gnocchi.be51771b-20f5-4710-b79c-5113ce01c688/1763640000.0_mean_300.0_v3" 201 - "PUT http://[::1]:8080/v1/AUTH_9cc260e0c9e84206955019da66ffcbec/gnocchi.be51771b-20f5-4710-b79c-5113ce01c688/1763640000.0_mean_300.0_v3" "tx4f0ee8a6d78a4871b3ad4-0069235598" "proxy-server 92677" 0.0113 "-" 96607 0
Nov 23 13:42:32 np0005532741.novalocal container-server[96309]: ::1 - - [23/Nov/2025:18:42:32 +0000] "PUT /3/127375/AUTH_9cc260e0c9e84206955019da66ffcbec/gnocchi.be51771b-20f5-4710-b79c-5113ce01c688/1763640000.0_mean_300.0_v3" 201 - "PUT http://[::1]:8080/1/18646/AUTH_9cc260e0c9e84206955019da66ffcbec/gnocchi.be51771b-20f5-4710-b79c-5113ce01c688/1763640000.0_mean_300.0_v3" "tx4f0ee8a6d78a4871b3ad4-0069235598" "object-server 96607" 0.0006 "-" 96309 0
Nov 23 13:42:32 np0005532741.novalocal object-server[96607]: ::1 - - [23/Nov/2025:18:42:32 +0000] "PUT /1/18646/AUTH_9cc260e0c9e84206955019da66ffcbec/gnocchi.be51771b-20f5-4710-b79c-5113ce01c688/1763640000.0_mean_300.0_v3" 201 - "PUT http://[::1]:8080/v1/AUTH_9cc260e0c9e84206955019da66ffcbec/gnocchi.be51771b-20f5-4710-b79c-5113ce01c688/1763640000.0_mean_300.0_v3" "tx4f0ee8a6d78a4871b3ad4-0069235598" "proxy-server 92677" 0.0155 "-" 96607 0
Nov 23 13:42:32 np0005532741.novalocal container-server[96311]: ::1 - - [23/Nov/2025:18:42:32 +0000] "PUT /1/127375/AUTH_9cc260e0c9e84206955019da66ffcbec/gnocchi.be51771b-20f5-4710-b79c-5113ce01c688/1763640000.0_mean_300.0_v3" 201 - "PUT http://[::1]:8080/3/18646/AUTH_9cc260e0c9e84206955019da66ffcbec/gnocchi.be51771b-20f5-4710-b79c-5113ce01c688/1763640000.0_mean_300.0_v3" "tx4f0ee8a6d78a4871b3ad4-0069235598" "object-server 96605" 0.0005 "-" 96311 0
Nov 23 13:42:32 np0005532741.novalocal object-server[96605]: ::1 - - [23/Nov/2025:18:42:32 +0000] "PUT /3/18646/AUTH_9cc260e0c9e84206955019da66ffcbec/gnocchi.be51771b-20f5-4710-b79c-5113ce01c688/1763640000.0_mean_300.0_v3" 201 - "PUT http://[::1]:8080/v1/AUTH_9cc260e0c9e84206955019da66ffcbec/gnocchi.be51771b-20f5-4710-b79c-5113ce01c688/1763640000.0_mean_300.0_v3" "tx4f0ee8a6d78a4871b3ad4-0069235598" "proxy-server 92677" 0.0170 "-" 96605 0
Nov 23 13:42:32 np0005532741.novalocal proxy-server[92677]: ::1 ::1 23/Nov/2025/18/42/32 PUT /v1/AUTH_9cc260e0c9e84206955019da66ffcbec/gnocchi.be51771b-20f5-4710-b79c-5113ce01c688/1763640000.0_mean_300.0_v3 HTTP/1.0 201 - python-swiftclient-4.2.0 gAAAAABpI1V6uZq-... 16 - - tx4f0ee8a6d78a4871b3ad4-0069235598 - 0.0258 - - 1763923352.597321510 1763923352.623112679 0
Nov 23 13:42:32 np0005532741.novalocal kernel: MODE SENSE: unimplemented page/subpage: 0x0a/0x05
Nov 23 13:42:32 np0005532741.novalocal container-server[96309]: ::1 - - [23/Nov/2025:18:42:32 +0000] "GET /3/37543/AUTH_9cc260e0c9e84206955019da66ffcbec/gnocchi.c8fabb25-6cd8-4837-8d38-766ae5e16336" 200 357 "GET http://[::1]:8080/v1/AUTH_9cc260e0c9e84206955019da66ffcbec/gnocchi.c8fabb25-6cd8-4837-8d38-766ae5e16336?format=json&states=listing" "tx7deeb76bc0444163b4182-0069235598" "proxy-server 92676" 0.0043 "-" 96309 0
Nov 23 13:42:32 np0005532741.novalocal proxy-server[92676]: ::1 ::1 23/Nov/2025/18/42/32 GET /v1/AUTH_9cc260e0c9e84206955019da66ffcbec/gnocchi.c8fabb25-6cd8-4837-8d38-766ae5e16336%3Fformat%3Djson%26states%3Dlisting HTTP/1.0 200 - python-swiftclient-4.2.0 gAAAAABpI1V6j5L9... - 357 - tx7deeb76bc0444163b4182-0069235598 - 0.0109 - - 1763923352.619004250 1763923352.629948854 0
Nov 23 13:42:32 np0005532741.novalocal kernel: GPT:Primary header thinks Alt. header is not at the end of the disk.
Nov 23 13:42:32 np0005532741.novalocal kernel: GPT:229375 != 2097151
Nov 23 13:42:32 np0005532741.novalocal kernel: GPT:Alternate GPT header not at the end of the disk.
Nov 23 13:42:32 np0005532741.novalocal kernel: GPT:229375 != 2097151
Nov 23 13:42:32 np0005532741.novalocal kernel: GPT: Use GNU Parted to correct GPT errors.
Nov 23 13:42:32 np0005532741.novalocal kernel: sda: sda1 sda15
Nov 23 13:42:32 np0005532741.novalocal kernel: MODE SENSE: unimplemented page/subpage: 0x0a/0x05
Nov 23 13:42:32 np0005532741.novalocal container-server[96308]: ::1 - - [23/Nov/2025:18:42:32 +0000] "GET /3/37543/AUTH_9cc260e0c9e84206955019da66ffcbec/gnocchi.c8fabb25-6cd8-4837-8d38-766ae5e16336" 200 2 "GET http://[::1]:8080/v1/AUTH_9cc260e0c9e84206955019da66ffcbec/gnocchi.c8fabb25-6cd8-4837-8d38-766ae5e16336?format=json&marker=none_v3&states=listing" "txc20c97d49e6245a282ac8-0069235598" "proxy-server 92676" 0.0020 "-" 96308 0
Nov 23 13:42:32 np0005532741.novalocal container-server[96311]: ::1 - - [23/Nov/2025:18:42:32 +0000] "PUT /3/127375/AUTH_9cc260e0c9e84206955019da66ffcbec/gnocchi.be51771b-20f5-4710-b79c-5113ce01c688/none_v3" 201 - "PUT http://[::1]:8080/2/14474/AUTH_9cc260e0c9e84206955019da66ffcbec/gnocchi.be51771b-20f5-4710-b79c-5113ce01c688/none_v3" "tx3b4b405a288447a5a2cb5-0069235598" "object-server 96607" 0.0007 "-" 96311 0
Nov 23 13:42:32 np0005532741.novalocal object-server[96607]: ::1 - - [23/Nov/2025:18:42:32 +0000] "PUT /2/14474/AUTH_9cc260e0c9e84206955019da66ffcbec/gnocchi.be51771b-20f5-4710-b79c-5113ce01c688/none_v3" 201 - "PUT http://[::1]:8080/v1/AUTH_9cc260e0c9e84206955019da66ffcbec/gnocchi.be51771b-20f5-4710-b79c-5113ce01c688/none_v3" "tx3b4b405a288447a5a2cb5-0069235598" "proxy-server 92677" 0.0170 "-" 96607 0
Nov 23 13:42:32 np0005532741.novalocal container-server[96309]: ::1 - - [23/Nov/2025:18:42:32 +0000] "PUT /2/127375/AUTH_9cc260e0c9e84206955019da66ffcbec/gnocchi.be51771b-20f5-4710-b79c-5113ce01c688/none_v3" 201 - "PUT http://[::1]:8080/1/14474/AUTH_9cc260e0c9e84206955019da66ffcbec/gnocchi.be51771b-20f5-4710-b79c-5113ce01c688/none_v3" "tx3b4b405a288447a5a2cb5-0069235598" "object-server 96607" 0.0006 "-" 96309 0
Nov 23 13:42:32 np0005532741.novalocal object-server[96607]: ::1 - - [23/Nov/2025:18:42:32 +0000] "PUT /1/14474/AUTH_9cc260e0c9e84206955019da66ffcbec/gnocchi.be51771b-20f5-4710-b79c-5113ce01c688/none_v3" 201 - "PUT http://[::1]:8080/v1/AUTH_9cc260e0c9e84206955019da66ffcbec/gnocchi.be51771b-20f5-4710-b79c-5113ce01c688/none_v3" "tx3b4b405a288447a5a2cb5-0069235598" "proxy-server 92677" 0.0139 "-" 96607 0
Nov 23 13:42:32 np0005532741.novalocal container-server[96309]: ::1 - - [23/Nov/2025:18:42:32 +0000] "PUT /1/127375/AUTH_9cc260e0c9e84206955019da66ffcbec/gnocchi.be51771b-20f5-4710-b79c-5113ce01c688/none_v3" 201 - "PUT http://[::1]:8080/3/14474/AUTH_9cc260e0c9e84206955019da66ffcbec/gnocchi.be51771b-20f5-4710-b79c-5113ce01c688/none_v3" "tx3b4b405a288447a5a2cb5-0069235598" "object-server 96607" 0.0007 "-" 96309 0
Nov 23 13:42:32 np0005532741.novalocal proxy-server[92676]: ::1 ::1 23/Nov/2025/18/42/32 GET /v1/AUTH_9cc260e0c9e84206955019da66ffcbec/gnocchi.c8fabb25-6cd8-4837-8d38-766ae5e16336%3Fformat%3Djson%26marker%3Dnone_v3%26states%3Dlisting HTTP/1.0 200 - python-swiftclient-4.2.0 gAAAAABpI1V6j5L9... - 2 - txc20c97d49e6245a282ac8-0069235598 - 0.0183 - - 1763923352.633099794 1763923352.651427507 0
Nov 23 13:42:32 np0005532741.novalocal kernel: GPT:Primary header thinks Alt. header is not at the end of the disk.
Nov 23 13:42:32 np0005532741.novalocal kernel: GPT:229375 != 2097151
Nov 23 13:42:32 np0005532741.novalocal kernel: GPT:Alternate GPT header not at the end of the disk.
Nov 23 13:42:32 np0005532741.novalocal kernel: GPT:229375 != 2097151
Nov 23 13:42:32 np0005532741.novalocal kernel: GPT: Use GNU Parted to correct GPT errors.
Nov 23 13:42:32 np0005532741.novalocal kernel: sda: sda1 sda15
Nov 23 13:42:32 np0005532741.novalocal object-server[96607]: ::1 - - [23/Nov/2025:18:42:32 +0000] "PUT /3/14474/AUTH_9cc260e0c9e84206955019da66ffcbec/gnocchi.be51771b-20f5-4710-b79c-5113ce01c688/none_v3" 201 - "PUT http://[::1]:8080/v1/AUTH_9cc260e0c9e84206955019da66ffcbec/gnocchi.be51771b-20f5-4710-b79c-5113ce01c688/none_v3" "tx3b4b405a288447a5a2cb5-0069235598" "proxy-server 92677" 0.0133 "-" 96607 0
Nov 23 13:42:32 np0005532741.novalocal proxy-server[92677]: ::1 ::1 23/Nov/2025/18/42/32 PUT /v1/AUTH_9cc260e0c9e84206955019da66ffcbec/gnocchi.be51771b-20f5-4710-b79c-5113ce01c688/none_v3 HTTP/1.0 201 - python-swiftclient-4.2.0 gAAAAABpI1V6uZq-... 30 - - tx3b4b405a288447a5a2cb5-0069235598 - 0.0277 - - 1763923352.625955105 1763923352.653678656 0
Nov 23 13:42:32 np0005532741.novalocal kernel: MODE SENSE: unimplemented page/subpage: 0x0a/0x05
Nov 23 13:42:32 np0005532741.novalocal kernel: GPT:Primary header thinks Alt. header is not at the end of the disk.
Nov 23 13:42:32 np0005532741.novalocal kernel: GPT:229375 != 2097151
Nov 23 13:42:32 np0005532741.novalocal kernel: GPT:Alternate GPT header not at the end of the disk.
Nov 23 13:42:32 np0005532741.novalocal kernel: GPT:229375 != 2097151
Nov 23 13:42:32 np0005532741.novalocal kernel: GPT: Use GNU Parted to correct GPT errors.
Nov 23 13:42:32 np0005532741.novalocal kernel: sda: sda1 sda15
Nov 23 13:42:32 np0005532741.novalocal kernel: MODE SENSE: unimplemented page/subpage: 0x0a/0x05
Nov 23 13:42:32 np0005532741.novalocal object-server[96607]: ::1 - - [23/Nov/2025:18:42:32 +0000] "GET /2/30149/AUTH_9cc260e0c9e84206955019da66ffcbec/gnocchi.c8fabb25-6cd8-4837-8d38-766ae5e16336/1763640000.0_mean_300.0_v3" 200 16 "GET http://[::1]:8080/v1/AUTH_9cc260e0c9e84206955019da66ffcbec/gnocchi.c8fabb25-6cd8-4837-8d38-766ae5e16336/1763640000.0_mean_300.0_v3" "txb1bf2571fbad46a5ac246-0069235598" "proxy-server 92676" 0.0022 "-" 96607 0
Nov 23 13:42:32 np0005532741.novalocal kernel: GPT:Primary header thinks Alt. header is not at the end of the disk.
Nov 23 13:42:32 np0005532741.novalocal kernel: GPT:229375 != 2097151
Nov 23 13:42:32 np0005532741.novalocal kernel: GPT:Alternate GPT header not at the end of the disk.
Nov 23 13:42:32 np0005532741.novalocal kernel: GPT:229375 != 2097151
Nov 23 13:42:32 np0005532741.novalocal kernel: GPT: Use GNU Parted to correct GPT errors.
Nov 23 13:42:32 np0005532741.novalocal kernel: sda: sda1 sda15
Nov 23 13:42:32 np0005532741.novalocal proxy-server[92676]: ::1 ::1 23/Nov/2025/18/42/32 GET /v1/AUTH_9cc260e0c9e84206955019da66ffcbec/gnocchi.c8fabb25-6cd8-4837-8d38-766ae5e16336/1763640000.0_mean_300.0_v3 HTTP/1.0 200 - python-swiftclient-4.2.0 gAAAAABpI1V6j5L9... - 16 - txb1bf2571fbad46a5ac246-0069235598 - 0.0189 - - 1763923352.656629086 1763923352.675576687 0
Nov 23 13:42:32 np0005532741.novalocal kernel: qvb6c328a8c-fd: left allmulticast mode
Nov 23 13:42:32 np0005532741.novalocal kernel: qvb6c328a8c-fd: left promiscuous mode
Nov 23 13:42:32 np0005532741.novalocal kernel: qbr6c328a8c-fd: port 1(qvb6c328a8c-fd) entered disabled state
Nov 23 13:42:32 np0005532741.novalocal container-server[96311]: ::1 - - [23/Nov/2025:18:42:32 +0000] "PUT /3/37543/AUTH_9cc260e0c9e84206955019da66ffcbec/gnocchi.c8fabb25-6cd8-4837-8d38-766ae5e16336/1763640000.0_mean_300.0_v3" 201 - "PUT http://[::1]:8080/1/30149/AUTH_9cc260e0c9e84206955019da66ffcbec/gnocchi.c8fabb25-6cd8-4837-8d38-766ae5e16336/1763640000.0_mean_300.0_v3" "txfe5f625d8f324672b6b42-0069235598" "object-server 96609" 0.0004 "-" 96311 0
Nov 23 13:42:32 np0005532741.novalocal object-server[96609]: ::1 - - [23/Nov/2025:18:42:32 +0000] "PUT /1/30149/AUTH_9cc260e0c9e84206955019da66ffcbec/gnocchi.c8fabb25-6cd8-4837-8d38-766ae5e16336/1763640000.0_mean_300.0_v3" 201 - "PUT http://[::1]:8080/v1/AUTH_9cc260e0c9e84206955019da66ffcbec/gnocchi.c8fabb25-6cd8-4837-8d38-766ae5e16336/1763640000.0_mean_300.0_v3" "txfe5f625d8f324672b6b42-0069235598" "proxy-server 92676" 0.0073 "-" 96609 0
Nov 23 13:42:32 np0005532741.novalocal container-server[96311]: ::1 - - [23/Nov/2025:18:42:32 +0000] "PUT /1/37543/AUTH_9cc260e0c9e84206955019da66ffcbec/gnocchi.c8fabb25-6cd8-4837-8d38-766ae5e16336/1763640000.0_mean_300.0_v3" 201 - "PUT http://[::1]:8080/3/30149/AUTH_9cc260e0c9e84206955019da66ffcbec/gnocchi.c8fabb25-6cd8-4837-8d38-766ae5e16336/1763640000.0_mean_300.0_v3" "txfe5f625d8f324672b6b42-0069235598" "object-server 96606" 0.0003 "-" 96311 0
Nov 23 13:42:32 np0005532741.novalocal object-server[96606]: ::1 - - [23/Nov/2025:18:42:32 +0000] "PUT /3/30149/AUTH_9cc260e0c9e84206955019da66ffcbec/gnocchi.c8fabb25-6cd8-4837-8d38-766ae5e16336/1763640000.0_mean_300.0_v3" 201 - "PUT http://[::1]:8080/v1/AUTH_9cc260e0c9e84206955019da66ffcbec/gnocchi.c8fabb25-6cd8-4837-8d38-766ae5e16336/1763640000.0_mean_300.0_v3" "txfe5f625d8f324672b6b42-0069235598" "proxy-server 92676" 0.0101 "-" 96606 0
Nov 23 13:42:32 np0005532741.novalocal container-server[96311]: ::1 - - [23/Nov/2025:18:42:32 +0000] "PUT /2/37543/AUTH_9cc260e0c9e84206955019da66ffcbec/gnocchi.c8fabb25-6cd8-4837-8d38-766ae5e16336/1763640000.0_mean_300.0_v3" 201 - "PUT http://[::1]:8080/2/30149/AUTH_9cc260e0c9e84206955019da66ffcbec/gnocchi.c8fabb25-6cd8-4837-8d38-766ae5e16336/1763640000.0_mean_300.0_v3" "txfe5f625d8f324672b6b42-0069235598" "object-server 96605" 0.0003 "-" 96311 0
Nov 23 13:42:32 np0005532741.novalocal object-server[96605]: ::1 - - [23/Nov/2025:18:42:32 +0000] "PUT /2/30149/AUTH_9cc260e0c9e84206955019da66ffcbec/gnocchi.c8fabb25-6cd8-4837-8d38-766ae5e16336/1763640000.0_mean_300.0_v3" 201 - "PUT http://[::1]:8080/v1/AUTH_9cc260e0c9e84206955019da66ffcbec/gnocchi.c8fabb25-6cd8-4837-8d38-766ae5e16336/1763640000.0_mean_300.0_v3" "txfe5f625d8f324672b6b42-0069235598" "proxy-server 92676" 0.0092 "-" 96605 0
Nov 23 13:42:32 np0005532741.novalocal proxy-server[92676]: ::1 ::1 23/Nov/2025/18/42/32 PUT /v1/AUTH_9cc260e0c9e84206955019da66ffcbec/gnocchi.c8fabb25-6cd8-4837-8d38-766ae5e16336/1763640000.0_mean_300.0_v3 HTTP/1.0 201 - python-swiftclient-4.2.0 gAAAAABpI1V6j5L9... 16 - - txfe5f625d8f324672b6b42-0069235598 - 0.0280 - - 1763923352.684128284 1763923352.712100506 0
Nov 23 13:42:32 np0005532741.novalocal NetworkManager[858]: [1763923352.7154] device (qbr6c328a8c-fd): bridge port qvb6c328a8c-fd was detached
Nov 23 13:42:32 np0005532741.novalocal NetworkManager[858]: [1763923352.7162] device (qbr6c328a8c-fd): state change: activated -> unmanaged (reason 'unmanaged', managed-type: 'removed')
Nov 23 13:42:32 np0005532741.novalocal container-server[96311]: ::1 - - [23/Nov/2025:18:42:32 +0000] "PUT /1/37543/AUTH_9cc260e0c9e84206955019da66ffcbec/gnocchi.c8fabb25-6cd8-4837-8d38-766ae5e16336/none_v3" 201 - "PUT http://[::1]:8080/1/35587/AUTH_9cc260e0c9e84206955019da66ffcbec/gnocchi.c8fabb25-6cd8-4837-8d38-766ae5e16336/none_v3" "tx4612b1b87eea47eaa11d7-0069235598" "object-server 96607" 0.0005 "-" 96311 0
Nov 23 13:42:32 np0005532741.novalocal object-server[96607]: ::1 - - [23/Nov/2025:18:42:32 +0000] "PUT /1/35587/AUTH_9cc260e0c9e84206955019da66ffcbec/gnocchi.c8fabb25-6cd8-4837-8d38-766ae5e16336/none_v3" 201 - "PUT http://[::1]:8080/v1/AUTH_9cc260e0c9e84206955019da66ffcbec/gnocchi.c8fabb25-6cd8-4837-8d38-766ae5e16336/none_v3" "tx4612b1b87eea47eaa11d7-0069235598" "proxy-server 92676" 0.0136 "-" 96607 0
Nov 23 13:42:32 np0005532741.novalocal container-server[96311]: ::1 - - [23/Nov/2025:18:42:32 +0000] "PUT /2/37543/AUTH_9cc260e0c9e84206955019da66ffcbec/gnocchi.c8fabb25-6cd8-4837-8d38-766ae5e16336/none_v3" 201 - "PUT http://[::1]:8080/2/35587/AUTH_9cc260e0c9e84206955019da66ffcbec/gnocchi.c8fabb25-6cd8-4837-8d38-766ae5e16336/none_v3" "tx4612b1b87eea47eaa11d7-0069235598" "object-server 96609" 0.0003 "-" 96311 0
Nov 23 13:42:32 np0005532741.novalocal container-server[96311]: ::1 - - [23/Nov/2025:18:42:32 +0000] "PUT /3/37543/AUTH_9cc260e0c9e84206955019da66ffcbec/gnocchi.c8fabb25-6cd8-4837-8d38-766ae5e16336/none_v3" 201 - "PUT http://[::1]:8080/3/35587/AUTH_9cc260e0c9e84206955019da66ffcbec/gnocchi.c8fabb25-6cd8-4837-8d38-766ae5e16336/none_v3" "tx4612b1b87eea47eaa11d7-0069235598" "object-server 96606" 0.0005 "-" 96311 0
Nov 23 13:42:32 np0005532741.novalocal object-server[96606]: ::1 - - [23/Nov/2025:18:42:32 +0000] "PUT /3/35587/AUTH_9cc260e0c9e84206955019da66ffcbec/gnocchi.c8fabb25-6cd8-4837-8d38-766ae5e16336/none_v3" 201 - "PUT http://[::1]:8080/v1/AUTH_9cc260e0c9e84206955019da66ffcbec/gnocchi.c8fabb25-6cd8-4837-8d38-766ae5e16336/none_v3" "tx4612b1b87eea47eaa11d7-0069235598" "proxy-server 92676" 0.0173 "-" 96606 0
Nov 23 13:42:32 np0005532741.novalocal kernel: qvo6c328a8c-fd: left promiscuous mode
Nov 23 13:42:32 np0005532741.novalocal object-server[96609]: ::1 - - [23/Nov/2025:18:42:32 +0000] "PUT /2/35587/AUTH_9cc260e0c9e84206955019da66ffcbec/gnocchi.c8fabb25-6cd8-4837-8d38-766ae5e16336/none_v3" 201 - "PUT http://[::1]:8080/v1/AUTH_9cc260e0c9e84206955019da66ffcbec/gnocchi.c8fabb25-6cd8-4837-8d38-766ae5e16336/none_v3" "tx4612b1b87eea47eaa11d7-0069235598" "proxy-server 92676" 0.0182 "-" 96609 0
Nov 23 13:42:32 np0005532741.novalocal proxy-server[92676]: ::1 ::1 23/Nov/2025/18/42/32 PUT /v1/AUTH_9cc260e0c9e84206955019da66ffcbec/gnocchi.c8fabb25-6cd8-4837-8d38-766ae5e16336/none_v3 HTTP/1.0 201 - python-swiftclient-4.2.0 gAAAAABpI1V6j5L9... 26 - - tx4612b1b87eea47eaa11d7-0069235598 - 0.0351 - - 1763923352.715127468 1763923352.750204325 0
Nov 23 13:42:32 np0005532741.novalocal object-server[96606]: ::1 - - [23/Nov/2025:18:42:32 +0000] "GET /1/215045/AUTH_9cc260e0c9e84206955019da66ffcbec/gnocchi.97a1579d-5d1c-4360-8133-493b6ec7915b/none_v3" 200 22 "GET http://[::1]:8080/v1/AUTH_9cc260e0c9e84206955019da66ffcbec/gnocchi.97a1579d-5d1c-4360-8133-493b6ec7915b/none_v3" "txc49a32c314c44c34ae340-0069235598" "proxy-server 92677" 0.0006 "-" 96606 0
Nov 23 13:42:32 np0005532741.novalocal proxy-server[92677]: ::1 ::1 23/Nov/2025/18/42/32 GET /v1/AUTH_9cc260e0c9e84206955019da66ffcbec/gnocchi.97a1579d-5d1c-4360-8133-493b6ec7915b/none_v3 HTTP/1.0 200 - python-swiftclient-4.2.0 gAAAAABpI1V6uZq-... - 22 - txc49a32c314c44c34ae340-0069235598 - 0.0119 - - 1763923352.796821833 1763923352.808699369 0
Nov 23 13:42:32 np0005532741.novalocal object-server[96606]: ::1 - - [23/Nov/2025:18:42:32 +0000] "GET /1/193506/AUTH_9cc260e0c9e84206955019da66ffcbec/gnocchi.2f9a2695-5984-442d-92b4-df4e22d3646c/none_v3" 200 22 "GET http://[::1]:8080/v1/AUTH_9cc260e0c9e84206955019da66ffcbec/gnocchi.2f9a2695-5984-442d-92b4-df4e22d3646c/none_v3" "tx8b8cc6497b594892a650a-0069235598" "proxy-server 92676" 0.0006 "-" 96606 0
Nov 23 13:42:32 np0005532741.novalocal proxy-server[92676]: ::1 ::1 23/Nov/2025/18/42/32 GET /v1/AUTH_9cc260e0c9e84206955019da66ffcbec/gnocchi.2f9a2695-5984-442d-92b4-df4e22d3646c/none_v3 HTTP/1.0 200 - python-swiftclient-4.2.0 gAAAAABpI1V6j5L9... - 22 - tx8b8cc6497b594892a650a-0069235598 - 0.0067 - - 1763923352.823505640 1763923352.830224037 0
