Nov 23 13:42:49 np0005532741.novalocal container-server[96309]: ::1 - - [23/Nov/2025:18:42:49 +0000] "PUT /2/225361/AUTH_9cc260e0c9e84206955019da66ffcbec/gnocchi.d0f0f08b-f677-4540-b5cc-adbdbbcef941/none_v3" 201 - "PUT http://[::1]:8080/3/145572/AUTH_9cc260e0c9e84206955019da66ffcbec/gnocchi.d0f0f08b-f677-4540-b5cc-adbdbbcef941/none_v3" "tx8d9a13c8aa6b407381cd9-00692355a9" "object-server 96606" 0.0005 "-" 96309 0
Nov 23 13:42:49 np0005532741.novalocal container-server[96311]: ::1 - - [23/Nov/2025:18:42:49 +0000] "PUT /1/225361/AUTH_9cc260e0c9e84206955019da66ffcbec/gnocchi.d0f0f08b-f677-4540-b5cc-adbdbbcef941/none_v3" 201 - "PUT http://[::1]:8080/1/145572/AUTH_9cc260e0c9e84206955019da66ffcbec/gnocchi.d0f0f08b-f677-4540-b5cc-adbdbbcef941/none_v3" "tx8d9a13c8aa6b407381cd9-00692355a9" "object-server 96609" 0.0004 "-" 96311 0
Nov 23 13:42:49 np0005532741.novalocal object-server[96606]: ::1 - - [23/Nov/2025:18:42:49 +0000] "PUT /3/145572/AUTH_9cc260e0c9e84206955019da66ffcbec/gnocchi.d0f0f08b-f677-4540-b5cc-adbdbbcef941/none_v3" 201 - "PUT http://[::1]:8080/v1/AUTH_9cc260e0c9e84206955019da66ffcbec/gnocchi.d0f0f08b-f677-4540-b5cc-adbdbbcef941/none_v3" "tx8d9a13c8aa6b407381cd9-00692355a9" "proxy-server 92676" 0.0151 "-" 96606 0
Nov 23 13:42:49 np0005532741.novalocal object-server[96609]: ::1 - - [23/Nov/2025:18:42:49 +0000] "PUT /2/145572/AUTH_9cc260e0c9e84206955019da66ffcbec/gnocchi.d0f0f08b-f677-4540-b5cc-adbdbbcef941/none_v3" 201 - "PUT http://[::1]:8080/v1/AUTH_9cc260e0c9e84206955019da66ffcbec/gnocchi.d0f0f08b-f677-4540-b5cc-adbdbbcef941/none_v3" "tx8d9a13c8aa6b407381cd9-00692355a9" "proxy-server 92676" 0.0149 "-" 96609 0
Nov 23 13:42:49 np0005532741.novalocal object-server[96609]: ::1 - - [23/Nov/2025:18:42:49 +0000] "PUT /1/145572/AUTH_9cc260e0c9e84206955019da66ffcbec/gnocchi.d0f0f08b-f677-4540-b5cc-adbdbbcef941/none_v3" 201 - "PUT http://[::1]:8080/v1/AUTH_9cc260e0c9e84206955019da66ffcbec/gnocchi.d0f0f08b-f677-4540-b5cc-adbdbbcef941/none_v3" "tx8d9a13c8aa6b407381cd9-00692355a9" "proxy-server 92676" 0.0174 "-" 96609 0
Nov 23 13:42:49 np0005532741.novalocal proxy-server[92676]: ::1 ::1 23/Nov/2025/18/42/49 PUT /v1/AUTH_9cc260e0c9e84206955019da66ffcbec/gnocchi.d0f0f08b-f677-4540-b5cc-adbdbbcef941/none_v3 HTTP/1.0 201 - python-swiftclient-4.2.0 gAAAAABpI1V6j5L9... 58 - - tx8d9a13c8aa6b407381cd9-00692355a9 - 0.0272 - - 1763923369.267891169 1763923369.295076847 0
Nov 23 13:42:49 np0005532741.novalocal container-server[96311]: ::1 - - [23/Nov/2025:18:42:49 +0000] "PUT /2/64546/AUTH_9cc260e0c9e84206955019da66ffcbec/gnocchi.348a8c5d-de9b-4e34-a439-69cf8eca4aef/none_v3" 201 - "PUT http://[::1]:8080/2/55430/AUTH_9cc260e0c9e84206955019da66ffcbec/gnocchi.348a8c5d-de9b-4e34-a439-69cf8eca4aef/none_v3" "tx34fca88195d643c1b1767-00692355a9" "object-server 96606" 0.0004 "-" 96311 0
Nov 23 13:42:49 np0005532741.novalocal container-server[96310]: ::1 - - [23/Nov/2025:18:42:49 +0000] "PUT /3/64546/AUTH_9cc260e0c9e84206955019da66ffcbec/gnocchi.348a8c5d-de9b-4e34-a439-69cf8eca4aef/none_v3" 201 - "PUT http://[::1]:8080/3/55430/AUTH_9cc260e0c9e84206955019da66ffcbec/gnocchi.348a8c5d-de9b-4e34-a439-69cf8eca4aef/none_v3" "tx34fca88195d643c1b1767-00692355a9" "object-server 96609" 0.0005 "-" 96310 0
Nov 23 13:42:49 np0005532741.novalocal object-server[96606]: ::1 - - [23/Nov/2025:18:42:49 +0000] "PUT /2/55430/AUTH_9cc260e0c9e84206955019da66ffcbec/gnocchi.348a8c5d-de9b-4e34-a439-69cf8eca4aef/none_v3" 201 - "PUT http://[::1]:8080/v1/AUTH_9cc260e0c9e84206955019da66ffcbec/gnocchi.348a8c5d-de9b-4e34-a439-69cf8eca4aef/none_v3" "tx34fca88195d643c1b1767-00692355a9" "proxy-server 92677" 0.0090 "-" 96606 0
Nov 23 13:42:49 np0005532741.novalocal container-server[96308]: ::1 - - [23/Nov/2025:18:42:49 +0000] "PUT /1/64546/AUTH_9cc260e0c9e84206955019da66ffcbec/gnocchi.348a8c5d-de9b-4e34-a439-69cf8eca4aef/none_v3" 201 - "PUT http://[::1]:8080/1/55430/AUTH_9cc260e0c9e84206955019da66ffcbec/gnocchi.348a8c5d-de9b-4e34-a439-69cf8eca4aef/none_v3" "tx34fca88195d643c1b1767-00692355a9" "object-server 96609" 0.0005 "-" 96308 0
Nov 23 13:42:49 np0005532741.novalocal object-server[96609]: ::1 - - [23/Nov/2025:18:42:49 +0000] "PUT /1/55430/AUTH_9cc260e0c9e84206955019da66ffcbec/gnocchi.348a8c5d-de9b-4e34-a439-69cf8eca4aef/none_v3" 201 - "PUT http://[::1]:8080/v1/AUTH_9cc260e0c9e84206955019da66ffcbec/gnocchi.348a8c5d-de9b-4e34-a439-69cf8eca4aef/none_v3" "tx34fca88195d643c1b1767-00692355a9" "proxy-server 92677" 0.0128 "-" 96609 0
Nov 23 13:42:49 np0005532741.novalocal object-server[96609]: ::1 - - [23/Nov/2025:18:42:49 +0000] "PUT /3/55430/AUTH_9cc260e0c9e84206955019da66ffcbec/gnocchi.348a8c5d-de9b-4e34-a439-69cf8eca4aef/none_v3" 201 - "PUT http://[::1]:8080/v1/AUTH_9cc260e0c9e84206955019da66ffcbec/gnocchi.348a8c5d-de9b-4e34-a439-69cf8eca4aef/none_v3" "tx34fca88195d643c1b1767-00692355a9" "proxy-server 92677" 0.0125 "-" 96609 0
Nov 23 13:42:49 np0005532741.novalocal proxy-server[92677]: ::1 ::1 23/Nov/2025/18/42/49 PUT /v1/AUTH_9cc260e0c9e84206955019da66ffcbec/gnocchi.348a8c5d-de9b-4e34-a439-69cf8eca4aef/none_v3 HTTP/1.0 201 - python-swiftclient-4.2.0 gAAAAABpI1V6uZq-... 59 - - tx34fca88195d643c1b1767-00692355a9 - 0.0182 - - 1763923369.287398100 1763923369.305602789 0
Nov 23 13:42:49 np0005532741.novalocal object-server[96607]: ::1 - - [23/Nov/2025:18:42:49 +0000] "GET /2/20595/AUTH_9cc260e0c9e84206955019da66ffcbec/gnocchi.b51e64de-db91-4691-8739-8133dfdc71ab/none_v3" 200 52 "GET http://[::1]:8080/v1/AUTH_9cc260e0c9e84206955019da66ffcbec/gnocchi.b51e64de-db91-4691-8739-8133dfdc71ab/none_v3" "tx000004c8bd3f4d4b8f9eb-00692355a9" "proxy-server 92676" 0.0014 "-" 96607 0
Nov 23 13:42:49 np0005532741.novalocal proxy-server[92676]: ::1 ::1 23/Nov/2025/18/42/49 GET /v1/AUTH_9cc260e0c9e84206955019da66ffcbec/gnocchi.b51e64de-db91-4691-8739-8133dfdc71ab/none_v3 HTTP/1.0 200 - python-swiftclient-4.2.0 gAAAAABpI1V6j5L9... - 52 - tx000004c8bd3f4d4b8f9eb-00692355a9 - 0.0096 - - 1763923369.318998098 1763923369.328631878 0
Nov 23 13:42:49 np0005532741.novalocal object-server[96607]: ::1 - - [23/Nov/2025:18:42:49 +0000] "GET /3/172059/AUTH_9cc260e0c9e84206955019da66ffcbec/gnocchi.30d765b9-b112-4e3b-9426-1e007e56b219/none_v3" 200 45 "GET http://[::1]:8080/v1/AUTH_9cc260e0c9e84206955019da66ffcbec/gnocchi.30d765b9-b112-4e3b-9426-1e007e56b219/none_v3" "txd7758ebf070b4c0286278-00692355a9" "proxy-server 92677" 0.0008 "-" 96607 0
Nov 23 13:42:49 np0005532741.novalocal proxy-server[92677]: ::1 ::1 23/Nov/2025/18/42/49 GET /v1/AUTH_9cc260e0c9e84206955019da66ffcbec/gnocchi.30d765b9-b112-4e3b-9426-1e007e56b219/none_v3 HTTP/1.0 200 - python-swiftclient-4.2.0 gAAAAABpI1V6uZq-... - 45 - txd7758ebf070b4c0286278-00692355a9 - 0.0106 - - 1763923369.321338177 1763923369.331913471 0
Nov 23 13:42:49 np0005532741.novalocal container-server[96309]: ::1 - - [23/Nov/2025:18:42:49 +0000] "GET /3/260953/AUTH_9cc260e0c9e84206955019da66ffcbec/gnocchi.30d765b9-b112-4e3b-9426-1e007e56b219" 200 357 "GET http://[::1]:8080/v1/AUTH_9cc260e0c9e84206955019da66ffcbec/gnocchi.30d765b9-b112-4e3b-9426-1e007e56b219?format=json&states=listing" "tx48433374643c4db490dbe-00692355a9" "proxy-server 92677" 0.0113 "-" 96309 0
Nov 23 13:42:49 np0005532741.novalocal container-server[96310]: ::1 - - [23/Nov/2025:18:42:49 +0000] "GET /2/183486/AUTH_9cc260e0c9e84206955019da66ffcbec/gnocchi.b51e64de-db91-4691-8739-8133dfdc71ab" 200 357 "GET http://[::1]:8080/v1/AUTH_9cc260e0c9e84206955019da66ffcbec/gnocchi.b51e64de-db91-4691-8739-8133dfdc71ab?format=json&states=listing" "txd13480f96ec24cabb06ff-00692355a9" "proxy-server 92676" 0.0109 "-" 96310 0
Nov 23 13:42:49 np0005532741.novalocal proxy-server[92677]: ::1 ::1 23/Nov/2025/18/42/49 GET /v1/AUTH_9cc260e0c9e84206955019da66ffcbec/gnocchi.30d765b9-b112-4e3b-9426-1e007e56b219%3Fformat%3Djson%26states%3Dlisting HTTP/1.0 200 - python-swiftclient-4.2.0 gAAAAABpI1V6uZq-... - 357 - tx48433374643c4db490dbe-00692355a9 - 0.0178 - - 1763923369.335078001 1763923369.352865219 0
Nov 23 13:42:49 np0005532741.novalocal proxy-server[92676]: ::1 ::1 23/Nov/2025/18/42/49 GET /v1/AUTH_9cc260e0c9e84206955019da66ffcbec/gnocchi.b51e64de-db91-4691-8739-8133dfdc71ab%3Fformat%3Djson%26states%3Dlisting HTTP/1.0 200 - python-swiftclient-4.2.0 gAAAAABpI1V6j5L9... - 357 - txd13480f96ec24cabb06ff-00692355a9 - 0.0201 - - 1763923369.333900690 1763923369.353986025 0
Nov 23 13:42:49 np0005532741.novalocal container-server[96308]: ::1 - - [23/Nov/2025:18:42:49 +0000] "GET /2/260953/AUTH_9cc260e0c9e84206955019da66ffcbec/gnocchi.30d765b9-b112-4e3b-9426-1e007e56b219" 200 2 "GET http://[::1]:8080/v1/AUTH_9cc260e0c9e84206955019da66ffcbec/gnocchi.30d765b9-b112-4e3b-9426-1e007e56b219?format=json&marker=none_v3&states=listing" "tx2341b8c14b7547f2a4ad4-00692355a9" "proxy-server 92677" 0.0093 "-" 96308 0
Nov 23 13:42:49 np0005532741.novalocal proxy-server[92677]: ::1 ::1 23/Nov/2025/18/42/49 GET /v1/AUTH_9cc260e0c9e84206955019da66ffcbec/gnocchi.30d765b9-b112-4e3b-9426-1e007e56b219%3Fformat%3Djson%26marker%3Dnone_v3%26states%3Dlisting HTTP/1.0 200 - python-swiftclient-4.2.0 gAAAAABpI1V6uZq-... - 2 - tx2341b8c14b7547f2a4ad4-00692355a9 - 0.0159 - - 1763923369.355079889 1763923369.370984793 0
Nov 23 13:42:49 np0005532741.novalocal container-server[96311]: ::1 - - [23/Nov/2025:18:42:49 +0000] "GET /1/183486/AUTH_9cc260e0c9e84206955019da66ffcbec/gnocchi.b51e64de-db91-4691-8739-8133dfdc71ab" 200 2 "GET http://[::1]:8080/v1/AUTH_9cc260e0c9e84206955019da66ffcbec/gnocchi.b51e64de-db91-4691-8739-8133dfdc71ab?format=json&marker=none_v3&states=listing" "tx501dc4b491574afc9ad16-00692355a9" "proxy-server 92676" 0.0124 "-" 96311 0
Nov 23 13:42:49 np0005532741.novalocal object-server[96606]: ::1 - - [23/Nov/2025:18:42:49 +0000] "GET /1/227090/AUTH_9cc260e0c9e84206955019da66ffcbec/gnocchi.30d765b9-b112-4e3b-9426-1e007e56b219/1763640000.0_mean_300.0_v3" 200 16 "GET http://[::1]:8080/v1/AUTH_9cc260e0c9e84206955019da66ffcbec/gnocchi.30d765b9-b112-4e3b-9426-1e007e56b219/1763640000.0_mean_300.0_v3" "tx9eef79f195f24e5cab3fc-00692355a9" "proxy-server 92677" 0.0008 "-" 96606 0
Nov 23 13:42:49 np0005532741.novalocal proxy-server[92677]: ::1 ::1 23/Nov/2025/18/42/49 GET /v1/AUTH_9cc260e0c9e84206955019da66ffcbec/gnocchi.30d765b9-b112-4e3b-9426-1e007e56b219/1763640000.0_mean_300.0_v3 HTTP/1.0 200 - python-swiftclient-4.2.0 gAAAAABpI1V6uZq-... - 16 - tx9eef79f195f24e5cab3fc-00692355a9 - 0.0063 - - 1763923369.377505302 1763923369.383829355 0
Nov 23 13:42:49 np0005532741.novalocal proxy-server[92676]: ::1 ::1 23/Nov/2025/18/42/49 GET /v1/AUTH_9cc260e0c9e84206955019da66ffcbec/gnocchi.b51e64de-db91-4691-8739-8133dfdc71ab%3Fformat%3Djson%26marker%3Dnone_v3%26states%3Dlisting HTTP/1.0 200 - python-swiftclient-4.2.0 gAAAAABpI1V6j5L9... - 2 - tx501dc4b491574afc9ad16-00692355a9 - 0.0234 - - 1763923369.360186100 1763923369.383540630 0
Nov 23 13:42:49 np0005532741.novalocal object-server[96605]: ::1 - - [23/Nov/2025:18:42:49 +0000] "GET /3/612/AUTH_9cc260e0c9e84206955019da66ffcbec/gnocchi.b51e64de-db91-4691-8739-8133dfdc71ab/1763640000.0_mean_300.0_v3" 200 16 "GET http://[::1]:8080/v1/AUTH_9cc260e0c9e84206955019da66ffcbec/gnocchi.b51e64de-db91-4691-8739-8133dfdc71ab/1763640000.0_mean_300.0_v3" "txfa31efc9b20c4a1e881ef-00692355a9" "proxy-server 92676" 0.0007 "-" 96605 0
Nov 23 13:42:49 np0005532741.novalocal proxy-server[92676]: ::1 ::1 23/Nov/2025/18/42/49 GET /v1/AUTH_9cc260e0c9e84206955019da66ffcbec/gnocchi.b51e64de-db91-4691-8739-8133dfdc71ab/1763640000.0_mean_300.0_v3 HTTP/1.0 200 - python-swiftclient-4.2.0 gAAAAABpI1V6j5L9... - 16 - txfa31efc9b20c4a1e881ef-00692355a9 - 0.0068 - - 1763923369.389420033 1763923369.396193504 0
Nov 23 13:42:49 np0005532741.novalocal container-server[96309]: ::1 - - [23/Nov/2025:18:42:49 +0000] "PUT /3/260953/AUTH_9cc260e0c9e84206955019da66ffcbec/gnocchi.30d765b9-b112-4e3b-9426-1e007e56b219/1763640000.0_mean_300.0_v3" 201 - "PUT http://[::1]:8080/1/227090/AUTH_9cc260e0c9e84206955019da66ffcbec/gnocchi.30d765b9-b112-4e3b-9426-1e007e56b219/1763640000.0_mean_300.0_v3" "txcee34e96d9d2427caa3fb-00692355a9" "object-server 96606" 0.0005 "-" 96309 0
Nov 23 13:42:49 np0005532741.novalocal container-server[96308]: ::1 - - [23/Nov/2025:18:42:49 +0000] "PUT /1/260953/AUTH_9cc260e0c9e84206955019da66ffcbec/gnocchi.30d765b9-b112-4e3b-9426-1e007e56b219/1763640000.0_mean_300.0_v3" 201 - "PUT http://[::1]:8080/3/227090/AUTH_9cc260e0c9e84206955019da66ffcbec/gnocchi.30d765b9-b112-4e3b-9426-1e007e56b219/1763640000.0_mean_300.0_v3" "txcee34e96d9d2427caa3fb-00692355a9" "object-server 96606" 0.0007 "-" 96308 0
Nov 23 13:42:49 np0005532741.novalocal object-server[96606]: ::1 - - [23/Nov/2025:18:42:49 +0000] "PUT /1/227090/AUTH_9cc260e0c9e84206955019da66ffcbec/gnocchi.30d765b9-b112-4e3b-9426-1e007e56b219/1763640000.0_mean_300.0_v3" 201 - "PUT http://[::1]:8080/v1/AUTH_9cc260e0c9e84206955019da66ffcbec/gnocchi.30d765b9-b112-4e3b-9426-1e007e56b219/1763640000.0_mean_300.0_v3" "txcee34e96d9d2427caa3fb-00692355a9" "proxy-server 92677" 0.0160 "-" 96606 0
Nov 23 13:42:49 np0005532741.novalocal object-server[96606]: ::1 - - [23/Nov/2025:18:42:49 +0000] "PUT /3/227090/AUTH_9cc260e0c9e84206955019da66ffcbec/gnocchi.30d765b9-b112-4e3b-9426-1e007e56b219/1763640000.0_mean_300.0_v3" 201 - "PUT http://[::1]:8080/v1/AUTH_9cc260e0c9e84206955019da66ffcbec/gnocchi.30d765b9-b112-4e3b-9426-1e007e56b219/1763640000.0_mean_300.0_v3" "txcee34e96d9d2427caa3fb-00692355a9" "proxy-server 92677" 0.0154 "-" 96606 0
Nov 23 13:42:49 np0005532741.novalocal container-server[96311]: ::1 - - [23/Nov/2025:18:42:49 +0000] "PUT /2/260953/AUTH_9cc260e0c9e84206955019da66ffcbec/gnocchi.30d765b9-b112-4e3b-9426-1e007e56b219/1763640000.0_mean_300.0_v3" 201 - "PUT http://[::1]:8080/2/227090/AUTH_9cc260e0c9e84206955019da66ffcbec/gnocchi.30d765b9-b112-4e3b-9426-1e007e56b219/1763640000.0_mean_300.0_v3" "txcee34e96d9d2427caa3fb-00692355a9" "object-server 96605" 0.0007 "-" 96311 0
Nov 23 13:42:49 np0005532741.novalocal object-server[96605]: ::1 - - [23/Nov/2025:18:42:49 +0000] "PUT /2/227090/AUTH_9cc260e0c9e84206955019da66ffcbec/gnocchi.30d765b9-b112-4e3b-9426-1e007e56b219/1763640000.0_mean_300.0_v3" 201 - "PUT http://[::1]:8080/v1/AUTH_9cc260e0c9e84206955019da66ffcbec/gnocchi.30d765b9-b112-4e3b-9426-1e007e56b219/1763640000.0_mean_300.0_v3" "txcee34e96d9d2427caa3fb-00692355a9" "proxy-server 92677" 0.0182 "-" 96605 0
Nov 23 13:42:49 np0005532741.novalocal proxy-server[92677]: ::1 ::1 23/Nov/2025/18/42/49 PUT /v1/AUTH_9cc260e0c9e84206955019da66ffcbec/gnocchi.30d765b9-b112-4e3b-9426-1e007e56b219/1763640000.0_mean_300.0_v3 HTTP/1.0 201 - python-swiftclient-4.2.0 gAAAAABpI1V6uZq-... 16 - - txcee34e96d9d2427caa3fb-00692355a9 - 0.0277 - - 1763923369.387692690 1763923369.415393353 0
Nov 23 13:42:49 np0005532741.novalocal container-server[96308]: ::1 - - [23/Nov/2025:18:42:49 +0000] "PUT /2/183486/AUTH_9cc260e0c9e84206955019da66ffcbec/gnocchi.b51e64de-db91-4691-8739-8133dfdc71ab/1763640000.0_mean_300.0_v3" 201 - "PUT http://[::1]:8080/3/612/AUTH_9cc260e0c9e84206955019da66ffcbec/gnocchi.b51e64de-db91-4691-8739-8133dfdc71ab/1763640000.0_mean_300.0_v3" "tx49fef0b9ba284f7b87f94-00692355a9" "object-server 96607" 0.0005 "-" 96308 0
Nov 23 13:42:49 np0005532741.novalocal object-server[96607]: ::1 - - [23/Nov/2025:18:42:49 +0000] "PUT /3/612/AUTH_9cc260e0c9e84206955019da66ffcbec/gnocchi.b51e64de-db91-4691-8739-8133dfdc71ab/1763640000.0_mean_300.0_v3" 201 - "PUT http://[::1]:8080/v1/AUTH_9cc260e0c9e84206955019da66ffcbec/gnocchi.b51e64de-db91-4691-8739-8133dfdc71ab/1763640000.0_mean_300.0_v3" "tx49fef0b9ba284f7b87f94-00692355a9" "proxy-server 92676" 0.0137 "-" 96607 0
Nov 23 13:42:49 np0005532741.novalocal container-server[96310]: ::1 - - [23/Nov/2025:18:42:49 +0000] "PUT /3/183486/AUTH_9cc260e0c9e84206955019da66ffcbec/gnocchi.b51e64de-db91-4691-8739-8133dfdc71ab/1763640000.0_mean_300.0_v3" 201 - "PUT http://[::1]:8080/1/612/AUTH_9cc260e0c9e84206955019da66ffcbec/gnocchi.b51e64de-db91-4691-8739-8133dfdc71ab/1763640000.0_mean_300.0_v3" "tx49fef0b9ba284f7b87f94-00692355a9" "object-server 96606" 0.0005 "-" 96310 0
Nov 23 13:42:49 np0005532741.novalocal object-server[96606]: ::1 - - [23/Nov/2025:18:42:49 +0000] "PUT /1/612/AUTH_9cc260e0c9e84206955019da66ffcbec/gnocchi.b51e64de-db91-4691-8739-8133dfdc71ab/1763640000.0_mean_300.0_v3" 201 - "PUT http://[::1]:8080/v1/AUTH_9cc260e0c9e84206955019da66ffcbec/gnocchi.b51e64de-db91-4691-8739-8133dfdc71ab/1763640000.0_mean_300.0_v3" "tx49fef0b9ba284f7b87f94-00692355a9" "proxy-server 92676" 0.0160 "-" 96606 0
Nov 23 13:42:49 np0005532741.novalocal container-server[96310]: ::1 - - [23/Nov/2025:18:42:49 +0000] "PUT /1/183486/AUTH_9cc260e0c9e84206955019da66ffcbec/gnocchi.b51e64de-db91-4691-8739-8133dfdc71ab/1763640000.0_mean_300.0_v3" 201 - "PUT http://[::1]:8080/2/612/AUTH_9cc260e0c9e84206955019da66ffcbec/gnocchi.b51e64de-db91-4691-8739-8133dfdc71ab/1763640000.0_mean_300.0_v3" "tx49fef0b9ba284f7b87f94-00692355a9" "object-server 96606" 0.0004 "-" 96310 0
Nov 23 13:42:49 np0005532741.novalocal object-server[96606]: ::1 - - [23/Nov/2025:18:42:49 +0000] "PUT /2/612/AUTH_9cc260e0c9e84206955019da66ffcbec/gnocchi.b51e64de-db91-4691-8739-8133dfdc71ab/1763640000.0_mean_300.0_v3" 201 - "PUT http://[::1]:8080/v1/AUTH_9cc260e0c9e84206955019da66ffcbec/gnocchi.b51e64de-db91-4691-8739-8133dfdc71ab/1763640000.0_mean_300.0_v3" "tx49fef0b9ba284f7b87f94-00692355a9" "proxy-server 92676" 0.0181 "-" 96606 0
Nov 23 13:42:49 np0005532741.novalocal proxy-server[92676]: ::1 ::1 23/Nov/2025/18/42/49 PUT /v1/AUTH_9cc260e0c9e84206955019da66ffcbec/gnocchi.b51e64de-db91-4691-8739-8133dfdc71ab/1763640000.0_mean_300.0_v3 HTTP/1.0 201 - python-swiftclient-4.2.0 gAAAAABpI1V6j5L9... 16 - - tx49fef0b9ba284f7b87f94-00692355a9 - 0.0272 - - 1763923369.399887323 1763923369.427133322 0
Nov 23 13:42:49 np0005532741.novalocal container-server[96308]: ::1 - - [23/Nov/2025:18:42:49 +0000] "PUT /2/260953/AUTH_9cc260e0c9e84206955019da66ffcbec/gnocchi.30d765b9-b112-4e3b-9426-1e007e56b219/none_v3" 201 - "PUT http://[::1]:8080/2/172059/AUTH_9cc260e0c9e84206955019da66ffcbec/gnocchi.30d765b9-b112-4e3b-9426-1e007e56b219/none_v3" "txe12fd00348fe40ceb3f12-00692355a9" "object-server 96607" 0.0008 "-" 96308 0
Nov 23 13:42:49 np0005532741.novalocal container-server[96311]: ::1 - - [23/Nov/2025:18:42:49 +0000] "PUT /3/183486/AUTH_9cc260e0c9e84206955019da66ffcbec/gnocchi.b51e64de-db91-4691-8739-8133dfdc71ab/none_v3" 201 - "PUT http://[::1]:8080/3/20595/AUTH_9cc260e0c9e84206955019da66ffcbec/gnocchi.b51e64de-db91-4691-8739-8133dfdc71ab/none_v3" "txda5ba545c1494e8bb10a5-00692355a9" "object-server 96606" 0.0007 "-" 96311 0
Nov 23 13:42:49 np0005532741.novalocal object-server[96607]: ::1 - - [23/Nov/2025:18:42:49 +0000] "PUT /2/172059/AUTH_9cc260e0c9e84206955019da66ffcbec/gnocchi.30d765b9-b112-4e3b-9426-1e007e56b219/none_v3" 201 - "PUT http://[::1]:8080/v1/AUTH_9cc260e0c9e84206955019da66ffcbec/gnocchi.30d765b9-b112-4e3b-9426-1e007e56b219/none_v3" "txe12fd00348fe40ceb3f12-00692355a9" "proxy-server 92677" 0.0199 "-" 96607 0
Nov 23 13:42:49 np0005532741.novalocal container-server[96309]: ::1 - - [23/Nov/2025:18:42:49 +0000] "PUT /2/183486/AUTH_9cc260e0c9e84206955019da66ffcbec/gnocchi.b51e64de-db91-4691-8739-8133dfdc71ab/none_v3" 201 - "PUT http://[::1]:8080/1/20595/AUTH_9cc260e0c9e84206955019da66ffcbec/gnocchi.b51e64de-db91-4691-8739-8133dfdc71ab/none_v3" "txda5ba545c1494e8bb10a5-00692355a9" "object-server 96609" 0.0005 "-" 96309 0
Nov 23 13:42:49 np0005532741.novalocal container-server[96310]: ::1 - - [23/Nov/2025:18:42:49 +0000] "PUT /1/260953/AUTH_9cc260e0c9e84206955019da66ffcbec/gnocchi.30d765b9-b112-4e3b-9426-1e007e56b219/none_v3" 201 - "PUT http://[::1]:8080/3/172059/AUTH_9cc260e0c9e84206955019da66ffcbec/gnocchi.30d765b9-b112-4e3b-9426-1e007e56b219/none_v3" "txe12fd00348fe40ceb3f12-00692355a9" "object-server 96607" 0.0007 "-" 96310 0
Nov 23 13:42:49 np0005532741.novalocal object-server[96606]: ::1 - - [23/Nov/2025:18:42:49 +0000] "PUT /3/20595/AUTH_9cc260e0c9e84206955019da66ffcbec/gnocchi.b51e64de-db91-4691-8739-8133dfdc71ab/none_v3" 201 - "PUT http://[::1]:8080/v1/AUTH_9cc260e0c9e84206955019da66ffcbec/gnocchi.b51e64de-db91-4691-8739-8133dfdc71ab/none_v3" "txda5ba545c1494e8bb10a5-00692355a9" "proxy-server 92676" 0.0125 "-" 96606 0
Nov 23 13:42:49 np0005532741.novalocal container-server[96308]: ::1 - - [23/Nov/2025:18:42:49 +0000] "PUT /1/183486/AUTH_9cc260e0c9e84206955019da66ffcbec/gnocchi.b51e64de-db91-4691-8739-8133dfdc71ab/none_v3" 201 - "PUT http://[::1]:8080/2/20595/AUTH_9cc260e0c9e84206955019da66ffcbec/gnocchi.b51e64de-db91-4691-8739-8133dfdc71ab/none_v3" "txda5ba545c1494e8bb10a5-00692355a9" "object-server 96605" 0.0004 "-" 96308 0
Nov 23 13:42:49 np0005532741.novalocal object-server[96609]: ::1 - - [23/Nov/2025:18:42:49 +0000] "PUT /1/20595/AUTH_9cc260e0c9e84206955019da66ffcbec/gnocchi.b51e64de-db91-4691-8739-8133dfdc71ab/none_v3" 201 - "PUT http://[::1]:8080/v1/AUTH_9cc260e0c9e84206955019da66ffcbec/gnocchi.b51e64de-db91-4691-8739-8133dfdc71ab/none_v3" "txda5ba545c1494e8bb10a5-00692355a9" "proxy-server 92676" 0.0137 "-" 96609 0
Nov 23 13:42:49 np0005532741.novalocal object-server[96605]: ::1 - - [23/Nov/2025:18:42:49 +0000] "PUT /2/20595/AUTH_9cc260e0c9e84206955019da66ffcbec/gnocchi.b51e64de-db91-4691-8739-8133dfdc71ab/none_v3" 201 - "PUT http://[::1]:8080/v1/AUTH_9cc260e0c9e84206955019da66ffcbec/gnocchi.b51e64de-db91-4691-8739-8133dfdc71ab/none_v3" "txda5ba545c1494e8bb10a5-00692355a9" "proxy-server 92676" 0.0143 "-" 96605 0
Nov 23 13:42:49 np0005532741.novalocal object-server[96607]: ::1 - - [23/Nov/2025:18:42:49 +0000] "PUT /3/172059/AUTH_9cc260e0c9e84206955019da66ffcbec/gnocchi.30d765b9-b112-4e3b-9426-1e007e56b219/none_v3" 201 - "PUT http://[::1]:8080/v1/AUTH_9cc260e0c9e84206955019da66ffcbec/gnocchi.30d765b9-b112-4e3b-9426-1e007e56b219/none_v3" "txe12fd00348fe40ceb3f12-00692355a9" "proxy-server 92677" 0.0213 "-" 96607 0
Nov 23 13:42:49 np0005532741.novalocal proxy-server[92676]: ::1 ::1 23/Nov/2025/18/42/49 PUT /v1/AUTH_9cc260e0c9e84206955019da66ffcbec/gnocchi.b51e64de-db91-4691-8739-8133dfdc71ab/none_v3 HTTP/1.0 201 - python-swiftclient-4.2.0 gAAAAABpI1V6j5L9... 59 - - txda5ba545c1494e8bb10a5-00692355a9 - 0.0238 - - 1763923369.430214882 1763923369.454000950 0
Nov 23 13:42:49 np0005532741.novalocal container-server[96309]: ::1 - - [23/Nov/2025:18:42:49 +0000] "PUT /3/260953/AUTH_9cc260e0c9e84206955019da66ffcbec/gnocchi.30d765b9-b112-4e3b-9426-1e007e56b219/none_v3" 201 - "PUT http://[::1]:8080/1/172059/AUTH_9cc260e0c9e84206955019da66ffcbec/gnocchi.30d765b9-b112-4e3b-9426-1e007e56b219/none_v3" "txe12fd00348fe40ceb3f12-00692355a9" "object-server 96607" 0.0005 "-" 96309 0
Nov 23 13:42:49 np0005532741.novalocal object-server[96607]: ::1 - - [23/Nov/2025:18:42:49 +0000] "PUT /1/172059/AUTH_9cc260e0c9e84206955019da66ffcbec/gnocchi.30d765b9-b112-4e3b-9426-1e007e56b219/none_v3" 201 - "PUT http://[::1]:8080/v1/AUTH_9cc260e0c9e84206955019da66ffcbec/gnocchi.30d765b9-b112-4e3b-9426-1e007e56b219/none_v3" "txe12fd00348fe40ceb3f12-00692355a9" "proxy-server 92677" 0.0247 "-" 96607 0
Nov 23 13:42:49 np0005532741.novalocal proxy-server[92677]: ::1 ::1 23/Nov/2025/18/42/49 PUT /v1/AUTH_9cc260e0c9e84206955019da66ffcbec/gnocchi.30d765b9-b112-4e3b-9426-1e007e56b219/none_v3 HTTP/1.0 201 - python-swiftclient-4.2.0 gAAAAABpI1V6uZq-... 51 - - txe12fd00348fe40ceb3f12-00692355a9 - 0.0382 - - 1763923369.419105053 1763923369.457266331 0
Nov 23 13:42:49 np0005532741.novalocal sudo[104116]: neutron : PWD=/ ; USER=root ; COMMAND=/usr/bin/neutron-rootwrap /etc/neutron/rootwrap.conf privsep-helper --config-file /usr/share/neutron/neutron-dist.conf --config-file /etc/neutron/neutron.conf --config-file /etc/neutron/dhcp_agent.ini --config-dir /etc/neutron/conf.d/neutron-dhcp-agent --privsep_context neutron.privileged.dhcp_release_cmd --privsep_sock_path /tmp/tmpwv4y_0uw/privsep.sock
Nov 23 13:42:49 np0005532741.novalocal systemd[1]: Started Session c147 of User root.
Nov 23 13:42:49 np0005532741.novalocal sudo[104116]: pam_unix(sudo:session): session opened for user root(uid=0) by (uid=981)
Nov 23 13:42:50 np0005532741.novalocal object-server[96607]: ::1 - - [23/Nov/2025:18:42:50 +0000] "GET /3/172059/AUTH_9cc260e0c9e84206955019da66ffcbec/gnocchi.30d765b9-b112-4e3b-9426-1e007e56b219/none_v3" 200 51 "GET http://[::1]:8080/v1/AUTH_9cc260e0c9e84206955019da66ffcbec/gnocchi.30d765b9-b112-4e3b-9426-1e007e56b219/none_v3" "txf915c08e57d744d491744-00692355aa" "proxy-server 92676" 0.0007 "-" 96607 0
Nov 23 13:42:50 np0005532741.novalocal proxy-server[92676]: ::1 ::1 23/Nov/2025/18/42/50 GET /v1/AUTH_9cc260e0c9e84206955019da66ffcbec/gnocchi.30d765b9-b112-4e3b-9426-1e007e56b219/none_v3 HTTP/1.0 200 - python-swiftclient-4.2.0 gAAAAABpI1V6j5L9... - 51 - txf915c08e57d744d491744-00692355aa - 0.0088 - - 1763923370.020293236 1763923370.029046774 0
Nov 23 13:42:50 np0005532741.novalocal object-server[96606]: ::1 - - [23/Nov/2025:18:42:50 +0000] "GET /1/145572/AUTH_9cc260e0c9e84206955019da66ffcbec/gnocchi.d0f0f08b-f677-4540-b5cc-adbdbbcef941/none_v3" 200 58 "GET http://[::1]:8080/v1/AUTH_9cc260e0c9e84206955019da66ffcbec/gnocchi.d0f0f08b-f677-4540-b5cc-adbdbbcef941/none_v3" "txcdfbe830dd5e416bbc457-00692355aa" "proxy-server 92677" 0.0008 "-" 96606 0
Nov 23 13:42:50 np0005532741.novalocal proxy-server[92677]: ::1 ::1 23/Nov/2025/18/42/50 GET /v1/AUTH_9cc260e0c9e84206955019da66ffcbec/gnocchi.d0f0f08b-f677-4540-b5cc-adbdbbcef941/none_v3 HTTP/1.0 200 - python-swiftclient-4.2.0 gAAAAABpI1V6uZq-... - 58 - txcdfbe830dd5e416bbc457-00692355aa - 0.0071 - - 1763923370.025255680 1763923370.032309055 0
Nov 23 13:42:50 np0005532741.novalocal container-server[96309]: ::1 - - [23/Nov/2025:18:42:50 +0000] "GET /2/225361/AUTH_9cc260e0c9e84206955019da66ffcbec/gnocchi.d0f0f08b-f677-4540-b5cc-adbdbbcef941" 200 357 "GET http://[::1]:8080/v1/AUTH_9cc260e0c9e84206955019da66ffcbec/gnocchi.d0f0f08b-f677-4540-b5cc-adbdbbcef941?format=json&states=listing" "txe84476ddec084202a8e03-00692355aa" "proxy-server 92677" 0.0074 "-" 96309 0
Nov 23 13:42:50 np0005532741.novalocal container-server[96309]: ::1 - - [23/Nov/2025:18:42:50 +0000] "GET /1/260953/AUTH_9cc260e0c9e84206955019da66ffcbec/gnocchi.30d765b9-b112-4e3b-9426-1e007e56b219" 200 357 "GET http://[::1]:8080/v1/AUTH_9cc260e0c9e84206955019da66ffcbec/gnocchi.30d765b9-b112-4e3b-9426-1e007e56b219?format=json&states=listing" "tx76e202e6b9c1440e98a8e-00692355aa" "proxy-server 92676" 0.0081 "-" 96309 0
Nov 23 13:42:50 np0005532741.novalocal proxy-server[92677]: ::1 ::1 23/Nov/2025/18/42/50 GET /v1/AUTH_9cc260e0c9e84206955019da66ffcbec/gnocchi.d0f0f08b-f677-4540-b5cc-adbdbbcef941%3Fformat%3Djson%26states%3Dlisting HTTP/1.0 200 - python-swiftclient-4.2.0 gAAAAABpI1V6uZq-... - 357 - txe84476ddec084202a8e03-00692355aa - 0.0161 - - 1763923370.036410093 1763923370.052548170 0
Nov 23 13:42:50 np0005532741.novalocal proxy-server[92676]: ::1 ::1 23/Nov/2025/18/42/50 GET /v1/AUTH_9cc260e0c9e84206955019da66ffcbec/gnocchi.30d765b9-b112-4e3b-9426-1e007e56b219%3Fformat%3Djson%26states%3Dlisting HTTP/1.0 200 - python-swiftclient-4.2.0 gAAAAABpI1V6j5L9... - 357 - tx76e202e6b9c1440e98a8e-00692355aa - 0.0219 - - 1763923370.033085346 1763923370.054957628 0
Nov 23 13:42:50 np0005532741.novalocal container-server[96311]: ::1 - - [23/Nov/2025:18:42:50 +0000] "GET /2/225361/AUTH_9cc260e0c9e84206955019da66ffcbec/gnocchi.d0f0f08b-f677-4540-b5cc-adbdbbcef941" 200 2 "GET http://[::1]:8080/v1/AUTH_9cc260e0c9e84206955019da66ffcbec/gnocchi.d0f0f08b-f677-4540-b5cc-adbdbbcef941?format=json&marker=none_v3&states=listing" "txd96ed3fe1cb242dab8b31-00692355aa" "proxy-server 92677" 0.0021 "-" 96311 0
Nov 23 13:42:50 np0005532741.novalocal proxy-server[92677]: ::1 ::1 23/Nov/2025/18/42/50 GET /v1/AUTH_9cc260e0c9e84206955019da66ffcbec/gnocchi.d0f0f08b-f677-4540-b5cc-adbdbbcef941%3Fformat%3Djson%26marker%3Dnone_v3%26states%3Dlisting HTTP/1.0 200 - python-swiftclient-4.2.0 gAAAAABpI1V6uZq-... - 2 - txd96ed3fe1cb242dab8b31-00692355aa - 0.0075 - - 1763923370.054964066 1763923370.062455177 0
Nov 23 13:42:50 np0005532741.novalocal object-server[96609]: ::1 - - [23/Nov/2025:18:42:50 +0000] "GET /1/26156/AUTH_9cc260e0c9e84206955019da66ffcbec/gnocchi.d0f0f08b-f677-4540-b5cc-adbdbbcef941/1763640000.0_mean_300.0_v3" 200 16 "GET http://[::1]:8080/v1/AUTH_9cc260e0c9e84206955019da66ffcbec/gnocchi.d0f0f08b-f677-4540-b5cc-adbdbbcef941/1763640000.0_mean_300.0_v3" "txcee6ab3484c44182aa1c2-00692355aa" "proxy-server 92677" 0.0006 "-" 96609 0
Nov 23 13:42:50 np0005532741.novalocal container-server[96310]: ::1 - - [23/Nov/2025:18:42:50 +0000] "GET /2/260953/AUTH_9cc260e0c9e84206955019da66ffcbec/gnocchi.30d765b9-b112-4e3b-9426-1e007e56b219" 200 2 "GET http://[::1]:8080/v1/AUTH_9cc260e0c9e84206955019da66ffcbec/gnocchi.30d765b9-b112-4e3b-9426-1e007e56b219?format=json&marker=none_v3&states=listing" "tx39ff237aaf24450f8a213-00692355aa" "proxy-server 92676" 0.0074 "-" 96310 0
Nov 23 13:42:50 np0005532741.novalocal proxy-server[92677]: ::1 ::1 23/Nov/2025/18/42/50 GET /v1/AUTH_9cc260e0c9e84206955019da66ffcbec/gnocchi.d0f0f08b-f677-4540-b5cc-adbdbbcef941/1763640000.0_mean_300.0_v3 HTTP/1.0 200 - python-swiftclient-4.2.0 gAAAAABpI1V6uZq-... - 16 - txcee6ab3484c44182aa1c2-00692355aa - 0.0059 - - 1763923370.065249443 1763923370.071157217 0
Nov 23 13:42:50 np0005532741.novalocal proxy-server[92676]: ::1 ::1 23/Nov/2025/18/42/50 GET /v1/AUTH_9cc260e0c9e84206955019da66ffcbec/gnocchi.30d765b9-b112-4e3b-9426-1e007e56b219%3Fformat%3Djson%26marker%3Dnone_v3%26states%3Dlisting HTTP/1.0 200 - python-swiftclient-4.2.0 gAAAAABpI1V6j5L9... - 2 - tx39ff237aaf24450f8a213-00692355aa - 0.0175 - - 1763923370.057734489 1763923370.075273752 0
Nov 23 13:42:50 np0005532741.novalocal object-server[96607]: ::1 - - [23/Nov/2025:18:42:50 +0000] "GET /3/227090/AUTH_9cc260e0c9e84206955019da66ffcbec/gnocchi.30d765b9-b112-4e3b-9426-1e007e56b219/1763640000.0_mean_300.0_v3" 200 16 "GET http://[::1]:8080/v1/AUTH_9cc260e0c9e84206955019da66ffcbec/gnocchi.30d765b9-b112-4e3b-9426-1e007e56b219/1763640000.0_mean_300.0_v3" "tx9d1cce1ad8d744a1a6a82-00692355aa" "proxy-server 92676" 0.0005 "-" 96607 0
Nov 23 13:42:50 np0005532741.novalocal proxy-server[92676]: ::1 ::1 23/Nov/2025/18/42/50 GET /v1/AUTH_9cc260e0c9e84206955019da66ffcbec/gnocchi.30d765b9-b112-4e3b-9426-1e007e56b219/1763640000.0_mean_300.0_v3 HTTP/1.0 200 - python-swiftclient-4.2.0 gAAAAABpI1V6j5L9... - 16 - tx9d1cce1ad8d744a1a6a82-00692355aa - 0.0084 - - 1763923370.077970028 1763923370.086387157 0
Nov 23 13:42:50 np0005532741.novalocal container-server[96309]: ::1 - - [23/Nov/2025:18:42:50 +0000] "PUT /3/225361/AUTH_9cc260e0c9e84206955019da66ffcbec/gnocchi.d0f0f08b-f677-4540-b5cc-adbdbbcef941/1763640000.0_mean_300.0_v3" 201 - "PUT http://[::1]:8080/3/26156/AUTH_9cc260e0c9e84206955019da66ffcbec/gnocchi.d0f0f08b-f677-4540-b5cc-adbdbbcef941/1763640000.0_mean_300.0_v3" "tx0c9b00d26f83475e9f5bb-00692355aa" "object-server 96607" 0.0006 "-" 96309 0
Nov 23 13:42:50 np0005532741.novalocal container-server[96310]: ::1 - - [23/Nov/2025:18:42:50 +0000] "PUT /2/225361/AUTH_9cc260e0c9e84206955019da66ffcbec/gnocchi.d0f0f08b-f677-4540-b5cc-adbdbbcef941/1763640000.0_mean_300.0_v3" 201 - "PUT http://[::1]:8080/2/26156/AUTH_9cc260e0c9e84206955019da66ffcbec/gnocchi.d0f0f08b-f677-4540-b5cc-adbdbbcef941/1763640000.0_mean_300.0_v3" "tx0c9b00d26f83475e9f5bb-00692355aa" "object-server 96605" 0.0006 "-" 96310 0
Nov 23 13:42:50 np0005532741.novalocal object-server[96607]: ::1 - - [23/Nov/2025:18:42:50 +0000] "PUT /3/26156/AUTH_9cc260e0c9e84206955019da66ffcbec/gnocchi.d0f0f08b-f677-4540-b5cc-adbdbbcef941/1763640000.0_mean_300.0_v3" 201 - "PUT http://[::1]:8080/v1/AUTH_9cc260e0c9e84206955019da66ffcbec/gnocchi.d0f0f08b-f677-4540-b5cc-adbdbbcef941/1763640000.0_mean_300.0_v3" "tx0c9b00d26f83475e9f5bb-00692355aa" "proxy-server 92677" 0.0129 "-" 96607 0
Nov 23 13:42:50 np0005532741.novalocal container-server[96310]: ::1 - - [23/Nov/2025:18:42:50 +0000] "PUT /1/225361/AUTH_9cc260e0c9e84206955019da66ffcbec/gnocchi.d0f0f08b-f677-4540-b5cc-adbdbbcef941/1763640000.0_mean_300.0_v3" 201 - "PUT http://[::1]:8080/1/26156/AUTH_9cc260e0c9e84206955019da66ffcbec/gnocchi.d0f0f08b-f677-4540-b5cc-adbdbbcef941/1763640000.0_mean_300.0_v3" "tx0c9b00d26f83475e9f5bb-00692355aa" "object-server 96607" 0.0004 "-" 96310 0
Nov 23 13:42:50 np0005532741.novalocal object-server[96605]: ::1 - - [23/Nov/2025:18:42:50 +0000] "PUT /2/26156/AUTH_9cc260e0c9e84206955019da66ffcbec/gnocchi.d0f0f08b-f677-4540-b5cc-adbdbbcef941/1763640000.0_mean_300.0_v3" 201 - "PUT http://[::1]:8080/v1/AUTH_9cc260e0c9e84206955019da66ffcbec/gnocchi.d0f0f08b-f677-4540-b5cc-adbdbbcef941/1763640000.0_mean_300.0_v3" "tx0c9b00d26f83475e9f5bb-00692355aa" "proxy-server 92677" 0.0132 "-" 96605 0
Nov 23 13:42:50 np0005532741.novalocal object-server[96607]: ::1 - - [23/Nov/2025:18:42:50 +0000] "PUT /1/26156/AUTH_9cc260e0c9e84206955019da66ffcbec/gnocchi.d0f0f08b-f677-4540-b5cc-adbdbbcef941/1763640000.0_mean_300.0_v3" 201 - "PUT http://[::1]:8080/v1/AUTH_9cc260e0c9e84206955019da66ffcbec/gnocchi.d0f0f08b-f677-4540-b5cc-adbdbbcef941/1763640000.0_mean_300.0_v3" "tx0c9b00d26f83475e9f5bb-00692355aa" "proxy-server 92677" 0.0127 "-" 96607 0
Nov 23 13:42:50 np0005532741.novalocal proxy-server[92677]: ::1 ::1 23/Nov/2025/18/42/50 PUT /v1/AUTH_9cc260e0c9e84206955019da66ffcbec/gnocchi.d0f0f08b-f677-4540-b5cc-adbdbbcef941/1763640000.0_mean_300.0_v3 HTTP/1.0 201 - python-swiftclient-4.2.0 gAAAAABpI1V6uZq-... 16 - - tx0c9b00d26f83475e9f5bb-00692355aa - 0.0213 - - 1763923370.073362589 1763923370.094711542 0
Nov 23 13:42:50 np0005532741.novalocal container-server[96311]: ::1 - - [23/Nov/2025:18:42:50 +0000] "PUT /2/260953/AUTH_9cc260e0c9e84206955019da66ffcbec/gnocchi.30d765b9-b112-4e3b-9426-1e007e56b219/1763640000.0_mean_300.0_v3" 201 - "PUT http://[::1]:8080/3/227090/AUTH_9cc260e0c9e84206955019da66ffcbec/gnocchi.30d765b9-b112-4e3b-9426-1e007e56b219/1763640000.0_mean_300.0_v3" "txa9895c3b256a4e359de22-00692355aa" "object-server 96605" 0.0004 "-" 96311 0
Nov 23 13:42:50 np0005532741.novalocal container-server[96308]: ::1 - - [23/Nov/2025:18:42:50 +0000] "PUT /1/260953/AUTH_9cc260e0c9e84206955019da66ffcbec/gnocchi.30d765b9-b112-4e3b-9426-1e007e56b219/1763640000.0_mean_300.0_v3" 201 - "PUT http://[::1]:8080/2/227090/AUTH_9cc260e0c9e84206955019da66ffcbec/gnocchi.30d765b9-b112-4e3b-9426-1e007e56b219/1763640000.0_mean_300.0_v3" "txa9895c3b256a4e359de22-00692355aa" "object-server 96609" 0.0005 "-" 96308 0
Nov 23 13:42:50 np0005532741.novalocal container-server[96309]: ::1 - - [23/Nov/2025:18:42:50 +0000] "PUT /3/260953/AUTH_9cc260e0c9e84206955019da66ffcbec/gnocchi.30d765b9-b112-4e3b-9426-1e007e56b219/1763640000.0_mean_300.0_v3" 201 - "PUT http://[::1]:8080/1/227090/AUTH_9cc260e0c9e84206955019da66ffcbec/gnocchi.30d765b9-b112-4e3b-9426-1e007e56b219/1763640000.0_mean_300.0_v3" "txa9895c3b256a4e359de22-00692355aa" "object-server 96609" 0.0008 "-" 96309 0
Nov 23 13:42:50 np0005532741.novalocal object-server[96609]: ::1 - - [23/Nov/2025:18:42:50 +0000] "PUT /2/227090/AUTH_9cc260e0c9e84206955019da66ffcbec/gnocchi.30d765b9-b112-4e3b-9426-1e007e56b219/1763640000.0_mean_300.0_v3" 201 - "PUT http://[::1]:8080/v1/AUTH_9cc260e0c9e84206955019da66ffcbec/gnocchi.30d765b9-b112-4e3b-9426-1e007e56b219/1763640000.0_mean_300.0_v3" "txa9895c3b256a4e359de22-00692355aa" "proxy-server 92676" 0.0145 "-" 96609 0
Nov 23 13:42:50 np0005532741.novalocal object-server[96609]: ::1 - - [23/Nov/2025:18:42:50 +0000] "PUT /1/227090/AUTH_9cc260e0c9e84206955019da66ffcbec/gnocchi.30d765b9-b112-4e3b-9426-1e007e56b219/1763640000.0_mean_300.0_v3" 201 - "PUT http://[::1]:8080/v1/AUTH_9cc260e0c9e84206955019da66ffcbec/gnocchi.30d765b9-b112-4e3b-9426-1e007e56b219/1763640000.0_mean_300.0_v3" "txa9895c3b256a4e359de22-00692355aa" "proxy-server 92676" 0.0172 "-" 96609 0
Nov 23 13:42:50 np0005532741.novalocal object-server[96605]: ::1 - - [23/Nov/2025:18:42:50 +0000] "PUT /3/227090/AUTH_9cc260e0c9e84206955019da66ffcbec/gnocchi.30d765b9-b112-4e3b-9426-1e007e56b219/1763640000.0_mean_300.0_v3" 201 - "PUT http://[::1]:8080/v1/AUTH_9cc260e0c9e84206955019da66ffcbec/gnocchi.30d765b9-b112-4e3b-9426-1e007e56b219/1763640000.0_mean_300.0_v3" "txa9895c3b256a4e359de22-00692355aa" "proxy-server 92676" 0.0149 "-" 96605 0
Nov 23 13:42:50 np0005532741.novalocal proxy-server[92676]: ::1 ::1 23/Nov/2025/18/42/50 PUT /v1/AUTH_9cc260e0c9e84206955019da66ffcbec/gnocchi.30d765b9-b112-4e3b-9426-1e007e56b219/1763640000.0_mean_300.0_v3 HTTP/1.0 201 - python-swiftclient-4.2.0 gAAAAABpI1V6j5L9... 16 - - txa9895c3b256a4e359de22-00692355aa - 0.0261 - - 1763923370.088505745 1763923370.114612341 0
Nov 23 13:42:50 np0005532741.novalocal container-server[96310]: ::1 - - [23/Nov/2025:18:42:50 +0000] "PUT /3/225361/AUTH_9cc260e0c9e84206955019da66ffcbec/gnocchi.d0f0f08b-f677-4540-b5cc-adbdbbcef941/none_v3" 201 - "PUT http://[::1]:8080/2/145572/AUTH_9cc260e0c9e84206955019da66ffcbec/gnocchi.d0f0f08b-f677-4540-b5cc-adbdbbcef941/none_v3" "txb8193f39e29e421682865-00692355aa" "object-server 96606" 0.0005 "-" 96310 0
Nov 23 13:42:50 np0005532741.novalocal object-server[96606]: ::1 - - [23/Nov/2025:18:42:50 +0000] "PUT /2/145572/AUTH_9cc260e0c9e84206955019da66ffcbec/gnocchi.d0f0f08b-f677-4540-b5cc-adbdbbcef941/none_v3" 201 - "PUT http://[::1]:8080/v1/AUTH_9cc260e0c9e84206955019da66ffcbec/gnocchi.d0f0f08b-f677-4540-b5cc-adbdbbcef941/none_v3" "txb8193f39e29e421682865-00692355aa" "proxy-server 92677" 0.0137 "-" 96606 0
Nov 23 13:42:50 np0005532741.novalocal container-server[96308]: ::1 - - [23/Nov/2025:18:42:50 +0000] "PUT /1/225361/AUTH_9cc260e0c9e84206955019da66ffcbec/gnocchi.d0f0f08b-f677-4540-b5cc-adbdbbcef941/none_v3" 201 - "PUT http://[::1]:8080/1/145572/AUTH_9cc260e0c9e84206955019da66ffcbec/gnocchi.d0f0f08b-f677-4540-b5cc-adbdbbcef941/none_v3" "txb8193f39e29e421682865-00692355aa" "object-server 96609" 0.0006 "-" 96308 0
Nov 23 13:42:50 np0005532741.novalocal object-server[96609]: ::1 - - [23/Nov/2025:18:42:50 +0000] "PUT /1/145572/AUTH_9cc260e0c9e84206955019da66ffcbec/gnocchi.d0f0f08b-f677-4540-b5cc-adbdbbcef941/none_v3" 201 - "PUT http://[::1]:8080/v1/AUTH_9cc260e0c9e84206955019da66ffcbec/gnocchi.d0f0f08b-f677-4540-b5cc-adbdbbcef941/none_v3" "txb8193f39e29e421682865-00692355aa" "proxy-server 92677" 0.0169 "-" 96609 0
Nov 23 13:42:50 np0005532741.novalocal container-server[96309]: ::1 - - [23/Nov/2025:18:42:50 +0000] "PUT /2/225361/AUTH_9cc260e0c9e84206955019da66ffcbec/gnocchi.d0f0f08b-f677-4540-b5cc-adbdbbcef941/none_v3" 201 - "PUT http://[::1]:8080/3/145572/AUTH_9cc260e0c9e84206955019da66ffcbec/gnocchi.d0f0f08b-f677-4540-b5cc-adbdbbcef941/none_v3" "txb8193f39e29e421682865-00692355aa" "object-server 96605" 0.0005 "-" 96309 0
Nov 23 13:42:50 np0005532741.novalocal object-server[96605]: ::1 - - [23/Nov/2025:18:42:50 +0000] "PUT /3/145572/AUTH_9cc260e0c9e84206955019da66ffcbec/gnocchi.d0f0f08b-f677-4540-b5cc-adbdbbcef941/none_v3" 201 - "PUT http://[::1]:8080/v1/AUTH_9cc260e0c9e84206955019da66ffcbec/gnocchi.d0f0f08b-f677-4540-b5cc-adbdbbcef941/none_v3" "txb8193f39e29e421682865-00692355aa" "proxy-server 92677" 0.0200 "-" 96605 0
Nov 23 13:42:50 np0005532741.novalocal proxy-server[92677]: ::1 ::1 23/Nov/2025/18/42/50 PUT /v1/AUTH_9cc260e0c9e84206955019da66ffcbec/gnocchi.d0f0f08b-f677-4540-b5cc-adbdbbcef941/none_v3 HTTP/1.0 201 - python-swiftclient-4.2.0 gAAAAABpI1V6uZq-... 69 - - txb8193f39e29e421682865-00692355aa - 0.0264 - - 1763923370.097060680 1763923370.123500824 0
Nov 23 13:42:50 np0005532741.novalocal container-server[96310]: ::1 - - [23/Nov/2025:18:42:50 +0000] "PUT /2/260953/AUTH_9cc260e0c9e84206955019da66ffcbec/gnocchi.30d765b9-b112-4e3b-9426-1e007e56b219/none_v3" 201 - "PUT http://[::1]:8080/3/172059/AUTH_9cc260e0c9e84206955019da66ffcbec/gnocchi.30d765b9-b112-4e3b-9426-1e007e56b219/none_v3" "txfbd27240a4514956b6c4e-00692355aa" "object-server 96606" 0.0005 "-" 96310 0
Nov 23 13:42:50 np0005532741.novalocal container-server[96308]: ::1 - - [23/Nov/2025:18:42:50 +0000] "PUT /1/260953/AUTH_9cc260e0c9e84206955019da66ffcbec/gnocchi.30d765b9-b112-4e3b-9426-1e007e56b219/none_v3" 201 - "PUT http://[::1]:8080/2/172059/AUTH_9cc260e0c9e84206955019da66ffcbec/gnocchi.30d765b9-b112-4e3b-9426-1e007e56b219/none_v3" "txfbd27240a4514956b6c4e-00692355aa" "object-server 96609" 0.0004 "-" 96308 0
Nov 23 13:42:50 np0005532741.novalocal container-server[96309]: ::1 - - [23/Nov/2025:18:42:50 +0000] "PUT /3/260953/AUTH_9cc260e0c9e84206955019da66ffcbec/gnocchi.30d765b9-b112-4e3b-9426-1e007e56b219/none_v3" 201 - "PUT http://[::1]:8080/1/172059/AUTH_9cc260e0c9e84206955019da66ffcbec/gnocchi.30d765b9-b112-4e3b-9426-1e007e56b219/none_v3" "txfbd27240a4514956b6c4e-00692355aa" "object-server 96609" 0.0004 "-" 96309 0
Nov 23 13:42:50 np0005532741.novalocal object-server[96606]: ::1 - - [23/Nov/2025:18:42:50 +0000] "PUT /3/172059/AUTH_9cc260e0c9e84206955019da66ffcbec/gnocchi.30d765b9-b112-4e3b-9426-1e007e56b219/none_v3" 201 - "PUT http://[::1]:8080/v1/AUTH_9cc260e0c9e84206955019da66ffcbec/gnocchi.30d765b9-b112-4e3b-9426-1e007e56b219/none_v3" "txfbd27240a4514956b6c4e-00692355aa" "proxy-server 92676" 0.0088 "-" 96606 0
Nov 23 13:42:50 np0005532741.novalocal object-server[96609]: ::1 - - [23/Nov/2025:18:42:50 +0000] "PUT /2/172059/AUTH_9cc260e0c9e84206955019da66ffcbec/gnocchi.30d765b9-b112-4e3b-9426-1e007e56b219/none_v3" 201 - "PUT http://[::1]:8080/v1/AUTH_9cc260e0c9e84206955019da66ffcbec/gnocchi.30d765b9-b112-4e3b-9426-1e007e56b219/none_v3" "txfbd27240a4514956b6c4e-00692355aa" "proxy-server 92676" 0.0092 "-" 96609 0
Nov 23 13:42:50 np0005532741.novalocal object-server[96609]: ::1 - - [23/Nov/2025:18:42:50 +0000] "PUT /1/172059/AUTH_9cc260e0c9e84206955019da66ffcbec/gnocchi.30d765b9-b112-4e3b-9426-1e007e56b219/none_v3" 201 - "PUT http://[::1]:8080/v1/AUTH_9cc260e0c9e84206955019da66ffcbec/gnocchi.30d765b9-b112-4e3b-9426-1e007e56b219/none_v3" "txfbd27240a4514956b6c4e-00692355aa" "proxy-server 92676" 0.0086 "-" 96609 0
Nov 23 13:42:50 np0005532741.novalocal proxy-server[92676]: ::1 ::1 23/Nov/2025/18/42/50 PUT /v1/AUTH_9cc260e0c9e84206955019da66ffcbec/gnocchi.30d765b9-b112-4e3b-9426-1e007e56b219/none_v3 HTTP/1.0 201 - python-swiftclient-4.2.0 gAAAAABpI1V6j5L9... 62 - - txfbd27240a4514956b6c4e-00692355aa - 0.0155 - - 1763923370.119226456 1763923370.134691954 0
Nov 23 13:42:50 np0005532741.novalocal object-server[96606]: ::1 - - [23/Nov/2025:18:42:50 +0000] "GET /3/20595/AUTH_9cc260e0c9e84206955019da66ffcbec/gnocchi.b51e64de-db91-4691-8739-8133dfdc71ab/none_v3" 200 59 "GET http://[::1]:8080/v1/AUTH_9cc260e0c9e84206955019da66ffcbec/gnocchi.b51e64de-db91-4691-8739-8133dfdc71ab/none_v3" "txaa39b5e2ee0a499cbd54c-00692355aa" "proxy-server 92677" 0.0009 "-" 96606 0
Nov 23 13:42:50 np0005532741.novalocal proxy-server[92677]: ::1 ::1 23/Nov/2025/18/42/50 GET /v1/AUTH_9cc260e0c9e84206955019da66ffcbec/gnocchi.b51e64de-db91-4691-8739-8133dfdc71ab/none_v3 HTTP/1.0 200 - python-swiftclient-4.2.0 gAAAAABpI1V6uZq-... - 59 - txaa39b5e2ee0a499cbd54c-00692355aa - 0.0102 - - 1763923370.131283998 1763923370.141524076 0
Nov 23 13:42:50 np0005532741.novalocal object-server[96606]: ::1 - - [23/Nov/2025:18:42:50 +0000] "GET /2/55430/AUTH_9cc260e0c9e84206955019da66ffcbec/gnocchi.348a8c5d-de9b-4e34-a439-69cf8eca4aef/none_v3" 200 59 "GET http://[::1]:8080/v1/AUTH_9cc260e0c9e84206955019da66ffcbec/gnocchi.348a8c5d-de9b-4e34-a439-69cf8eca4aef/none_v3" "tx0f6e0eb17f9d41c280a5d-00692355aa" "proxy-server 92676" 0.0006 "-" 96606 0
Nov 23 13:42:50 np0005532741.novalocal proxy-server[92676]: ::1 ::1 23/Nov/2025/18/42/50 GET /v1/AUTH_9cc260e0c9e84206955019da66ffcbec/gnocchi.348a8c5d-de9b-4e34-a439-69cf8eca4aef/none_v3 HTTP/1.0 200 - python-swiftclient-4.2.0 gAAAAABpI1V6j5L9... - 59 - tx0f6e0eb17f9d41c280a5d-00692355aa - 0.0061 - - 1763923370.144416094 1763923370.150565863 0
Nov 23 13:42:50 np0005532741.novalocal container-server[96310]: ::1 - - [23/Nov/2025:18:42:50 +0000] "GET /1/183486/AUTH_9cc260e0c9e84206955019da66ffcbec/gnocchi.b51e64de-db91-4691-8739-8133dfdc71ab" 200 357 "GET http://[::1]:8080/v1/AUTH_9cc260e0c9e84206955019da66ffcbec/gnocchi.b51e64de-db91-4691-8739-8133dfdc71ab?format=json&states=listing" "tx7975a876b93b4eb9a35a6-00692355aa" "proxy-server 92677" 0.0118 "-" 96310 0
Nov 23 13:42:50 np0005532741.novalocal container-server[96310]: ::1 - - [23/Nov/2025:18:42:50 +0000] "GET /2/64546/AUTH_9cc260e0c9e84206955019da66ffcbec/gnocchi.348a8c5d-de9b-4e34-a439-69cf8eca4aef" 200 357 "GET http://[::1]:8080/v1/AUTH_9cc260e0c9e84206955019da66ffcbec/gnocchi.348a8c5d-de9b-4e34-a439-69cf8eca4aef?format=json&states=listing" "txf09ca34fea5e4d739c259-00692355aa" "proxy-server 92676" 0.0078 "-" 96310 0
Nov 23 13:42:50 np0005532741.novalocal proxy-server[92677]: ::1 ::1 23/Nov/2025/18/42/50 GET /v1/AUTH_9cc260e0c9e84206955019da66ffcbec/gnocchi.b51e64de-db91-4691-8739-8133dfdc71ab%3Fformat%3Djson%26states%3Dlisting HTTP/1.0 200 - python-swiftclient-4.2.0 gAAAAABpI1V6uZq-... - 357 - tx7975a876b93b4eb9a35a6-00692355aa - 0.0201 - - 1763923370.143838167 1763923370.163892984 0
Nov 23 13:42:50 np0005532741.novalocal proxy-server[92676]: ::1 ::1 23/Nov/2025/18/42/50 GET /v1/AUTH_9cc260e0c9e84206955019da66ffcbec/gnocchi.348a8c5d-de9b-4e34-a439-69cf8eca4aef%3Fformat%3Djson%26states%3Dlisting HTTP/1.0 200 - python-swiftclient-4.2.0 gAAAAABpI1V6j5L9... - 357 - txf09ca34fea5e4d739c259-00692355aa - 0.0127 - - 1763923370.152731657 1763923370.165472746 0
Nov 23 13:42:50 np0005532741.novalocal container-server[96310]: ::1 - - [23/Nov/2025:18:42:50 +0000] "GET /1/64546/AUTH_9cc260e0c9e84206955019da66ffcbec/gnocchi.348a8c5d-de9b-4e34-a439-69cf8eca4aef" 200 2 "GET http://[::1]:8080/v1/AUTH_9cc260e0c9e84206955019da66ffcbec/gnocchi.348a8c5d-de9b-4e34-a439-69cf8eca4aef?format=json&marker=none_v3&states=listing" "txf52483e44dbb46bfa29d4-00692355aa" "proxy-server 92676" 0.0054 "-" 96310 0
Nov 23 13:42:50 np0005532741.novalocal container-server[96309]: ::1 - - [23/Nov/2025:18:42:50 +0000] "GET /2/183486/AUTH_9cc260e0c9e84206955019da66ffcbec/gnocchi.b51e64de-db91-4691-8739-8133dfdc71ab" 200 2 "GET http://[::1]:8080/v1/AUTH_9cc260e0c9e84206955019da66ffcbec/gnocchi.b51e64de-db91-4691-8739-8133dfdc71ab?format=json&marker=none_v3&states=listing" "txa4cfe188d2dc42b2897fc-00692355aa" "proxy-server 92677" 0.0064 "-" 96309 0
Nov 23 13:42:50 np0005532741.novalocal proxy-server[92676]: ::1 ::1 23/Nov/2025/18/42/50 GET /v1/AUTH_9cc260e0c9e84206955019da66ffcbec/gnocchi.348a8c5d-de9b-4e34-a439-69cf8eca4aef%3Fformat%3Djson%26marker%3Dnone_v3%26states%3Dlisting HTTP/1.0 200 - python-swiftclient-4.2.0 gAAAAABpI1V6j5L9... - 2 - txf52483e44dbb46bfa29d4-00692355aa - 0.0104 - - 1763923370.167533159 1763923370.177886724 0
Nov 23 13:42:50 np0005532741.novalocal proxy-server[92677]: ::1 ::1 23/Nov/2025/18/42/50 GET /v1/AUTH_9cc260e0c9e84206955019da66ffcbec/gnocchi.b51e64de-db91-4691-8739-8133dfdc71ab%3Fformat%3Djson%26marker%3Dnone_v3%26states%3Dlisting HTTP/1.0 200 - python-swiftclient-4.2.0 gAAAAABpI1V6uZq-... - 2 - txa4cfe188d2dc42b2897fc-00692355aa - 0.0123 - - 1763923370.165863276 1763923370.178169489 0
Nov 23 13:42:50 np0005532741.novalocal object-server[96609]: ::1 - - [23/Nov/2025:18:42:50 +0000] "GET /1/612/AUTH_9cc260e0c9e84206955019da66ffcbec/gnocchi.b51e64de-db91-4691-8739-8133dfdc71ab/1763640000.0_mean_300.0_v3" 200 16 "GET http://[::1]:8080/v1/AUTH_9cc260e0c9e84206955019da66ffcbec/gnocchi.b51e64de-db91-4691-8739-8133dfdc71ab/1763640000.0_mean_300.0_v3" "tx0e69a04a87dc4c1db47d5-00692355aa" "proxy-server 92677" 0.0007 "-" 96609 0
Nov 23 13:42:50 np0005532741.novalocal object-server[96607]: ::1 - - [23/Nov/2025:18:42:50 +0000] "GET /1/242988/AUTH_9cc260e0c9e84206955019da66ffcbec/gnocchi.348a8c5d-de9b-4e34-a439-69cf8eca4aef/1763640000.0_mean_300.0_v3" 200 16 "GET http://[::1]:8080/v1/AUTH_9cc260e0c9e84206955019da66ffcbec/gnocchi.348a8c5d-de9b-4e34-a439-69cf8eca4aef/1763640000.0_mean_300.0_v3" "txd91145ae43374f66914a8-00692355aa" "proxy-server 92676" 0.0006 "-" 96607 0
Nov 23 13:42:50 np0005532741.novalocal proxy-server[92676]: ::1 ::1 23/Nov/2025/18/42/50 GET /v1/AUTH_9cc260e0c9e84206955019da66ffcbec/gnocchi.348a8c5d-de9b-4e34-a439-69cf8eca4aef/1763640000.0_mean_300.0_v3 HTTP/1.0 200 - python-swiftclient-4.2.0 gAAAAABpI1V6j5L9... - 16 - txd91145ae43374f66914a8-00692355aa - 0.0076 - - 1763923370.180191040 1763923370.187773466 0
Nov 23 13:42:50 np0005532741.novalocal proxy-server[92677]: ::1 ::1 23/Nov/2025/18/42/50 GET /v1/AUTH_9cc260e0c9e84206955019da66ffcbec/gnocchi.b51e64de-db91-4691-8739-8133dfdc71ab/1763640000.0_mean_300.0_v3 HTTP/1.0 200 - python-swiftclient-4.2.0 gAAAAABpI1V6uZq-... - 16 - tx0e69a04a87dc4c1db47d5-00692355aa - 0.0067 - - 1763923370.181056976 1763923370.187785387 0
Nov 23 13:42:50 np0005532741.novalocal container-server[96308]: ::1 - - [23/Nov/2025:18:42:50 +0000] "PUT /1/64546/AUTH_9cc260e0c9e84206955019da66ffcbec/gnocchi.348a8c5d-de9b-4e34-a439-69cf8eca4aef/1763640000.0_mean_300.0_v3" 201 - "PUT http://[::1]:8080/3/242988/AUTH_9cc260e0c9e84206955019da66ffcbec/gnocchi.348a8c5d-de9b-4e34-a439-69cf8eca4aef/1763640000.0_mean_300.0_v3" "txa716e4c399ab4264a63f2-00692355aa" "object-server 96607" 0.0005 "-" 96308 0
Nov 23 13:42:50 np0005532741.novalocal container-server[96310]: ::1 - - [23/Nov/2025:18:42:50 +0000] "PUT /2/64546/AUTH_9cc260e0c9e84206955019da66ffcbec/gnocchi.348a8c5d-de9b-4e34-a439-69cf8eca4aef/1763640000.0_mean_300.0_v3" 201 - "PUT http://[::1]:8080/2/242988/AUTH_9cc260e0c9e84206955019da66ffcbec/gnocchi.348a8c5d-de9b-4e34-a439-69cf8eca4aef/1763640000.0_mean_300.0_v3" "txa716e4c399ab4264a63f2-00692355aa" "object-server 96606" 0.0004 "-" 96310 0
Nov 23 13:42:50 np0005532741.novalocal object-server[96607]: ::1 - - [23/Nov/2025:18:42:50 +0000] "PUT /3/242988/AUTH_9cc260e0c9e84206955019da66ffcbec/gnocchi.348a8c5d-de9b-4e34-a439-69cf8eca4aef/1763640000.0_mean_300.0_v3" 201 - "PUT http://[::1]:8080/v1/AUTH_9cc260e0c9e84206955019da66ffcbec/gnocchi.348a8c5d-de9b-4e34-a439-69cf8eca4aef/1763640000.0_mean_300.0_v3" "txa716e4c399ab4264a63f2-00692355aa" "proxy-server 92676" 0.0094 "-" 96607 0
