Nov 23 13:42:39 np0005532741.novalocal container-server[96308]: ::1 - - [23/Nov/2025:18:42:39 +0000] "GET /3/221856/AUTH_9cc260e0c9e84206955019da66ffcbec/gnocchi.f1ce318f-ce64-4781-a2e0-a2d5aec26df9" 200 357 "GET http://[::1]:8080/v1/AUTH_9cc260e0c9e84206955019da66ffcbec/gnocchi.f1ce318f-ce64-4781-a2e0-a2d5aec26df9?format=json&states=listing" "tx672345bc9dca499ca4b4c-006923559f" "proxy-server 92676" 0.0101 "-" 96308 0
Nov 23 13:42:39 np0005532741.novalocal proxy-server[92676]: ::1 ::1 23/Nov/2025/18/42/39 GET /v1/AUTH_9cc260e0c9e84206955019da66ffcbec/gnocchi.f1ce318f-ce64-4781-a2e0-a2d5aec26df9%3Fformat%3Djson%26states%3Dlisting HTTP/1.0 200 - python-swiftclient-4.2.0 gAAAAABpI1V6j5L9... - 357 - tx672345bc9dca499ca4b4c-006923559f - 0.0173 - - 1763923359.384486675 1763923359.401816368 0
Nov 23 13:42:39 np0005532741.novalocal container-server[96310]: ::1 - - [23/Nov/2025:18:42:39 +0000] "GET /2/221856/AUTH_9cc260e0c9e84206955019da66ffcbec/gnocchi.f1ce318f-ce64-4781-a2e0-a2d5aec26df9" 200 2 "GET http://[::1]:8080/v1/AUTH_9cc260e0c9e84206955019da66ffcbec/gnocchi.f1ce318f-ce64-4781-a2e0-a2d5aec26df9?format=json&marker=none_v3&states=listing" "tx0cbea66f70e5448182623-006923559f" "proxy-server 92676" 0.0052 "-" 96310 0
Nov 23 13:42:39 np0005532741.novalocal proxy-server[92676]: ::1 ::1 23/Nov/2025/18/42/39 GET /v1/AUTH_9cc260e0c9e84206955019da66ffcbec/gnocchi.f1ce318f-ce64-4781-a2e0-a2d5aec26df9%3Fformat%3Djson%26marker%3Dnone_v3%26states%3Dlisting HTTP/1.0 200 - python-swiftclient-4.2.0 gAAAAABpI1V6j5L9... - 2 - tx0cbea66f70e5448182623-006923559f - 0.0121 - - 1763923359.403913498 1763923359.416047812 0
Nov 23 13:42:39 np0005532741.novalocal object-server[96605]: ::1 - - [23/Nov/2025:18:42:39 +0000] "GET /1/56123/AUTH_9cc260e0c9e84206955019da66ffcbec/gnocchi.f1ce318f-ce64-4781-a2e0-a2d5aec26df9/1763640000.0_mean_300.0_v3" 200 16 "GET http://[::1]:8080/v1/AUTH_9cc260e0c9e84206955019da66ffcbec/gnocchi.f1ce318f-ce64-4781-a2e0-a2d5aec26df9/1763640000.0_mean_300.0_v3" "tx98643dc3827b4557b0875-006923559f" "proxy-server 92676" 0.0006 "-" 96605 0
Nov 23 13:42:39 np0005532741.novalocal proxy-server[92676]: ::1 ::1 23/Nov/2025/18/42/39 GET /v1/AUTH_9cc260e0c9e84206955019da66ffcbec/gnocchi.f1ce318f-ce64-4781-a2e0-a2d5aec26df9/1763640000.0_mean_300.0_v3 HTTP/1.0 200 - python-swiftclient-4.2.0 gAAAAABpI1V6j5L9... - 16 - tx98643dc3827b4557b0875-006923559f - 0.0065 - - 1763923359.419071913 1763923359.425585747 0
Nov 23 13:42:39 np0005532741.novalocal container-server[96309]: ::1 - - [23/Nov/2025:18:42:39 +0000] "PUT /1/221856/AUTH_9cc260e0c9e84206955019da66ffcbec/gnocchi.f1ce318f-ce64-4781-a2e0-a2d5aec26df9/1763640000.0_mean_300.0_v3" 201 - "PUT http://[::1]:8080/3/56123/AUTH_9cc260e0c9e84206955019da66ffcbec/gnocchi.f1ce318f-ce64-4781-a2e0-a2d5aec26df9/1763640000.0_mean_300.0_v3" "txaa78b7e0d7a44963a20ef-006923559f" "object-server 96609" 0.0005 "-" 96309 0
Nov 23 13:42:39 np0005532741.novalocal container-server[96309]: ::1 - - [23/Nov/2025:18:42:39 +0000] "PUT /3/221856/AUTH_9cc260e0c9e84206955019da66ffcbec/gnocchi.f1ce318f-ce64-4781-a2e0-a2d5aec26df9/1763640000.0_mean_300.0_v3" 201 - "PUT http://[::1]:8080/2/56123/AUTH_9cc260e0c9e84206955019da66ffcbec/gnocchi.f1ce318f-ce64-4781-a2e0-a2d5aec26df9/1763640000.0_mean_300.0_v3" "txaa78b7e0d7a44963a20ef-006923559f" "object-server 96605" 0.0003 "-" 96309 0
Nov 23 13:42:39 np0005532741.novalocal object-server[96605]: ::1 - - [23/Nov/2025:18:42:39 +0000] "PUT /2/56123/AUTH_9cc260e0c9e84206955019da66ffcbec/gnocchi.f1ce318f-ce64-4781-a2e0-a2d5aec26df9/1763640000.0_mean_300.0_v3" 201 - "PUT http://[::1]:8080/v1/AUTH_9cc260e0c9e84206955019da66ffcbec/gnocchi.f1ce318f-ce64-4781-a2e0-a2d5aec26df9/1763640000.0_mean_300.0_v3" "txaa78b7e0d7a44963a20ef-006923559f" "proxy-server 92676" 0.0107 "-" 96605 0
Nov 23 13:42:39 np0005532741.novalocal object-server[96609]: ::1 - - [23/Nov/2025:18:42:39 +0000] "PUT /3/56123/AUTH_9cc260e0c9e84206955019da66ffcbec/gnocchi.f1ce318f-ce64-4781-a2e0-a2d5aec26df9/1763640000.0_mean_300.0_v3" 201 - "PUT http://[::1]:8080/v1/AUTH_9cc260e0c9e84206955019da66ffcbec/gnocchi.f1ce318f-ce64-4781-a2e0-a2d5aec26df9/1763640000.0_mean_300.0_v3" "txaa78b7e0d7a44963a20ef-006923559f" "proxy-server 92676" 0.0095 "-" 96609 0
Nov 23 13:42:39 np0005532741.novalocal container-server[96309]: ::1 - - [23/Nov/2025:18:42:39 +0000] "PUT /2/221856/AUTH_9cc260e0c9e84206955019da66ffcbec/gnocchi.f1ce318f-ce64-4781-a2e0-a2d5aec26df9/1763640000.0_mean_300.0_v3" 201 - "PUT http://[::1]:8080/1/56123/AUTH_9cc260e0c9e84206955019da66ffcbec/gnocchi.f1ce318f-ce64-4781-a2e0-a2d5aec26df9/1763640000.0_mean_300.0_v3" "txaa78b7e0d7a44963a20ef-006923559f" "object-server 96609" 0.0003 "-" 96309 0
Nov 23 13:42:39 np0005532741.novalocal object-server[96609]: ::1 - - [23/Nov/2025:18:42:39 +0000] "PUT /1/56123/AUTH_9cc260e0c9e84206955019da66ffcbec/gnocchi.f1ce318f-ce64-4781-a2e0-a2d5aec26df9/1763640000.0_mean_300.0_v3" 201 - "PUT http://[::1]:8080/v1/AUTH_9cc260e0c9e84206955019da66ffcbec/gnocchi.f1ce318f-ce64-4781-a2e0-a2d5aec26df9/1763640000.0_mean_300.0_v3" "txaa78b7e0d7a44963a20ef-006923559f" "proxy-server 92676" 0.0140 "-" 96609 0
Nov 23 13:42:39 np0005532741.novalocal proxy-server[92676]: ::1 ::1 23/Nov/2025/18/42/39 PUT /v1/AUTH_9cc260e0c9e84206955019da66ffcbec/gnocchi.f1ce318f-ce64-4781-a2e0-a2d5aec26df9/1763640000.0_mean_300.0_v3 HTTP/1.0 201 - python-swiftclient-4.2.0 gAAAAABpI1V6j5L9... 16 - - txaa78b7e0d7a44963a20ef-006923559f - 0.0215 - - 1763923359.428517580 1763923359.449994087 0
Nov 23 13:42:39 np0005532741.novalocal container-server[96308]: ::1 - - [23/Nov/2025:18:42:39 +0000] "PUT /3/221856/AUTH_9cc260e0c9e84206955019da66ffcbec/gnocchi.f1ce318f-ce64-4781-a2e0-a2d5aec26df9/none_v3" 201 - "PUT http://[::1]:8080/1/158140/AUTH_9cc260e0c9e84206955019da66ffcbec/gnocchi.f1ce318f-ce64-4781-a2e0-a2d5aec26df9/none_v3" "tx0b0ce377c093490db60f9-006923559f" "object-server 96607" 0.0009 "-" 96308 0
Nov 23 13:42:39 np0005532741.novalocal object-server[96607]: ::1 - - [23/Nov/2025:18:42:39 +0000] "PUT /1/158140/AUTH_9cc260e0c9e84206955019da66ffcbec/gnocchi.f1ce318f-ce64-4781-a2e0-a2d5aec26df9/none_v3" 201 - "PUT http://[::1]:8080/v1/AUTH_9cc260e0c9e84206955019da66ffcbec/gnocchi.f1ce318f-ce64-4781-a2e0-a2d5aec26df9/none_v3" "tx0b0ce377c093490db60f9-006923559f" "proxy-server 92676" 0.0110 "-" 96607 0
Nov 23 13:42:39 np0005532741.novalocal container-server[96308]: ::1 - - [23/Nov/2025:18:42:39 +0000] "PUT /2/221856/AUTH_9cc260e0c9e84206955019da66ffcbec/gnocchi.f1ce318f-ce64-4781-a2e0-a2d5aec26df9/none_v3" 201 - "PUT http://[::1]:8080/2/158140/AUTH_9cc260e0c9e84206955019da66ffcbec/gnocchi.f1ce318f-ce64-4781-a2e0-a2d5aec26df9/none_v3" "tx0b0ce377c093490db60f9-006923559f" "object-server 96606" 0.0008 "-" 96308 0
Nov 23 13:42:39 np0005532741.novalocal object-server[96606]: ::1 - - [23/Nov/2025:18:42:39 +0000] "PUT /2/158140/AUTH_9cc260e0c9e84206955019da66ffcbec/gnocchi.f1ce318f-ce64-4781-a2e0-a2d5aec26df9/none_v3" 201 - "PUT http://[::1]:8080/v1/AUTH_9cc260e0c9e84206955019da66ffcbec/gnocchi.f1ce318f-ce64-4781-a2e0-a2d5aec26df9/none_v3" "tx0b0ce377c093490db60f9-006923559f" "proxy-server 92676" 0.0128 "-" 96606 0
Nov 23 13:42:39 np0005532741.novalocal container-server[96308]: ::1 - - [23/Nov/2025:18:42:39 +0000] "PUT /1/221856/AUTH_9cc260e0c9e84206955019da66ffcbec/gnocchi.f1ce318f-ce64-4781-a2e0-a2d5aec26df9/none_v3" 201 - "PUT http://[::1]:8080/3/158140/AUTH_9cc260e0c9e84206955019da66ffcbec/gnocchi.f1ce318f-ce64-4781-a2e0-a2d5aec26df9/none_v3" "tx0b0ce377c093490db60f9-006923559f" "object-server 96605" 0.0006 "-" 96308 0
Nov 23 13:42:39 np0005532741.novalocal object-server[96605]: ::1 - - [23/Nov/2025:18:42:39 +0000] "PUT /3/158140/AUTH_9cc260e0c9e84206955019da66ffcbec/gnocchi.f1ce318f-ce64-4781-a2e0-a2d5aec26df9/none_v3" 201 - "PUT http://[::1]:8080/v1/AUTH_9cc260e0c9e84206955019da66ffcbec/gnocchi.f1ce318f-ce64-4781-a2e0-a2d5aec26df9/none_v3" "tx0b0ce377c093490db60f9-006923559f" "proxy-server 92676" 0.0126 "-" 96605 0
Nov 23 13:42:39 np0005532741.novalocal proxy-server[92676]: ::1 ::1 23/Nov/2025/18/42/39 PUT /v1/AUTH_9cc260e0c9e84206955019da66ffcbec/gnocchi.f1ce318f-ce64-4781-a2e0-a2d5aec26df9/none_v3 HTTP/1.0 201 - python-swiftclient-4.2.0 gAAAAABpI1V6j5L9... 76 - - tx0b0ce377c093490db60f9-006923559f - 0.0235 - - 1763923359.452964306 1763923359.476431608 0
Nov 23 13:42:39 np0005532741.novalocal container-server[96309]: ::1 - - [23/Nov/2025:18:42:39 +0000] "HEAD /2/259177/AUTH_9cc260e0c9e84206955019da66ffcbec/gnocchi.84cb4cbe-d3e3-4cd8-b7fe-b9e6a621a92b" 404 - "HEAD http://[::1]:8080/v1/AUTH_9cc260e0c9e84206955019da66ffcbec/gnocchi.84cb4cbe-d3e3-4cd8-b7fe-b9e6a621a92b?format=json&states=listing" "txfe40747660ad41fb8eb2f-006923559f" "proxy-server 92677" 0.0003 "-" 96309 0
Nov 23 13:42:39 np0005532741.novalocal container-server[96311]: ::1 - - [23/Nov/2025:18:42:39 +0000] "HEAD /1/259177/AUTH_9cc260e0c9e84206955019da66ffcbec/gnocchi.84cb4cbe-d3e3-4cd8-b7fe-b9e6a621a92b" 404 - "HEAD http://[::1]:8080/v1/AUTH_9cc260e0c9e84206955019da66ffcbec/gnocchi.84cb4cbe-d3e3-4cd8-b7fe-b9e6a621a92b?format=json&states=listing" "txfe40747660ad41fb8eb2f-006923559f" "proxy-server 92677" 0.0006 "-" 96311 0
Nov 23 13:42:39 np0005532741.novalocal container-server[96309]: ::1 - - [23/Nov/2025:18:42:39 +0000] "HEAD /3/259177/AUTH_9cc260e0c9e84206955019da66ffcbec/gnocchi.84cb4cbe-d3e3-4cd8-b7fe-b9e6a621a92b" 404 - "HEAD http://[::1]:8080/v1/AUTH_9cc260e0c9e84206955019da66ffcbec/gnocchi.84cb4cbe-d3e3-4cd8-b7fe-b9e6a621a92b?format=json&states=listing" "txfe40747660ad41fb8eb2f-006923559f" "proxy-server 92677" 0.0004 "-" 96309 0
Nov 23 13:42:39 np0005532741.novalocal object-server[96605]: ::1 - - [23/Nov/2025:18:42:39 +0000] "GET /1/227109/AUTH_9cc260e0c9e84206955019da66ffcbec/gnocchi.84cb4cbe-d3e3-4cd8-b7fe-b9e6a621a92b/none_v3" 404 70 "GET http://[::1]:8080/v1/AUTH_9cc260e0c9e84206955019da66ffcbec/gnocchi.84cb4cbe-d3e3-4cd8-b7fe-b9e6a621a92b/none_v3" "txfe40747660ad41fb8eb2f-006923559f" "proxy-server 92677" 0.0003 "-" 96605 0
Nov 23 13:42:39 np0005532741.novalocal object-server[96605]: ::1 - - [23/Nov/2025:18:42:39 +0000] "GET /2/227109/AUTH_9cc260e0c9e84206955019da66ffcbec/gnocchi.84cb4cbe-d3e3-4cd8-b7fe-b9e6a621a92b/none_v3" 404 70 "GET http://[::1]:8080/v1/AUTH_9cc260e0c9e84206955019da66ffcbec/gnocchi.84cb4cbe-d3e3-4cd8-b7fe-b9e6a621a92b/none_v3" "txfe40747660ad41fb8eb2f-006923559f" "proxy-server 92677" 0.0003 "-" 96605 0
Nov 23 13:42:39 np0005532741.novalocal object-server[96606]: ::1 - - [23/Nov/2025:18:42:39 +0000] "GET /3/227109/AUTH_9cc260e0c9e84206955019da66ffcbec/gnocchi.84cb4cbe-d3e3-4cd8-b7fe-b9e6a621a92b/none_v3" 404 70 "GET http://[::1]:8080/v1/AUTH_9cc260e0c9e84206955019da66ffcbec/gnocchi.84cb4cbe-d3e3-4cd8-b7fe-b9e6a621a92b/none_v3" "txfe40747660ad41fb8eb2f-006923559f" "proxy-server 92677" 0.0003 "-" 96606 0
Nov 23 13:42:39 np0005532741.novalocal proxy-server[92677]: ::1 ::1 23/Nov/2025/18/42/39 GET /v1/AUTH_9cc260e0c9e84206955019da66ffcbec/gnocchi.84cb4cbe-d3e3-4cd8-b7fe-b9e6a621a92b/none_v3 HTTP/1.0 404 - python-swiftclient-4.2.0 gAAAAABpI1V6uZq-... - 70 - txfe40747660ad41fb8eb2f-006923559f - 0.0291 - - 1763923359.543568850 1763923359.572688580 0
Nov 23 13:42:39 np0005532741.novalocal account-server[96018]: ::1 - - [23/Nov/2025:18:42:39 +0000] "PUT /3/21056/AUTH_9cc260e0c9e84206955019da66ffcbec/gnocchi.84cb4cbe-d3e3-4cd8-b7fe-b9e6a621a92b" 201 - "PUT http://[::1]:6001/2/259177/AUTH_9cc260e0c9e84206955019da66ffcbec/gnocchi.84cb4cbe-d3e3-4cd8-b7fe-b9e6a621a92b" "tx8750a274397145f6ab392-006923559f" "container-server 96310" 0.0040 "-" 96018 0
Nov 23 13:42:39 np0005532741.novalocal account-server[96018]: ::1 - - [23/Nov/2025:18:42:39 +0000] "PUT /2/21056/AUTH_9cc260e0c9e84206955019da66ffcbec/gnocchi.84cb4cbe-d3e3-4cd8-b7fe-b9e6a621a92b" 201 - "PUT http://[::1]:6001/1/259177/AUTH_9cc260e0c9e84206955019da66ffcbec/gnocchi.84cb4cbe-d3e3-4cd8-b7fe-b9e6a621a92b" "tx8750a274397145f6ab392-006923559f" "container-server 96308" 0.0013 "-" 96018 0
Nov 23 13:42:39 np0005532741.novalocal container-server[96308]: ::1 - - [23/Nov/2025:18:42:39 +0000] "PUT /1/259177/AUTH_9cc260e0c9e84206955019da66ffcbec/gnocchi.84cb4cbe-d3e3-4cd8-b7fe-b9e6a621a92b" 201 - "PUT http://[::1]:8080/v1/AUTH_9cc260e0c9e84206955019da66ffcbec/gnocchi.84cb4cbe-d3e3-4cd8-b7fe-b9e6a621a92b" "tx8750a274397145f6ab392-006923559f" "proxy-server 92677" 0.0192 "-" 96308 0
Nov 23 13:42:39 np0005532741.novalocal container-server[96310]: ::1 - - [23/Nov/2025:18:42:39 +0000] "PUT /2/259177/AUTH_9cc260e0c9e84206955019da66ffcbec/gnocchi.84cb4cbe-d3e3-4cd8-b7fe-b9e6a621a92b" 201 - "PUT http://[::1]:8080/v1/AUTH_9cc260e0c9e84206955019da66ffcbec/gnocchi.84cb4cbe-d3e3-4cd8-b7fe-b9e6a621a92b" "tx8750a274397145f6ab392-006923559f" "proxy-server 92677" 0.0219 "-" 96310 0
Nov 23 13:42:39 np0005532741.novalocal account-server[96016]: ::1 - - [23/Nov/2025:18:42:39 +0000] "PUT /1/21056/AUTH_9cc260e0c9e84206955019da66ffcbec/gnocchi.84cb4cbe-d3e3-4cd8-b7fe-b9e6a621a92b" 201 - "PUT http://[::1]:6001/3/259177/AUTH_9cc260e0c9e84206955019da66ffcbec/gnocchi.84cb4cbe-d3e3-4cd8-b7fe-b9e6a621a92b" "tx8750a274397145f6ab392-006923559f" "container-server 96310" 0.0010 "-" 96016 0
Nov 23 13:42:39 np0005532741.novalocal container-server[96310]: ::1 - - [23/Nov/2025:18:42:39 +0000] "PUT /3/259177/AUTH_9cc260e0c9e84206955019da66ffcbec/gnocchi.84cb4cbe-d3e3-4cd8-b7fe-b9e6a621a92b" 201 - "PUT http://[::1]:8080/v1/AUTH_9cc260e0c9e84206955019da66ffcbec/gnocchi.84cb4cbe-d3e3-4cd8-b7fe-b9e6a621a92b" "tx8750a274397145f6ab392-006923559f" "proxy-server 92677" 0.0181 "-" 96310 0
Nov 23 13:42:39 np0005532741.novalocal proxy-server[92677]: ::1 ::1 23/Nov/2025/18/42/39 PUT /v1/AUTH_9cc260e0c9e84206955019da66ffcbec/gnocchi.84cb4cbe-d3e3-4cd8-b7fe-b9e6a621a92b HTTP/1.0 201 - python-swiftclient-4.2.0 gAAAAABpI1V6uZq-... - - - tx8750a274397145f6ab392-006923559f - 0.0291 - - 1763923359.574784517 1763923359.603933334 0
Nov 23 13:42:39 np0005532741.novalocal container-server[96310]: ::1 - - [23/Nov/2025:18:42:39 +0000] "HEAD /3/259177/AUTH_9cc260e0c9e84206955019da66ffcbec/gnocchi.84cb4cbe-d3e3-4cd8-b7fe-b9e6a621a92b" 204 - "HEAD http://[::1]:8080/v1/AUTH_9cc260e0c9e84206955019da66ffcbec/gnocchi.84cb4cbe-d3e3-4cd8-b7fe-b9e6a621a92b?format=json&states=listing" "txc85676e0b7ca4496ae55e-006923559f" "proxy-server 92677" 0.0015 "-" 96310 0
Nov 23 13:42:39 np0005532741.novalocal container-server[96311]: ::1 - - [23/Nov/2025:18:42:39 +0000] "GET /1/259177/AUTH_9cc260e0c9e84206955019da66ffcbec/gnocchi.84cb4cbe-d3e3-4cd8-b7fe-b9e6a621a92b" 200 2 "GET http://[::1]:8080/v1/AUTH_9cc260e0c9e84206955019da66ffcbec/gnocchi.84cb4cbe-d3e3-4cd8-b7fe-b9e6a621a92b?format=json&states=listing" "txc85676e0b7ca4496ae55e-006923559f" "proxy-server 92677" 0.0028 "-" 96311 0
Nov 23 13:42:39 np0005532741.novalocal proxy-server[92677]: ::1 ::1 23/Nov/2025/18/42/39 GET /v1/AUTH_9cc260e0c9e84206955019da66ffcbec/gnocchi.84cb4cbe-d3e3-4cd8-b7fe-b9e6a621a92b%3Fformat%3Djson%26states%3Dlisting HTTP/1.0 200 - python-swiftclient-4.2.0 gAAAAABpI1V6uZq-... - 2 - txc85676e0b7ca4496ae55e-006923559f - 0.0204 - - 1763923359.607693195 1763923359.628096104 0
Nov 23 13:42:39 np0005532741.novalocal container-server[96308]: ::1 - - [23/Nov/2025:18:42:39 +0000] "HEAD /1/38771/AUTH_9cc260e0c9e84206955019da66ffcbec/gnocchi.c38147b5-5951-45b5-b0d2-65b445d15eb3" 404 - "HEAD http://[::1]:8080/v1/AUTH_9cc260e0c9e84206955019da66ffcbec/gnocchi.c38147b5-5951-45b5-b0d2-65b445d15eb3?format=json&states=listing" "tx36a67d00d92947c18362e-006923559f" "proxy-server 92676" 0.0006 "-" 96308 0
Nov 23 13:42:39 np0005532741.novalocal container-server[96308]: ::1 - - [23/Nov/2025:18:42:39 +0000] "HEAD /3/38771/AUTH_9cc260e0c9e84206955019da66ffcbec/gnocchi.c38147b5-5951-45b5-b0d2-65b445d15eb3" 404 - "HEAD http://[::1]:8080/v1/AUTH_9cc260e0c9e84206955019da66ffcbec/gnocchi.c38147b5-5951-45b5-b0d2-65b445d15eb3?format=json&states=listing" "tx36a67d00d92947c18362e-006923559f" "proxy-server 92676" 0.0004 "-" 96308 0
Nov 23 13:42:39 np0005532741.novalocal object-server[96606]: ::1 - - [23/Nov/2025:18:42:39 +0000] "GET /1/68097/AUTH_9cc260e0c9e84206955019da66ffcbec/gnocchi.84cb4cbe-d3e3-4cd8-b7fe-b9e6a621a92b/1763640000.0_mean_300.0_v3" 404 70 "GET http://[::1]:8080/v1/AUTH_9cc260e0c9e84206955019da66ffcbec/gnocchi.84cb4cbe-d3e3-4cd8-b7fe-b9e6a621a92b/1763640000.0_mean_300.0_v3" "tx0a96bc6464604cae9ce67-006923559f" "proxy-server 92677" 0.0003 "-" 96606 0
Nov 23 13:42:39 np0005532741.novalocal container-server[96308]: ::1 - - [23/Nov/2025:18:42:39 +0000] "HEAD /2/38771/AUTH_9cc260e0c9e84206955019da66ffcbec/gnocchi.c38147b5-5951-45b5-b0d2-65b445d15eb3" 404 - "HEAD http://[::1]:8080/v1/AUTH_9cc260e0c9e84206955019da66ffcbec/gnocchi.c38147b5-5951-45b5-b0d2-65b445d15eb3?format=json&states=listing" "tx36a67d00d92947c18362e-006923559f" "proxy-server 92676" 0.0004 "-" 96308 0
Nov 23 13:42:39 np0005532741.novalocal object-server[96609]: ::1 - - [23/Nov/2025:18:42:39 +0000] "GET /3/68097/AUTH_9cc260e0c9e84206955019da66ffcbec/gnocchi.84cb4cbe-d3e3-4cd8-b7fe-b9e6a621a92b/1763640000.0_mean_300.0_v3" 404 70 "GET http://[::1]:8080/v1/AUTH_9cc260e0c9e84206955019da66ffcbec/gnocchi.84cb4cbe-d3e3-4cd8-b7fe-b9e6a621a92b/1763640000.0_mean_300.0_v3" "tx0a96bc6464604cae9ce67-006923559f" "proxy-server 92677" 0.0002 "-" 96609 0
Nov 23 13:42:39 np0005532741.novalocal object-server[96609]: ::1 - - [23/Nov/2025:18:42:39 +0000] "GET /2/68097/AUTH_9cc260e0c9e84206955019da66ffcbec/gnocchi.84cb4cbe-d3e3-4cd8-b7fe-b9e6a621a92b/1763640000.0_mean_300.0_v3" 404 70 "GET http://[::1]:8080/v1/AUTH_9cc260e0c9e84206955019da66ffcbec/gnocchi.84cb4cbe-d3e3-4cd8-b7fe-b9e6a621a92b/1763640000.0_mean_300.0_v3" "tx0a96bc6464604cae9ce67-006923559f" "proxy-server 92677" 0.0001 "-" 96609 0
Nov 23 13:42:39 np0005532741.novalocal object-server[96609]: ::1 - - [23/Nov/2025:18:42:39 +0000] "GET /2/41155/AUTH_9cc260e0c9e84206955019da66ffcbec/gnocchi.c38147b5-5951-45b5-b0d2-65b445d15eb3/none_v3" 404 70 "GET http://[::1]:8080/v1/AUTH_9cc260e0c9e84206955019da66ffcbec/gnocchi.c38147b5-5951-45b5-b0d2-65b445d15eb3/none_v3" "tx36a67d00d92947c18362e-006923559f" "proxy-server 92676" 0.0001 "-" 96609 0
Nov 23 13:42:39 np0005532741.novalocal proxy-server[92677]: ::1 ::1 23/Nov/2025/18/42/39 GET /v1/AUTH_9cc260e0c9e84206955019da66ffcbec/gnocchi.84cb4cbe-d3e3-4cd8-b7fe-b9e6a621a92b/1763640000.0_mean_300.0_v3 HTTP/1.0 404 - python-swiftclient-4.2.0 gAAAAABpI1V6uZq-... - 70 - tx0a96bc6464604cae9ce67-006923559f - 0.0151 - - 1763923359.630815029 1763923359.645882130 0
Nov 23 13:42:39 np0005532741.novalocal object-server[96609]: ::1 - - [23/Nov/2025:18:42:39 +0000] "GET /1/41155/AUTH_9cc260e0c9e84206955019da66ffcbec/gnocchi.c38147b5-5951-45b5-b0d2-65b445d15eb3/none_v3" 404 70 "GET http://[::1]:8080/v1/AUTH_9cc260e0c9e84206955019da66ffcbec/gnocchi.c38147b5-5951-45b5-b0d2-65b445d15eb3/none_v3" "tx36a67d00d92947c18362e-006923559f" "proxy-server 92676" 0.0001 "-" 96609 0
Nov 23 13:42:39 np0005532741.novalocal object-server[96606]: ::1 - - [23/Nov/2025:18:42:39 +0000] "GET /3/41155/AUTH_9cc260e0c9e84206955019da66ffcbec/gnocchi.c38147b5-5951-45b5-b0d2-65b445d15eb3/none_v3" 404 70 "GET http://[::1]:8080/v1/AUTH_9cc260e0c9e84206955019da66ffcbec/gnocchi.c38147b5-5951-45b5-b0d2-65b445d15eb3/none_v3" "tx36a67d00d92947c18362e-006923559f" "proxy-server 92676" 0.0002 "-" 96606 0
Nov 23 13:42:39 np0005532741.novalocal proxy-server[92676]: ::1 ::1 23/Nov/2025/18/42/39 GET /v1/AUTH_9cc260e0c9e84206955019da66ffcbec/gnocchi.c38147b5-5951-45b5-b0d2-65b445d15eb3/none_v3 HTTP/1.0 404 - python-swiftclient-4.2.0 gAAAAABpI1V6j5L9... - 70 - tx36a67d00d92947c18362e-006923559f - 0.0235 - - 1763923359.626529217 1763923359.649994612 0
Nov 23 13:42:39 np0005532741.novalocal container-server[96311]: ::1 - - [23/Nov/2025:18:42:39 +0000] "PUT /3/259177/AUTH_9cc260e0c9e84206955019da66ffcbec/gnocchi.84cb4cbe-d3e3-4cd8-b7fe-b9e6a621a92b/1763640000.0_mean_300.0_v3" 201 - "PUT http://[::1]:8080/2/68097/AUTH_9cc260e0c9e84206955019da66ffcbec/gnocchi.84cb4cbe-d3e3-4cd8-b7fe-b9e6a621a92b/1763640000.0_mean_300.0_v3" "tx22aa9b3667c742079645f-006923559f" "object-server 96605" 0.0005 "-" 96311 0
Nov 23 13:42:39 np0005532741.novalocal object-server[96605]: ::1 - - [23/Nov/2025:18:42:39 +0000] "PUT /2/68097/AUTH_9cc260e0c9e84206955019da66ffcbec/gnocchi.84cb4cbe-d3e3-4cd8-b7fe-b9e6a621a92b/1763640000.0_mean_300.0_v3" 201 - "PUT http://[::1]:8080/v1/AUTH_9cc260e0c9e84206955019da66ffcbec/gnocchi.84cb4cbe-d3e3-4cd8-b7fe-b9e6a621a92b/1763640000.0_mean_300.0_v3" "tx22aa9b3667c742079645f-006923559f" "proxy-server 92677" 0.0118 "-" 96605 0
Nov 23 13:42:39 np0005532741.novalocal container-server[96310]: ::1 - - [23/Nov/2025:18:42:39 +0000] "PUT /2/259177/AUTH_9cc260e0c9e84206955019da66ffcbec/gnocchi.84cb4cbe-d3e3-4cd8-b7fe-b9e6a621a92b/1763640000.0_mean_300.0_v3" 201 - "PUT http://[::1]:8080/1/68097/AUTH_9cc260e0c9e84206955019da66ffcbec/gnocchi.84cb4cbe-d3e3-4cd8-b7fe-b9e6a621a92b/1763640000.0_mean_300.0_v3" "tx22aa9b3667c742079645f-006923559f" "object-server 96605" 0.0006 "-" 96310 0
Nov 23 13:42:39 np0005532741.novalocal object-server[96605]: ::1 - - [23/Nov/2025:18:42:39 +0000] "PUT /1/68097/AUTH_9cc260e0c9e84206955019da66ffcbec/gnocchi.84cb4cbe-d3e3-4cd8-b7fe-b9e6a621a92b/1763640000.0_mean_300.0_v3" 201 - "PUT http://[::1]:8080/v1/AUTH_9cc260e0c9e84206955019da66ffcbec/gnocchi.84cb4cbe-d3e3-4cd8-b7fe-b9e6a621a92b/1763640000.0_mean_300.0_v3" "tx22aa9b3667c742079645f-006923559f" "proxy-server 92677" 0.0142 "-" 96605 0
Nov 23 13:42:39 np0005532741.novalocal container-server[96309]: ::1 - - [23/Nov/2025:18:42:39 +0000] "PUT /1/259177/AUTH_9cc260e0c9e84206955019da66ffcbec/gnocchi.84cb4cbe-d3e3-4cd8-b7fe-b9e6a621a92b/1763640000.0_mean_300.0_v3" 201 - "PUT http://[::1]:8080/3/68097/AUTH_9cc260e0c9e84206955019da66ffcbec/gnocchi.84cb4cbe-d3e3-4cd8-b7fe-b9e6a621a92b/1763640000.0_mean_300.0_v3" "tx22aa9b3667c742079645f-006923559f" "object-server 96606" 0.0004 "-" 96309 0
Nov 23 13:42:39 np0005532741.novalocal object-server[96606]: ::1 - - [23/Nov/2025:18:42:39 +0000] "PUT /3/68097/AUTH_9cc260e0c9e84206955019da66ffcbec/gnocchi.84cb4cbe-d3e3-4cd8-b7fe-b9e6a621a92b/1763640000.0_mean_300.0_v3" 201 - "PUT http://[::1]:8080/v1/AUTH_9cc260e0c9e84206955019da66ffcbec/gnocchi.84cb4cbe-d3e3-4cd8-b7fe-b9e6a621a92b/1763640000.0_mean_300.0_v3" "tx22aa9b3667c742079645f-006923559f" "proxy-server 92677" 0.0212 "-" 96606 0
Nov 23 13:42:39 np0005532741.novalocal account-server[96018]: ::1 - - [23/Nov/2025:18:42:39 +0000] "PUT /2/21056/AUTH_9cc260e0c9e84206955019da66ffcbec/gnocchi.c38147b5-5951-45b5-b0d2-65b445d15eb3" 201 - "PUT http://[::1]:6001/1/38771/AUTH_9cc260e0c9e84206955019da66ffcbec/gnocchi.c38147b5-5951-45b5-b0d2-65b445d15eb3" "tx82f229abc571432197b31-006923559f" "container-server 96309" 0.0038 "-" 96018 0
Nov 23 13:42:39 np0005532741.novalocal container-server[96309]: ::1 - - [23/Nov/2025:18:42:39 +0000] "PUT /1/38771/AUTH_9cc260e0c9e84206955019da66ffcbec/gnocchi.c38147b5-5951-45b5-b0d2-65b445d15eb3" 201 - "PUT http://[::1]:8080/v1/AUTH_9cc260e0c9e84206955019da66ffcbec/gnocchi.c38147b5-5951-45b5-b0d2-65b445d15eb3" "tx82f229abc571432197b31-006923559f" "proxy-server 92676" 0.0139 "-" 96309 0
Nov 23 13:42:39 np0005532741.novalocal proxy-server[92677]: ::1 ::1 23/Nov/2025/18/42/39 PUT /v1/AUTH_9cc260e0c9e84206955019da66ffcbec/gnocchi.84cb4cbe-d3e3-4cd8-b7fe-b9e6a621a92b/1763640000.0_mean_300.0_v3 HTTP/1.0 201 - python-swiftclient-4.2.0 gAAAAABpI1V6uZq-... 16 - - tx22aa9b3667c742079645f-006923559f - 0.0328 - - 1763923359.648513556 1763923359.681272507 0
Nov 23 13:42:39 np0005532741.novalocal account-server[96016]: ::1 - - [23/Nov/2025:18:42:39 +0000] "PUT /1/21056/AUTH_9cc260e0c9e84206955019da66ffcbec/gnocchi.c38147b5-5951-45b5-b0d2-65b445d15eb3" 201 - "PUT http://[::1]:6001/3/38771/AUTH_9cc260e0c9e84206955019da66ffcbec/gnocchi.c38147b5-5951-45b5-b0d2-65b445d15eb3" "tx82f229abc571432197b31-006923559f" "container-server 96309" 0.0049 "-" 96016 0
Nov 23 13:42:39 np0005532741.novalocal container-server[96309]: ::1 - - [23/Nov/2025:18:42:39 +0000] "PUT /3/38771/AUTH_9cc260e0c9e84206955019da66ffcbec/gnocchi.c38147b5-5951-45b5-b0d2-65b445d15eb3" 201 - "PUT http://[::1]:8080/v1/AUTH_9cc260e0c9e84206955019da66ffcbec/gnocchi.c38147b5-5951-45b5-b0d2-65b445d15eb3" "tx82f229abc571432197b31-006923559f" "proxy-server 92676" 0.0287 "-" 96309 0
Nov 23 13:42:39 np0005532741.novalocal account-server[96016]: ::1 - - [23/Nov/2025:18:42:39 +0000] "PUT /3/21056/AUTH_9cc260e0c9e84206955019da66ffcbec/gnocchi.c38147b5-5951-45b5-b0d2-65b445d15eb3" 201 - "PUT http://[::1]:6001/2/38771/AUTH_9cc260e0c9e84206955019da66ffcbec/gnocchi.c38147b5-5951-45b5-b0d2-65b445d15eb3" "tx82f229abc571432197b31-006923559f" "container-server 96308" 0.0033 "-" 96016 0
Nov 23 13:42:39 np0005532741.novalocal container-server[96308]: ::1 - - [23/Nov/2025:18:42:39 +0000] "PUT /2/38771/AUTH_9cc260e0c9e84206955019da66ffcbec/gnocchi.c38147b5-5951-45b5-b0d2-65b445d15eb3" 201 - "PUT http://[::1]:8080/v1/AUTH_9cc260e0c9e84206955019da66ffcbec/gnocchi.c38147b5-5951-45b5-b0d2-65b445d15eb3" "tx82f229abc571432197b31-006923559f" "proxy-server 92676" 0.0335 "-" 96308 0
Nov 23 13:42:39 np0005532741.novalocal proxy-server[92676]: ::1 ::1 23/Nov/2025/18/42/39 PUT /v1/AUTH_9cc260e0c9e84206955019da66ffcbec/gnocchi.c38147b5-5951-45b5-b0d2-65b445d15eb3 HTTP/1.0 201 - python-swiftclient-4.2.0 gAAAAABpI1V6j5L9... - - - tx82f229abc571432197b31-006923559f - 0.0406 - - 1763923359.652030468 1763923359.692587852 0
Nov 23 13:42:39 np0005532741.novalocal container-server[96309]: ::1 - - [23/Nov/2025:18:42:39 +0000] "HEAD /3/38771/AUTH_9cc260e0c9e84206955019da66ffcbec/gnocchi.c38147b5-5951-45b5-b0d2-65b445d15eb3" 204 - "HEAD http://[::1]:8080/v1/AUTH_9cc260e0c9e84206955019da66ffcbec/gnocchi.c38147b5-5951-45b5-b0d2-65b445d15eb3?format=json&states=listing" "tx7c6f524a0f5b4cb584cc6-006923559f" "proxy-server 92676" 0.0012 "-" 96309 0
Nov 23 13:42:39 np0005532741.novalocal container-server[96311]: ::1 - - [23/Nov/2025:18:42:39 +0000] "PUT /3/259177/AUTH_9cc260e0c9e84206955019da66ffcbec/gnocchi.84cb4cbe-d3e3-4cd8-b7fe-b9e6a621a92b/none_v3" 201 - "PUT http://[::1]:8080/2/227109/AUTH_9cc260e0c9e84206955019da66ffcbec/gnocchi.84cb4cbe-d3e3-4cd8-b7fe-b9e6a621a92b/none_v3" "tx1374fb01149843ff9e418-006923559f" "object-server 96606" 0.0004 "-" 96311 0
Nov 23 13:42:39 np0005532741.novalocal sudo[104000]: pam_unix(sudo:session): session closed for user root
Nov 23 13:42:39 np0005532741.novalocal object-server[96606]: ::1 - - [23/Nov/2025:18:42:39 +0000] "PUT /2/227109/AUTH_9cc260e0c9e84206955019da66ffcbec/gnocchi.84cb4cbe-d3e3-4cd8-b7fe-b9e6a621a92b/none_v3" 201 - "PUT http://[::1]:8080/v1/AUTH_9cc260e0c9e84206955019da66ffcbec/gnocchi.84cb4cbe-d3e3-4cd8-b7fe-b9e6a621a92b/none_v3" "tx1374fb01149843ff9e418-006923559f" "proxy-server 92677" 0.0109 "-" 96606 0
Nov 23 13:42:39 np0005532741.novalocal container-server[96308]: ::1 - - [23/Nov/2025:18:42:39 +0000] "PUT /2/259177/AUTH_9cc260e0c9e84206955019da66ffcbec/gnocchi.84cb4cbe-d3e3-4cd8-b7fe-b9e6a621a92b/none_v3" 201 - "PUT http://[::1]:8080/3/227109/AUTH_9cc260e0c9e84206955019da66ffcbec/gnocchi.84cb4cbe-d3e3-4cd8-b7fe-b9e6a621a92b/none_v3" "tx1374fb01149843ff9e418-006923559f" "object-server 96609" 0.0019 "-" 96308 0
Nov 23 13:42:39 np0005532741.novalocal container-server[96311]: ::1 - - [23/Nov/2025:18:42:39 +0000] "PUT /1/259177/AUTH_9cc260e0c9e84206955019da66ffcbec/gnocchi.84cb4cbe-d3e3-4cd8-b7fe-b9e6a621a92b/none_v3" 201 - "PUT http://[::1]:8080/1/227109/AUTH_9cc260e0c9e84206955019da66ffcbec/gnocchi.84cb4cbe-d3e3-4cd8-b7fe-b9e6a621a92b/none_v3" "tx1374fb01149843ff9e418-006923559f" "object-server 96605" 0.0003 "-" 96311 0
Nov 23 13:42:39 np0005532741.novalocal systemd[1]: session-c143.scope: Deactivated successfully.
Nov 23 13:42:39 np0005532741.novalocal object-server[96609]: ::1 - - [23/Nov/2025:18:42:39 +0000] "PUT /3/227109/AUTH_9cc260e0c9e84206955019da66ffcbec/gnocchi.84cb4cbe-d3e3-4cd8-b7fe-b9e6a621a92b/none_v3" 201 - "PUT http://[::1]:8080/v1/AUTH_9cc260e0c9e84206955019da66ffcbec/gnocchi.84cb4cbe-d3e3-4cd8-b7fe-b9e6a621a92b/none_v3" "tx1374fb01149843ff9e418-006923559f" "proxy-server 92677" 0.0155 "-" 96609 0
Nov 23 13:42:39 np0005532741.novalocal container-server[96310]: ::1 - - [23/Nov/2025:18:42:39 +0000] "GET /2/38771/AUTH_9cc260e0c9e84206955019da66ffcbec/gnocchi.c38147b5-5951-45b5-b0d2-65b445d15eb3" 200 2 "GET http://[::1]:8080/v1/AUTH_9cc260e0c9e84206955019da66ffcbec/gnocchi.c38147b5-5951-45b5-b0d2-65b445d15eb3?format=json&states=listing" "tx7c6f524a0f5b4cb584cc6-006923559f" "proxy-server 92676" 0.0026 "-" 96310 0
Nov 23 13:42:39 np0005532741.novalocal proxy-server[92676]: ::1 ::1 23/Nov/2025/18/42/39 GET /v1/AUTH_9cc260e0c9e84206955019da66ffcbec/gnocchi.c38147b5-5951-45b5-b0d2-65b445d15eb3%3Fformat%3Djson%26states%3Dlisting HTTP/1.0 200 - python-swiftclient-4.2.0 gAAAAABpI1V6j5L9... - 2 - tx7c6f524a0f5b4cb584cc6-006923559f - 0.0174 - - 1763923359.697182417 1763923359.714599371 0
Nov 23 13:42:39 np0005532741.novalocal object-server[96605]: ::1 - - [23/Nov/2025:18:42:39 +0000] "PUT /1/227109/AUTH_9cc260e0c9e84206955019da66ffcbec/gnocchi.84cb4cbe-d3e3-4cd8-b7fe-b9e6a621a92b/none_v3" 201 - "PUT http://[::1]:8080/v1/AUTH_9cc260e0c9e84206955019da66ffcbec/gnocchi.84cb4cbe-d3e3-4cd8-b7fe-b9e6a621a92b/none_v3" "tx1374fb01149843ff9e418-006923559f" "proxy-server 92677" 0.0246 "-" 96605 0
Nov 23 13:42:39 np0005532741.novalocal proxy-server[92677]: ::1 ::1 23/Nov/2025/18/42/39 PUT /v1/AUTH_9cc260e0c9e84206955019da66ffcbec/gnocchi.84cb4cbe-d3e3-4cd8-b7fe-b9e6a621a92b/none_v3 HTTP/1.0 201 - python-swiftclient-4.2.0 gAAAAABpI1V6uZq-... 22 - - tx1374fb01149843ff9e418-006923559f - 0.0318 - - 1763923359.684389830 1763923359.716165781 0
Nov 23 13:42:39 np0005532741.novalocal object-server[96606]: ::1 - - [23/Nov/2025:18:42:39 +0000] "GET /2/15960/AUTH_9cc260e0c9e84206955019da66ffcbec/gnocchi.c38147b5-5951-45b5-b0d2-65b445d15eb3/1763640000.0_mean_300.0_v3" 404 70 "GET http://[::1]:8080/v1/AUTH_9cc260e0c9e84206955019da66ffcbec/gnocchi.c38147b5-5951-45b5-b0d2-65b445d15eb3/1763640000.0_mean_300.0_v3" "tx7fb7732640c54d5380cb6-006923559f" "proxy-server 92676" 0.0003 "-" 96606 0
Nov 23 13:42:39 np0005532741.novalocal object-server[96609]: ::1 - - [23/Nov/2025:18:42:39 +0000] "GET /3/15960/AUTH_9cc260e0c9e84206955019da66ffcbec/gnocchi.c38147b5-5951-45b5-b0d2-65b445d15eb3/1763640000.0_mean_300.0_v3" 404 70 "GET http://[::1]:8080/v1/AUTH_9cc260e0c9e84206955019da66ffcbec/gnocchi.c38147b5-5951-45b5-b0d2-65b445d15eb3/1763640000.0_mean_300.0_v3" "tx7fb7732640c54d5380cb6-006923559f" "proxy-server 92676" 0.0002 "-" 96609 0
Nov 23 13:42:39 np0005532741.novalocal object-server[96607]: ::1 - - [23/Nov/2025:18:42:39 +0000] "GET /1/15960/AUTH_9cc260e0c9e84206955019da66ffcbec/gnocchi.c38147b5-5951-45b5-b0d2-65b445d15eb3/1763640000.0_mean_300.0_v3" 404 70 "GET http://[::1]:8080/v1/AUTH_9cc260e0c9e84206955019da66ffcbec/gnocchi.c38147b5-5951-45b5-b0d2-65b445d15eb3/1763640000.0_mean_300.0_v3" "tx7fb7732640c54d5380cb6-006923559f" "proxy-server 92676" 0.0003 "-" 96607 0
Nov 23 13:42:39 np0005532741.novalocal proxy-server[92676]: ::1 ::1 23/Nov/2025/18/42/39 GET /v1/AUTH_9cc260e0c9e84206955019da66ffcbec/gnocchi.c38147b5-5951-45b5-b0d2-65b445d15eb3/1763640000.0_mean_300.0_v3 HTTP/1.0 404 - python-swiftclient-4.2.0 gAAAAABpI1V6j5L9... - 70 - tx7fb7732640c54d5380cb6-006923559f - 0.0091 - - 1763923359.717546940 1763923359.726688862 0
Nov 23 13:42:39 np0005532741.novalocal container-server[96309]: ::1 - - [23/Nov/2025:18:42:39 +0000] "HEAD /3/90610/AUTH_9cc260e0c9e84206955019da66ffcbec/gnocchi.781a2710-b3ed-4bb0-bf9a-6e5d4126aa65" 404 - "HEAD http://[::1]:8080/v1/AUTH_9cc260e0c9e84206955019da66ffcbec/gnocchi.781a2710-b3ed-4bb0-bf9a-6e5d4126aa65?format=json&states=listing" "txced6653aeb0444a4ac8de-006923559f" "proxy-server 92677" 0.0003 "-" 96309 0
Nov 23 13:42:39 np0005532741.novalocal container-server[96311]: ::1 - - [23/Nov/2025:18:42:39 +0000] "HEAD /1/90610/AUTH_9cc260e0c9e84206955019da66ffcbec/gnocchi.781a2710-b3ed-4bb0-bf9a-6e5d4126aa65" 404 - "HEAD http://[::1]:8080/v1/AUTH_9cc260e0c9e84206955019da66ffcbec/gnocchi.781a2710-b3ed-4bb0-bf9a-6e5d4126aa65?format=json&states=listing" "txced6653aeb0444a4ac8de-006923559f" "proxy-server 92677" 0.0002 "-" 96311 0
Nov 23 13:42:39 np0005532741.novalocal container-server[96310]: ::1 - - [23/Nov/2025:18:42:39 +0000] "HEAD /2/90610/AUTH_9cc260e0c9e84206955019da66ffcbec/gnocchi.781a2710-b3ed-4bb0-bf9a-6e5d4126aa65" 404 - "HEAD http://[::1]:8080/v1/AUTH_9cc260e0c9e84206955019da66ffcbec/gnocchi.781a2710-b3ed-4bb0-bf9a-6e5d4126aa65?format=json&states=listing" "txced6653aeb0444a4ac8de-006923559f" "proxy-server 92677" 0.0003 "-" 96310 0
Nov 23 13:42:39 np0005532741.novalocal sudo[104016]: cinder : PWD=/ ; USER=root ; COMMAND=/usr/bin/cinder-rootwrap /etc/cinder/rootwrap.conf env LC_ALL=C lvs --noheadings --unit=g -o vg_name,name,size --nosuffix --readonly cinder-volumes
Nov 23 13:42:39 np0005532741.novalocal object-server[96609]: ::1 - - [23/Nov/2025:18:42:39 +0000] "GET /3/174477/AUTH_9cc260e0c9e84206955019da66ffcbec/gnocchi.781a2710-b3ed-4bb0-bf9a-6e5d4126aa65/none_v3" 404 70 "GET http://[::1]:8080/v1/AUTH_9cc260e0c9e84206955019da66ffcbec/gnocchi.781a2710-b3ed-4bb0-bf9a-6e5d4126aa65/none_v3" "txced6653aeb0444a4ac8de-006923559f" "proxy-server 92677" 0.0002 "-" 96609 0
Nov 23 13:42:39 np0005532741.novalocal object-server[96609]: ::1 - - [23/Nov/2025:18:42:39 +0000] "GET /1/174477/AUTH_9cc260e0c9e84206955019da66ffcbec/gnocchi.781a2710-b3ed-4bb0-bf9a-6e5d4126aa65/none_v3" 404 70 "GET http://[::1]:8080/v1/AUTH_9cc260e0c9e84206955019da66ffcbec/gnocchi.781a2710-b3ed-4bb0-bf9a-6e5d4126aa65/none_v3" "txced6653aeb0444a4ac8de-006923559f" "proxy-server 92677" 0.0001 "-" 96609 0
Nov 23 13:42:39 np0005532741.novalocal object-server[96606]: ::1 - - [23/Nov/2025:18:42:39 +0000] "GET /2/174477/AUTH_9cc260e0c9e84206955019da66ffcbec/gnocchi.781a2710-b3ed-4bb0-bf9a-6e5d4126aa65/none_v3" 404 70 "GET http://[::1]:8080/v1/AUTH_9cc260e0c9e84206955019da66ffcbec/gnocchi.781a2710-b3ed-4bb0-bf9a-6e5d4126aa65/none_v3" "txced6653aeb0444a4ac8de-006923559f" "proxy-server 92677" 0.0003 "-" 96606 0
Nov 23 13:42:39 np0005532741.novalocal proxy-server[92677]: ::1 ::1 23/Nov/2025/18/42/39 GET /v1/AUTH_9cc260e0c9e84206955019da66ffcbec/gnocchi.781a2710-b3ed-4bb0-bf9a-6e5d4126aa65/none_v3 HTTP/1.0 404 - python-swiftclient-4.2.0 gAAAAABpI1V6uZq-... - 70 - txced6653aeb0444a4ac8de-006923559f - 0.0219 - - 1763923359.725503683 1763923359.747374535 0
Nov 23 13:42:39 np0005532741.novalocal container-server[96308]: ::1 - - [23/Nov/2025:18:42:39 +0000] "PUT /2/38771/AUTH_9cc260e0c9e84206955019da66ffcbec/gnocchi.c38147b5-5951-45b5-b0d2-65b445d15eb3/1763640000.0_mean_300.0_v3" 201 - "PUT http://[::1]:8080/1/15960/AUTH_9cc260e0c9e84206955019da66ffcbec/gnocchi.c38147b5-5951-45b5-b0d2-65b445d15eb3/1763640000.0_mean_300.0_v3" "tx4a670eab94854412b09ec-006923559f" "object-server 96609" 0.0005 "-" 96308 0
Nov 23 13:42:39 np0005532741.novalocal container-server[96309]: ::1 - - [23/Nov/2025:18:42:39 +0000] "PUT /3/38771/AUTH_9cc260e0c9e84206955019da66ffcbec/gnocchi.c38147b5-5951-45b5-b0d2-65b445d15eb3/1763640000.0_mean_300.0_v3" 201 - "PUT http://[::1]:8080/3/15960/AUTH_9cc260e0c9e84206955019da66ffcbec/gnocchi.c38147b5-5951-45b5-b0d2-65b445d15eb3/1763640000.0_mean_300.0_v3" "tx4a670eab94854412b09ec-006923559f" "object-server 96605" 0.0004 "-" 96309 0
Nov 23 13:42:39 np0005532741.novalocal object-server[96605]: ::1 - - [23/Nov/2025:18:42:39 +0000] "PUT /3/15960/AUTH_9cc260e0c9e84206955019da66ffcbec/gnocchi.c38147b5-5951-45b5-b0d2-65b445d15eb3/1763640000.0_mean_300.0_v3" 201 - "PUT http://[::1]:8080/v1/AUTH_9cc260e0c9e84206955019da66ffcbec/gnocchi.c38147b5-5951-45b5-b0d2-65b445d15eb3/1763640000.0_mean_300.0_v3" "tx4a670eab94854412b09ec-006923559f" "proxy-server 92676" 0.0098 "-" 96605 0
Nov 23 13:42:39 np0005532741.novalocal object-server[96609]: ::1 - - [23/Nov/2025:18:42:39 +0000] "PUT /1/15960/AUTH_9cc260e0c9e84206955019da66ffcbec/gnocchi.c38147b5-5951-45b5-b0d2-65b445d15eb3/1763640000.0_mean_300.0_v3" 201 - "PUT http://[::1]:8080/v1/AUTH_9cc260e0c9e84206955019da66ffcbec/gnocchi.c38147b5-5951-45b5-b0d2-65b445d15eb3/1763640000.0_mean_300.0_v3" "tx4a670eab94854412b09ec-006923559f" "proxy-server 92676" 0.0124 "-" 96609 0
Nov 23 13:42:39 np0005532741.novalocal container-server[96310]: ::1 - - [23/Nov/2025:18:42:39 +0000] "PUT /1/38771/AUTH_9cc260e0c9e84206955019da66ffcbec/gnocchi.c38147b5-5951-45b5-b0d2-65b445d15eb3/1763640000.0_mean_300.0_v3" 201 - "PUT http://[::1]:8080/2/15960/AUTH_9cc260e0c9e84206955019da66ffcbec/gnocchi.c38147b5-5951-45b5-b0d2-65b445d15eb3/1763640000.0_mean_300.0_v3" "tx4a670eab94854412b09ec-006923559f" "object-server 96609" 0.0016 "-" 96310 0
Nov 23 13:42:39 np0005532741.novalocal object-server[96609]: ::1 - - [23/Nov/2025:18:42:39 +0000] "PUT /2/15960/AUTH_9cc260e0c9e84206955019da66ffcbec/gnocchi.c38147b5-5951-45b5-b0d2-65b445d15eb3/1763640000.0_mean_300.0_v3" 201 - "PUT http://[::1]:8080/v1/AUTH_9cc260e0c9e84206955019da66ffcbec/gnocchi.c38147b5-5951-45b5-b0d2-65b445d15eb3/1763640000.0_mean_300.0_v3" "tx4a670eab94854412b09ec-006923559f" "proxy-server 92676" 0.0159 "-" 96609 0
Nov 23 13:42:39 np0005532741.novalocal proxy-server[92676]: ::1 ::1 23/Nov/2025/18/42/39 PUT /v1/AUTH_9cc260e0c9e84206955019da66ffcbec/gnocchi.c38147b5-5951-45b5-b0d2-65b445d15eb3/1763640000.0_mean_300.0_v3 HTTP/1.0 201 - python-swiftclient-4.2.0 gAAAAABpI1V6j5L9... 16 - - tx4a670eab94854412b09ec-006923559f - 0.0247 - - 1763923359.730219603 1763923359.754936695 0
Nov 23 13:42:39 np0005532741.novalocal systemd[1]: Started Session c144 of User root.
Nov 23 13:42:39 np0005532741.novalocal account-server[96019]: ::1 - - [23/Nov/2025:18:42:39 +0000] "PUT /1/21056/AUTH_9cc260e0c9e84206955019da66ffcbec/gnocchi.781a2710-b3ed-4bb0-bf9a-6e5d4126aa65" 201 - "PUT http://[::1]:6001/3/90610/AUTH_9cc260e0c9e84206955019da66ffcbec/gnocchi.781a2710-b3ed-4bb0-bf9a-6e5d4126aa65" "txa9b6768872984581b255c-006923559f" "container-server 96309" 0.0037 "-" 96019 0
Nov 23 13:42:39 np0005532741.novalocal container-server[96309]: ::1 - - [23/Nov/2025:18:42:39 +0000] "PUT /3/90610/AUTH_9cc260e0c9e84206955019da66ffcbec/gnocchi.781a2710-b3ed-4bb0-bf9a-6e5d4126aa65" 201 - "PUT http://[::1]:8080/v1/AUTH_9cc260e0c9e84206955019da66ffcbec/gnocchi.781a2710-b3ed-4bb0-bf9a-6e5d4126aa65" "txa9b6768872984581b255c-006923559f" "proxy-server 92677" 0.0114 "-" 96309 0
Nov 23 13:42:39 np0005532741.novalocal sudo[104016]: pam_unix(sudo:session): session opened for user root(uid=0) by (uid=165)
Nov 23 13:42:39 np0005532741.novalocal container-server[96311]: ::1 - - [23/Nov/2025:18:42:39 +0000] "PUT /1/38771/AUTH_9cc260e0c9e84206955019da66ffcbec/gnocchi.c38147b5-5951-45b5-b0d2-65b445d15eb3/none_v3" 201 - "PUT http://[::1]:8080/2/41155/AUTH_9cc260e0c9e84206955019da66ffcbec/gnocchi.c38147b5-5951-45b5-b0d2-65b445d15eb3/none_v3" "tx80658722af7b4183b093c-006923559f" "object-server 96607" 0.0004 "-" 96311 0
Nov 23 13:42:39 np0005532741.novalocal object-server[96607]: ::1 - - [23/Nov/2025:18:42:39 +0000] "PUT /2/41155/AUTH_9cc260e0c9e84206955019da66ffcbec/gnocchi.c38147b5-5951-45b5-b0d2-65b445d15eb3/none_v3" 201 - "PUT http://[::1]:8080/v1/AUTH_9cc260e0c9e84206955019da66ffcbec/gnocchi.c38147b5-5951-45b5-b0d2-65b445d15eb3/none_v3" "tx80658722af7b4183b093c-006923559f" "proxy-server 92676" 0.0104 "-" 96607 0
Nov 23 13:42:39 np0005532741.novalocal account-server[96017]: ::1 - - [23/Nov/2025:18:42:39 +0000] "PUT /2/21056/AUTH_9cc260e0c9e84206955019da66ffcbec/gnocchi.781a2710-b3ed-4bb0-bf9a-6e5d4126aa65" 201 - "PUT http://[::1]:6001/1/90610/AUTH_9cc260e0c9e84206955019da66ffcbec/gnocchi.781a2710-b3ed-4bb0-bf9a-6e5d4126aa65" "txa9b6768872984581b255c-006923559f" "container-server 96310" 0.0034 "-" 96017 0
Nov 23 13:42:39 np0005532741.novalocal container-server[96310]: ::1 - - [23/Nov/2025:18:42:39 +0000] "PUT /1/90610/AUTH_9cc260e0c9e84206955019da66ffcbec/gnocchi.781a2710-b3ed-4bb0-bf9a-6e5d4126aa65" 201 - "PUT http://[::1]:8080/v1/AUTH_9cc260e0c9e84206955019da66ffcbec/gnocchi.781a2710-b3ed-4bb0-bf9a-6e5d4126aa65" "txa9b6768872984581b255c-006923559f" "proxy-server 92677" 0.0302 "-" 96310 0
Nov 23 13:42:39 np0005532741.novalocal container-server[96310]: ::1 - - [23/Nov/2025:18:42:39 +0000] "PUT /2/38771/AUTH_9cc260e0c9e84206955019da66ffcbec/gnocchi.c38147b5-5951-45b5-b0d2-65b445d15eb3/none_v3" 201 - "PUT http://[::1]:8080/3/41155/AUTH_9cc260e0c9e84206955019da66ffcbec/gnocchi.c38147b5-5951-45b5-b0d2-65b445d15eb3/none_v3" "tx80658722af7b4183b093c-006923559f" "object-server 96605" 0.0007 "-" 96310 0
Nov 23 13:42:39 np0005532741.novalocal object-server[96605]: ::1 - - [23/Nov/2025:18:42:39 +0000] "PUT /3/41155/AUTH_9cc260e0c9e84206955019da66ffcbec/gnocchi.c38147b5-5951-45b5-b0d2-65b445d15eb3/none_v3" 201 - "PUT http://[::1]:8080/v1/AUTH_9cc260e0c9e84206955019da66ffcbec/gnocchi.c38147b5-5951-45b5-b0d2-65b445d15eb3/none_v3" "tx80658722af7b4183b093c-006923559f" "proxy-server 92676" 0.0247 "-" 96605 0
Nov 23 13:42:39 np0005532741.novalocal container-server[96310]: ::1 - - [23/Nov/2025:18:42:39 +0000] "PUT /3/38771/AUTH_9cc260e0c9e84206955019da66ffcbec/gnocchi.c38147b5-5951-45b5-b0d2-65b445d15eb3/none_v3" 201 - "PUT http://[::1]:8080/1/41155/AUTH_9cc260e0c9e84206955019da66ffcbec/gnocchi.c38147b5-5951-45b5-b0d2-65b445d15eb3/none_v3" "tx80658722af7b4183b093c-006923559f" "object-server 96609" 0.0005 "-" 96310 0
Nov 23 13:42:39 np0005532741.novalocal object-server[96609]: ::1 - - [23/Nov/2025:18:42:39 +0000] "PUT /1/41155/AUTH_9cc260e0c9e84206955019da66ffcbec/gnocchi.c38147b5-5951-45b5-b0d2-65b445d15eb3/none_v3" 201 - "PUT http://[::1]:8080/v1/AUTH_9cc260e0c9e84206955019da66ffcbec/gnocchi.c38147b5-5951-45b5-b0d2-65b445d15eb3/none_v3" "tx80658722af7b4183b093c-006923559f" "proxy-server 92676" 0.0265 "-" 96609 0
Nov 23 13:42:39 np0005532741.novalocal proxy-server[92676]: ::1 ::1 23/Nov/2025/18/42/39 PUT /v1/AUTH_9cc260e0c9e84206955019da66ffcbec/gnocchi.c38147b5-5951-45b5-b0d2-65b445d15eb3/none_v3 HTTP/1.0 201 - python-swiftclient-4.2.0 gAAAAABpI1V6j5L9... 22 - - tx80658722af7b4183b093c-006923559f - 0.0341 - - 1763923359.758690119 1763923359.792839050 0
Nov 23 13:42:39 np0005532741.novalocal account-server[96018]: ::1 - - [23/Nov/2025:18:42:39 +0000] "PUT /3/21056/AUTH_9cc260e0c9e84206955019da66ffcbec/gnocchi.781a2710-b3ed-4bb0-bf9a-6e5d4126aa65" 201 - "PUT http://[::1]:6001/2/90610/AUTH_9cc260e0c9e84206955019da66ffcbec/gnocchi.781a2710-b3ed-4bb0-bf9a-6e5d4126aa65" "txa9b6768872984581b255c-006923559f" "container-server 96310" 0.0083 "-" 96018 0
Nov 23 13:42:39 np0005532741.novalocal container-server[96310]: ::1 - - [23/Nov/2025:18:42:39 +0000] "PUT /2/90610/AUTH_9cc260e0c9e84206955019da66ffcbec/gnocchi.781a2710-b3ed-4bb0-bf9a-6e5d4126aa65" 201 - "PUT http://[::1]:8080/v1/AUTH_9cc260e0c9e84206955019da66ffcbec/gnocchi.781a2710-b3ed-4bb0-bf9a-6e5d4126aa65" "txa9b6768872984581b255c-006923559f" "proxy-server 92677" 0.0223 "-" 96310 0
Nov 23 13:42:39 np0005532741.novalocal proxy-server[92677]: ::1 ::1 23/Nov/2025/18/42/39 PUT /v1/AUTH_9cc260e0c9e84206955019da66ffcbec/gnocchi.781a2710-b3ed-4bb0-bf9a-6e5d4126aa65 HTTP/1.0 201 - python-swiftclient-4.2.0 gAAAAABpI1V6uZq-... - - - txa9b6768872984581b255c-006923559f - 0.0501 - - 1763923359.749346256 1763923359.799446821 0
Nov 23 13:42:39 np0005532741.novalocal container-server[96310]: ::1 - - [23/Nov/2025:18:42:39 +0000] "HEAD /2/90610/AUTH_9cc260e0c9e84206955019da66ffcbec/gnocchi.781a2710-b3ed-4bb0-bf9a-6e5d4126aa65" 204 - "HEAD http://[::1]:8080/v1/AUTH_9cc260e0c9e84206955019da66ffcbec/gnocchi.781a2710-b3ed-4bb0-bf9a-6e5d4126aa65?format=json&states=listing" "tx62831bb51e764095893ed-006923559f" "proxy-server 92677" 0.0015 "-" 96310 0
Nov 23 13:42:39 np0005532741.novalocal container-server[96308]: ::1 - - [23/Nov/2025:18:42:39 +0000] "HEAD /3/46675/AUTH_9cc260e0c9e84206955019da66ffcbec/gnocchi.da93d4e0-424b-4c20-a34c-e77caa598b2e" 404 - "HEAD http://[::1]:8080/v1/AUTH_9cc260e0c9e84206955019da66ffcbec/gnocchi.da93d4e0-424b-4c20-a34c-e77caa598b2e?format=json&states=listing" "txa7eabce131584b18b086e-006923559f" "proxy-server 92676" 0.0003 "-" 96308 0
Nov 23 13:42:39 np0005532741.novalocal container-server[96308]: ::1 - - [23/Nov/2025:18:42:39 +0000] "GET /2/90610/AUTH_9cc260e0c9e84206955019da66ffcbec/gnocchi.781a2710-b3ed-4bb0-bf9a-6e5d4126aa65" 200 2 "GET http://[::1]:8080/v1/AUTH_9cc260e0c9e84206955019da66ffcbec/gnocchi.781a2710-b3ed-4bb0-bf9a-6e5d4126aa65?format=json&states=listing" "tx62831bb51e764095893ed-006923559f" "proxy-server 92677" 0.0017 "-" 96308 0
Nov 23 13:42:39 np0005532741.novalocal container-server[96311]: ::1 - - [23/Nov/2025:18:42:39 +0000] "HEAD /1/46675/AUTH_9cc260e0c9e84206955019da66ffcbec/gnocchi.da93d4e0-424b-4c20-a34c-e77caa598b2e" 404 - "HEAD http://[::1]:8080/v1/AUTH_9cc260e0c9e84206955019da66ffcbec/gnocchi.da93d4e0-424b-4c20-a34c-e77caa598b2e?format=json&states=listing" "txa7eabce131584b18b086e-006923559f" "proxy-server 92676" 0.0003 "-" 96311 0
Nov 23 13:42:39 np0005532741.novalocal proxy-server[92677]: ::1 ::1 23/Nov/2025/18/42/39 GET /v1/AUTH_9cc260e0c9e84206955019da66ffcbec/gnocchi.781a2710-b3ed-4bb0-bf9a-6e5d4126aa65%3Fformat%3Djson%26states%3Dlisting HTTP/1.0 200 - python-swiftclient-4.2.0 gAAAAABpI1V6uZq-... - 2 - tx62831bb51e764095893ed-006923559f - 0.0112 - - 1763923359.802708149 1763923359.813865185 0
Nov 23 13:42:39 np0005532741.novalocal container-server[96308]: ::1 - - [23/Nov/2025:18:42:39 +0000] "HEAD /2/46675/AUTH_9cc260e0c9e84206955019da66ffcbec/gnocchi.da93d4e0-424b-4c20-a34c-e77caa598b2e" 404 - "HEAD http://[::1]:8080/v1/AUTH_9cc260e0c9e84206955019da66ffcbec/gnocchi.da93d4e0-424b-4c20-a34c-e77caa598b2e?format=json&states=listing" "txa7eabce131584b18b086e-006923559f" "proxy-server 92676" 0.0003 "-" 96308 0
Nov 23 13:42:39 np0005532741.novalocal object-server[96605]: ::1 - - [23/Nov/2025:18:42:39 +0000] "GET /3/151978/AUTH_9cc260e0c9e84206955019da66ffcbec/gnocchi.781a2710-b3ed-4bb0-bf9a-6e5d4126aa65/1763640000.0_mean_300.0_v3" 404 70 "GET http://[::1]:8080/v1/AUTH_9cc260e0c9e84206955019da66ffcbec/gnocchi.781a2710-b3ed-4bb0-bf9a-6e5d4126aa65/1763640000.0_mean_300.0_v3" "tx75447e829fcc4c80bc048-006923559f" "proxy-server 92677" 0.0003 "-" 96605 0
Nov 23 13:42:39 np0005532741.novalocal object-server[96606]: ::1 - - [23/Nov/2025:18:42:39 +0000] "GET /3/199804/AUTH_9cc260e0c9e84206955019da66ffcbec/gnocchi.da93d4e0-424b-4c20-a34c-e77caa598b2e/none_v3" 404 70 "GET http://[::1]:8080/v1/AUTH_9cc260e0c9e84206955019da66ffcbec/gnocchi.da93d4e0-424b-4c20-a34c-e77caa598b2e/none_v3" "txa7eabce131584b18b086e-006923559f" "proxy-server 92676" 0.0003 "-" 96606 0
Nov 23 13:42:39 np0005532741.novalocal object-server[96605]: ::1 - - [23/Nov/2025:18:42:39 +0000] "GET /2/151978/AUTH_9cc260e0c9e84206955019da66ffcbec/gnocchi.781a2710-b3ed-4bb0-bf9a-6e5d4126aa65/1763640000.0_mean_300.0_v3" 404 70 "GET http://[::1]:8080/v1/AUTH_9cc260e0c9e84206955019da66ffcbec/gnocchi.781a2710-b3ed-4bb0-bf9a-6e5d4126aa65/1763640000.0_mean_300.0_v3" "tx75447e829fcc4c80bc048-006923559f" "proxy-server 92677" 0.0001 "-" 96605 0
Nov 23 13:42:39 np0005532741.novalocal object-server[96605]: ::1 - - [23/Nov/2025:18:42:39 +0000] "GET /1/151978/AUTH_9cc260e0c9e84206955019da66ffcbec/gnocchi.781a2710-b3ed-4bb0-bf9a-6e5d4126aa65/1763640000.0_mean_300.0_v3" 404 70 "GET http://[::1]:8080/v1/AUTH_9cc260e0c9e84206955019da66ffcbec/gnocchi.781a2710-b3ed-4bb0-bf9a-6e5d4126aa65/1763640000.0_mean_300.0_v3" "tx75447e829fcc4c80bc048-006923559f" "proxy-server 92677" 0.0001 "-" 96605 0
Nov 23 13:42:39 np0005532741.novalocal object-server[96606]: ::1 - - [23/Nov/2025:18:42:39 +0000] "GET /1/199804/AUTH_9cc260e0c9e84206955019da66ffcbec/gnocchi.da93d4e0-424b-4c20-a34c-e77caa598b2e/none_v3" 404 70 "GET http://[::1]:8080/v1/AUTH_9cc260e0c9e84206955019da66ffcbec/gnocchi.da93d4e0-424b-4c20-a34c-e77caa598b2e/none_v3" "txa7eabce131584b18b086e-006923559f" "proxy-server 92676" 0.0001 "-" 96606 0
Nov 23 13:42:39 np0005532741.novalocal proxy-server[92677]: ::1 ::1 23/Nov/2025/18/42/39 GET /v1/AUTH_9cc260e0c9e84206955019da66ffcbec/gnocchi.781a2710-b3ed-4bb0-bf9a-6e5d4126aa65/1763640000.0_mean_300.0_v3 HTTP/1.0 404 - python-swiftclient-4.2.0 gAAAAABpI1V6uZq-... - 70 - tx75447e829fcc4c80bc048-006923559f - 0.0077 - - 1763923359.817160130 1763923359.824872971 0
Nov 23 13:42:39 np0005532741.novalocal object-server[96607]: ::1 - - [23/Nov/2025:18:42:39 +0000] "GET /2/199804/AUTH_9cc260e0c9e84206955019da66ffcbec/gnocchi.da93d4e0-424b-4c20-a34c-e77caa598b2e/none_v3" 404 70 "GET http://[::1]:8080/v1/AUTH_9cc260e0c9e84206955019da66ffcbec/gnocchi.da93d4e0-424b-4c20-a34c-e77caa598b2e/none_v3" "txa7eabce131584b18b086e-006923559f" "proxy-server 92676" 0.0002 "-" 96607 0
Nov 23 13:42:39 np0005532741.novalocal proxy-server[92676]: ::1 ::1 23/Nov/2025/18/42/39 GET /v1/AUTH_9cc260e0c9e84206955019da66ffcbec/gnocchi.da93d4e0-424b-4c20-a34c-e77caa598b2e/none_v3 HTTP/1.0 404 - python-swiftclient-4.2.0 gAAAAABpI1V6j5L9... - 70 - txa7eabce131584b18b086e-006923559f - 0.0219 - - 1763923359.804968119 1763923359.826884031 0
Nov 23 13:42:39 np0005532741.novalocal container-server[96308]: ::1 - - [23/Nov/2025:18:42:39 +0000] "PUT /2/90610/AUTH_9cc260e0c9e84206955019da66ffcbec/gnocchi.781a2710-b3ed-4bb0-bf9a-6e5d4126aa65/1763640000.0_mean_300.0_v3" 201 - "PUT http://[::1]:8080/1/151978/AUTH_9cc260e0c9e84206955019da66ffcbec/gnocchi.781a2710-b3ed-4bb0-bf9a-6e5d4126aa65/1763640000.0_mean_300.0_v3" "tx483f2b723ca64e1683140-006923559f" "object-server 96606" 0.0004 "-" 96308 0
Nov 23 13:42:39 np0005532741.novalocal container-server[96308]: ::1 - - [23/Nov/2025:18:42:39 +0000] "PUT /1/90610/AUTH_9cc260e0c9e84206955019da66ffcbec/gnocchi.781a2710-b3ed-4bb0-bf9a-6e5d4126aa65/1763640000.0_mean_300.0_v3" 201 - "PUT http://[::1]:8080/2/151978/AUTH_9cc260e0c9e84206955019da66ffcbec/gnocchi.781a2710-b3ed-4bb0-bf9a-6e5d4126aa65/1763640000.0_mean_300.0_v3" "tx483f2b723ca64e1683140-006923559f" "object-server 96605" 0.0003 "-" 96308 0
