Nov 23 13:42:50 np0005532741.novalocal container-server[96309]: ::1 - - [23/Nov/2025:18:42:50 +0000] "PUT /1/183486/AUTH_9cc260e0c9e84206955019da66ffcbec/gnocchi.b51e64de-db91-4691-8739-8133dfdc71ab/1763640000.0_mean_300.0_v3" 201 - "PUT http://[::1]:8080/2/612/AUTH_9cc260e0c9e84206955019da66ffcbec/gnocchi.b51e64de-db91-4691-8739-8133dfdc71ab/1763640000.0_mean_300.0_v3" "tx6073a3ad248546b0a6410-00692355aa" "object-server 96605" 0.0007 "-" 96309 0
Nov 23 13:42:50 np0005532741.novalocal object-server[96605]: ::1 - - [23/Nov/2025:18:42:50 +0000] "PUT /2/612/AUTH_9cc260e0c9e84206955019da66ffcbec/gnocchi.b51e64de-db91-4691-8739-8133dfdc71ab/1763640000.0_mean_300.0_v3" 201 - "PUT http://[::1]:8080/v1/AUTH_9cc260e0c9e84206955019da66ffcbec/gnocchi.b51e64de-db91-4691-8739-8133dfdc71ab/1763640000.0_mean_300.0_v3" "tx6073a3ad248546b0a6410-00692355aa" "proxy-server 92677" 0.0126 "-" 96605 0
Nov 23 13:42:50 np0005532741.novalocal container-server[96309]: ::1 - - [23/Nov/2025:18:42:50 +0000] "PUT /2/183486/AUTH_9cc260e0c9e84206955019da66ffcbec/gnocchi.b51e64de-db91-4691-8739-8133dfdc71ab/1763640000.0_mean_300.0_v3" 201 - "PUT http://[::1]:8080/3/612/AUTH_9cc260e0c9e84206955019da66ffcbec/gnocchi.b51e64de-db91-4691-8739-8133dfdc71ab/1763640000.0_mean_300.0_v3" "tx6073a3ad248546b0a6410-00692355aa" "object-server 96609" 0.0003 "-" 96309 0
Nov 23 13:42:50 np0005532741.novalocal container-server[96308]: ::1 - - [23/Nov/2025:18:42:50 +0000] "PUT /3/64546/AUTH_9cc260e0c9e84206955019da66ffcbec/gnocchi.348a8c5d-de9b-4e34-a439-69cf8eca4aef/1763640000.0_mean_300.0_v3" 201 - "PUT http://[::1]:8080/1/242988/AUTH_9cc260e0c9e84206955019da66ffcbec/gnocchi.348a8c5d-de9b-4e34-a439-69cf8eca4aef/1763640000.0_mean_300.0_v3" "txa716e4c399ab4264a63f2-00692355aa" "object-server 96607" 0.0004 "-" 96308 0
Nov 23 13:42:50 np0005532741.novalocal object-server[96609]: ::1 - - [23/Nov/2025:18:42:50 +0000] "PUT /3/612/AUTH_9cc260e0c9e84206955019da66ffcbec/gnocchi.b51e64de-db91-4691-8739-8133dfdc71ab/1763640000.0_mean_300.0_v3" 201 - "PUT http://[::1]:8080/v1/AUTH_9cc260e0c9e84206955019da66ffcbec/gnocchi.b51e64de-db91-4691-8739-8133dfdc71ab/1763640000.0_mean_300.0_v3" "tx6073a3ad248546b0a6410-00692355aa" "proxy-server 92677" 0.0120 "-" 96609 0
Nov 23 13:42:50 np0005532741.novalocal object-server[96606]: ::1 - - [23/Nov/2025:18:42:50 +0000] "PUT /2/242988/AUTH_9cc260e0c9e84206955019da66ffcbec/gnocchi.348a8c5d-de9b-4e34-a439-69cf8eca4aef/1763640000.0_mean_300.0_v3" 201 - "PUT http://[::1]:8080/v1/AUTH_9cc260e0c9e84206955019da66ffcbec/gnocchi.348a8c5d-de9b-4e34-a439-69cf8eca4aef/1763640000.0_mean_300.0_v3" "txa716e4c399ab4264a63f2-00692355aa" "proxy-server 92676" 0.0127 "-" 96606 0
Nov 23 13:42:50 np0005532741.novalocal container-server[96308]: ::1 - - [23/Nov/2025:18:42:50 +0000] "PUT /3/183486/AUTH_9cc260e0c9e84206955019da66ffcbec/gnocchi.b51e64de-db91-4691-8739-8133dfdc71ab/1763640000.0_mean_300.0_v3" 201 - "PUT http://[::1]:8080/1/612/AUTH_9cc260e0c9e84206955019da66ffcbec/gnocchi.b51e64de-db91-4691-8739-8133dfdc71ab/1763640000.0_mean_300.0_v3" "tx6073a3ad248546b0a6410-00692355aa" "object-server 96607" 0.0002 "-" 96308 0
Nov 23 13:42:50 np0005532741.novalocal object-server[96607]: ::1 - - [23/Nov/2025:18:42:50 +0000] "PUT /1/612/AUTH_9cc260e0c9e84206955019da66ffcbec/gnocchi.b51e64de-db91-4691-8739-8133dfdc71ab/1763640000.0_mean_300.0_v3" 201 - "PUT http://[::1]:8080/v1/AUTH_9cc260e0c9e84206955019da66ffcbec/gnocchi.b51e64de-db91-4691-8739-8133dfdc71ab/1763640000.0_mean_300.0_v3" "tx6073a3ad248546b0a6410-00692355aa" "proxy-server 92677" 0.0120 "-" 96607 0
Nov 23 13:42:50 np0005532741.novalocal object-server[96607]: ::1 - - [23/Nov/2025:18:42:50 +0000] "PUT /1/242988/AUTH_9cc260e0c9e84206955019da66ffcbec/gnocchi.348a8c5d-de9b-4e34-a439-69cf8eca4aef/1763640000.0_mean_300.0_v3" 201 - "PUT http://[::1]:8080/v1/AUTH_9cc260e0c9e84206955019da66ffcbec/gnocchi.348a8c5d-de9b-4e34-a439-69cf8eca4aef/1763640000.0_mean_300.0_v3" "txa716e4c399ab4264a63f2-00692355aa" "proxy-server 92676" 0.0143 "-" 96607 0
Nov 23 13:42:50 np0005532741.novalocal proxy-server[92677]: ::1 ::1 23/Nov/2025/18/42/50 PUT /v1/AUTH_9cc260e0c9e84206955019da66ffcbec/gnocchi.b51e64de-db91-4691-8739-8133dfdc71ab/1763640000.0_mean_300.0_v3 HTTP/1.0 201 - python-swiftclient-4.2.0 gAAAAABpI1V6uZq-... 16 - - tx6073a3ad248546b0a6410-00692355aa - 0.0226 - - 1763923370.190730810 1763923370.213287354 0
Nov 23 13:42:50 np0005532741.novalocal proxy-server[92676]: ::1 ::1 23/Nov/2025/18/42/50 PUT /v1/AUTH_9cc260e0c9e84206955019da66ffcbec/gnocchi.348a8c5d-de9b-4e34-a439-69cf8eca4aef/1763640000.0_mean_300.0_v3 HTTP/1.0 201 - python-swiftclient-4.2.0 gAAAAABpI1V6j5L9... 16 - - txa716e4c399ab4264a63f2-00692355aa - 0.0201 - - 1763923370.193727493 1763923370.213792086 0
Nov 23 13:42:50 np0005532741.novalocal container-server[96310]: ::1 - - [23/Nov/2025:18:42:50 +0000] "PUT /3/183486/AUTH_9cc260e0c9e84206955019da66ffcbec/gnocchi.b51e64de-db91-4691-8739-8133dfdc71ab/none_v3" 201 - "PUT http://[::1]:8080/3/20595/AUTH_9cc260e0c9e84206955019da66ffcbec/gnocchi.b51e64de-db91-4691-8739-8133dfdc71ab/none_v3" "txe37a39648f8c49bd93884-00692355aa" "object-server 96606" 0.0005 "-" 96310 0
Nov 23 13:42:50 np0005532741.novalocal object-server[96606]: ::1 - - [23/Nov/2025:18:42:50 +0000] "PUT /3/20595/AUTH_9cc260e0c9e84206955019da66ffcbec/gnocchi.b51e64de-db91-4691-8739-8133dfdc71ab/none_v3" 201 - "PUT http://[::1]:8080/v1/AUTH_9cc260e0c9e84206955019da66ffcbec/gnocchi.b51e64de-db91-4691-8739-8133dfdc71ab/none_v3" "txe37a39648f8c49bd93884-00692355aa" "proxy-server 92677" 0.0081 "-" 96606 0
Nov 23 13:42:50 np0005532741.novalocal container-server[96308]: ::1 - - [23/Nov/2025:18:42:50 +0000] "PUT /1/183486/AUTH_9cc260e0c9e84206955019da66ffcbec/gnocchi.b51e64de-db91-4691-8739-8133dfdc71ab/none_v3" 201 - "PUT http://[::1]:8080/1/20595/AUTH_9cc260e0c9e84206955019da66ffcbec/gnocchi.b51e64de-db91-4691-8739-8133dfdc71ab/none_v3" "txe37a39648f8c49bd93884-00692355aa" "object-server 96609" 0.0004 "-" 96308 0
Nov 23 13:42:50 np0005532741.novalocal object-server[96609]: ::1 - - [23/Nov/2025:18:42:50 +0000] "PUT /1/20595/AUTH_9cc260e0c9e84206955019da66ffcbec/gnocchi.b51e64de-db91-4691-8739-8133dfdc71ab/none_v3" 201 - "PUT http://[::1]:8080/v1/AUTH_9cc260e0c9e84206955019da66ffcbec/gnocchi.b51e64de-db91-4691-8739-8133dfdc71ab/none_v3" "txe37a39648f8c49bd93884-00692355aa" "proxy-server 92677" 0.0087 "-" 96609 0
Nov 23 13:42:50 np0005532741.novalocal container-server[96311]: ::1 - - [23/Nov/2025:18:42:50 +0000] "PUT /2/64546/AUTH_9cc260e0c9e84206955019da66ffcbec/gnocchi.348a8c5d-de9b-4e34-a439-69cf8eca4aef/none_v3" 201 - "PUT http://[::1]:8080/1/55430/AUTH_9cc260e0c9e84206955019da66ffcbec/gnocchi.348a8c5d-de9b-4e34-a439-69cf8eca4aef/none_v3" "tx7d3cf6094c3c41969294f-00692355aa" "object-server 96609" 0.0004 "-" 96311 0
Nov 23 13:42:50 np0005532741.novalocal object-server[96609]: ::1 - - [23/Nov/2025:18:42:50 +0000] "PUT /1/55430/AUTH_9cc260e0c9e84206955019da66ffcbec/gnocchi.348a8c5d-de9b-4e34-a439-69cf8eca4aef/none_v3" 201 - "PUT http://[::1]:8080/v1/AUTH_9cc260e0c9e84206955019da66ffcbec/gnocchi.348a8c5d-de9b-4e34-a439-69cf8eca4aef/none_v3" "tx7d3cf6094c3c41969294f-00692355aa" "proxy-server 92676" 0.0087 "-" 96609 0
Nov 23 13:42:50 np0005532741.novalocal container-server[96311]: ::1 - - [23/Nov/2025:18:42:50 +0000] "PUT /1/64546/AUTH_9cc260e0c9e84206955019da66ffcbec/gnocchi.348a8c5d-de9b-4e34-a439-69cf8eca4aef/none_v3" 201 - "PUT http://[::1]:8080/2/55430/AUTH_9cc260e0c9e84206955019da66ffcbec/gnocchi.348a8c5d-de9b-4e34-a439-69cf8eca4aef/none_v3" "tx7d3cf6094c3c41969294f-00692355aa" "object-server 96607" 0.0003 "-" 96311 0
Nov 23 13:42:50 np0005532741.novalocal container-server[96308]: ::1 - - [23/Nov/2025:18:42:50 +0000] "PUT /2/183486/AUTH_9cc260e0c9e84206955019da66ffcbec/gnocchi.b51e64de-db91-4691-8739-8133dfdc71ab/none_v3" 201 - "PUT http://[::1]:8080/2/20595/AUTH_9cc260e0c9e84206955019da66ffcbec/gnocchi.b51e64de-db91-4691-8739-8133dfdc71ab/none_v3" "txe37a39648f8c49bd93884-00692355aa" "object-server 96607" 0.0004 "-" 96308 0
Nov 23 13:42:50 np0005532741.novalocal object-server[96607]: ::1 - - [23/Nov/2025:18:42:50 +0000] "PUT /2/55430/AUTH_9cc260e0c9e84206955019da66ffcbec/gnocchi.348a8c5d-de9b-4e34-a439-69cf8eca4aef/none_v3" 201 - "PUT http://[::1]:8080/v1/AUTH_9cc260e0c9e84206955019da66ffcbec/gnocchi.348a8c5d-de9b-4e34-a439-69cf8eca4aef/none_v3" "tx7d3cf6094c3c41969294f-00692355aa" "proxy-server 92676" 0.0154 "-" 96607 0
Nov 23 13:42:50 np0005532741.novalocal object-server[96607]: ::1 - - [23/Nov/2025:18:42:50 +0000] "PUT /2/20595/AUTH_9cc260e0c9e84206955019da66ffcbec/gnocchi.b51e64de-db91-4691-8739-8133dfdc71ab/none_v3" 201 - "PUT http://[::1]:8080/v1/AUTH_9cc260e0c9e84206955019da66ffcbec/gnocchi.b51e64de-db91-4691-8739-8133dfdc71ab/none_v3" "txe37a39648f8c49bd93884-00692355aa" "proxy-server 92677" 0.0175 "-" 96607 0
Nov 23 13:42:50 np0005532741.novalocal container-server[96310]: ::1 - - [23/Nov/2025:18:42:50 +0000] "PUT /3/64546/AUTH_9cc260e0c9e84206955019da66ffcbec/gnocchi.348a8c5d-de9b-4e34-a439-69cf8eca4aef/none_v3" 201 - "PUT http://[::1]:8080/3/55430/AUTH_9cc260e0c9e84206955019da66ffcbec/gnocchi.348a8c5d-de9b-4e34-a439-69cf8eca4aef/none_v3" "tx7d3cf6094c3c41969294f-00692355aa" "object-server 96607" 0.0005 "-" 96310 0
Nov 23 13:42:50 np0005532741.novalocal object-server[96607]: ::1 - - [23/Nov/2025:18:42:50 +0000] "PUT /3/55430/AUTH_9cc260e0c9e84206955019da66ffcbec/gnocchi.348a8c5d-de9b-4e34-a439-69cf8eca4aef/none_v3" 201 - "PUT http://[::1]:8080/v1/AUTH_9cc260e0c9e84206955019da66ffcbec/gnocchi.348a8c5d-de9b-4e34-a439-69cf8eca4aef/none_v3" "tx7d3cf6094c3c41969294f-00692355aa" "proxy-server 92676" 0.0162 "-" 96607 0
Nov 23 13:42:50 np0005532741.novalocal proxy-server[92677]: ::1 ::1 23/Nov/2025/18/42/50 PUT /v1/AUTH_9cc260e0c9e84206955019da66ffcbec/gnocchi.b51e64de-db91-4691-8739-8133dfdc71ab/none_v3 HTTP/1.0 201 - python-swiftclient-4.2.0 gAAAAABpI1V6uZq-... 70 - - txe37a39648f8c49bd93884-00692355aa - 0.0233 - - 1763923370.215443611 1763923370.238769770 0
Nov 23 13:42:50 np0005532741.novalocal proxy-server[92676]: ::1 ::1 23/Nov/2025/18/42/50 PUT /v1/AUTH_9cc260e0c9e84206955019da66ffcbec/gnocchi.348a8c5d-de9b-4e34-a439-69cf8eca4aef/none_v3 HTTP/1.0 201 - python-swiftclient-4.2.0 gAAAAABpI1V6j5L9... 70 - - tx7d3cf6094c3c41969294f-00692355aa - 0.0234 - - 1763923370.215788126 1763923370.239210129 0
Nov 23 13:42:50 np0005532741.novalocal sudo[104116]: pam_unix(sudo:session): session closed for user root
Nov 23 13:42:50 np0005532741.novalocal kernel: tap39cfef8d-11: entered promiscuous mode
Nov 23 13:42:50 np0005532741.novalocal NetworkManager[858]: [1763923370.7366] manager: (tap39cfef8d-11): 'openvswitch' plugin not available; creating generic device
Nov 23 13:42:50 np0005532741.novalocal NetworkManager[858]: [1763923370.7387] manager: (tap39cfef8d-11): new Generic device (/org/freedesktop/NetworkManager/Devices/31)
Nov 23 13:42:50 np0005532741.novalocal systemd-udevd[104092]: Network interface NamePolicy= disabled on kernel command line.
Nov 23 13:42:50 np0005532741.novalocal dnsmasq-dhcp[102252]: DHCPRELEASE(tapbe578604-cd) 10.100.0.14 fa:16:3e:b8:20:79
Nov 23 13:42:50 np0005532741.novalocal dnsmasq-dhcp[102252]: DHCPRELEASE(tapbe578604-cd) 10.100.0.14 fa:16:3e:b8:20:79 unknown lease
Nov 23 13:42:51 np0005532741.novalocal object-server[104169]: Begin object audit "forever" mode (ZBF)
Nov 23 13:42:51 np0005532741.novalocal object-server[104170]: Begin object audit "forever" mode (ALL)
Nov 23 13:42:51 np0005532741.novalocal object-server[104169]: Object audit (ZBF). Since Sun Nov 23 18:42:51 2025: Locally: 1 passed, 0 quarantined, 0 errors, files/sec: 571.98, bytes/sec: 0.00, Total time: 0.00, Auditing time: 0.00, Rate: 0.00
Nov 23 13:42:51 np0005532741.novalocal dnsmasq[102252]: read /var/lib/neutron/dhcp/d22fe0e0-f9a0-43a4-bb31-95c85c8d2954/addn_hosts - 1 addresses
Nov 23 13:42:51 np0005532741.novalocal dnsmasq-dhcp[102252]: read /var/lib/neutron/dhcp/d22fe0e0-f9a0-43a4-bb31-95c85c8d2954/host
Nov 23 13:42:51 np0005532741.novalocal dnsmasq-dhcp[102252]: read /var/lib/neutron/dhcp/d22fe0e0-f9a0-43a4-bb31-95c85c8d2954/opts
Nov 23 13:42:51 np0005532741.novalocal systemd[1]: Starting SETroubleshoot daemon for processing new SELinux denial logs...
Nov 23 13:42:51 np0005532741.novalocal dnsmasq[104200]: started, version 2.85 cachesize 150
Nov 23 13:42:51 np0005532741.novalocal dnsmasq[104200]: DNS service limited to local subnets
Nov 23 13:42:51 np0005532741.novalocal dnsmasq[104200]: compile time options: IPv6 GNU-getopt DBus no-UBus no-i18n IDN2 DHCP DHCPv6 no-Lua TFTP no-conntrack ipset auth cryptohash DNSSEC loop-detect inotify dumpfile
Nov 23 13:42:51 np0005532741.novalocal dnsmasq[104200]: warning: no upstream servers configured
Nov 23 13:42:51 np0005532741.novalocal dnsmasq-dhcp[104200]: DHCP, static leases only on 10.100.0.0, lease time 1d
Nov 23 13:42:51 np0005532741.novalocal dnsmasq[104200]: read /var/lib/neutron/dhcp/d5086c21-f242-4be1-9338-e0639f622043/addn_hosts - 0 addresses
Nov 23 13:42:51 np0005532741.novalocal dnsmasq-dhcp[104200]: read /var/lib/neutron/dhcp/d5086c21-f242-4be1-9338-e0639f622043/host
Nov 23 13:42:51 np0005532741.novalocal dnsmasq-dhcp[104200]: read /var/lib/neutron/dhcp/d5086c21-f242-4be1-9338-e0639f622043/opts
Nov 23 13:42:51 np0005532741.novalocal dnsmasq[104200]: read /var/lib/neutron/dhcp/d5086c21-f242-4be1-9338-e0639f622043/addn_hosts - 1 addresses
Nov 23 13:42:51 np0005532741.novalocal dnsmasq-dhcp[104200]: read /var/lib/neutron/dhcp/d5086c21-f242-4be1-9338-e0639f622043/host
Nov 23 13:42:51 np0005532741.novalocal dnsmasq-dhcp[104200]: read /var/lib/neutron/dhcp/d5086c21-f242-4be1-9338-e0639f622043/opts
Nov 23 13:42:51 np0005532741.novalocal kernel: qr-01b4c58d-7b: entered promiscuous mode
Nov 23 13:42:51 np0005532741.novalocal NetworkManager[858]: [1763923371.8173] manager: (qr-01b4c58d-7b): 'openvswitch' plugin not available; creating generic device
Nov 23 13:42:51 np0005532741.novalocal NetworkManager[858]: [1763923371.8189] manager: (qr-01b4c58d-7b): new Generic device (/org/freedesktop/NetworkManager/Devices/32)
Nov 23 13:42:51 np0005532741.novalocal libvirtd[98634]: ethtool ioctl error on qr-01b4c58d-7b: No such device
Nov 23 13:42:51 np0005532741.novalocal libvirtd[98634]: ethtool ioctl error on qr-01b4c58d-7b: No such device
Nov 23 13:42:51 np0005532741.novalocal libvirtd[98634]: ethtool ioctl error on qr-01b4c58d-7b: No such device
Nov 23 13:42:51 np0005532741.novalocal libvirtd[98634]: ethtool ioctl error on qr-01b4c58d-7b: No such device
Nov 23 13:42:51 np0005532741.novalocal libvirtd[98634]: ethtool ioctl error on qr-01b4c58d-7b: No such device
Nov 23 13:42:51 np0005532741.novalocal libvirtd[98634]: ethtool ioctl error on qr-01b4c58d-7b: No such device
Nov 23 13:42:51 np0005532741.novalocal libvirtd[98634]: ethtool ioctl error on qr-01b4c58d-7b: No such device
Nov 23 13:42:51 np0005532741.novalocal libvirtd[98634]: ethtool ioctl error on qr-01b4c58d-7b: No such device
Nov 23 13:42:51 np0005532741.novalocal dnsmasq[104200]: read /var/lib/neutron/dhcp/d5086c21-f242-4be1-9338-e0639f622043/addn_hosts - 1 addresses
Nov 23 13:42:51 np0005532741.novalocal dnsmasq-dhcp[104200]: read /var/lib/neutron/dhcp/d5086c21-f242-4be1-9338-e0639f622043/host
Nov 23 13:42:51 np0005532741.novalocal dnsmasq-dhcp[104200]: read /var/lib/neutron/dhcp/d5086c21-f242-4be1-9338-e0639f622043/opts
Nov 23 13:42:52 np0005532741.novalocal dnsmasq[104200]: read /var/lib/neutron/dhcp/d5086c21-f242-4be1-9338-e0639f622043/addn_hosts - 1 addresses
Nov 23 13:42:52 np0005532741.novalocal dnsmasq-dhcp[104200]: read /var/lib/neutron/dhcp/d5086c21-f242-4be1-9338-e0639f622043/host
Nov 23 13:42:52 np0005532741.novalocal dnsmasq-dhcp[104200]: read /var/lib/neutron/dhcp/d5086c21-f242-4be1-9338-e0639f622043/opts
Nov 23 13:42:52 np0005532741.novalocal kernel: qg-54888079-f6: entered promiscuous mode
Nov 23 13:42:52 np0005532741.novalocal NetworkManager[858]: [1763923372.3447] manager: (qg-54888079-f6): 'openvswitch' plugin not available; creating generic device
Nov 23 13:42:52 np0005532741.novalocal NetworkManager[858]: [1763923372.3457] manager: (qg-54888079-f6): new Generic device (/org/freedesktop/NetworkManager/Devices/33)
Nov 23 13:42:52 np0005532741.novalocal systemd[1]: Started SETroubleshoot daemon for processing new SELinux denial logs.
Nov 23 13:42:52 np0005532741.novalocal object-server[104170]: Object audit (ALL). Since Sun Nov 23 18:42:51 2025: Locally: 1 passed, 0 quarantined, 0 errors, files/sec: 0.61, bytes/sec: 9984185.12, Total time: 1.64, Auditing time: 0.00, Rate: 0.00
Nov 23 13:42:52 np0005532741.novalocal systemd[1]: Started dbus-:1.1-org.fedoraproject.SetroubleshootPrivileged@8.service.
Nov 23 13:42:54 np0005532741.novalocal setroubleshoot[104198]: SELinux is preventing /usr/sbin/dnsmasq from using the dac_override capability. For complete SELinux messages run: sealert -l c0dd1477-13c5-4a00-9453-07ab048ebcc0
Nov 23 13:42:54 np0005532741.novalocal setroubleshoot[104198]: SELinux is preventing /usr/sbin/dnsmasq from using the dac_override capability. ***** Plugin dac_override (53.1 confidence) suggests ********************** If you want to help identify if domain needs this access or you have a file with the wrong permissions on your system Then turn on full auditing to get path information about the offending file and generate the error again. Do Turn on full auditing # auditctl -w /etc/shadow -p w Try to recreate AVC. Then execute # ausearch -m avc -ts recent If you see PATH record check ownership/permissions on file, and fix it, otherwise report as a bugzilla. ***** Plugin catchall_boolean (42.6 confidence) suggests ****************** If you want to allow os to dnsmasq dac override Then you must tell SELinux about this by enabling the 'os_dnsmasq_dac_override' boolean. Do setsebool -P os_dnsmasq_dac_override 1 ***** Plugin catchall (5.76 confidence) suggests ************************** If you believe that dnsmasq should have the dac_override capability by default. Then you should report this as a bug. You can generate a local policy module to allow this access. Do allow this access for now by executing: # ausearch -c 'dnsmasq' --raw | audit2allow -M my-dnsmasq # semodule -X 300 -i my-dnsmasq.pp
Nov 23 13:42:54 np0005532741.novalocal object-server[104169]: Object audit (ZBF) "forever" mode completed: 3.82s. Total quarantined: 0, Total errors: 0, Total files/sec: 50.23, Total bytes/sec: 0.00, Auditing time: 3.78, Rate: 0.99
Nov 23 13:42:56 np0005532741.novalocal dnsmasq[104200]: read /var/lib/neutron/dhcp/d5086c21-f242-4be1-9338-e0639f622043/addn_hosts - 2 addresses
Nov 23 13:42:56 np0005532741.novalocal dnsmasq-dhcp[104200]: read /var/lib/neutron/dhcp/d5086c21-f242-4be1-9338-e0639f622043/host
Nov 23 13:42:56 np0005532741.novalocal dnsmasq-dhcp[104200]: read /var/lib/neutron/dhcp/d5086c21-f242-4be1-9338-e0639f622043/opts
Nov 23 13:42:56 np0005532741.novalocal container-server[93117]: Container sharder cycle starting, auto-sharding False
Nov 23 13:42:56 np0005532741.novalocal NetworkManager[858]: [1763923376.9987] manager: (qbrd6f5f5d0-34): new Bridge device (/org/freedesktop/NetworkManager/Devices/34)
Nov 23 13:42:57 np0005532741.novalocal NetworkManager[858]: [1763923377.0058] manager: (qvod6f5f5d0-34): new Veth device (/org/freedesktop/NetworkManager/Devices/35)
Nov 23 13:42:57 np0005532741.novalocal NetworkManager[858]: [1763923377.0070] manager: (qvbd6f5f5d0-34): new Veth device (/org/freedesktop/NetworkManager/Devices/36)
Nov 23 13:42:57 np0005532741.novalocal NetworkManager[858]: [1763923377.0125] device (qvod6f5f5d0-34): carrier: link connected
Nov 23 13:42:57 np0005532741.novalocal NetworkManager[858]: [1763923377.0131] device (qvbd6f5f5d0-34): carrier: link connected
Nov 23 13:42:57 np0005532741.novalocal kernel: qbrd6f5f5d0-34: port 1(qvbd6f5f5d0-34) entered blocking state
Nov 23 13:42:57 np0005532741.novalocal kernel: qbrd6f5f5d0-34: port 1(qvbd6f5f5d0-34) entered disabled state
Nov 23 13:42:57 np0005532741.novalocal kernel: qvbd6f5f5d0-34: entered allmulticast mode
Nov 23 13:42:57 np0005532741.novalocal kernel: qvbd6f5f5d0-34: entered promiscuous mode
Nov 23 13:42:57 np0005532741.novalocal kernel: qbrd6f5f5d0-34: port 1(qvbd6f5f5d0-34) entered blocking state
Nov 23 13:42:57 np0005532741.novalocal kernel: qbrd6f5f5d0-34: port 1(qvbd6f5f5d0-34) entered forwarding state
Nov 23 13:42:57 np0005532741.novalocal NetworkManager[858]: [1763923377.0197] device (qbrd6f5f5d0-34): carrier: link connected
Nov 23 13:42:57 np0005532741.novalocal kernel: qvod6f5f5d0-34: entered promiscuous mode
Nov 23 13:42:57 np0005532741.novalocal systemd-udevd[104412]: Network interface NamePolicy= disabled on kernel command line.
Nov 23 13:42:57 np0005532741.novalocal systemd-udevd[104411]: Network interface NamePolicy= disabled on kernel command line.
Nov 23 13:42:57 np0005532741.novalocal systemd-udevd[104410]: Network interface NamePolicy= disabled on kernel command line.
Nov 23 13:42:57 np0005532741.novalocal NetworkManager[858]: [1763923377.0974] device (qbrd6f5f5d0-34): state change: unmanaged -> unavailable (reason 'connection-assumed', managed-type: 'external')
Nov 23 13:42:57 np0005532741.novalocal NetworkManager[858]: [1763923377.0985] device (qbrd6f5f5d0-34): state change: unavailable -> disconnected (reason 'connection-assumed', managed-type: 'external')
Nov 23 13:42:57 np0005532741.novalocal NetworkManager[858]: [1763923377.0999] device (qbrd6f5f5d0-34): Activation: starting connection 'qbrd6f5f5d0-34' (c5ff2ec5-b7fb-4821-9459-49cb3e4c5e63)
Nov 23 13:42:57 np0005532741.novalocal NetworkManager[858]: [1763923377.1003] device (qbrd6f5f5d0-34): state change: disconnected -> prepare (reason 'none', managed-type: 'external')
Nov 23 13:42:57 np0005532741.novalocal NetworkManager[858]: [1763923377.1009] device (qbrd6f5f5d0-34): state change: prepare -> config (reason 'none', managed-type: 'external')
Nov 23 13:42:57 np0005532741.novalocal NetworkManager[858]: [1763923377.1013] device (qbrd6f5f5d0-34): state change: config -> ip-config (reason 'none', managed-type: 'external')
Nov 23 13:42:57 np0005532741.novalocal NetworkManager[858]: [1763923377.1016] device (qbrd6f5f5d0-34): state change: ip-config -> ip-check (reason 'none', managed-type: 'external')
Nov 23 13:42:57 np0005532741.novalocal NetworkManager[858]: [1763923377.1107] device (qbrd6f5f5d0-34): state change: ip-check -> secondaries (reason 'none', managed-type: 'external')
Nov 23 13:42:57 np0005532741.novalocal NetworkManager[858]: [1763923377.1110] device (qbrd6f5f5d0-34): state change: secondaries -> activated (reason 'none', managed-type: 'external')
Nov 23 13:42:57 np0005532741.novalocal NetworkManager[858]: [1763923377.1120] device (qbrd6f5f5d0-34): Activation: successful, device activated.
Nov 23 13:42:57 np0005532741.novalocal systemd[1]: iscsi.service: Unit cannot be reloaded because it is inactive.
Nov 23 13:42:57 np0005532741.novalocal NetworkManager[858]: [1763923377.1819] manager: (tapd6f5f5d0-34): new Tun device (/org/freedesktop/NetworkManager/Devices/37)
Nov 23 13:42:57 np0005532741.novalocal kernel: qbrd6f5f5d0-34: port 2(tapd6f5f5d0-34) entered blocking state
Nov 23 13:42:57 np0005532741.novalocal kernel: qbrd6f5f5d0-34: port 2(tapd6f5f5d0-34) entered disabled state
Nov 23 13:42:57 np0005532741.novalocal kernel: tapd6f5f5d0-34: entered allmulticast mode
Nov 23 13:42:57 np0005532741.novalocal kernel: tapd6f5f5d0-34: entered promiscuous mode
Nov 23 13:42:57 np0005532741.novalocal kernel: qbrd6f5f5d0-34: port 2(tapd6f5f5d0-34) entered blocking state
Nov 23 13:42:57 np0005532741.novalocal kernel: qbrd6f5f5d0-34: port 2(tapd6f5f5d0-34) entered forwarding state
Nov 23 13:42:57 np0005532741.novalocal libvirtd[98634]: Domain id=3 name='instance-00000003' uuid=5f7fcd57-778f-4591-8af1-e4750aad0514 is tainted: deprecated-config (machine type 'pc-i440fx-rhel7.6.0')
Nov 23 13:42:57 np0005532741.novalocal libvirtd[98634]: Domain id=3 name='instance-00000003' uuid=5f7fcd57-778f-4591-8af1-e4750aad0514 is tainted: deprecated-config (CPU model 'qemu64')
Nov 23 13:42:57 np0005532741.novalocal NetworkManager[858]: [1763923377.2020] device (tapd6f5f5d0-34): state change: unmanaged -> unavailable (reason 'connection-assumed', managed-type: 'external')
Nov 23 13:42:57 np0005532741.novalocal NetworkManager[858]: [1763923377.2041] device (tapd6f5f5d0-34): state change: unavailable -> disconnected (reason 'connection-assumed', managed-type: 'external')
Nov 23 13:42:57 np0005532741.novalocal NetworkManager[858]: [1763923377.2052] device (tapd6f5f5d0-34): Activation: starting connection 'tapd6f5f5d0-34' (f79721f1-4688-4a60-9342-52c8d0eda846)
Nov 23 13:42:57 np0005532741.novalocal NetworkManager[858]: [1763923377.2055] device (tapd6f5f5d0-34): state change: disconnected -> prepare (reason 'none', managed-type: 'external')
Nov 23 13:42:57 np0005532741.novalocal NetworkManager[858]: [1763923377.2063] device (tapd6f5f5d0-34): state change: prepare -> config (reason 'none', managed-type: 'external')
Nov 23 13:42:57 np0005532741.novalocal NetworkManager[858]: [1763923377.2066] device (tapd6f5f5d0-34): state change: config -> ip-config (reason 'none', managed-type: 'external')
Nov 23 13:42:57 np0005532741.novalocal NetworkManager[858]: [1763923377.2068] device (qbrd6f5f5d0-34): bridge port tapd6f5f5d0-34 was attached
Nov 23 13:42:57 np0005532741.novalocal NetworkManager[858]: [1763923377.2069] device (tapd6f5f5d0-34): Activation: connection 'tapd6f5f5d0-34' attached as port, continuing activation
Nov 23 13:42:57 np0005532741.novalocal NetworkManager[858]: [1763923377.2072] device (tapd6f5f5d0-34): state change: ip-config -> ip-check (reason 'none', managed-type: 'external')
Nov 23 13:42:57 np0005532741.novalocal NetworkManager[858]: [1763923377.2085] device (tapd6f5f5d0-34): state change: ip-check -> secondaries (reason 'none', managed-type: 'external')
Nov 23 13:42:57 np0005532741.novalocal NetworkManager[858]: [1763923377.2088] device (tapd6f5f5d0-34): state change: secondaries -> activated (reason 'none', managed-type: 'external')
Nov 23 13:42:57 np0005532741.novalocal NetworkManager[858]: [1763923377.2098] device (tapd6f5f5d0-34): Activation: successful, device activated.
Nov 23 13:42:57 np0005532741.novalocal systemd[1]: iscsi.service: Unit cannot be reloaded because it is inactive.
Nov 23 13:42:57 np0005532741.novalocal systemd-machined[94010]: New machine qemu-3-instance-00000003.
Nov 23 13:42:57 np0005532741.novalocal systemd[1]: Started Virtual Machine qemu-3-instance-00000003.
Nov 23 13:42:58 np0005532741.novalocal container-server[93117]: Since Sun Nov 23 18:42:56 2025 visited - attempted:0 success:0 failure:0 skipped:96 completed:0
Nov 23 13:42:58 np0005532741.novalocal container-server[93117]: Since Sun Nov 23 18:42:56 2025 scanned - attempted:0 success:0 failure:0 found:0 min_time:0 max_time:0
Nov 23 13:42:58 np0005532741.novalocal container-server[93117]: Since Sun Nov 23 18:42:56 2025 created - attempted:0 success:0 failure:0
Nov 23 13:42:58 np0005532741.novalocal container-server[93117]: Since Sun Nov 23 18:42:56 2025 cleaved - attempted:0 success:0 failure:0 min_time:0 max_time:0
Nov 23 13:42:58 np0005532741.novalocal container-server[93117]: Since Sun Nov 23 18:42:56 2025 misplaced - attempted:0 success:0 failure:0 found:0 placed:0 unplaced:0
Nov 23 13:42:58 np0005532741.novalocal container-server[93117]: Since Sun Nov 23 18:42:56 2025 audit_root - attempted:0 success:0 failure:0 has_overlap:0 num_overlap:0
Nov 23 13:42:58 np0005532741.novalocal container-server[93117]: Since Sun Nov 23 18:42:56 2025 audit_shard - attempted:0 success:0 failure:0
Nov 23 13:42:58 np0005532741.novalocal container-server[93117]: Container sharder cycle completed: 1.92s
Nov 23 13:42:58 np0005532741.novalocal account-server[96016]: ::1 - - [23/Nov/2025:18:42:58 +0000] "HEAD /1/21056/AUTH_9cc260e0c9e84206955019da66ffcbec" 204 - "HEAD http://[::1]:8080/v1/AUTH_9cc260e0c9e84206955019da66ffcbec?format=json" "tx46bb0425bbf7465784afd-00692355b2" "proxy-server 92677" 0.0129 "-" 96016 -
Nov 23 13:42:58 np0005532741.novalocal account-server[96016]: ::1 - - [23/Nov/2025:18:42:58 +0000] "HEAD /1/21056/AUTH_9cc260e0c9e84206955019da66ffcbec" 204 - "HEAD http://[::1]:8080/v1/AUTH_9cc260e0c9e84206955019da66ffcbec?format=json" "txe05538a54a1f4b9ba1a1a-00692355b2" "proxy-server 92676" 0.0023 "-" 96016 -
Nov 23 13:42:58 np0005532741.novalocal container-server[96311]: ::1 - - [23/Nov/2025:18:42:58 +0000] "HEAD /2/85847/AUTH_9cc260e0c9e84206955019da66ffcbec/gnocchi.54c13309-bb53-4209-829c-52771a603e84" 404 - "HEAD http://[::1]:8080/v1/AUTH_9cc260e0c9e84206955019da66ffcbec/gnocchi.54c13309-bb53-4209-829c-52771a603e84?format=json&states=listing" "tx46bb0425bbf7465784afd-00692355b2" "proxy-server 92677" 0.0004 "-" 96311 0
Nov 23 13:42:58 np0005532741.novalocal container-server[96310]: ::1 - - [23/Nov/2025:18:42:58 +0000] "HEAD /3/85847/AUTH_9cc260e0c9e84206955019da66ffcbec/gnocchi.54c13309-bb53-4209-829c-52771a603e84" 404 - "HEAD http://[::1]:8080/v1/AUTH_9cc260e0c9e84206955019da66ffcbec/gnocchi.54c13309-bb53-4209-829c-52771a603e84?format=json&states=listing" "tx46bb0425bbf7465784afd-00692355b2" "proxy-server 92677" 0.0005 "-" 96310 0
Nov 23 13:42:58 np0005532741.novalocal container-server[96308]: ::1 - - [23/Nov/2025:18:42:58 +0000] "HEAD /3/225858/AUTH_9cc260e0c9e84206955019da66ffcbec/gnocchi.d8994432-ba87-4221-9d4a-3a0df25907d8" 404 - "HEAD http://[::1]:8080/v1/AUTH_9cc260e0c9e84206955019da66ffcbec/gnocchi.d8994432-ba87-4221-9d4a-3a0df25907d8?format=json&states=listing" "txe05538a54a1f4b9ba1a1a-00692355b2" "proxy-server 92676" 0.0005 "-" 96308 0
Nov 23 13:42:58 np0005532741.novalocal container-server[96310]: ::1 - - [23/Nov/2025:18:42:58 +0000] "HEAD /1/85847/AUTH_9cc260e0c9e84206955019da66ffcbec/gnocchi.54c13309-bb53-4209-829c-52771a603e84" 404 - "HEAD http://[::1]:8080/v1/AUTH_9cc260e0c9e84206955019da66ffcbec/gnocchi.54c13309-bb53-4209-829c-52771a603e84?format=json&states=listing" "tx46bb0425bbf7465784afd-00692355b2" "proxy-server 92677" 0.0004 "-" 96310 0
Nov 23 13:42:58 np0005532741.novalocal container-server[96309]: ::1 - - [23/Nov/2025:18:42:58 +0000] "HEAD /2/225858/AUTH_9cc260e0c9e84206955019da66ffcbec/gnocchi.d8994432-ba87-4221-9d4a-3a0df25907d8" 404 - "HEAD http://[::1]:8080/v1/AUTH_9cc260e0c9e84206955019da66ffcbec/gnocchi.d8994432-ba87-4221-9d4a-3a0df25907d8?format=json&states=listing" "txe05538a54a1f4b9ba1a1a-00692355b2" "proxy-server 92676" 0.0003 "-" 96309 0
Nov 23 13:42:58 np0005532741.novalocal container-server[96308]: ::1 - - [23/Nov/2025:18:42:58 +0000] "HEAD /1/225858/AUTH_9cc260e0c9e84206955019da66ffcbec/gnocchi.d8994432-ba87-4221-9d4a-3a0df25907d8" 404 - "HEAD http://[::1]:8080/v1/AUTH_9cc260e0c9e84206955019da66ffcbec/gnocchi.d8994432-ba87-4221-9d4a-3a0df25907d8?format=json&states=listing" "txe05538a54a1f4b9ba1a1a-00692355b2" "proxy-server 92676" 0.0003 "-" 96308 0
Nov 23 13:42:58 np0005532741.novalocal object-server[96606]: ::1 - - [23/Nov/2025:18:42:58 +0000] "GET /3/21183/AUTH_9cc260e0c9e84206955019da66ffcbec/gnocchi.54c13309-bb53-4209-829c-52771a603e84/none_v3" 404 70 "GET http://[::1]:8080/v1/AUTH_9cc260e0c9e84206955019da66ffcbec/gnocchi.54c13309-bb53-4209-829c-52771a603e84/none_v3" "tx46bb0425bbf7465784afd-00692355b2" "proxy-server 92677" 0.0003 "-" 96606 0
Nov 23 13:42:58 np0005532741.novalocal object-server[96606]: ::1 - - [23/Nov/2025:18:42:58 +0000] "GET /2/21183/AUTH_9cc260e0c9e84206955019da66ffcbec/gnocchi.54c13309-bb53-4209-829c-52771a603e84/none_v3" 404 70 "GET http://[::1]:8080/v1/AUTH_9cc260e0c9e84206955019da66ffcbec/gnocchi.54c13309-bb53-4209-829c-52771a603e84/none_v3" "tx46bb0425bbf7465784afd-00692355b2" "proxy-server 92677" 0.0002 "-" 96606 0
Nov 23 13:42:58 np0005532741.novalocal object-server[96609]: ::1 - - [23/Nov/2025:18:42:58 +0000] "GET /1/153623/AUTH_9cc260e0c9e84206955019da66ffcbec/gnocchi.d8994432-ba87-4221-9d4a-3a0df25907d8/none_v3" 404 70 "GET http://[::1]:8080/v1/AUTH_9cc260e0c9e84206955019da66ffcbec/gnocchi.d8994432-ba87-4221-9d4a-3a0df25907d8/none_v3" "txe05538a54a1f4b9ba1a1a-00692355b2" "proxy-server 92676" 0.0004 "-" 96609 0
Nov 23 13:42:58 np0005532741.novalocal object-server[96606]: ::1 - - [23/Nov/2025:18:42:58 +0000] "GET /2/153623/AUTH_9cc260e0c9e84206955019da66ffcbec/gnocchi.d8994432-ba87-4221-9d4a-3a0df25907d8/none_v3" 404 70 "GET http://[::1]:8080/v1/AUTH_9cc260e0c9e84206955019da66ffcbec/gnocchi.d8994432-ba87-4221-9d4a-3a0df25907d8/none_v3" "txe05538a54a1f4b9ba1a1a-00692355b2" "proxy-server 92676" 0.0002 "-" 96606 0
Nov 23 13:42:58 np0005532741.novalocal object-server[96609]: ::1 - - [23/Nov/2025:18:42:58 +0000] "GET /1/21183/AUTH_9cc260e0c9e84206955019da66ffcbec/gnocchi.54c13309-bb53-4209-829c-52771a603e84/none_v3" 404 70 "GET http://[::1]:8080/v1/AUTH_9cc260e0c9e84206955019da66ffcbec/gnocchi.54c13309-bb53-4209-829c-52771a603e84/none_v3" "tx46bb0425bbf7465784afd-00692355b2" "proxy-server 92677" 0.0009 "-" 96609 0
Nov 23 13:42:58 np0005532741.novalocal proxy-server[92677]: ::1 ::1 23/Nov/2025/18/42/58 GET /v1/AUTH_9cc260e0c9e84206955019da66ffcbec/gnocchi.54c13309-bb53-4209-829c-52771a603e84/none_v3 HTTP/1.0 404 - python-swiftclient-4.2.0 gAAAAABpI1V6uZq-... - 70 - tx46bb0425bbf7465784afd-00692355b2 - 0.0498 - - 1763923378.787861347 1763923378.837699890 0
Nov 23 13:42:58 np0005532741.novalocal object-server[96609]: ::1 - - [23/Nov/2025:18:42:58 +0000] "GET /3/153623/AUTH_9cc260e0c9e84206955019da66ffcbec/gnocchi.d8994432-ba87-4221-9d4a-3a0df25907d8/none_v3" 404 70 "GET http://[::1]:8080/v1/AUTH_9cc260e0c9e84206955019da66ffcbec/gnocchi.d8994432-ba87-4221-9d4a-3a0df25907d8/none_v3" "txe05538a54a1f4b9ba1a1a-00692355b2" "proxy-server 92676" 0.0004 "-" 96609 0
Nov 23 13:42:58 np0005532741.novalocal proxy-server[92676]: ::1 ::1 23/Nov/2025/18/42/58 GET /v1/AUTH_9cc260e0c9e84206955019da66ffcbec/gnocchi.d8994432-ba87-4221-9d4a-3a0df25907d8/none_v3 HTTP/1.0 404 - python-swiftclient-4.2.0 gAAAAABpI1V6j5L9... - 70 - txe05538a54a1f4b9ba1a1a-00692355b2 - 0.0518 - - 1763923378.790478706 1763923378.842288494 0
Nov 23 13:42:58 np0005532741.novalocal account-server[96018]: ::1 - - [23/Nov/2025:18:42:58 +0000] "PUT /1/21056/AUTH_9cc260e0c9e84206955019da66ffcbec/gnocchi.54c13309-bb53-4209-829c-52771a603e84" 201 - "PUT http://[::1]:6001/3/85847/AUTH_9cc260e0c9e84206955019da66ffcbec/gnocchi.54c13309-bb53-4209-829c-52771a603e84" "tx214140b437684a59a828d-00692355b2" "container-server 96309" 0.0019 "-" 96018 0
Nov 23 13:42:58 np0005532741.novalocal container-server[96309]: ::1 - - [23/Nov/2025:18:42:58 +0000] "PUT /3/85847/AUTH_9cc260e0c9e84206955019da66ffcbec/gnocchi.54c13309-bb53-4209-829c-52771a603e84" 201 - "PUT http://[::1]:8080/v1/AUTH_9cc260e0c9e84206955019da66ffcbec/gnocchi.54c13309-bb53-4209-829c-52771a603e84" "tx214140b437684a59a828d-00692355b2" "proxy-server 92677" 0.0194 "-" 96309 0
Nov 23 13:42:58 np0005532741.novalocal account-server[96017]: ::1 - - [23/Nov/2025:18:42:58 +0000] "PUT /2/21056/AUTH_9cc260e0c9e84206955019da66ffcbec/gnocchi.54c13309-bb53-4209-829c-52771a603e84" 201 - "PUT http://[::1]:6001/1/85847/AUTH_9cc260e0c9e84206955019da66ffcbec/gnocchi.54c13309-bb53-4209-829c-52771a603e84" "tx214140b437684a59a828d-00692355b2" "container-server 96311" 0.0058 "-" 96017 0
Nov 23 13:42:58 np0005532741.novalocal account-server[96019]: ::1 - - [23/Nov/2025:18:42:58 +0000] "PUT /1/21056/AUTH_9cc260e0c9e84206955019da66ffcbec/gnocchi.d8994432-ba87-4221-9d4a-3a0df25907d8" 201 - "PUT http://[::1]:6001/1/225858/AUTH_9cc260e0c9e84206955019da66ffcbec/gnocchi.d8994432-ba87-4221-9d4a-3a0df25907d8" "txc5d314e885a64126900cd-00692355b2" "container-server 96309" 0.0088 "-" 96019 0
Nov 23 13:42:58 np0005532741.novalocal container-server[96311]: ::1 - - [23/Nov/2025:18:42:58 +0000] "PUT /1/85847/AUTH_9cc260e0c9e84206955019da66ffcbec/gnocchi.54c13309-bb53-4209-829c-52771a603e84" 201 - "PUT http://[::1]:8080/v1/AUTH_9cc260e0c9e84206955019da66ffcbec/gnocchi.54c13309-bb53-4209-829c-52771a603e84" "tx214140b437684a59a828d-00692355b2" "proxy-server 92677" 0.0302 "-" 96311 0
Nov 23 13:42:58 np0005532741.novalocal container-server[96309]: ::1 - - [23/Nov/2025:18:42:58 +0000] "PUT /1/225858/AUTH_9cc260e0c9e84206955019da66ffcbec/gnocchi.d8994432-ba87-4221-9d4a-3a0df25907d8" 201 - "PUT http://[::1]:8080/v1/AUTH_9cc260e0c9e84206955019da66ffcbec/gnocchi.d8994432-ba87-4221-9d4a-3a0df25907d8" "txc5d314e885a64126900cd-00692355b2" "proxy-server 92676" 0.0192 "-" 96309 0
Nov 23 13:42:58 np0005532741.novalocal account-server[96016]: ::1 - - [23/Nov/2025:18:42:58 +0000] "PUT /3/21056/AUTH_9cc260e0c9e84206955019da66ffcbec/gnocchi.54c13309-bb53-4209-829c-52771a603e84" 201 - "PUT http://[::1]:6001/2/85847/AUTH_9cc260e0c9e84206955019da66ffcbec/gnocchi.54c13309-bb53-4209-829c-52771a603e84" "tx214140b437684a59a828d-00692355b2" "container-server 96308" 0.0081 "-" 96016 0
Nov 23 13:42:58 np0005532741.novalocal container-server[96308]: ::1 - - [23/Nov/2025:18:42:58 +0000] "PUT /2/85847/AUTH_9cc260e0c9e84206955019da66ffcbec/gnocchi.54c13309-bb53-4209-829c-52771a603e84" 201 - "PUT http://[::1]:8080/v1/AUTH_9cc260e0c9e84206955019da66ffcbec/gnocchi.54c13309-bb53-4209-829c-52771a603e84" "tx214140b437684a59a828d-00692355b2" "proxy-server 92677" 0.0384 "-" 96308 0
Nov 23 13:42:58 np0005532741.novalocal proxy-server[92677]: ::1 ::1 23/Nov/2025/18/42/58 PUT /v1/AUTH_9cc260e0c9e84206955019da66ffcbec/gnocchi.54c13309-bb53-4209-829c-52771a603e84 HTTP/1.0 201 - python-swiftclient-4.2.0 gAAAAABpI1V6uZq-... - - - tx214140b437684a59a828d-00692355b2 - 0.0470 - - 1763923378.840988636 1763923378.887979031 0
Nov 23 13:42:58 np0005532741.novalocal account-server[96016]: ::1 - - [23/Nov/2025:18:42:58 +0000] "PUT /3/21056/AUTH_9cc260e0c9e84206955019da66ffcbec/gnocchi.d8994432-ba87-4221-9d4a-3a0df25907d8" 201 - "PUT http://[::1]:6001/3/225858/AUTH_9cc260e0c9e84206955019da66ffcbec/gnocchi.d8994432-ba87-4221-9d4a-3a0df25907d8" "txc5d314e885a64126900cd-00692355b2" "container-server 96311" 0.0064 "-" 96016 0
Nov 23 13:42:58 np0005532741.novalocal container-server[96311]: ::1 - - [23/Nov/2025:18:42:58 +0000] "PUT /3/225858/AUTH_9cc260e0c9e84206955019da66ffcbec/gnocchi.d8994432-ba87-4221-9d4a-3a0df25907d8" 201 - "PUT http://[::1]:8080/v1/AUTH_9cc260e0c9e84206955019da66ffcbec/gnocchi.d8994432-ba87-4221-9d4a-3a0df25907d8" "txc5d314e885a64126900cd-00692355b2" "proxy-server 92676" 0.0237 "-" 96311 0
Nov 23 13:42:58 np0005532741.novalocal container-server[96310]: ::1 - - [23/Nov/2025:18:42:58 +0000] "HEAD /3/85847/AUTH_9cc260e0c9e84206955019da66ffcbec/gnocchi.54c13309-bb53-4209-829c-52771a603e84" 204 - "HEAD http://[::1]:8080/v1/AUTH_9cc260e0c9e84206955019da66ffcbec/gnocchi.54c13309-bb53-4209-829c-52771a603e84?format=json&states=listing" "tx268dfa641c284f9fbf71c-00692355b2" "proxy-server 92677" 0.0032 "-" 96310 0
Nov 23 13:42:58 np0005532741.novalocal account-server[96016]: ::1 - - [23/Nov/2025:18:42:58 +0000] "PUT /2/21056/AUTH_9cc260e0c9e84206955019da66ffcbec/gnocchi.d8994432-ba87-4221-9d4a-3a0df25907d8" 201 - "PUT http://[::1]:6001/2/225858/AUTH_9cc260e0c9e84206955019da66ffcbec/gnocchi.d8994432-ba87-4221-9d4a-3a0df25907d8" "txc5d314e885a64126900cd-00692355b2" "container-server 96308" 0.0127 "-" 96016 0
Nov 23 13:42:58 np0005532741.novalocal container-server[96308]: ::1 - - [23/Nov/2025:18:42:58 +0000] "PUT /2/225858/AUTH_9cc260e0c9e84206955019da66ffcbec/gnocchi.d8994432-ba87-4221-9d4a-3a0df25907d8" 201 - "PUT http://[::1]:8080/v1/AUTH_9cc260e0c9e84206955019da66ffcbec/gnocchi.d8994432-ba87-4221-9d4a-3a0df25907d8" "txc5d314e885a64126900cd-00692355b2" "proxy-server 92676" 0.0313 "-" 96308 0
Nov 23 13:42:58 np0005532741.novalocal proxy-server[92676]: ::1 ::1 23/Nov/2025/18/42/58 PUT /v1/AUTH_9cc260e0c9e84206955019da66ffcbec/gnocchi.d8994432-ba87-4221-9d4a-3a0df25907d8 HTTP/1.0 201 - python-swiftclient-4.2.0 gAAAAABpI1V6j5L9... - - - txc5d314e885a64126900cd-00692355b2 - 0.0627 - - 1763923378.846612453 1763923378.909295321 0
Nov 23 13:42:58 np0005532741.novalocal container-server[96311]: ::1 - - [23/Nov/2025:18:42:58 +0000] "GET /2/85847/AUTH_9cc260e0c9e84206955019da66ffcbec/gnocchi.54c13309-bb53-4209-829c-52771a603e84" 200 2 "GET http://[::1]:8080/v1/AUTH_9cc260e0c9e84206955019da66ffcbec/gnocchi.54c13309-bb53-4209-829c-52771a603e84?format=json&states=listing" "tx268dfa641c284f9fbf71c-00692355b2" "proxy-server 92677" 0.0020 "-" 96311 0
Nov 23 13:42:58 np0005532741.novalocal proxy-server[92677]: ::1 ::1 23/Nov/2025/18/42/58 GET /v1/AUTH_9cc260e0c9e84206955019da66ffcbec/gnocchi.54c13309-bb53-4209-829c-52771a603e84%3Fformat%3Djson%26states%3Dlisting HTTP/1.0 200 - python-swiftclient-4.2.0 gAAAAABpI1V6uZq-... - 2 - tx268dfa641c284f9fbf71c-00692355b2 - 0.0209 - - 1763923378.893024445 1763923378.913947105 0
Nov 23 13:42:58 np0005532741.novalocal container-server[96310]: ::1 - - [23/Nov/2025:18:42:58 +0000] "HEAD /2/225858/AUTH_9cc260e0c9e84206955019da66ffcbec/gnocchi.d8994432-ba87-4221-9d4a-3a0df25907d8" 204 - "HEAD http://[::1]:8080/v1/AUTH_9cc260e0c9e84206955019da66ffcbec/gnocchi.d8994432-ba87-4221-9d4a-3a0df25907d8?format=json&states=listing" "tx27b7dc16d13643fcb3fc9-00692355b2" "proxy-server 92676" 0.0030 "-" 96310 0
Nov 23 13:42:58 np0005532741.novalocal object-server[96607]: ::1 - - [23/Nov/2025:18:42:58 +0000] "GET /1/84741/AUTH_9cc260e0c9e84206955019da66ffcbec/gnocchi.54c13309-bb53-4209-829c-52771a603e84/1763640000.0_mean_300.0_v3" 404 70 "GET http://[::1]:8080/v1/AUTH_9cc260e0c9e84206955019da66ffcbec/gnocchi.54c13309-bb53-4209-829c-52771a603e84/1763640000.0_mean_300.0_v3" "tx820e31f60f214869a52f3-00692355b2" "proxy-server 92677" 0.0006 "-" 96607 0
Nov 23 13:42:58 np0005532741.novalocal object-server[96606]: ::1 - - [23/Nov/2025:18:42:58 +0000] "GET /3/84741/AUTH_9cc260e0c9e84206955019da66ffcbec/gnocchi.54c13309-bb53-4209-829c-52771a603e84/1763640000.0_mean_300.0_v3" 404 70 "GET http://[::1]:8080/v1/AUTH_9cc260e0c9e84206955019da66ffcbec/gnocchi.54c13309-bb53-4209-829c-52771a603e84/1763640000.0_mean_300.0_v3" "tx820e31f60f214869a52f3-00692355b2" "proxy-server 92677" 0.0005 "-" 96606 0
Nov 23 13:42:58 np0005532741.novalocal object-server[96606]: ::1 - - [23/Nov/2025:18:42:58 +0000] "GET /2/84741/AUTH_9cc260e0c9e84206955019da66ffcbec/gnocchi.54c13309-bb53-4209-829c-52771a603e84/1763640000.0_mean_300.0_v3" 404 70 "GET http://[::1]:8080/v1/AUTH_9cc260e0c9e84206955019da66ffcbec/gnocchi.54c13309-bb53-4209-829c-52771a603e84/1763640000.0_mean_300.0_v3" "tx820e31f60f214869a52f3-00692355b2" "proxy-server 92677" 0.0004 "-" 96606 0
Nov 23 13:42:58 np0005532741.novalocal container-server[96310]: ::1 - - [23/Nov/2025:18:42:58 +0000] "GET /3/225858/AUTH_9cc260e0c9e84206955019da66ffcbec/gnocchi.d8994432-ba87-4221-9d4a-3a0df25907d8" 200 2 "GET http://[::1]:8080/v1/AUTH_9cc260e0c9e84206955019da66ffcbec/gnocchi.d8994432-ba87-4221-9d4a-3a0df25907d8?format=json&states=listing" "tx27b7dc16d13643fcb3fc9-00692355b2" "proxy-server 92676" 0.0064 "-" 96310 0
Nov 23 13:42:58 np0005532741.novalocal proxy-server[92677]: ::1 ::1 23/Nov/2025/18/42/58 GET /v1/AUTH_9cc260e0c9e84206955019da66ffcbec/gnocchi.54c13309-bb53-4209-829c-52771a603e84/1763640000.0_mean_300.0_v3 HTTP/1.0 404 - python-swiftclient-4.2.0 gAAAAABpI1V6uZq-... - 70 - tx820e31f60f214869a52f3-00692355b2 - 0.0191 - - 1763923378.919716835 1763923378.938824654 0
Nov 23 13:42:58 np0005532741.novalocal proxy-server[92676]: ::1 ::1 23/Nov/2025/18/42/58 GET /v1/AUTH_9cc260e0c9e84206955019da66ffcbec/gnocchi.d8994432-ba87-4221-9d4a-3a0df25907d8%3Fformat%3Djson%26states%3Dlisting HTTP/1.0 200 - python-swiftclient-4.2.0 gAAAAABpI1V6j5L9... - 2 - tx27b7dc16d13643fcb3fc9-00692355b2 - 0.0272 - - 1763923378.915276527 1763923378.942526102 0
Nov 23 13:42:58 np0005532741.novalocal object-server[96609]: ::1 - - [23/Nov/2025:18:42:58 +0000] "GET /1/232453/AUTH_9cc260e0c9e84206955019da66ffcbec/gnocchi.d8994432-ba87-4221-9d4a-3a0df25907d8/1763640000.0_mean_300.0_v3" 404 70 "GET http://[::1]:8080/v1/AUTH_9cc260e0c9e84206955019da66ffcbec/gnocchi.d8994432-ba87-4221-9d4a-3a0df25907d8/1763640000.0_mean_300.0_v3" "tx64956a2169b24dd089e81-00692355b2" "proxy-server 92676" 0.0004 "-" 96609 0
Nov 23 13:42:58 np0005532741.novalocal container-server[96311]: ::1 - - [23/Nov/2025:18:42:58 +0000] "PUT /3/85847/AUTH_9cc260e0c9e84206955019da66ffcbec/gnocchi.54c13309-bb53-4209-829c-52771a603e84/1763640000.0_mean_300.0_v3" 201 - "PUT http://[::1]:8080/3/84741/AUTH_9cc260e0c9e84206955019da66ffcbec/gnocchi.54c13309-bb53-4209-829c-52771a603e84/1763640000.0_mean_300.0_v3" "tx5db4b81eb83148f3aa862-00692355b2" "object-server 96607" 0.0008 "-" 96311 0
Nov 23 13:42:58 np0005532741.novalocal object-server[96607]: ::1 - - [23/Nov/2025:18:42:58 +0000] "PUT /3/84741/AUTH_9cc260e0c9e84206955019da66ffcbec/gnocchi.54c13309-bb53-4209-829c-52771a603e84/1763640000.0_mean_300.0_v3" 201 - "PUT http://[::1]:8080/v1/AUTH_9cc260e0c9e84206955019da66ffcbec/gnocchi.54c13309-bb53-4209-829c-52771a603e84/1763640000.0_mean_300.0_v3" "tx5db4b81eb83148f3aa862-00692355b2" "proxy-server 92677" 0.0139 "-" 96607 0
Nov 23 13:42:58 np0005532741.novalocal object-server[96605]: ::1 - - [23/Nov/2025:18:42:58 +0000] "GET /3/232453/AUTH_9cc260e0c9e84206955019da66ffcbec/gnocchi.d8994432-ba87-4221-9d4a-3a0df25907d8/1763640000.0_mean_300.0_v3" 404 70 "GET http://[::1]:8080/v1/AUTH_9cc260e0c9e84206955019da66ffcbec/gnocchi.d8994432-ba87-4221-9d4a-3a0df25907d8/1763640000.0_mean_300.0_v3" "tx64956a2169b24dd089e81-00692355b2" "proxy-server 92676" 0.0007 "-" 96605 0
Nov 23 13:42:58 np0005532741.novalocal object-server[96605]: ::1 - - [23/Nov/2025:18:42:58 +0000] "GET /2/232453/AUTH_9cc260e0c9e84206955019da66ffcbec/gnocchi.d8994432-ba87-4221-9d4a-3a0df25907d8/1763640000.0_mean_300.0_v3" 404 70 "GET http://[::1]:8080/v1/AUTH_9cc260e0c9e84206955019da66ffcbec/gnocchi.d8994432-ba87-4221-9d4a-3a0df25907d8/1763640000.0_mean_300.0_v3" "tx64956a2169b24dd089e81-00692355b2" "proxy-server 92676" 0.0003 "-" 96605 0
Nov 23 13:42:58 np0005532741.novalocal container-server[96308]: ::1 - - [23/Nov/2025:18:42:58 +0000] "PUT /2/85847/AUTH_9cc260e0c9e84206955019da66ffcbec/gnocchi.54c13309-bb53-4209-829c-52771a603e84/1763640000.0_mean_300.0_v3" 201 - "PUT http://[::1]:8080/2/84741/AUTH_9cc260e0c9e84206955019da66ffcbec/gnocchi.54c13309-bb53-4209-829c-52771a603e84/1763640000.0_mean_300.0_v3" "tx5db4b81eb83148f3aa862-00692355b2" "object-server 96609" 0.0006 "-" 96308 0
Nov 23 13:42:58 np0005532741.novalocal object-server[96609]: ::1 - - [23/Nov/2025:18:42:58 +0000] "PUT /2/84741/AUTH_9cc260e0c9e84206955019da66ffcbec/gnocchi.54c13309-bb53-4209-829c-52771a603e84/1763640000.0_mean_300.0_v3" 201 - "PUT http://[::1]:8080/v1/AUTH_9cc260e0c9e84206955019da66ffcbec/gnocchi.54c13309-bb53-4209-829c-52771a603e84/1763640000.0_mean_300.0_v3" "tx5db4b81eb83148f3aa862-00692355b2" "proxy-server 92677" 0.0169 "-" 96609 0
Nov 23 13:42:58 np0005532741.novalocal proxy-server[92676]: ::1 ::1 23/Nov/2025/18/42/58 GET /v1/AUTH_9cc260e0c9e84206955019da66ffcbec/gnocchi.d8994432-ba87-4221-9d4a-3a0df25907d8/1763640000.0_mean_300.0_v3 HTTP/1.0 404 - python-swiftclient-4.2.0 gAAAAABpI1V6j5L9... - 70 - tx64956a2169b24dd089e81-00692355b2 - 0.0240 - - 1763923378.949493647 1763923378.973471165 0
Nov 23 13:42:58 np0005532741.novalocal container-server[96308]: ::1 - - [23/Nov/2025:18:42:58 +0000] "PUT /1/85847/AUTH_9cc260e0c9e84206955019da66ffcbec/gnocchi.54c13309-bb53-4209-829c-52771a603e84/1763640000.0_mean_300.0_v3" 201 - "PUT http://[::1]:8080/1/84741/AUTH_9cc260e0c9e84206955019da66ffcbec/gnocchi.54c13309-bb53-4209-829c-52771a603e84/1763640000.0_mean_300.0_v3" "tx5db4b81eb83148f3aa862-00692355b2" "object-server 96609" 0.0013 "-" 96308 0
Nov 23 13:42:58 np0005532741.novalocal object-server[96609]: ::1 - - [23/Nov/2025:18:42:58 +0000] "PUT /1/84741/AUTH_9cc260e0c9e84206955019da66ffcbec/gnocchi.54c13309-bb53-4209-829c-52771a603e84/1763640000.0_mean_300.0_v3" 201 - "PUT http://[::1]:8080/v1/AUTH_9cc260e0c9e84206955019da66ffcbec/gnocchi.54c13309-bb53-4209-829c-52771a603e84/1763640000.0_mean_300.0_v3" "tx5db4b81eb83148f3aa862-00692355b2" "proxy-server 92677" 0.0293 "-" 96609 0
Nov 23 13:42:58 np0005532741.novalocal proxy-server[92677]: ::1 ::1 23/Nov/2025/18/42/58 PUT /v1/AUTH_9cc260e0c9e84206955019da66ffcbec/gnocchi.54c13309-bb53-4209-829c-52771a603e84/1763640000.0_mean_300.0_v3 HTTP/1.0 201 - python-swiftclient-4.2.0 gAAAAABpI1V6uZq-... 16 - - tx5db4b81eb83148f3aa862-00692355b2 - 0.0399 - - 1763923378.943335772 1763923378.983284235 0
Nov 23 13:42:59 np0005532741.novalocal container-server[96310]: ::1 - - [23/Nov/2025:18:42:59 +0000] "PUT /2/225858/AUTH_9cc260e0c9e84206955019da66ffcbec/gnocchi.d8994432-ba87-4221-9d4a-3a0df25907d8/1763640000.0_mean_300.0_v3" 201 - "PUT http://[::1]:8080/1/232453/AUTH_9cc260e0c9e84206955019da66ffcbec/gnocchi.d8994432-ba87-4221-9d4a-3a0df25907d8/1763640000.0_mean_300.0_v3" "txdb6887d8eaf64e1fb5ec0-00692355b2" "object-server 96606" 0.0009 "-" 96310 0
Nov 23 13:42:59 np0005532741.novalocal object-server[96606]: ::1 - - [23/Nov/2025:18:42:59 +0000] "PUT /1/232453/AUTH_9cc260e0c9e84206955019da66ffcbec/gnocchi.d8994432-ba87-4221-9d4a-3a0df25907d8/1763640000.0_mean_300.0_v3" 201 - "PUT http://[::1]:8080/v1/AUTH_9cc260e0c9e84206955019da66ffcbec/gnocchi.d8994432-ba87-4221-9d4a-3a0df25907d8/1763640000.0_mean_300.0_v3" "txdb6887d8eaf64e1fb5ec0-00692355b2" "proxy-server 92676" 0.0187 "-" 96606 0
Nov 23 13:42:59 np0005532741.novalocal container-server[96309]: ::1 - - [23/Nov/2025:18:42:59 +0000] "PUT /3/225858/AUTH_9cc260e0c9e84206955019da66ffcbec/gnocchi.d8994432-ba87-4221-9d4a-3a0df25907d8/1763640000.0_mean_300.0_v3" 201 - "PUT http://[::1]:8080/2/232453/AUTH_9cc260e0c9e84206955019da66ffcbec/gnocchi.d8994432-ba87-4221-9d4a-3a0df25907d8/1763640000.0_mean_300.0_v3" "txdb6887d8eaf64e1fb5ec0-00692355b2" "object-server 96609" 0.0009 "-" 96309 0
