Nov 23 13:43:07 np0005532741.novalocal proxy-server[92676]: ::1 ::1 23/Nov/2025/18/43/07 GET /v1/AUTH_9cc260e0c9e84206955019da66ffcbec/gnocchi.d8994432-ba87-4221-9d4a-3a0df25907d8%3Fformat%3Djson%26marker%3Dnone_v3%26states%3Dlisting HTTP/1.0 200 - python-swiftclient-4.2.0 gAAAAABpI1V6j5L9... - 2 - txfc55d49acd4440219f1ba-00692355bb - 0.0112 - - 1763923387.507815123 1763923387.519064665 0
Nov 23 13:43:07 np0005532741.novalocal object-server[96606]: ::1 - - [23/Nov/2025:18:43:07 +0000] "GET /1/232453/AUTH_9cc260e0c9e84206955019da66ffcbec/gnocchi.d8994432-ba87-4221-9d4a-3a0df25907d8/1763640000.0_mean_300.0_v3" 200 16 "GET http://[::1]:8080/v1/AUTH_9cc260e0c9e84206955019da66ffcbec/gnocchi.d8994432-ba87-4221-9d4a-3a0df25907d8/1763640000.0_mean_300.0_v3" "txfd366d9e3bd24b7c9d7b5-00692355bb" "proxy-server 92676" 0.0006 "-" 96606 0
Nov 23 13:43:07 np0005532741.novalocal proxy-server[92676]: ::1 ::1 23/Nov/2025/18/43/07 GET /v1/AUTH_9cc260e0c9e84206955019da66ffcbec/gnocchi.d8994432-ba87-4221-9d4a-3a0df25907d8/1763640000.0_mean_300.0_v3 HTTP/1.0 200 - python-swiftclient-4.2.0 gAAAAABpI1V6j5L9... - 16 - txfd366d9e3bd24b7c9d7b5-00692355bb - 0.0057 - - 1763923387.521528482 1763923387.527178764 0
Nov 23 13:43:07 np0005532741.novalocal container-server[96311]: ::1 - - [23/Nov/2025:18:43:07 +0000] "GET /3/244513/AUTH_9cc260e0c9e84206955019da66ffcbec/gnocchi.557a5035-253a-4d9f-96e9-645ba208c8cb" 200 2 "GET http://[::1]:8080/v1/AUTH_9cc260e0c9e84206955019da66ffcbec/gnocchi.557a5035-253a-4d9f-96e9-645ba208c8cb?format=json&marker=none_v3&states=listing" "txb48809bc4afb4d4abfb80-00692355bb" "proxy-server 92677" 0.0089 "-" 96311 0
Nov 23 13:43:07 np0005532741.novalocal proxy-server[92677]: ::1 ::1 23/Nov/2025/18/43/07 GET /v1/AUTH_9cc260e0c9e84206955019da66ffcbec/gnocchi.557a5035-253a-4d9f-96e9-645ba208c8cb%3Fformat%3Djson%26marker%3Dnone_v3%26states%3Dlisting HTTP/1.0 200 - python-swiftclient-4.2.0 gAAAAABpI1V6uZq-... - 2 - txb48809bc4afb4d4abfb80-00692355bb - 0.0152 - - 1763923387.514519453 1763923387.529731989 0
Nov 23 13:43:07 np0005532741.novalocal object-server[96609]: ::1 - - [23/Nov/2025:18:43:07 +0000] "GET /3/32302/AUTH_9cc260e0c9e84206955019da66ffcbec/gnocchi.557a5035-253a-4d9f-96e9-645ba208c8cb/1763640000.0_mean_300.0_v3" 200 16 "GET http://[::1]:8080/v1/AUTH_9cc260e0c9e84206955019da66ffcbec/gnocchi.557a5035-253a-4d9f-96e9-645ba208c8cb/1763640000.0_mean_300.0_v3" "tx0e80cab39075439a8f5df-00692355bb" "proxy-server 92677" 0.0004 "-" 96609 0
Nov 23 13:43:07 np0005532741.novalocal proxy-server[92677]: ::1 ::1 23/Nov/2025/18/43/07 GET /v1/AUTH_9cc260e0c9e84206955019da66ffcbec/gnocchi.557a5035-253a-4d9f-96e9-645ba208c8cb/1763640000.0_mean_300.0_v3 HTTP/1.0 200 - python-swiftclient-4.2.0 gAAAAABpI1V6uZq-... - 16 - tx0e80cab39075439a8f5df-00692355bb - 0.0057 - - 1763923387.532423019 1763923387.538100958 0
Nov 23 13:43:07 np0005532741.novalocal container-server[96308]: ::1 - - [23/Nov/2025:18:43:07 +0000] "PUT /1/225858/AUTH_9cc260e0c9e84206955019da66ffcbec/gnocchi.d8994432-ba87-4221-9d4a-3a0df25907d8/1763640000.0_mean_300.0_v3" 201 - "PUT http://[::1]:8080/2/232453/AUTH_9cc260e0c9e84206955019da66ffcbec/gnocchi.d8994432-ba87-4221-9d4a-3a0df25907d8/1763640000.0_mean_300.0_v3" "tx151633e9a81b4affac953-00692355bb" "object-server 96606" 0.0005 "-" 96308 0
Nov 23 13:43:07 np0005532741.novalocal object-server[96606]: ::1 - - [23/Nov/2025:18:43:07 +0000] "PUT /2/232453/AUTH_9cc260e0c9e84206955019da66ffcbec/gnocchi.d8994432-ba87-4221-9d4a-3a0df25907d8/1763640000.0_mean_300.0_v3" 201 - "PUT http://[::1]:8080/v1/AUTH_9cc260e0c9e84206955019da66ffcbec/gnocchi.d8994432-ba87-4221-9d4a-3a0df25907d8/1763640000.0_mean_300.0_v3" "tx151633e9a81b4affac953-00692355bb" "proxy-server 92676" 0.0107 "-" 96606 0
Nov 23 13:43:07 np0005532741.novalocal container-server[96311]: ::1 - - [23/Nov/2025:18:43:07 +0000] "PUT /2/225858/AUTH_9cc260e0c9e84206955019da66ffcbec/gnocchi.d8994432-ba87-4221-9d4a-3a0df25907d8/1763640000.0_mean_300.0_v3" 201 - "PUT http://[::1]:8080/3/232453/AUTH_9cc260e0c9e84206955019da66ffcbec/gnocchi.d8994432-ba87-4221-9d4a-3a0df25907d8/1763640000.0_mean_300.0_v3" "tx151633e9a81b4affac953-00692355bb" "object-server 96609" 0.0005 "-" 96311 0
Nov 23 13:43:07 np0005532741.novalocal object-server[96609]: ::1 - - [23/Nov/2025:18:43:07 +0000] "PUT /3/232453/AUTH_9cc260e0c9e84206955019da66ffcbec/gnocchi.d8994432-ba87-4221-9d4a-3a0df25907d8/1763640000.0_mean_300.0_v3" 201 - "PUT http://[::1]:8080/v1/AUTH_9cc260e0c9e84206955019da66ffcbec/gnocchi.d8994432-ba87-4221-9d4a-3a0df25907d8/1763640000.0_mean_300.0_v3" "tx151633e9a81b4affac953-00692355bb" "proxy-server 92676" 0.0119 "-" 96609 0
Nov 23 13:43:07 np0005532741.novalocal container-server[96311]: ::1 - - [23/Nov/2025:18:43:07 +0000] "PUT /3/225858/AUTH_9cc260e0c9e84206955019da66ffcbec/gnocchi.d8994432-ba87-4221-9d4a-3a0df25907d8/1763640000.0_mean_300.0_v3" 201 - "PUT http://[::1]:8080/1/232453/AUTH_9cc260e0c9e84206955019da66ffcbec/gnocchi.d8994432-ba87-4221-9d4a-3a0df25907d8/1763640000.0_mean_300.0_v3" "tx151633e9a81b4affac953-00692355bb" "object-server 96609" 0.0003 "-" 96311 0
Nov 23 13:43:07 np0005532741.novalocal object-server[96609]: ::1 - - [23/Nov/2025:18:43:07 +0000] "PUT /1/232453/AUTH_9cc260e0c9e84206955019da66ffcbec/gnocchi.d8994432-ba87-4221-9d4a-3a0df25907d8/1763640000.0_mean_300.0_v3" 201 - "PUT http://[::1]:8080/v1/AUTH_9cc260e0c9e84206955019da66ffcbec/gnocchi.d8994432-ba87-4221-9d4a-3a0df25907d8/1763640000.0_mean_300.0_v3" "tx151633e9a81b4affac953-00692355bb" "proxy-server 92676" 0.0147 "-" 96609 0
Nov 23 13:43:07 np0005532741.novalocal proxy-server[92676]: ::1 ::1 23/Nov/2025/18/43/07 PUT /v1/AUTH_9cc260e0c9e84206955019da66ffcbec/gnocchi.d8994432-ba87-4221-9d4a-3a0df25907d8/1763640000.0_mean_300.0_v3 HTTP/1.0 201 - python-swiftclient-4.2.0 gAAAAABpI1V6j5L9... 16 - - tx151633e9a81b4affac953-00692355bb - 0.0201 - - 1763923387.529019594 1763923387.549117804 0
Nov 23 13:43:07 np0005532741.novalocal container-server[96311]: ::1 - - [23/Nov/2025:18:43:07 +0000] "PUT /1/244513/AUTH_9cc260e0c9e84206955019da66ffcbec/gnocchi.557a5035-253a-4d9f-96e9-645ba208c8cb/1763640000.0_mean_300.0_v3" 201 - "PUT http://[::1]:8080/1/32302/AUTH_9cc260e0c9e84206955019da66ffcbec/gnocchi.557a5035-253a-4d9f-96e9-645ba208c8cb/1763640000.0_mean_300.0_v3" "txdbcbbfae53ae4c438fad6-00692355bb" "object-server 96606" 0.0005 "-" 96311 0
Nov 23 13:43:07 np0005532741.novalocal container-server[96310]: ::1 - - [23/Nov/2025:18:43:07 +0000] "PUT /2/244513/AUTH_9cc260e0c9e84206955019da66ffcbec/gnocchi.557a5035-253a-4d9f-96e9-645ba208c8cb/1763640000.0_mean_300.0_v3" 201 - "PUT http://[::1]:8080/3/32302/AUTH_9cc260e0c9e84206955019da66ffcbec/gnocchi.557a5035-253a-4d9f-96e9-645ba208c8cb/1763640000.0_mean_300.0_v3" "txdbcbbfae53ae4c438fad6-00692355bb" "object-server 96606" 0.0004 "-" 96310 0
Nov 23 13:43:07 np0005532741.novalocal object-server[96606]: ::1 - - [23/Nov/2025:18:43:07 +0000] "PUT /1/32302/AUTH_9cc260e0c9e84206955019da66ffcbec/gnocchi.557a5035-253a-4d9f-96e9-645ba208c8cb/1763640000.0_mean_300.0_v3" 201 - "PUT http://[::1]:8080/v1/AUTH_9cc260e0c9e84206955019da66ffcbec/gnocchi.557a5035-253a-4d9f-96e9-645ba208c8cb/1763640000.0_mean_300.0_v3" "txdbcbbfae53ae4c438fad6-00692355bb" "proxy-server 92677" 0.0093 "-" 96606 0
Nov 23 13:43:07 np0005532741.novalocal container-server[96310]: ::1 - - [23/Nov/2025:18:43:07 +0000] "PUT /3/244513/AUTH_9cc260e0c9e84206955019da66ffcbec/gnocchi.557a5035-253a-4d9f-96e9-645ba208c8cb/1763640000.0_mean_300.0_v3" 201 - "PUT http://[::1]:8080/2/32302/AUTH_9cc260e0c9e84206955019da66ffcbec/gnocchi.557a5035-253a-4d9f-96e9-645ba208c8cb/1763640000.0_mean_300.0_v3" "txdbcbbfae53ae4c438fad6-00692355bb" "object-server 96609" 0.0004 "-" 96310 0
Nov 23 13:43:07 np0005532741.novalocal object-server[96606]: ::1 - - [23/Nov/2025:18:43:07 +0000] "PUT /3/32302/AUTH_9cc260e0c9e84206955019da66ffcbec/gnocchi.557a5035-253a-4d9f-96e9-645ba208c8cb/1763640000.0_mean_300.0_v3" 201 - "PUT http://[::1]:8080/v1/AUTH_9cc260e0c9e84206955019da66ffcbec/gnocchi.557a5035-253a-4d9f-96e9-645ba208c8cb/1763640000.0_mean_300.0_v3" "txdbcbbfae53ae4c438fad6-00692355bb" "proxy-server 92677" 0.0110 "-" 96606 0
Nov 23 13:43:07 np0005532741.novalocal object-server[96609]: ::1 - - [23/Nov/2025:18:43:07 +0000] "PUT /2/32302/AUTH_9cc260e0c9e84206955019da66ffcbec/gnocchi.557a5035-253a-4d9f-96e9-645ba208c8cb/1763640000.0_mean_300.0_v3" 201 - "PUT http://[::1]:8080/v1/AUTH_9cc260e0c9e84206955019da66ffcbec/gnocchi.557a5035-253a-4d9f-96e9-645ba208c8cb/1763640000.0_mean_300.0_v3" "txdbcbbfae53ae4c438fad6-00692355bb" "proxy-server 92677" 0.0111 "-" 96609 0
Nov 23 13:43:07 np0005532741.novalocal proxy-server[92677]: ::1 ::1 23/Nov/2025/18/43/07 PUT /v1/AUTH_9cc260e0c9e84206955019da66ffcbec/gnocchi.557a5035-253a-4d9f-96e9-645ba208c8cb/1763640000.0_mean_300.0_v3 HTTP/1.0 201 - python-swiftclient-4.2.0 gAAAAABpI1V6uZq-... 16 - - txdbcbbfae53ae4c438fad6-00692355bb - 0.0174 - - 1763923387.540584087 1763923387.558008671 0
Nov 23 13:43:07 np0005532741.novalocal container-server[96310]: ::1 - - [23/Nov/2025:18:43:07 +0000] "PUT /2/225858/AUTH_9cc260e0c9e84206955019da66ffcbec/gnocchi.d8994432-ba87-4221-9d4a-3a0df25907d8/none_v3" 201 - "PUT http://[::1]:8080/1/153623/AUTH_9cc260e0c9e84206955019da66ffcbec/gnocchi.d8994432-ba87-4221-9d4a-3a0df25907d8/none_v3" "txaf1ee0a837f742d491403-00692355bb" "object-server 96605" 0.0003 "-" 96310 0
Nov 23 13:43:07 np0005532741.novalocal object-server[96605]: ::1 - - [23/Nov/2025:18:43:07 +0000] "PUT /1/153623/AUTH_9cc260e0c9e84206955019da66ffcbec/gnocchi.d8994432-ba87-4221-9d4a-3a0df25907d8/none_v3" 201 - "PUT http://[::1]:8080/v1/AUTH_9cc260e0c9e84206955019da66ffcbec/gnocchi.d8994432-ba87-4221-9d4a-3a0df25907d8/none_v3" "txaf1ee0a837f742d491403-00692355bb" "proxy-server 92676" 0.0142 "-" 96605 0
Nov 23 13:43:07 np0005532741.novalocal container-server[96310]: ::1 - - [23/Nov/2025:18:43:07 +0000] "PUT /1/225858/AUTH_9cc260e0c9e84206955019da66ffcbec/gnocchi.d8994432-ba87-4221-9d4a-3a0df25907d8/none_v3" 201 - "PUT http://[::1]:8080/2/153623/AUTH_9cc260e0c9e84206955019da66ffcbec/gnocchi.d8994432-ba87-4221-9d4a-3a0df25907d8/none_v3" "txaf1ee0a837f742d491403-00692355bb" "object-server 96609" 0.0003 "-" 96310 0
Nov 23 13:43:07 np0005532741.novalocal object-server[96609]: ::1 - - [23/Nov/2025:18:43:07 +0000] "PUT /2/153623/AUTH_9cc260e0c9e84206955019da66ffcbec/gnocchi.d8994432-ba87-4221-9d4a-3a0df25907d8/none_v3" 201 - "PUT http://[::1]:8080/v1/AUTH_9cc260e0c9e84206955019da66ffcbec/gnocchi.d8994432-ba87-4221-9d4a-3a0df25907d8/none_v3" "txaf1ee0a837f742d491403-00692355bb" "proxy-server 92676" 0.0153 "-" 96609 0
Nov 23 13:43:07 np0005532741.novalocal container-server[96310]: ::1 - - [23/Nov/2025:18:43:07 +0000] "PUT /3/225858/AUTH_9cc260e0c9e84206955019da66ffcbec/gnocchi.d8994432-ba87-4221-9d4a-3a0df25907d8/none_v3" 201 - "PUT http://[::1]:8080/3/153623/AUTH_9cc260e0c9e84206955019da66ffcbec/gnocchi.d8994432-ba87-4221-9d4a-3a0df25907d8/none_v3" "txaf1ee0a837f742d491403-00692355bb" "object-server 96609" 0.0002 "-" 96310 0
Nov 23 13:43:07 np0005532741.novalocal object-server[96609]: ::1 - - [23/Nov/2025:18:43:07 +0000] "PUT /3/153623/AUTH_9cc260e0c9e84206955019da66ffcbec/gnocchi.d8994432-ba87-4221-9d4a-3a0df25907d8/none_v3" 201 - "PUT http://[::1]:8080/v1/AUTH_9cc260e0c9e84206955019da66ffcbec/gnocchi.d8994432-ba87-4221-9d4a-3a0df25907d8/none_v3" "txaf1ee0a837f742d491403-00692355bb" "proxy-server 92676" 0.0148 "-" 96609 0
Nov 23 13:43:07 np0005532741.novalocal container-server[96310]: ::1 - - [23/Nov/2025:18:43:07 +0000] "PUT /3/244513/AUTH_9cc260e0c9e84206955019da66ffcbec/gnocchi.557a5035-253a-4d9f-96e9-645ba208c8cb/none_v3" 201 - "PUT http://[::1]:8080/3/191726/AUTH_9cc260e0c9e84206955019da66ffcbec/gnocchi.557a5035-253a-4d9f-96e9-645ba208c8cb/none_v3" "tx5885d28bfd8e47c0b2e55-00692355bb" "object-server 96607" 0.0002 "-" 96310 0
Nov 23 13:43:07 np0005532741.novalocal proxy-server[92676]: ::1 ::1 23/Nov/2025/18/43/07 PUT /v1/AUTH_9cc260e0c9e84206955019da66ffcbec/gnocchi.d8994432-ba87-4221-9d4a-3a0df25907d8/none_v3 HTTP/1.0 201 - python-swiftclient-4.2.0 gAAAAABpI1V6j5L9... 43 - - txaf1ee0a837f742d491403-00692355bb - 0.0243 - - 1763923387.551124811 1763923387.575444937 0
Nov 23 13:43:07 np0005532741.novalocal object-server[96607]: ::1 - - [23/Nov/2025:18:43:07 +0000] "PUT /3/191726/AUTH_9cc260e0c9e84206955019da66ffcbec/gnocchi.557a5035-253a-4d9f-96e9-645ba208c8cb/none_v3" 201 - "PUT http://[::1]:8080/v1/AUTH_9cc260e0c9e84206955019da66ffcbec/gnocchi.557a5035-253a-4d9f-96e9-645ba208c8cb/none_v3" "tx5885d28bfd8e47c0b2e55-00692355bb" "proxy-server 92677" 0.0082 "-" 96607 0
Nov 23 13:43:07 np0005532741.novalocal container-server[96311]: ::1 - - [23/Nov/2025:18:43:07 +0000] "PUT /1/244513/AUTH_9cc260e0c9e84206955019da66ffcbec/gnocchi.557a5035-253a-4d9f-96e9-645ba208c8cb/none_v3" 201 - "PUT http://[::1]:8080/1/191726/AUTH_9cc260e0c9e84206955019da66ffcbec/gnocchi.557a5035-253a-4d9f-96e9-645ba208c8cb/none_v3" "tx5885d28bfd8e47c0b2e55-00692355bb" "object-server 96606" 0.0005 "-" 96311 0
Nov 23 13:43:07 np0005532741.novalocal object-server[96606]: ::1 - - [23/Nov/2025:18:43:07 +0000] "PUT /1/191726/AUTH_9cc260e0c9e84206955019da66ffcbec/gnocchi.557a5035-253a-4d9f-96e9-645ba208c8cb/none_v3" 201 - "PUT http://[::1]:8080/v1/AUTH_9cc260e0c9e84206955019da66ffcbec/gnocchi.557a5035-253a-4d9f-96e9-645ba208c8cb/none_v3" "tx5885d28bfd8e47c0b2e55-00692355bb" "proxy-server 92677" 0.0137 "-" 96606 0
Nov 23 13:43:07 np0005532741.novalocal container-server[96311]: ::1 - - [23/Nov/2025:18:43:07 +0000] "PUT /2/244513/AUTH_9cc260e0c9e84206955019da66ffcbec/gnocchi.557a5035-253a-4d9f-96e9-645ba208c8cb/none_v3" 201 - "PUT http://[::1]:8080/2/191726/AUTH_9cc260e0c9e84206955019da66ffcbec/gnocchi.557a5035-253a-4d9f-96e9-645ba208c8cb/none_v3" "tx5885d28bfd8e47c0b2e55-00692355bb" "object-server 96606" 0.0003 "-" 96311 0
Nov 23 13:43:07 np0005532741.novalocal object-server[96606]: ::1 - - [23/Nov/2025:18:43:07 +0000] "PUT /2/191726/AUTH_9cc260e0c9e84206955019da66ffcbec/gnocchi.557a5035-253a-4d9f-96e9-645ba208c8cb/none_v3" 201 - "PUT http://[::1]:8080/v1/AUTH_9cc260e0c9e84206955019da66ffcbec/gnocchi.557a5035-253a-4d9f-96e9-645ba208c8cb/none_v3" "tx5885d28bfd8e47c0b2e55-00692355bb" "proxy-server 92677" 0.0163 "-" 96606 0
Nov 23 13:43:07 np0005532741.novalocal proxy-server[92677]: ::1 ::1 23/Nov/2025/18/43/07 PUT /v1/AUTH_9cc260e0c9e84206955019da66ffcbec/gnocchi.557a5035-253a-4d9f-96e9-645ba208c8cb/none_v3 HTTP/1.0 201 - python-swiftclient-4.2.0 gAAAAABpI1V6uZq-... 45 - - tx5885d28bfd8e47c0b2e55-00692355bb - 0.0250 - - 1763923387.560223818 1763923387.585198402 0
Nov 23 13:43:07 np0005532741.novalocal object-server[96607]: ::1 - - [23/Nov/2025:18:43:07 +0000] "GET /2/35395/AUTH_9cc260e0c9e84206955019da66ffcbec/gnocchi.c9f7c531-e2ee-475d-8ca8-b51e14f1908c/none_v3" 200 32 "GET http://[::1]:8080/v1/AUTH_9cc260e0c9e84206955019da66ffcbec/gnocchi.c9f7c531-e2ee-475d-8ca8-b51e14f1908c/none_v3" "tx325f08db1df045acb450e-00692355bb" "proxy-server 92676" 0.0006 "-" 96607 0
Nov 23 13:43:07 np0005532741.novalocal proxy-server[92676]: ::1 ::1 23/Nov/2025/18/43/07 GET /v1/AUTH_9cc260e0c9e84206955019da66ffcbec/gnocchi.c9f7c531-e2ee-475d-8ca8-b51e14f1908c/none_v3 HTTP/1.0 200 - python-swiftclient-4.2.0 gAAAAABpI1V6j5L9... - 32 - tx325f08db1df045acb450e-00692355bb - 0.0066 - - 1763923387.588541031 1763923387.595183372 0
Nov 23 13:43:07 np0005532741.novalocal object-server[96606]: ::1 - - [23/Nov/2025:18:43:07 +0000] "GET /2/247911/AUTH_9cc260e0c9e84206955019da66ffcbec/gnocchi.37110158-b332-4979-9d8f-6a01caf968c6/none_v3" 200 27 "GET http://[::1]:8080/v1/AUTH_9cc260e0c9e84206955019da66ffcbec/gnocchi.37110158-b332-4979-9d8f-6a01caf968c6/none_v3" "tx6768408603c9428c996c2-00692355bb" "proxy-server 92677" 0.0007 "-" 96606 0
Nov 23 13:43:07 np0005532741.novalocal proxy-server[92677]: ::1 ::1 23/Nov/2025/18/43/07 GET /v1/AUTH_9cc260e0c9e84206955019da66ffcbec/gnocchi.37110158-b332-4979-9d8f-6a01caf968c6/none_v3 HTTP/1.0 200 - python-swiftclient-4.2.0 gAAAAABpI1V6uZq-... - 27 - tx6768408603c9428c996c2-00692355bb - 0.0083 - - 1763923387.596956730 1763923387.605216265 0
Nov 23 13:43:07 np0005532741.novalocal container-server[96310]: ::1 - - [23/Nov/2025:18:43:07 +0000] "GET /3/208280/AUTH_9cc260e0c9e84206955019da66ffcbec/gnocchi.c9f7c531-e2ee-475d-8ca8-b51e14f1908c" 200 357 "GET http://[::1]:8080/v1/AUTH_9cc260e0c9e84206955019da66ffcbec/gnocchi.c9f7c531-e2ee-475d-8ca8-b51e14f1908c?format=json&states=listing" "tx40e5dd5de5b7447bbcc03-00692355bb" "proxy-server 92676" 0.0091 "-" 96310 0
Nov 23 13:43:07 np0005532741.novalocal proxy-server[92676]: ::1 ::1 23/Nov/2025/18/43/07 GET /v1/AUTH_9cc260e0c9e84206955019da66ffcbec/gnocchi.c9f7c531-e2ee-475d-8ca8-b51e14f1908c%3Fformat%3Djson%26states%3Dlisting HTTP/1.0 200 - python-swiftclient-4.2.0 gAAAAABpI1V6j5L9... - 357 - tx40e5dd5de5b7447bbcc03-00692355bb - 0.0149 - - 1763923387.597424269 1763923387.612295628 0
Nov 23 13:43:07 np0005532741.novalocal dnsmasq[104648]: read /var/lib/neutron/dhcp/697836a7-df71-418d-90d9-d2152be43997/addn_hosts - 1 addresses
Nov 23 13:43:07 np0005532741.novalocal dnsmasq-dhcp[104648]: read /var/lib/neutron/dhcp/697836a7-df71-418d-90d9-d2152be43997/host
Nov 23 13:43:07 np0005532741.novalocal dnsmasq-dhcp[104648]: read /var/lib/neutron/dhcp/697836a7-df71-418d-90d9-d2152be43997/opts
Nov 23 13:43:07 np0005532741.novalocal container-server[96311]: ::1 - - [23/Nov/2025:18:43:07 +0000] "GET /1/228296/AUTH_9cc260e0c9e84206955019da66ffcbec/gnocchi.37110158-b332-4979-9d8f-6a01caf968c6" 200 357 "GET http://[::1]:8080/v1/AUTH_9cc260e0c9e84206955019da66ffcbec/gnocchi.37110158-b332-4979-9d8f-6a01caf968c6?format=json&states=listing" "tx0dc29c9471654bbe981e1-00692355bb" "proxy-server 92677" 0.0093 "-" 96311 0
Nov 23 13:43:07 np0005532741.novalocal container-server[96309]: ::1 - - [23/Nov/2025:18:43:07 +0000] "GET /3/208280/AUTH_9cc260e0c9e84206955019da66ffcbec/gnocchi.c9f7c531-e2ee-475d-8ca8-b51e14f1908c" 200 2 "GET http://[::1]:8080/v1/AUTH_9cc260e0c9e84206955019da66ffcbec/gnocchi.c9f7c531-e2ee-475d-8ca8-b51e14f1908c?format=json&marker=none_v3&states=listing" "txe3aeb7a7390f453ca9882-00692355bb" "proxy-server 92676" 0.0020 "-" 96309 0
Nov 23 13:43:07 np0005532741.novalocal proxy-server[92676]: ::1 ::1 23/Nov/2025/18/43/07 GET /v1/AUTH_9cc260e0c9e84206955019da66ffcbec/gnocchi.c9f7c531-e2ee-475d-8ca8-b51e14f1908c%3Fformat%3Djson%26marker%3Dnone_v3%26states%3Dlisting HTTP/1.0 200 - python-swiftclient-4.2.0 gAAAAABpI1V6j5L9... - 2 - txe3aeb7a7390f453ca9882-00692355bb - 0.0118 - - 1763923387.614339113 1763923387.626100063 0
Nov 23 13:43:07 np0005532741.novalocal proxy-server[92677]: ::1 ::1 23/Nov/2025/18/43/07 GET /v1/AUTH_9cc260e0c9e84206955019da66ffcbec/gnocchi.37110158-b332-4979-9d8f-6a01caf968c6%3Fformat%3Djson%26states%3Dlisting HTTP/1.0 200 - python-swiftclient-4.2.0 gAAAAABpI1V6uZq-... - 357 - tx0dc29c9471654bbe981e1-00692355bb - 0.0170 - - 1763923387.610032558 1763923387.627072096 0
Nov 23 13:43:07 np0005532741.novalocal container-server[96310]: ::1 - - [23/Nov/2025:18:43:07 +0000] "GET /1/228296/AUTH_9cc260e0c9e84206955019da66ffcbec/gnocchi.37110158-b332-4979-9d8f-6a01caf968c6" 200 2 "GET http://[::1]:8080/v1/AUTH_9cc260e0c9e84206955019da66ffcbec/gnocchi.37110158-b332-4979-9d8f-6a01caf968c6?format=json&marker=none_v3&states=listing" "txff7196bc3be849c4823a2-00692355bb" "proxy-server 92677" 0.0018 "-" 96310 0
Nov 23 13:43:07 np0005532741.novalocal proxy-server[92677]: ::1 ::1 23/Nov/2025/18/43/07 GET /v1/AUTH_9cc260e0c9e84206955019da66ffcbec/gnocchi.37110158-b332-4979-9d8f-6a01caf968c6%3Fformat%3Djson%26marker%3Dnone_v3%26states%3Dlisting HTTP/1.0 200 - python-swiftclient-4.2.0 gAAAAABpI1V6uZq-... - 2 - txff7196bc3be849c4823a2-00692355bb - 0.0071 - - 1763923387.630414248 1763923387.637477636 0
Nov 23 13:43:07 np0005532741.novalocal object-server[96605]: ::1 - - [23/Nov/2025:18:43:07 +0000] "GET /2/116879/AUTH_9cc260e0c9e84206955019da66ffcbec/gnocchi.c9f7c531-e2ee-475d-8ca8-b51e14f1908c/1763640000.0_mean_300.0_v3" 200 16 "GET http://[::1]:8080/v1/AUTH_9cc260e0c9e84206955019da66ffcbec/gnocchi.c9f7c531-e2ee-475d-8ca8-b51e14f1908c/1763640000.0_mean_300.0_v3" "txfb4386fe9ead42408abd3-00692355bb" "proxy-server 92676" 0.0008 "-" 96605 0
Nov 23 13:43:07 np0005532741.novalocal proxy-server[92676]: ::1 ::1 23/Nov/2025/18/43/07 GET /v1/AUTH_9cc260e0c9e84206955019da66ffcbec/gnocchi.c9f7c531-e2ee-475d-8ca8-b51e14f1908c/1763640000.0_mean_300.0_v3 HTTP/1.0 200 - python-swiftclient-4.2.0 gAAAAABpI1V6j5L9... - 16 - txfb4386fe9ead42408abd3-00692355bb - 0.0116 - - 1763923387.629507065 1763923387.641065836 0
Nov 23 13:43:07 np0005532741.novalocal object-server[96607]: ::1 - - [23/Nov/2025:18:43:07 +0000] "GET /2/81929/AUTH_9cc260e0c9e84206955019da66ffcbec/gnocchi.37110158-b332-4979-9d8f-6a01caf968c6/1763640000.0_mean_300.0_v3" 200 16 "GET http://[::1]:8080/v1/AUTH_9cc260e0c9e84206955019da66ffcbec/gnocchi.37110158-b332-4979-9d8f-6a01caf968c6/1763640000.0_mean_300.0_v3" "tx7a020fde7c9f4fbfa03cd-00692355bb" "proxy-server 92677" 0.0006 "-" 96607 0
Nov 23 13:43:07 np0005532741.novalocal proxy-server[92677]: ::1 ::1 23/Nov/2025/18/43/07 GET /v1/AUTH_9cc260e0c9e84206955019da66ffcbec/gnocchi.37110158-b332-4979-9d8f-6a01caf968c6/1763640000.0_mean_300.0_v3 HTTP/1.0 200 - python-swiftclient-4.2.0 gAAAAABpI1V6uZq-... - 16 - tx7a020fde7c9f4fbfa03cd-00692355bb - 0.0083 - - 1763923387.639960289 1763923387.648235798 0
Nov 23 13:43:07 np0005532741.novalocal container-server[96310]: ::1 - - [23/Nov/2025:18:43:07 +0000] "PUT /3/208280/AUTH_9cc260e0c9e84206955019da66ffcbec/gnocchi.c9f7c531-e2ee-475d-8ca8-b51e14f1908c/1763640000.0_mean_300.0_v3" 201 - "PUT http://[::1]:8080/1/116879/AUTH_9cc260e0c9e84206955019da66ffcbec/gnocchi.c9f7c531-e2ee-475d-8ca8-b51e14f1908c/1763640000.0_mean_300.0_v3" "tx6f676d7c5fa44e7880b90-00692355bb" "object-server 96609" 0.0004 "-" 96310 0
Nov 23 13:43:07 np0005532741.novalocal object-server[96609]: ::1 - - [23/Nov/2025:18:43:07 +0000] "PUT /1/116879/AUTH_9cc260e0c9e84206955019da66ffcbec/gnocchi.c9f7c531-e2ee-475d-8ca8-b51e14f1908c/1763640000.0_mean_300.0_v3" 201 - "PUT http://[::1]:8080/v1/AUTH_9cc260e0c9e84206955019da66ffcbec/gnocchi.c9f7c531-e2ee-475d-8ca8-b51e14f1908c/1763640000.0_mean_300.0_v3" "tx6f676d7c5fa44e7880b90-00692355bb" "proxy-server 92676" 0.0089 "-" 96609 0
Nov 23 13:43:07 np0005532741.novalocal container-server[96309]: ::1 - - [23/Nov/2025:18:43:07 +0000] "PUT /2/208280/AUTH_9cc260e0c9e84206955019da66ffcbec/gnocchi.c9f7c531-e2ee-475d-8ca8-b51e14f1908c/1763640000.0_mean_300.0_v3" 201 - "PUT http://[::1]:8080/3/116879/AUTH_9cc260e0c9e84206955019da66ffcbec/gnocchi.c9f7c531-e2ee-475d-8ca8-b51e14f1908c/1763640000.0_mean_300.0_v3" "tx6f676d7c5fa44e7880b90-00692355bb" "object-server 96605" 0.0006 "-" 96309 0
Nov 23 13:43:07 np0005532741.novalocal object-server[96605]: ::1 - - [23/Nov/2025:18:43:07 +0000] "PUT /3/116879/AUTH_9cc260e0c9e84206955019da66ffcbec/gnocchi.c9f7c531-e2ee-475d-8ca8-b51e14f1908c/1763640000.0_mean_300.0_v3" 201 - "PUT http://[::1]:8080/v1/AUTH_9cc260e0c9e84206955019da66ffcbec/gnocchi.c9f7c531-e2ee-475d-8ca8-b51e14f1908c/1763640000.0_mean_300.0_v3" "tx6f676d7c5fa44e7880b90-00692355bb" "proxy-server 92676" 0.0129 "-" 96605 0
Nov 23 13:43:07 np0005532741.novalocal container-server[96308]: ::1 - - [23/Nov/2025:18:43:07 +0000] "PUT /1/208280/AUTH_9cc260e0c9e84206955019da66ffcbec/gnocchi.c9f7c531-e2ee-475d-8ca8-b51e14f1908c/1763640000.0_mean_300.0_v3" 201 - "PUT http://[::1]:8080/2/116879/AUTH_9cc260e0c9e84206955019da66ffcbec/gnocchi.c9f7c531-e2ee-475d-8ca8-b51e14f1908c/1763640000.0_mean_300.0_v3" "tx6f676d7c5fa44e7880b90-00692355bb" "object-server 96606" 0.0004 "-" 96308 0
Nov 23 13:43:07 np0005532741.novalocal object-server[96606]: ::1 - - [23/Nov/2025:18:43:07 +0000] "PUT /2/116879/AUTH_9cc260e0c9e84206955019da66ffcbec/gnocchi.c9f7c531-e2ee-475d-8ca8-b51e14f1908c/1763640000.0_mean_300.0_v3" 201 - "PUT http://[::1]:8080/v1/AUTH_9cc260e0c9e84206955019da66ffcbec/gnocchi.c9f7c531-e2ee-475d-8ca8-b51e14f1908c/1763640000.0_mean_300.0_v3" "tx6f676d7c5fa44e7880b90-00692355bb" "proxy-server 92676" 0.0190 "-" 96606 0
Nov 23 13:43:07 np0005532741.novalocal proxy-server[92676]: ::1 ::1 23/Nov/2025/18/43/07 PUT /v1/AUTH_9cc260e0c9e84206955019da66ffcbec/gnocchi.c9f7c531-e2ee-475d-8ca8-b51e14f1908c/1763640000.0_mean_300.0_v3 HTTP/1.0 201 - python-swiftclient-4.2.0 gAAAAABpI1V6j5L9... 16 - - tx6f676d7c5fa44e7880b90-00692355bb - 0.0287 - - 1763923387.643784523 1763923387.672487497 0
Nov 23 13:43:07 np0005532741.novalocal container-server[96309]: ::1 - - [23/Nov/2025:18:43:07 +0000] "PUT /1/228296/AUTH_9cc260e0c9e84206955019da66ffcbec/gnocchi.37110158-b332-4979-9d8f-6a01caf968c6/1763640000.0_mean_300.0_v3" 201 - "PUT http://[::1]:8080/1/81929/AUTH_9cc260e0c9e84206955019da66ffcbec/gnocchi.37110158-b332-4979-9d8f-6a01caf968c6/1763640000.0_mean_300.0_v3" "txe6d9a3c7e88349a8a602b-00692355bb" "object-server 96607" 0.0006 "-" 96309 0
Nov 23 13:43:07 np0005532741.novalocal object-server[96607]: ::1 - - [23/Nov/2025:18:43:07 +0000] "PUT /1/81929/AUTH_9cc260e0c9e84206955019da66ffcbec/gnocchi.37110158-b332-4979-9d8f-6a01caf968c6/1763640000.0_mean_300.0_v3" 201 - "PUT http://[::1]:8080/v1/AUTH_9cc260e0c9e84206955019da66ffcbec/gnocchi.37110158-b332-4979-9d8f-6a01caf968c6/1763640000.0_mean_300.0_v3" "txe6d9a3c7e88349a8a602b-00692355bb" "proxy-server 92677" 0.0182 "-" 96607 0
Nov 23 13:43:07 np0005532741.novalocal container-server[96311]: ::1 - - [23/Nov/2025:18:43:07 +0000] "PUT /2/228296/AUTH_9cc260e0c9e84206955019da66ffcbec/gnocchi.37110158-b332-4979-9d8f-6a01caf968c6/1763640000.0_mean_300.0_v3" 201 - "PUT http://[::1]:8080/2/81929/AUTH_9cc260e0c9e84206955019da66ffcbec/gnocchi.37110158-b332-4979-9d8f-6a01caf968c6/1763640000.0_mean_300.0_v3" "txe6d9a3c7e88349a8a602b-00692355bb" "object-server 96606" 0.0006 "-" 96311 0
Nov 23 13:43:07 np0005532741.novalocal object-server[96606]: ::1 - - [23/Nov/2025:18:43:07 +0000] "PUT /2/81929/AUTH_9cc260e0c9e84206955019da66ffcbec/gnocchi.37110158-b332-4979-9d8f-6a01caf968c6/1763640000.0_mean_300.0_v3" 201 - "PUT http://[::1]:8080/v1/AUTH_9cc260e0c9e84206955019da66ffcbec/gnocchi.37110158-b332-4979-9d8f-6a01caf968c6/1763640000.0_mean_300.0_v3" "txe6d9a3c7e88349a8a602b-00692355bb" "proxy-server 92677" 0.0181 "-" 96606 0
Nov 23 13:43:07 np0005532741.novalocal container-server[96311]: ::1 - - [23/Nov/2025:18:43:07 +0000] "PUT /3/228296/AUTH_9cc260e0c9e84206955019da66ffcbec/gnocchi.37110158-b332-4979-9d8f-6a01caf968c6/1763640000.0_mean_300.0_v3" 201 - "PUT http://[::1]:8080/3/81929/AUTH_9cc260e0c9e84206955019da66ffcbec/gnocchi.37110158-b332-4979-9d8f-6a01caf968c6/1763640000.0_mean_300.0_v3" "txe6d9a3c7e88349a8a602b-00692355bb" "object-server 96605" 0.0006 "-" 96311 0
Nov 23 13:43:07 np0005532741.novalocal object-server[96605]: ::1 - - [23/Nov/2025:18:43:07 +0000] "PUT /3/81929/AUTH_9cc260e0c9e84206955019da66ffcbec/gnocchi.37110158-b332-4979-9d8f-6a01caf968c6/1763640000.0_mean_300.0_v3" 201 - "PUT http://[::1]:8080/v1/AUTH_9cc260e0c9e84206955019da66ffcbec/gnocchi.37110158-b332-4979-9d8f-6a01caf968c6/1763640000.0_mean_300.0_v3" "txe6d9a3c7e88349a8a602b-00692355bb" "proxy-server 92677" 0.0315 "-" 96605 0
Nov 23 13:43:07 np0005532741.novalocal container-server[96310]: ::1 - - [23/Nov/2025:18:43:07 +0000] "PUT /2/208280/AUTH_9cc260e0c9e84206955019da66ffcbec/gnocchi.c9f7c531-e2ee-475d-8ca8-b51e14f1908c/none_v3" 201 - "PUT http://[::1]:8080/2/35395/AUTH_9cc260e0c9e84206955019da66ffcbec/gnocchi.c9f7c531-e2ee-475d-8ca8-b51e14f1908c/none_v3" "tx91cdf1d2edc146478c5a1-00692355bb" "object-server 96606" 0.0004 "-" 96310 0
Nov 23 13:43:07 np0005532741.novalocal object-server[96606]: ::1 - - [23/Nov/2025:18:43:07 +0000] "PUT /2/35395/AUTH_9cc260e0c9e84206955019da66ffcbec/gnocchi.c9f7c531-e2ee-475d-8ca8-b51e14f1908c/none_v3" 201 - "PUT http://[::1]:8080/v1/AUTH_9cc260e0c9e84206955019da66ffcbec/gnocchi.c9f7c531-e2ee-475d-8ca8-b51e14f1908c/none_v3" "tx91cdf1d2edc146478c5a1-00692355bb" "proxy-server 92676" 0.0080 "-" 96606 0
Nov 23 13:43:07 np0005532741.novalocal proxy-server[92677]: ::1 ::1 23/Nov/2025/18/43/07 PUT /v1/AUTH_9cc260e0c9e84206955019da66ffcbec/gnocchi.37110158-b332-4979-9d8f-6a01caf968c6/1763640000.0_mean_300.0_v3 HTTP/1.0 201 - python-swiftclient-4.2.0 gAAAAABpI1V6uZq-... 16 - - txe6d9a3c7e88349a8a602b-00692355bb - 0.0431 - - 1763923387.650539637 1763923387.693652391 0
Nov 23 13:43:07 np0005532741.novalocal kernel: qg-41f44f66-76: entered promiscuous mode
Nov 23 13:43:07 np0005532741.novalocal NetworkManager[858]: [1763923387.6973] manager: (qg-41f44f66-76): 'openvswitch' plugin not available; creating generic device
Nov 23 13:43:07 np0005532741.novalocal NetworkManager[858]: [1763923387.6984] manager: (qg-41f44f66-76): new Generic device (/org/freedesktop/NetworkManager/Devices/39)
Nov 23 13:43:07 np0005532741.novalocal systemd-udevd[104635]: Network interface NamePolicy= disabled on kernel command line.
Nov 23 13:43:07 np0005532741.novalocal container-server[96310]: ::1 - - [23/Nov/2025:18:43:07 +0000] "PUT /3/208280/AUTH_9cc260e0c9e84206955019da66ffcbec/gnocchi.c9f7c531-e2ee-475d-8ca8-b51e14f1908c/none_v3" 201 - "PUT http://[::1]:8080/3/35395/AUTH_9cc260e0c9e84206955019da66ffcbec/gnocchi.c9f7c531-e2ee-475d-8ca8-b51e14f1908c/none_v3" "tx91cdf1d2edc146478c5a1-00692355bb" "object-server 96609" 0.0004 "-" 96310 0
Nov 23 13:43:07 np0005532741.novalocal container-server[96310]: ::1 - - [23/Nov/2025:18:43:07 +0000] "PUT /1/208280/AUTH_9cc260e0c9e84206955019da66ffcbec/gnocchi.c9f7c531-e2ee-475d-8ca8-b51e14f1908c/none_v3" 201 - "PUT http://[::1]:8080/1/35395/AUTH_9cc260e0c9e84206955019da66ffcbec/gnocchi.c9f7c531-e2ee-475d-8ca8-b51e14f1908c/none_v3" "tx91cdf1d2edc146478c5a1-00692355bb" "object-server 96609" 0.0002 "-" 96310 0
Nov 23 13:43:07 np0005532741.novalocal object-server[96609]: ::1 - - [23/Nov/2025:18:43:07 +0000] "PUT /3/35395/AUTH_9cc260e0c9e84206955019da66ffcbec/gnocchi.c9f7c531-e2ee-475d-8ca8-b51e14f1908c/none_v3" 201 - "PUT http://[::1]:8080/v1/AUTH_9cc260e0c9e84206955019da66ffcbec/gnocchi.c9f7c531-e2ee-475d-8ca8-b51e14f1908c/none_v3" "tx91cdf1d2edc146478c5a1-00692355bb" "proxy-server 92676" 0.0184 "-" 96609 0
Nov 23 13:43:07 np0005532741.novalocal object-server[96609]: ::1 - - [23/Nov/2025:18:43:07 +0000] "PUT /1/35395/AUTH_9cc260e0c9e84206955019da66ffcbec/gnocchi.c9f7c531-e2ee-475d-8ca8-b51e14f1908c/none_v3" 201 - "PUT http://[::1]:8080/v1/AUTH_9cc260e0c9e84206955019da66ffcbec/gnocchi.c9f7c531-e2ee-475d-8ca8-b51e14f1908c/none_v3" "tx91cdf1d2edc146478c5a1-00692355bb" "proxy-server 92676" 0.0180 "-" 96609 0
Nov 23 13:43:07 np0005532741.novalocal proxy-server[92676]: ::1 ::1 23/Nov/2025/18/43/07 PUT /v1/AUTH_9cc260e0c9e84206955019da66ffcbec/gnocchi.c9f7c531-e2ee-475d-8ca8-b51e14f1908c/none_v3 HTTP/1.0 201 - python-swiftclient-4.2.0 gAAAAABpI1V6j5L9... 45 - - tx91cdf1d2edc146478c5a1-00692355bb - 0.0270 - - 1763923387.679343939 1763923387.706389904 0
Nov 23 13:43:07 np0005532741.novalocal libvirtd[98634]: ethtool ioctl error on qg-41f44f66-76: No such device
Nov 23 13:43:07 np0005532741.novalocal container-server[96311]: ::1 - - [23/Nov/2025:18:43:07 +0000] "PUT /3/228296/AUTH_9cc260e0c9e84206955019da66ffcbec/gnocchi.37110158-b332-4979-9d8f-6a01caf968c6/none_v3" 201 - "PUT http://[::1]:8080/2/247911/AUTH_9cc260e0c9e84206955019da66ffcbec/gnocchi.37110158-b332-4979-9d8f-6a01caf968c6/none_v3" "txb7b2f5446a41448babb38-00692355bb" "object-server 96605" 0.0006 "-" 96311 0
Nov 23 13:43:07 np0005532741.novalocal container-server[96309]: ::1 - - [23/Nov/2025:18:43:07 +0000] "PUT /2/228296/AUTH_9cc260e0c9e84206955019da66ffcbec/gnocchi.37110158-b332-4979-9d8f-6a01caf968c6/none_v3" 201 - "PUT http://[::1]:8080/3/247911/AUTH_9cc260e0c9e84206955019da66ffcbec/gnocchi.37110158-b332-4979-9d8f-6a01caf968c6/none_v3" "txb7b2f5446a41448babb38-00692355bb" "object-server 96605" 0.0004 "-" 96309 0
Nov 23 13:43:07 np0005532741.novalocal object-server[96605]: ::1 - - [23/Nov/2025:18:43:07 +0000] "PUT /2/247911/AUTH_9cc260e0c9e84206955019da66ffcbec/gnocchi.37110158-b332-4979-9d8f-6a01caf968c6/none_v3" 201 - "PUT http://[::1]:8080/v1/AUTH_9cc260e0c9e84206955019da66ffcbec/gnocchi.37110158-b332-4979-9d8f-6a01caf968c6/none_v3" "txb7b2f5446a41448babb38-00692355bb" "proxy-server 92677" 0.0180 "-" 96605 0
Nov 23 13:43:07 np0005532741.novalocal object-server[96605]: ::1 - - [23/Nov/2025:18:43:07 +0000] "PUT /3/247911/AUTH_9cc260e0c9e84206955019da66ffcbec/gnocchi.37110158-b332-4979-9d8f-6a01caf968c6/none_v3" 201 - "PUT http://[::1]:8080/v1/AUTH_9cc260e0c9e84206955019da66ffcbec/gnocchi.37110158-b332-4979-9d8f-6a01caf968c6/none_v3" "txb7b2f5446a41448babb38-00692355bb" "proxy-server 92677" 0.0161 "-" 96605 0
Nov 23 13:43:07 np0005532741.novalocal container-server[96310]: ::1 - - [23/Nov/2025:18:43:07 +0000] "PUT /1/228296/AUTH_9cc260e0c9e84206955019da66ffcbec/gnocchi.37110158-b332-4979-9d8f-6a01caf968c6/none_v3" 201 - "PUT http://[::1]:8080/1/247911/AUTH_9cc260e0c9e84206955019da66ffcbec/gnocchi.37110158-b332-4979-9d8f-6a01caf968c6/none_v3" "txb7b2f5446a41448babb38-00692355bb" "object-server 96607" 0.0004 "-" 96310 0
Nov 23 13:43:07 np0005532741.novalocal object-server[96607]: ::1 - - [23/Nov/2025:18:43:07 +0000] "PUT /1/247911/AUTH_9cc260e0c9e84206955019da66ffcbec/gnocchi.37110158-b332-4979-9d8f-6a01caf968c6/none_v3" 201 - "PUT http://[::1]:8080/v1/AUTH_9cc260e0c9e84206955019da66ffcbec/gnocchi.37110158-b332-4979-9d8f-6a01caf968c6/none_v3" "txb7b2f5446a41448babb38-00692355bb" "proxy-server 92677" 0.0230 "-" 96607 0
Nov 23 13:43:07 np0005532741.novalocal proxy-server[92677]: ::1 ::1 23/Nov/2025/18/43/07 PUT /v1/AUTH_9cc260e0c9e84206955019da66ffcbec/gnocchi.37110158-b332-4979-9d8f-6a01caf968c6/none_v3 HTTP/1.0 201 - python-swiftclient-4.2.0 gAAAAABpI1V6uZq-... 36 - - txb7b2f5446a41448babb38-00692355bb - 0.0374 - - 1763923387.696002007 1763923387.733419895 0
Nov 23 13:43:07 np0005532741.novalocal libvirtd[98634]: ethtool ioctl error on qg-41f44f66-76: No such device
Nov 23 13:43:07 np0005532741.novalocal libvirtd[98634]: ethtool ioctl error on qg-41f44f66-76: No such device
Nov 23 13:43:07 np0005532741.novalocal libvirtd[98634]: ethtool ioctl error on qg-41f44f66-76: No such device
Nov 23 13:43:07 np0005532741.novalocal libvirtd[98634]: ethtool ioctl error on qg-41f44f66-76: No such device
Nov 23 13:43:07 np0005532741.novalocal libvirtd[98634]: ethtool ioctl error on qg-41f44f66-76: No such device
Nov 23 13:43:07 np0005532741.novalocal libvirtd[98634]: ethtool ioctl error on qg-41f44f66-76: No such device
Nov 23 13:43:07 np0005532741.novalocal libvirtd[98634]: ethtool ioctl error on qg-41f44f66-76: No such device
Nov 23 13:43:07 np0005532741.novalocal systemd[1]: Started SETroubleshoot daemon for processing new SELinux denial logs.
Nov 23 13:43:08 np0005532741.novalocal account-server[96017]: ::1 - - [23/Nov/2025:18:43:08 +0000] "HEAD /3/259413/.expiring_objects" 404 - "HEAD http://localhost/v1/.expiring_objects?format=json" "tx345a07ddb9a14a77bb7c5-00692355bc" "Swift Object Expirer" 0.0003 "-" 96017 -
Nov 23 13:43:08 np0005532741.novalocal account-server[96018]: ::1 - - [23/Nov/2025:18:43:08 +0000] "HEAD /1/259413/.expiring_objects" 404 - "HEAD http://localhost/v1/.expiring_objects?format=json" "tx345a07ddb9a14a77bb7c5-00692355bc" "Swift Object Expirer" 0.0003 "-" 96018 -
Nov 23 13:43:08 np0005532741.novalocal account-server[96019]: ::1 - - [23/Nov/2025:18:43:08 +0000] "HEAD /2/259413/.expiring_objects" 404 - "HEAD http://localhost/v1/.expiring_objects?format=json" "tx345a07ddb9a14a77bb7c5-00692355bc" "Swift Object Expirer" 0.0003 "-" 96019 -
Nov 23 13:43:08 np0005532741.novalocal object-expirer-ic[92709]: - - 23/Nov/2025/18/43/08 HEAD /v1/.expiring_objects%3Fformat%3Djson HTTP/1.0 404 - Swift%20Object%20Expirer - - - - tx345a07ddb9a14a77bb7c5-00692355bc - 0.0080 - - 1763923388.006041765 1763923388.014062881 -
Nov 23 13:43:08 np0005532741.novalocal object-expirer[92709]: Pass completed in 0s; 0 objects expired
Nov 23 13:43:08 np0005532741.novalocal object-server[96609]: ::1 - - [23/Nov/2025:18:43:08 +0000] "GET /2/191726/AUTH_9cc260e0c9e84206955019da66ffcbec/gnocchi.557a5035-253a-4d9f-96e9-645ba208c8cb/none_v3" 200 45 "GET http://[::1]:8080/v1/AUTH_9cc260e0c9e84206955019da66ffcbec/gnocchi.557a5035-253a-4d9f-96e9-645ba208c8cb/none_v3" "txc75233f830344e3497b7b-00692355bc" "proxy-server 92676" 0.0008 "-" 96609 0
Nov 23 13:43:08 np0005532741.novalocal proxy-server[92676]: ::1 ::1 23/Nov/2025/18/43/08 GET /v1/AUTH_9cc260e0c9e84206955019da66ffcbec/gnocchi.557a5035-253a-4d9f-96e9-645ba208c8cb/none_v3 HTTP/1.0 200 - python-swiftclient-4.2.0 gAAAAABpI1V6j5L9... - 45 - txc75233f830344e3497b7b-00692355bc - 0.0129 - - 1763923388.181555271 1763923388.194503069 0
Nov 23 13:43:08 np0005532741.novalocal object-server[96606]: ::1 - - [23/Nov/2025:18:43:08 +0000] "GET /2/153623/AUTH_9cc260e0c9e84206955019da66ffcbec/gnocchi.d8994432-ba87-4221-9d4a-3a0df25907d8/none_v3" 200 43 "GET http://[::1]:8080/v1/AUTH_9cc260e0c9e84206955019da66ffcbec/gnocchi.d8994432-ba87-4221-9d4a-3a0df25907d8/none_v3" "tx363da53a1f4d4e5185f16-00692355bc" "proxy-server 92677" 0.0006 "-" 96606 0
Nov 23 13:43:08 np0005532741.novalocal proxy-server[92677]: ::1 ::1 23/Nov/2025/18/43/08 GET /v1/AUTH_9cc260e0c9e84206955019da66ffcbec/gnocchi.d8994432-ba87-4221-9d4a-3a0df25907d8/none_v3 HTTP/1.0 200 - python-swiftclient-4.2.0 gAAAAABpI1V6uZq-... - 43 - tx363da53a1f4d4e5185f16-00692355bc - 0.0115 - - 1763923388.187315702 1763923388.198814392 0
Nov 23 13:43:08 np0005532741.novalocal container-server[96308]: ::1 - - [23/Nov/2025:18:43:08 +0000] "GET /3/244513/AUTH_9cc260e0c9e84206955019da66ffcbec/gnocchi.557a5035-253a-4d9f-96e9-645ba208c8cb" 200 357 "GET http://[::1]:8080/v1/AUTH_9cc260e0c9e84206955019da66ffcbec/gnocchi.557a5035-253a-4d9f-96e9-645ba208c8cb?format=json&states=listing" "tx31fb24cae9ee4b92b4f5e-00692355bc" "proxy-server 92676" 0.0060 "-" 96308 0
Nov 23 13:43:08 np0005532741.novalocal proxy-server[92676]: ::1 ::1 23/Nov/2025/18/43/08 GET /v1/AUTH_9cc260e0c9e84206955019da66ffcbec/gnocchi.557a5035-253a-4d9f-96e9-645ba208c8cb%3Fformat%3Djson%26states%3Dlisting HTTP/1.0 200 - python-swiftclient-4.2.0 gAAAAABpI1V6j5L9... - 357 - tx31fb24cae9ee4b92b4f5e-00692355bc - 0.0137 - - 1763923388.197491169 1763923388.211193800 0
Nov 23 13:43:08 np0005532741.novalocal container-server[96311]: ::1 - - [23/Nov/2025:18:43:08 +0000] "GET /2/225858/AUTH_9cc260e0c9e84206955019da66ffcbec/gnocchi.d8994432-ba87-4221-9d4a-3a0df25907d8" 200 357 "GET http://[::1]:8080/v1/AUTH_9cc260e0c9e84206955019da66ffcbec/gnocchi.d8994432-ba87-4221-9d4a-3a0df25907d8?format=json&states=listing" "tx1eeea5a2191741038bcbe-00692355bc" "proxy-server 92677" 0.0063 "-" 96311 0
Nov 23 13:43:08 np0005532741.novalocal proxy-server[92677]: ::1 ::1 23/Nov/2025/18/43/08 GET /v1/AUTH_9cc260e0c9e84206955019da66ffcbec/gnocchi.d8994432-ba87-4221-9d4a-3a0df25907d8%3Fformat%3Djson%26states%3Dlisting HTTP/1.0 200 - python-swiftclient-4.2.0 gAAAAABpI1V6uZq-... - 357 - tx1eeea5a2191741038bcbe-00692355bc - 0.0134 - - 1763923388.201254129 1763923388.214617014 0
Nov 23 13:43:08 np0005532741.novalocal container-server[96308]: ::1 - - [23/Nov/2025:18:43:08 +0000] "GET /2/244513/AUTH_9cc260e0c9e84206955019da66ffcbec/gnocchi.557a5035-253a-4d9f-96e9-645ba208c8cb" 200 2 "GET http://[::1]:8080/v1/AUTH_9cc260e0c9e84206955019da66ffcbec/gnocchi.557a5035-253a-4d9f-96e9-645ba208c8cb?format=json&marker=none_v3&states=listing" "tx61b5aa6f89c242e885edf-00692355bc" "proxy-server 92676" 0.0087 "-" 96308 0
Nov 23 13:43:08 np0005532741.novalocal container-server[96308]: ::1 - - [23/Nov/2025:18:43:08 +0000] "GET /1/225858/AUTH_9cc260e0c9e84206955019da66ffcbec/gnocchi.d8994432-ba87-4221-9d4a-3a0df25907d8" 200 2 "GET http://[::1]:8080/v1/AUTH_9cc260e0c9e84206955019da66ffcbec/gnocchi.d8994432-ba87-4221-9d4a-3a0df25907d8?format=json&marker=none_v3&states=listing" "tx68a5f6ce758446ff89d06-00692355bc" "proxy-server 92677" 0.0062 "-" 96308 0
Nov 23 13:43:08 np0005532741.novalocal proxy-server[92676]: ::1 ::1 23/Nov/2025/18/43/08 GET /v1/AUTH_9cc260e0c9e84206955019da66ffcbec/gnocchi.557a5035-253a-4d9f-96e9-645ba208c8cb%3Fformat%3Djson%26marker%3Dnone_v3%26states%3Dlisting HTTP/1.0 200 - python-swiftclient-4.2.0 gAAAAABpI1V6j5L9... - 2 - tx61b5aa6f89c242e885edf-00692355bc - 0.0161 - - 1763923388.213289261 1763923388.229356527 0
Nov 23 13:43:08 np0005532741.novalocal proxy-server[92677]: ::1 ::1 23/Nov/2025/18/43/08 GET /v1/AUTH_9cc260e0c9e84206955019da66ffcbec/gnocchi.d8994432-ba87-4221-9d4a-3a0df25907d8%3Fformat%3Djson%26marker%3Dnone_v3%26states%3Dlisting HTTP/1.0 200 - python-swiftclient-4.2.0 gAAAAABpI1V6uZq-... - 2 - tx68a5f6ce758446ff89d06-00692355bc - 0.0128 - - 1763923388.218478441 1763923388.231278419 0
Nov 23 13:43:08 np0005532741.novalocal object-server[96609]: ::1 - - [23/Nov/2025:18:43:08 +0000] "GET /2/32302/AUTH_9cc260e0c9e84206955019da66ffcbec/gnocchi.557a5035-253a-4d9f-96e9-645ba208c8cb/1763640000.0_mean_300.0_v3" 200 16 "GET http://[::1]:8080/v1/AUTH_9cc260e0c9e84206955019da66ffcbec/gnocchi.557a5035-253a-4d9f-96e9-645ba208c8cb/1763640000.0_mean_300.0_v3" "tx90dab6a8d356481992464-00692355bc" "proxy-server 92676" 0.0007 "-" 96609 0
Nov 23 13:43:08 np0005532741.novalocal proxy-server[92676]: ::1 ::1 23/Nov/2025/18/43/08 GET /v1/AUTH_9cc260e0c9e84206955019da66ffcbec/gnocchi.557a5035-253a-4d9f-96e9-645ba208c8cb/1763640000.0_mean_300.0_v3 HTTP/1.0 200 - python-swiftclient-4.2.0 gAAAAABpI1V6j5L9... - 16 - tx90dab6a8d356481992464-00692355bc - 0.0070 - - 1763923388.232851028 1763923388.239877224 0
Nov 23 13:43:08 np0005532741.novalocal object-server[96609]: ::1 - - [23/Nov/2025:18:43:08 +0000] "GET /3/232453/AUTH_9cc260e0c9e84206955019da66ffcbec/gnocchi.d8994432-ba87-4221-9d4a-3a0df25907d8/1763640000.0_mean_300.0_v3" 200 16 "GET http://[::1]:8080/v1/AUTH_9cc260e0c9e84206955019da66ffcbec/gnocchi.d8994432-ba87-4221-9d4a-3a0df25907d8/1763640000.0_mean_300.0_v3" "tx968722b956104816ab661-00692355bc" "proxy-server 92677" 0.0006 "-" 96609 0
Nov 23 13:43:08 np0005532741.novalocal proxy-server[92677]: ::1 ::1 23/Nov/2025/18/43/08 GET /v1/AUTH_9cc260e0c9e84206955019da66ffcbec/gnocchi.d8994432-ba87-4221-9d4a-3a0df25907d8/1763640000.0_mean_300.0_v3 HTTP/1.0 200 - python-swiftclient-4.2.0 gAAAAABpI1V6uZq-... - 16 - tx968722b956104816ab661-00692355bc - 0.0090 - - 1763923388.234122753 1763923388.243149281 0
Nov 23 13:43:08 np0005532741.novalocal container-server[96308]: ::1 - - [23/Nov/2025:18:43:08 +0000] "PUT /2/244513/AUTH_9cc260e0c9e84206955019da66ffcbec/gnocchi.557a5035-253a-4d9f-96e9-645ba208c8cb/1763640000.0_mean_300.0_v3" 201 - "PUT http://[::1]:8080/2/32302/AUTH_9cc260e0c9e84206955019da66ffcbec/gnocchi.557a5035-253a-4d9f-96e9-645ba208c8cb/1763640000.0_mean_300.0_v3" "tx956998a3173543c799544-00692355bc" "object-server 96607" 0.0005 "-" 96308 0
Nov 23 13:43:08 np0005532741.novalocal object-server[96607]: ::1 - - [23/Nov/2025:18:43:08 +0000] "PUT /2/32302/AUTH_9cc260e0c9e84206955019da66ffcbec/gnocchi.557a5035-253a-4d9f-96e9-645ba208c8cb/1763640000.0_mean_300.0_v3" 201 - "PUT http://[::1]:8080/v1/AUTH_9cc260e0c9e84206955019da66ffcbec/gnocchi.557a5035-253a-4d9f-96e9-645ba208c8cb/1763640000.0_mean_300.0_v3" "tx956998a3173543c799544-00692355bc" "proxy-server 92676" 0.0107 "-" 96607 0
Nov 23 13:43:08 np0005532741.novalocal container-server[96310]: ::1 - - [23/Nov/2025:18:43:08 +0000] "PUT /3/244513/AUTH_9cc260e0c9e84206955019da66ffcbec/gnocchi.557a5035-253a-4d9f-96e9-645ba208c8cb/1763640000.0_mean_300.0_v3" 201 - "PUT http://[::1]:8080/3/32302/AUTH_9cc260e0c9e84206955019da66ffcbec/gnocchi.557a5035-253a-4d9f-96e9-645ba208c8cb/1763640000.0_mean_300.0_v3" "tx956998a3173543c799544-00692355bc" "object-server 96609" 0.0005 "-" 96310 0
Nov 23 13:43:08 np0005532741.novalocal container-server[96310]: ::1 - - [23/Nov/2025:18:43:08 +0000] "PUT /1/244513/AUTH_9cc260e0c9e84206955019da66ffcbec/gnocchi.557a5035-253a-4d9f-96e9-645ba208c8cb/1763640000.0_mean_300.0_v3" 201 - "PUT http://[::1]:8080/1/32302/AUTH_9cc260e0c9e84206955019da66ffcbec/gnocchi.557a5035-253a-4d9f-96e9-645ba208c8cb/1763640000.0_mean_300.0_v3" "tx956998a3173543c799544-00692355bc" "object-server 96609" 0.0003 "-" 96310 0
Nov 23 13:43:08 np0005532741.novalocal object-server[96609]: ::1 - - [23/Nov/2025:18:43:08 +0000] "PUT /3/32302/AUTH_9cc260e0c9e84206955019da66ffcbec/gnocchi.557a5035-253a-4d9f-96e9-645ba208c8cb/1763640000.0_mean_300.0_v3" 201 - "PUT http://[::1]:8080/v1/AUTH_9cc260e0c9e84206955019da66ffcbec/gnocchi.557a5035-253a-4d9f-96e9-645ba208c8cb/1763640000.0_mean_300.0_v3" "tx956998a3173543c799544-00692355bc" "proxy-server 92676" 0.0173 "-" 96609 0
Nov 23 13:43:08 np0005532741.novalocal object-server[96609]: ::1 - - [23/Nov/2025:18:43:08 +0000] "PUT /1/32302/AUTH_9cc260e0c9e84206955019da66ffcbec/gnocchi.557a5035-253a-4d9f-96e9-645ba208c8cb/1763640000.0_mean_300.0_v3" 201 - "PUT http://[::1]:8080/v1/AUTH_9cc260e0c9e84206955019da66ffcbec/gnocchi.557a5035-253a-4d9f-96e9-645ba208c8cb/1763640000.0_mean_300.0_v3" "tx956998a3173543c799544-00692355bc" "proxy-server 92676" 0.0189 "-" 96609 0
Nov 23 13:43:08 np0005532741.novalocal container-server[96310]: ::1 - - [23/Nov/2025:18:43:08 +0000] "PUT /1/225858/AUTH_9cc260e0c9e84206955019da66ffcbec/gnocchi.d8994432-ba87-4221-9d4a-3a0df25907d8/1763640000.0_mean_300.0_v3" 201 - "PUT http://[::1]:8080/3/232453/AUTH_9cc260e0c9e84206955019da66ffcbec/gnocchi.d8994432-ba87-4221-9d4a-3a0df25907d8/1763640000.0_mean_300.0_v3" "tx49801c054cea495cac4a0-00692355bc" "object-server 96605" 0.0003 "-" 96310 0
Nov 23 13:43:08 np0005532741.novalocal object-server[96605]: ::1 - - [23/Nov/2025:18:43:08 +0000] "PUT /3/232453/AUTH_9cc260e0c9e84206955019da66ffcbec/gnocchi.d8994432-ba87-4221-9d4a-3a0df25907d8/1763640000.0_mean_300.0_v3" 201 - "PUT http://[::1]:8080/v1/AUTH_9cc260e0c9e84206955019da66ffcbec/gnocchi.d8994432-ba87-4221-9d4a-3a0df25907d8/1763640000.0_mean_300.0_v3" "tx49801c054cea495cac4a0-00692355bc" "proxy-server 92677" 0.0184 "-" 96605 0
Nov 23 13:43:08 np0005532741.novalocal proxy-server[92676]: ::1 ::1 23/Nov/2025/18/43/08 PUT /v1/AUTH_9cc260e0c9e84206955019da66ffcbec/gnocchi.557a5035-253a-4d9f-96e9-645ba208c8cb/1763640000.0_mean_300.0_v3 HTTP/1.0 201 - python-swiftclient-4.2.0 gAAAAABpI1V6j5L9... 16 - - tx956998a3173543c799544-00692355bc - 0.0288 - - 1763923388.242507219 1763923388.271327496 0
Nov 23 13:43:08 np0005532741.novalocal container-server[96310]: ::1 - - [23/Nov/2025:18:43:08 +0000] "PUT /3/225858/AUTH_9cc260e0c9e84206955019da66ffcbec/gnocchi.d8994432-ba87-4221-9d4a-3a0df25907d8/1763640000.0_mean_300.0_v3" 201 - "PUT http://[::1]:8080/1/232453/AUTH_9cc260e0c9e84206955019da66ffcbec/gnocchi.d8994432-ba87-4221-9d4a-3a0df25907d8/1763640000.0_mean_300.0_v3" "tx49801c054cea495cac4a0-00692355bc" "object-server 96609" 0.0003 "-" 96310 0
Nov 23 13:43:08 np0005532741.novalocal container-server[96309]: ::1 - - [23/Nov/2025:18:43:08 +0000] "PUT /2/225858/AUTH_9cc260e0c9e84206955019da66ffcbec/gnocchi.d8994432-ba87-4221-9d4a-3a0df25907d8/1763640000.0_mean_300.0_v3" 201 - "PUT http://[::1]:8080/2/232453/AUTH_9cc260e0c9e84206955019da66ffcbec/gnocchi.d8994432-ba87-4221-9d4a-3a0df25907d8/1763640000.0_mean_300.0_v3" "tx49801c054cea495cac4a0-00692355bc" "object-server 96609" 0.0005 "-" 96309 0
Nov 23 13:43:08 np0005532741.novalocal object-server[96609]: ::1 - - [23/Nov/2025:18:43:08 +0000] "PUT /2/232453/AUTH_9cc260e0c9e84206955019da66ffcbec/gnocchi.d8994432-ba87-4221-9d4a-3a0df25907d8/1763640000.0_mean_300.0_v3" 201 - "PUT http://[::1]:8080/v1/AUTH_9cc260e0c9e84206955019da66ffcbec/gnocchi.d8994432-ba87-4221-9d4a-3a0df25907d8/1763640000.0_mean_300.0_v3" "tx49801c054cea495cac4a0-00692355bc" "proxy-server 92677" 0.0180 "-" 96609 0
Nov 23 13:43:08 np0005532741.novalocal object-server[96609]: ::1 - - [23/Nov/2025:18:43:08 +0000] "PUT /1/232453/AUTH_9cc260e0c9e84206955019da66ffcbec/gnocchi.d8994432-ba87-4221-9d4a-3a0df25907d8/1763640000.0_mean_300.0_v3" 201 - "PUT http://[::1]:8080/v1/AUTH_9cc260e0c9e84206955019da66ffcbec/gnocchi.d8994432-ba87-4221-9d4a-3a0df25907d8/1763640000.0_mean_300.0_v3" "tx49801c054cea495cac4a0-00692355bc" "proxy-server 92677" 0.0214 "-" 96609 0
Nov 23 13:43:08 np0005532741.novalocal proxy-server[92677]: ::1 ::1 23/Nov/2025/18/43/08 PUT /v1/AUTH_9cc260e0c9e84206955019da66ffcbec/gnocchi.d8994432-ba87-4221-9d4a-3a0df25907d8/1763640000.0_mean_300.0_v3 HTTP/1.0 201 - python-swiftclient-4.2.0 gAAAAABpI1V6uZq-... 16 - - tx49801c054cea495cac4a0-00692355bc - 0.0322 - - 1763923388.245484829 1763923388.277714491 0
Nov 23 13:43:08 np0005532741.novalocal container-server[96308]: ::1 - - [23/Nov/2025:18:43:08 +0000] "PUT /3/225858/AUTH_9cc260e0c9e84206955019da66ffcbec/gnocchi.d8994432-ba87-4221-9d4a-3a0df25907d8/none_v3" 201 - "PUT http://[::1]:8080/2/153623/AUTH_9cc260e0c9e84206955019da66ffcbec/gnocchi.d8994432-ba87-4221-9d4a-3a0df25907d8/none_v3" "tx99d67165649f43b495798-00692355bc" "object-server 96606" 0.0004 "-" 96308 0
Nov 23 13:43:08 np0005532741.novalocal object-server[96606]: ::1 - - [23/Nov/2025:18:43:08 +0000] "PUT /2/153623/AUTH_9cc260e0c9e84206955019da66ffcbec/gnocchi.d8994432-ba87-4221-9d4a-3a0df25907d8/none_v3" 201 - "PUT http://[::1]:8080/v1/AUTH_9cc260e0c9e84206955019da66ffcbec/gnocchi.d8994432-ba87-4221-9d4a-3a0df25907d8/none_v3" "tx99d67165649f43b495798-00692355bc" "proxy-server 92677" 0.0096 "-" 96606 0
Nov 23 13:43:08 np0005532741.novalocal container-server[96311]: ::1 - - [23/Nov/2025:18:43:08 +0000] "PUT /1/225858/AUTH_9cc260e0c9e84206955019da66ffcbec/gnocchi.d8994432-ba87-4221-9d4a-3a0df25907d8/none_v3" 201 - "PUT http://[::1]:8080/1/153623/AUTH_9cc260e0c9e84206955019da66ffcbec/gnocchi.d8994432-ba87-4221-9d4a-3a0df25907d8/none_v3" "tx99d67165649f43b495798-00692355bc" "object-server 96605" 0.0005 "-" 96311 0
Nov 23 13:43:08 np0005532741.novalocal container-server[96311]: ::1 - - [23/Nov/2025:18:43:08 +0000] "PUT /3/244513/AUTH_9cc260e0c9e84206955019da66ffcbec/gnocchi.557a5035-253a-4d9f-96e9-645ba208c8cb/none_v3" 201 - "PUT http://[::1]:8080/2/191726/AUTH_9cc260e0c9e84206955019da66ffcbec/gnocchi.557a5035-253a-4d9f-96e9-645ba208c8cb/none_v3" "txc3dbbc9839464aa493ef8-00692355bc" "object-server 96606" 0.0003 "-" 96311 0
