Nov 23 13:43:12 np0005532741.novalocal container-server[96310]: ::1 - - [23/Nov/2025:18:43:12 +0000] "PUT /3/222324/AUTH_9cc260e0c9e84206955019da66ffcbec/gnocchi.1b5b5a2e-bcab-4dc9-a3a5-44adde2c5e10/1763640000.0_mean_300.0_v3" 201 - "PUT http://[::1]:8080/3/117614/AUTH_9cc260e0c9e84206955019da66ffcbec/gnocchi.1b5b5a2e-bcab-4dc9-a3a5-44adde2c5e10/1763640000.0_mean_300.0_v3" "txfd72a53f2ad64d808d442-00692355c0" "object-server 96607" 0.0008 "-" 96310 0
Nov 23 13:43:12 np0005532741.novalocal object-server[96607]: ::1 - - [23/Nov/2025:18:43:12 +0000] "PUT /1/117614/AUTH_9cc260e0c9e84206955019da66ffcbec/gnocchi.1b5b5a2e-bcab-4dc9-a3a5-44adde2c5e10/1763640000.0_mean_300.0_v3" 201 - "PUT http://[::1]:8080/v1/AUTH_9cc260e0c9e84206955019da66ffcbec/gnocchi.1b5b5a2e-bcab-4dc9-a3a5-44adde2c5e10/1763640000.0_mean_300.0_v3" "txfd72a53f2ad64d808d442-00692355c0" "proxy-server 92677" 0.0150 "-" 96607 0
Nov 23 13:43:12 np0005532741.novalocal object-server[96607]: ::1 - - [23/Nov/2025:18:43:12 +0000] "PUT /3/117614/AUTH_9cc260e0c9e84206955019da66ffcbec/gnocchi.1b5b5a2e-bcab-4dc9-a3a5-44adde2c5e10/1763640000.0_mean_300.0_v3" 201 - "PUT http://[::1]:8080/v1/AUTH_9cc260e0c9e84206955019da66ffcbec/gnocchi.1b5b5a2e-bcab-4dc9-a3a5-44adde2c5e10/1763640000.0_mean_300.0_v3" "txfd72a53f2ad64d808d442-00692355c0" "proxy-server 92677" 0.0227 "-" 96607 0
Nov 23 13:43:12 np0005532741.novalocal container-server[96310]: ::1 - - [23/Nov/2025:18:43:12 +0000] "PUT /2/164360/AUTH_9cc260e0c9e84206955019da66ffcbec/gnocchi.1b546b86-bef7-4b1d-81ed-4ba2947abc16/1763640000.0_mean_300.0_v3" 201 - "PUT http://[::1]:8080/3/192614/AUTH_9cc260e0c9e84206955019da66ffcbec/gnocchi.1b546b86-bef7-4b1d-81ed-4ba2947abc16/1763640000.0_mean_300.0_v3" "tx29e108d060f84bb38ae3b-00692355c0" "object-server 96606" 0.0006 "-" 96310 0
Nov 23 13:43:12 np0005532741.novalocal object-server[96606]: ::1 - - [23/Nov/2025:18:43:12 +0000] "PUT /3/192614/AUTH_9cc260e0c9e84206955019da66ffcbec/gnocchi.1b546b86-bef7-4b1d-81ed-4ba2947abc16/1763640000.0_mean_300.0_v3" 201 - "PUT http://[::1]:8080/v1/AUTH_9cc260e0c9e84206955019da66ffcbec/gnocchi.1b546b86-bef7-4b1d-81ed-4ba2947abc16/1763640000.0_mean_300.0_v3" "tx29e108d060f84bb38ae3b-00692355c0" "proxy-server 92676" 0.0156 "-" 96606 0
Nov 23 13:43:12 np0005532741.novalocal container-server[96308]: ::1 - - [23/Nov/2025:18:43:12 +0000] "PUT /1/222324/AUTH_9cc260e0c9e84206955019da66ffcbec/gnocchi.1b5b5a2e-bcab-4dc9-a3a5-44adde2c5e10/1763640000.0_mean_300.0_v3" 201 - "PUT http://[::1]:8080/2/117614/AUTH_9cc260e0c9e84206955019da66ffcbec/gnocchi.1b5b5a2e-bcab-4dc9-a3a5-44adde2c5e10/1763640000.0_mean_300.0_v3" "txfd72a53f2ad64d808d442-00692355c0" "object-server 96606" 0.0008 "-" 96308 0
Nov 23 13:43:12 np0005532741.novalocal object-server[96606]: ::1 - - [23/Nov/2025:18:43:12 +0000] "PUT /2/117614/AUTH_9cc260e0c9e84206955019da66ffcbec/gnocchi.1b5b5a2e-bcab-4dc9-a3a5-44adde2c5e10/1763640000.0_mean_300.0_v3" 201 - "PUT http://[::1]:8080/v1/AUTH_9cc260e0c9e84206955019da66ffcbec/gnocchi.1b5b5a2e-bcab-4dc9-a3a5-44adde2c5e10/1763640000.0_mean_300.0_v3" "txfd72a53f2ad64d808d442-00692355c0" "proxy-server 92677" 0.0306 "-" 96606 0
Nov 23 13:43:12 np0005532741.novalocal container-server[96308]: ::1 - - [23/Nov/2025:18:43:12 +0000] "PUT /3/164360/AUTH_9cc260e0c9e84206955019da66ffcbec/gnocchi.1b546b86-bef7-4b1d-81ed-4ba2947abc16/1763640000.0_mean_300.0_v3" 201 - "PUT http://[::1]:8080/1/192614/AUTH_9cc260e0c9e84206955019da66ffcbec/gnocchi.1b546b86-bef7-4b1d-81ed-4ba2947abc16/1763640000.0_mean_300.0_v3" "tx29e108d060f84bb38ae3b-00692355c0" "object-server 96606" 0.0005 "-" 96308 0
Nov 23 13:43:12 np0005532741.novalocal proxy-server[92677]: ::1 ::1 23/Nov/2025/18/43/12 PUT /v1/AUTH_9cc260e0c9e84206955019da66ffcbec/gnocchi.1b5b5a2e-bcab-4dc9-a3a5-44adde2c5e10/1763640000.0_mean_300.0_v3 HTTP/1.0 201 - python-swiftclient-4.2.0 gAAAAABpI1V6uZq-... 16 - - txfd72a53f2ad64d808d442-00692355c0 - 0.0370 - - 1763923392.832932234 1763923392.869930029 0
Nov 23 13:43:12 np0005532741.novalocal object-server[96606]: ::1 - - [23/Nov/2025:18:43:12 +0000] "PUT /1/192614/AUTH_9cc260e0c9e84206955019da66ffcbec/gnocchi.1b546b86-bef7-4b1d-81ed-4ba2947abc16/1763640000.0_mean_300.0_v3" 201 - "PUT http://[::1]:8080/v1/AUTH_9cc260e0c9e84206955019da66ffcbec/gnocchi.1b546b86-bef7-4b1d-81ed-4ba2947abc16/1763640000.0_mean_300.0_v3" "tx29e108d060f84bb38ae3b-00692355c0" "proxy-server 92676" 0.0209 "-" 96606 0
Nov 23 13:43:12 np0005532741.novalocal container-server[96308]: ::1 - - [23/Nov/2025:18:43:12 +0000] "PUT /1/164360/AUTH_9cc260e0c9e84206955019da66ffcbec/gnocchi.1b546b86-bef7-4b1d-81ed-4ba2947abc16/1763640000.0_mean_300.0_v3" 201 - "PUT http://[::1]:8080/2/192614/AUTH_9cc260e0c9e84206955019da66ffcbec/gnocchi.1b546b86-bef7-4b1d-81ed-4ba2947abc16/1763640000.0_mean_300.0_v3" "tx29e108d060f84bb38ae3b-00692355c0" "object-server 96609" 0.0004 "-" 96308 0
Nov 23 13:43:12 np0005532741.novalocal object-server[96609]: ::1 - - [23/Nov/2025:18:43:12 +0000] "PUT /2/192614/AUTH_9cc260e0c9e84206955019da66ffcbec/gnocchi.1b546b86-bef7-4b1d-81ed-4ba2947abc16/1763640000.0_mean_300.0_v3" 201 - "PUT http://[::1]:8080/v1/AUTH_9cc260e0c9e84206955019da66ffcbec/gnocchi.1b546b86-bef7-4b1d-81ed-4ba2947abc16/1763640000.0_mean_300.0_v3" "tx29e108d060f84bb38ae3b-00692355c0" "proxy-server 92676" 0.0233 "-" 96609 0
Nov 23 13:43:12 np0005532741.novalocal proxy-server[92676]: ::1 ::1 23/Nov/2025/18/43/12 PUT /v1/AUTH_9cc260e0c9e84206955019da66ffcbec/gnocchi.1b546b86-bef7-4b1d-81ed-4ba2947abc16/1763640000.0_mean_300.0_v3 HTTP/1.0 201 - python-swiftclient-4.2.0 gAAAAABpI1V6j5L9... 16 - - tx29e108d060f84bb38ae3b-00692355c0 - 0.0289 - - 1763923392.844868898 1763923392.873764038 0
Nov 23 13:43:12 np0005532741.novalocal container-server[96310]: ::1 - - [23/Nov/2025:18:43:12 +0000] "PUT /2/222324/AUTH_9cc260e0c9e84206955019da66ffcbec/gnocchi.1b5b5a2e-bcab-4dc9-a3a5-44adde2c5e10/none_v3" 201 - "PUT http://[::1]:8080/1/153021/AUTH_9cc260e0c9e84206955019da66ffcbec/gnocchi.1b5b5a2e-bcab-4dc9-a3a5-44adde2c5e10/none_v3" "tx944bb8108a9f4ea68950a-00692355c0" "object-server 96606" 0.0006 "-" 96310 0
Nov 23 13:43:12 np0005532741.novalocal object-server[96606]: ::1 - - [23/Nov/2025:18:43:12 +0000] "PUT /1/153021/AUTH_9cc260e0c9e84206955019da66ffcbec/gnocchi.1b5b5a2e-bcab-4dc9-a3a5-44adde2c5e10/none_v3" 201 - "PUT http://[::1]:8080/v1/AUTH_9cc260e0c9e84206955019da66ffcbec/gnocchi.1b5b5a2e-bcab-4dc9-a3a5-44adde2c5e10/none_v3" "tx944bb8108a9f4ea68950a-00692355c0" "proxy-server 92677" 0.0168 "-" 96606 0
Nov 23 13:43:12 np0005532741.novalocal container-server[96311]: ::1 - - [23/Nov/2025:18:43:12 +0000] "PUT /3/222324/AUTH_9cc260e0c9e84206955019da66ffcbec/gnocchi.1b5b5a2e-bcab-4dc9-a3a5-44adde2c5e10/none_v3" 201 - "PUT http://[::1]:8080/2/153021/AUTH_9cc260e0c9e84206955019da66ffcbec/gnocchi.1b5b5a2e-bcab-4dc9-a3a5-44adde2c5e10/none_v3" "tx944bb8108a9f4ea68950a-00692355c0" "object-server 96609" 0.0007 "-" 96311 0
Nov 23 13:43:12 np0005532741.novalocal container-server[96308]: ::1 - - [23/Nov/2025:18:43:12 +0000] "PUT /2/164360/AUTH_9cc260e0c9e84206955019da66ffcbec/gnocchi.1b546b86-bef7-4b1d-81ed-4ba2947abc16/none_v3" 201 - "PUT http://[::1]:8080/2/45537/AUTH_9cc260e0c9e84206955019da66ffcbec/gnocchi.1b546b86-bef7-4b1d-81ed-4ba2947abc16/none_v3" "txb8b95d6067a642e4a5c15-00692355c0" "object-server 96605" 0.0008 "-" 96308 0
Nov 23 13:43:12 np0005532741.novalocal object-server[96609]: ::1 - - [23/Nov/2025:18:43:12 +0000] "PUT /2/153021/AUTH_9cc260e0c9e84206955019da66ffcbec/gnocchi.1b5b5a2e-bcab-4dc9-a3a5-44adde2c5e10/none_v3" 201 - "PUT http://[::1]:8080/v1/AUTH_9cc260e0c9e84206955019da66ffcbec/gnocchi.1b5b5a2e-bcab-4dc9-a3a5-44adde2c5e10/none_v3" "tx944bb8108a9f4ea68950a-00692355c0" "proxy-server 92677" 0.0200 "-" 96609 0
Nov 23 13:43:12 np0005532741.novalocal object-server[96605]: ::1 - - [23/Nov/2025:18:43:12 +0000] "PUT /2/45537/AUTH_9cc260e0c9e84206955019da66ffcbec/gnocchi.1b546b86-bef7-4b1d-81ed-4ba2947abc16/none_v3" 201 - "PUT http://[::1]:8080/v1/AUTH_9cc260e0c9e84206955019da66ffcbec/gnocchi.1b546b86-bef7-4b1d-81ed-4ba2947abc16/none_v3" "txb8b95d6067a642e4a5c15-00692355c0" "proxy-server 92676" 0.0151 "-" 96605 0
Nov 23 13:43:12 np0005532741.novalocal container-server[96311]: ::1 - - [23/Nov/2025:18:43:12 +0000] "PUT /1/164360/AUTH_9cc260e0c9e84206955019da66ffcbec/gnocchi.1b546b86-bef7-4b1d-81ed-4ba2947abc16/none_v3" 201 - "PUT http://[::1]:8080/3/45537/AUTH_9cc260e0c9e84206955019da66ffcbec/gnocchi.1b546b86-bef7-4b1d-81ed-4ba2947abc16/none_v3" "txb8b95d6067a642e4a5c15-00692355c0" "object-server 96607" 0.0003 "-" 96311 0
Nov 23 13:43:12 np0005532741.novalocal container-server[96311]: ::1 - - [23/Nov/2025:18:43:12 +0000] "PUT /3/164360/AUTH_9cc260e0c9e84206955019da66ffcbec/gnocchi.1b546b86-bef7-4b1d-81ed-4ba2947abc16/none_v3" 201 - "PUT http://[::1]:8080/1/45537/AUTH_9cc260e0c9e84206955019da66ffcbec/gnocchi.1b546b86-bef7-4b1d-81ed-4ba2947abc16/none_v3" "txb8b95d6067a642e4a5c15-00692355c0" "object-server 96607" 0.0003 "-" 96311 0
Nov 23 13:43:12 np0005532741.novalocal object-server[96607]: ::1 - - [23/Nov/2025:18:43:12 +0000] "PUT /3/45537/AUTH_9cc260e0c9e84206955019da66ffcbec/gnocchi.1b546b86-bef7-4b1d-81ed-4ba2947abc16/none_v3" 201 - "PUT http://[::1]:8080/v1/AUTH_9cc260e0c9e84206955019da66ffcbec/gnocchi.1b546b86-bef7-4b1d-81ed-4ba2947abc16/none_v3" "txb8b95d6067a642e4a5c15-00692355c0" "proxy-server 92676" 0.0173 "-" 96607 0
Nov 23 13:43:12 np0005532741.novalocal object-server[96607]: ::1 - - [23/Nov/2025:18:43:12 +0000] "PUT /1/45537/AUTH_9cc260e0c9e84206955019da66ffcbec/gnocchi.1b546b86-bef7-4b1d-81ed-4ba2947abc16/none_v3" 201 - "PUT http://[::1]:8080/v1/AUTH_9cc260e0c9e84206955019da66ffcbec/gnocchi.1b546b86-bef7-4b1d-81ed-4ba2947abc16/none_v3" "txb8b95d6067a642e4a5c15-00692355c0" "proxy-server 92676" 0.0197 "-" 96607 0
Nov 23 13:43:12 np0005532741.novalocal container-server[96311]: ::1 - - [23/Nov/2025:18:43:12 +0000] "PUT /1/222324/AUTH_9cc260e0c9e84206955019da66ffcbec/gnocchi.1b5b5a2e-bcab-4dc9-a3a5-44adde2c5e10/none_v3" 201 - "PUT http://[::1]:8080/3/153021/AUTH_9cc260e0c9e84206955019da66ffcbec/gnocchi.1b5b5a2e-bcab-4dc9-a3a5-44adde2c5e10/none_v3" "tx944bb8108a9f4ea68950a-00692355c0" "object-server 96605" 0.0007 "-" 96311 0
Nov 23 13:43:12 np0005532741.novalocal object-server[96605]: ::1 - - [23/Nov/2025:18:43:12 +0000] "PUT /3/153021/AUTH_9cc260e0c9e84206955019da66ffcbec/gnocchi.1b5b5a2e-bcab-4dc9-a3a5-44adde2c5e10/none_v3" 201 - "PUT http://[::1]:8080/v1/AUTH_9cc260e0c9e84206955019da66ffcbec/gnocchi.1b5b5a2e-bcab-4dc9-a3a5-44adde2c5e10/none_v3" "tx944bb8108a9f4ea68950a-00692355c0" "proxy-server 92677" 0.0205 "-" 96605 0
Nov 23 13:43:12 np0005532741.novalocal proxy-server[92676]: ::1 ::1 23/Nov/2025/18/43/12 PUT /v1/AUTH_9cc260e0c9e84206955019da66ffcbec/gnocchi.1b546b86-bef7-4b1d-81ed-4ba2947abc16/none_v3 HTTP/1.0 201 - python-swiftclient-4.2.0 gAAAAABpI1V6j5L9... 22 - - txb8b95d6067a642e4a5c15-00692355c0 - 0.0270 - - 1763923392.876061440 1763923392.903076172 0
Nov 23 13:43:12 np0005532741.novalocal proxy-server[92677]: ::1 ::1 23/Nov/2025/18/43/12 PUT /v1/AUTH_9cc260e0c9e84206955019da66ffcbec/gnocchi.1b5b5a2e-bcab-4dc9-a3a5-44adde2c5e10/none_v3 HTTP/1.0 201 - python-swiftclient-4.2.0 gAAAAABpI1V6uZq-... 22 - - tx944bb8108a9f4ea68950a-00692355c0 - 0.0307 - - 1763923392.873095751 1763923392.903815031 0
Nov 23 13:43:12 np0005532741.novalocal container-server[96308]: ::1 - - [23/Nov/2025:18:43:12 +0000] "HEAD /3/34532/AUTH_9cc260e0c9e84206955019da66ffcbec/gnocchi.63e4032d-507b-44c7-89b5-66dc1b62e0a5" 404 - "HEAD http://[::1]:8080/v1/AUTH_9cc260e0c9e84206955019da66ffcbec/gnocchi.63e4032d-507b-44c7-89b5-66dc1b62e0a5?format=json&states=listing" "txefc1bc84f14f445e84d1c-00692355c0" "proxy-server 92676" 0.0004 "-" 96308 0
Nov 23 13:43:12 np0005532741.novalocal container-server[96308]: ::1 - - [23/Nov/2025:18:43:12 +0000] "HEAD /1/34532/AUTH_9cc260e0c9e84206955019da66ffcbec/gnocchi.63e4032d-507b-44c7-89b5-66dc1b62e0a5" 404 - "HEAD http://[::1]:8080/v1/AUTH_9cc260e0c9e84206955019da66ffcbec/gnocchi.63e4032d-507b-44c7-89b5-66dc1b62e0a5?format=json&states=listing" "txefc1bc84f14f445e84d1c-00692355c0" "proxy-server 92676" 0.0002 "-" 96308 0
Nov 23 13:43:12 np0005532741.novalocal container-server[96311]: ::1 - - [23/Nov/2025:18:43:12 +0000] "HEAD /2/34532/AUTH_9cc260e0c9e84206955019da66ffcbec/gnocchi.63e4032d-507b-44c7-89b5-66dc1b62e0a5" 404 - "HEAD http://[::1]:8080/v1/AUTH_9cc260e0c9e84206955019da66ffcbec/gnocchi.63e4032d-507b-44c7-89b5-66dc1b62e0a5?format=json&states=listing" "txefc1bc84f14f445e84d1c-00692355c0" "proxy-server 92676" 0.0004 "-" 96311 0
Nov 23 13:43:12 np0005532741.novalocal object-server[96607]: ::1 - - [23/Nov/2025:18:43:12 +0000] "GET /1/226014/AUTH_9cc260e0c9e84206955019da66ffcbec/gnocchi.63e4032d-507b-44c7-89b5-66dc1b62e0a5/none_v3" 404 70 "GET http://[::1]:8080/v1/AUTH_9cc260e0c9e84206955019da66ffcbec/gnocchi.63e4032d-507b-44c7-89b5-66dc1b62e0a5/none_v3" "txefc1bc84f14f445e84d1c-00692355c0" "proxy-server 92676" 0.0006 "-" 96607 0
Nov 23 13:43:12 np0005532741.novalocal object-server[96607]: ::1 - - [23/Nov/2025:18:43:12 +0000] "GET /3/226014/AUTH_9cc260e0c9e84206955019da66ffcbec/gnocchi.63e4032d-507b-44c7-89b5-66dc1b62e0a5/none_v3" 404 70 "GET http://[::1]:8080/v1/AUTH_9cc260e0c9e84206955019da66ffcbec/gnocchi.63e4032d-507b-44c7-89b5-66dc1b62e0a5/none_v3" "txefc1bc84f14f445e84d1c-00692355c0" "proxy-server 92676" 0.0004 "-" 96607 0
Nov 23 13:43:12 np0005532741.novalocal object-server[96607]: ::1 - - [23/Nov/2025:18:43:12 +0000] "GET /2/226014/AUTH_9cc260e0c9e84206955019da66ffcbec/gnocchi.63e4032d-507b-44c7-89b5-66dc1b62e0a5/none_v3" 404 70 "GET http://[::1]:8080/v1/AUTH_9cc260e0c9e84206955019da66ffcbec/gnocchi.63e4032d-507b-44c7-89b5-66dc1b62e0a5/none_v3" "txefc1bc84f14f445e84d1c-00692355c0" "proxy-server 92676" 0.0003 "-" 96607 0
Nov 23 13:43:12 np0005532741.novalocal proxy-server[92676]: ::1 ::1 23/Nov/2025/18/43/12 GET /v1/AUTH_9cc260e0c9e84206955019da66ffcbec/gnocchi.63e4032d-507b-44c7-89b5-66dc1b62e0a5/none_v3 HTTP/1.0 404 - python-swiftclient-4.2.0 gAAAAABpI1V6j5L9... - 70 - txefc1bc84f14f445e84d1c-00692355c0 - 0.0296 - - 1763923392.926753283 1763923392.956372023 0
Nov 23 13:43:12 np0005532741.novalocal container-server[96309]: ::1 - - [23/Nov/2025:18:43:12 +0000] "HEAD /2/71340/AUTH_9cc260e0c9e84206955019da66ffcbec/gnocchi.abaaa608-df89-4544-b5fd-5e859eb07841" 404 - "HEAD http://[::1]:8080/v1/AUTH_9cc260e0c9e84206955019da66ffcbec/gnocchi.abaaa608-df89-4544-b5fd-5e859eb07841?format=json&states=listing" "tx8c5715c310df4c47a6b5d-00692355c0" "proxy-server 92677" 0.0005 "-" 96309 0
Nov 23 13:43:12 np0005532741.novalocal container-server[96311]: ::1 - - [23/Nov/2025:18:43:12 +0000] "HEAD /3/71340/AUTH_9cc260e0c9e84206955019da66ffcbec/gnocchi.abaaa608-df89-4544-b5fd-5e859eb07841" 404 - "HEAD http://[::1]:8080/v1/AUTH_9cc260e0c9e84206955019da66ffcbec/gnocchi.abaaa608-df89-4544-b5fd-5e859eb07841?format=json&states=listing" "tx8c5715c310df4c47a6b5d-00692355c0" "proxy-server 92677" 0.0003 "-" 96311 0
Nov 23 13:43:12 np0005532741.novalocal container-server[96309]: ::1 - - [23/Nov/2025:18:43:12 +0000] "HEAD /1/71340/AUTH_9cc260e0c9e84206955019da66ffcbec/gnocchi.abaaa608-df89-4544-b5fd-5e859eb07841" 404 - "HEAD http://[::1]:8080/v1/AUTH_9cc260e0c9e84206955019da66ffcbec/gnocchi.abaaa608-df89-4544-b5fd-5e859eb07841?format=json&states=listing" "tx8c5715c310df4c47a6b5d-00692355c0" "proxy-server 92677" 0.0004 "-" 96309 0
Nov 23 13:43:13 np0005532741.novalocal object-server[96606]: ::1 - - [23/Nov/2025:18:43:13 +0000] "GET /2/86527/AUTH_9cc260e0c9e84206955019da66ffcbec/gnocchi.abaaa608-df89-4544-b5fd-5e859eb07841/none_v3" 404 70 "GET http://[::1]:8080/v1/AUTH_9cc260e0c9e84206955019da66ffcbec/gnocchi.abaaa608-df89-4544-b5fd-5e859eb07841/none_v3" "tx8c5715c310df4c47a6b5d-00692355c0" "proxy-server 92677" 0.0003 "-" 96606 0
Nov 23 13:43:13 np0005532741.novalocal object-server[96609]: ::1 - - [23/Nov/2025:18:43:13 +0000] "GET /1/86527/AUTH_9cc260e0c9e84206955019da66ffcbec/gnocchi.abaaa608-df89-4544-b5fd-5e859eb07841/none_v3" 404 70 "GET http://[::1]:8080/v1/AUTH_9cc260e0c9e84206955019da66ffcbec/gnocchi.abaaa608-df89-4544-b5fd-5e859eb07841/none_v3" "tx8c5715c310df4c47a6b5d-00692355c0" "proxy-server 92677" 0.0003 "-" 96609 0
Nov 23 13:43:13 np0005532741.novalocal object-server[96606]: ::1 - - [23/Nov/2025:18:43:13 +0000] "GET /3/86527/AUTH_9cc260e0c9e84206955019da66ffcbec/gnocchi.abaaa608-df89-4544-b5fd-5e859eb07841/none_v3" 404 70 "GET http://[::1]:8080/v1/AUTH_9cc260e0c9e84206955019da66ffcbec/gnocchi.abaaa608-df89-4544-b5fd-5e859eb07841/none_v3" "tx8c5715c310df4c47a6b5d-00692355c0" "proxy-server 92677" 0.0005 "-" 96606 0
Nov 23 13:43:13 np0005532741.novalocal proxy-server[92677]: ::1 ::1 23/Nov/2025/18/43/13 GET /v1/AUTH_9cc260e0c9e84206955019da66ffcbec/gnocchi.abaaa608-df89-4544-b5fd-5e859eb07841/none_v3 HTTP/1.0 404 - python-swiftclient-4.2.0 gAAAAABpI1V6uZq-... - 70 - tx8c5715c310df4c47a6b5d-00692355c0 - 0.0630 - - 1763923392.965618134 1763923393.028654099 0
Nov 23 13:43:13 np0005532741.novalocal account-server[96018]: ::1 - - [23/Nov/2025:18:43:13 +0000] "PUT /1/21056/AUTH_9cc260e0c9e84206955019da66ffcbec/gnocchi.63e4032d-507b-44c7-89b5-66dc1b62e0a5" 201 - "PUT http://[::1]:6001/3/34532/AUTH_9cc260e0c9e84206955019da66ffcbec/gnocchi.63e4032d-507b-44c7-89b5-66dc1b62e0a5" "tx522e9866f3e04dfcb3011-00692355c0" "container-server 96308" 0.0086 "-" 96018 0
Nov 23 13:43:13 np0005532741.novalocal container-server[96308]: ::1 - - [23/Nov/2025:18:43:13 +0000] "PUT /3/34532/AUTH_9cc260e0c9e84206955019da66ffcbec/gnocchi.63e4032d-507b-44c7-89b5-66dc1b62e0a5" 201 - "PUT http://[::1]:8080/v1/AUTH_9cc260e0c9e84206955019da66ffcbec/gnocchi.63e4032d-507b-44c7-89b5-66dc1b62e0a5" "tx522e9866f3e04dfcb3011-00692355c0" "proxy-server 92676" 0.0930 "-" 96308 0
Nov 23 13:43:13 np0005532741.novalocal account-server[96019]: ::1 - - [23/Nov/2025:18:43:13 +0000] "PUT /2/21056/AUTH_9cc260e0c9e84206955019da66ffcbec/gnocchi.63e4032d-507b-44c7-89b5-66dc1b62e0a5" 201 - "PUT http://[::1]:6001/2/34532/AUTH_9cc260e0c9e84206955019da66ffcbec/gnocchi.63e4032d-507b-44c7-89b5-66dc1b62e0a5" "tx522e9866f3e04dfcb3011-00692355c0" "container-server 96310" 0.0035 "-" 96019 0
Nov 23 13:43:13 np0005532741.novalocal container-server[96310]: ::1 - - [23/Nov/2025:18:43:13 +0000] "PUT /2/34532/AUTH_9cc260e0c9e84206955019da66ffcbec/gnocchi.63e4032d-507b-44c7-89b5-66dc1b62e0a5" 201 - "PUT http://[::1]:8080/v1/AUTH_9cc260e0c9e84206955019da66ffcbec/gnocchi.63e4032d-507b-44c7-89b5-66dc1b62e0a5" "tx522e9866f3e04dfcb3011-00692355c0" "proxy-server 92676" 0.0932 "-" 96310 0
Nov 23 13:43:13 np0005532741.novalocal account-server[96018]: ::1 - - [23/Nov/2025:18:43:13 +0000] "PUT /3/21056/AUTH_9cc260e0c9e84206955019da66ffcbec/gnocchi.abaaa608-df89-4544-b5fd-5e859eb07841" 201 - "PUT http://[::1]:6001/3/71340/AUTH_9cc260e0c9e84206955019da66ffcbec/gnocchi.abaaa608-df89-4544-b5fd-5e859eb07841" "tx91a4c819fa3043f0b1282-00692355c1" "container-server 96309" 0.0055 "-" 96018 0
Nov 23 13:43:13 np0005532741.novalocal account-server[96018]: ::1 - - [23/Nov/2025:18:43:13 +0000] "PUT /2/21056/AUTH_9cc260e0c9e84206955019da66ffcbec/gnocchi.abaaa608-df89-4544-b5fd-5e859eb07841" 201 - "PUT http://[::1]:6001/2/71340/AUTH_9cc260e0c9e84206955019da66ffcbec/gnocchi.abaaa608-df89-4544-b5fd-5e859eb07841" "tx91a4c819fa3043f0b1282-00692355c1" "container-server 96308" 0.0056 "-" 96018 0
Nov 23 13:43:13 np0005532741.novalocal container-server[96308]: ::1 - - [23/Nov/2025:18:43:13 +0000] "PUT /2/71340/AUTH_9cc260e0c9e84206955019da66ffcbec/gnocchi.abaaa608-df89-4544-b5fd-5e859eb07841" 201 - "PUT http://[::1]:8080/v1/AUTH_9cc260e0c9e84206955019da66ffcbec/gnocchi.abaaa608-df89-4544-b5fd-5e859eb07841" "tx91a4c819fa3043f0b1282-00692355c1" "proxy-server 92677" 0.0269 "-" 96308 0
Nov 23 13:43:13 np0005532741.novalocal container-server[96309]: ::1 - - [23/Nov/2025:18:43:13 +0000] "PUT /3/71340/AUTH_9cc260e0c9e84206955019da66ffcbec/gnocchi.abaaa608-df89-4544-b5fd-5e859eb07841" 201 - "PUT http://[::1]:8080/v1/AUTH_9cc260e0c9e84206955019da66ffcbec/gnocchi.abaaa608-df89-4544-b5fd-5e859eb07841" "tx91a4c819fa3043f0b1282-00692355c1" "proxy-server 92677" 0.0381 "-" 96309 0
Nov 23 13:43:13 np0005532741.novalocal account-server[96018]: ::1 - - [23/Nov/2025:18:43:13 +0000] "PUT /1/21056/AUTH_9cc260e0c9e84206955019da66ffcbec/gnocchi.abaaa608-df89-4544-b5fd-5e859eb07841" 201 - "PUT http://[::1]:6001/1/71340/AUTH_9cc260e0c9e84206955019da66ffcbec/gnocchi.abaaa608-df89-4544-b5fd-5e859eb07841" "tx91a4c819fa3043f0b1282-00692355c1" "container-server 96309" 0.0042 "-" 96018 0
Nov 23 13:43:13 np0005532741.novalocal container-server[96309]: ::1 - - [23/Nov/2025:18:43:13 +0000] "PUT /1/71340/AUTH_9cc260e0c9e84206955019da66ffcbec/gnocchi.abaaa608-df89-4544-b5fd-5e859eb07841" 201 - "PUT http://[::1]:8080/v1/AUTH_9cc260e0c9e84206955019da66ffcbec/gnocchi.abaaa608-df89-4544-b5fd-5e859eb07841" "tx91a4c819fa3043f0b1282-00692355c1" "proxy-server 92677" 0.0207 "-" 96309 0
Nov 23 13:43:13 np0005532741.novalocal account-server[96016]: ::1 - - [23/Nov/2025:18:43:13 +0000] "PUT /3/21056/AUTH_9cc260e0c9e84206955019da66ffcbec/gnocchi.63e4032d-507b-44c7-89b5-66dc1b62e0a5" 201 - "PUT http://[::1]:6001/1/34532/AUTH_9cc260e0c9e84206955019da66ffcbec/gnocchi.63e4032d-507b-44c7-89b5-66dc1b62e0a5" "tx522e9866f3e04dfcb3011-00692355c0" "container-server 96310" 0.0179 "-" 96016 0
Nov 23 13:43:13 np0005532741.novalocal container-server[96310]: ::1 - - [23/Nov/2025:18:43:13 +0000] "PUT /1/34532/AUTH_9cc260e0c9e84206955019da66ffcbec/gnocchi.63e4032d-507b-44c7-89b5-66dc1b62e0a5" 201 - "PUT http://[::1]:8080/v1/AUTH_9cc260e0c9e84206955019da66ffcbec/gnocchi.63e4032d-507b-44c7-89b5-66dc1b62e0a5" "tx522e9866f3e04dfcb3011-00692355c0" "proxy-server 92676" 0.0327 "-" 96310 0
Nov 23 13:43:13 np0005532741.novalocal proxy-server[92677]: ::1 ::1 23/Nov/2025/18/43/13 PUT /v1/AUTH_9cc260e0c9e84206955019da66ffcbec/gnocchi.abaaa608-df89-4544-b5fd-5e859eb07841 HTTP/1.0 201 - python-swiftclient-4.2.0 gAAAAABpI1V6uZq-... - - - tx91a4c819fa3043f0b1282-00692355c1 - 0.0509 - - 1763923393.030672550 1763923393.081595898 0
Nov 23 13:43:13 np0005532741.novalocal proxy-server[92676]: ::1 ::1 23/Nov/2025/18/43/13 PUT /v1/AUTH_9cc260e0c9e84206955019da66ffcbec/gnocchi.63e4032d-507b-44c7-89b5-66dc1b62e0a5 HTTP/1.0 201 - python-swiftclient-4.2.0 gAAAAABpI1V6j5L9... - - - tx522e9866f3e04dfcb3011-00692355c0 - 0.1233 - - 1763923392.959484339 1763923393.082761049 0
Nov 23 13:43:13 np0005532741.novalocal container-server[96311]: ::1 - - [23/Nov/2025:18:43:13 +0000] "HEAD /3/34532/AUTH_9cc260e0c9e84206955019da66ffcbec/gnocchi.63e4032d-507b-44c7-89b5-66dc1b62e0a5" 204 - "HEAD http://[::1]:8080/v1/AUTH_9cc260e0c9e84206955019da66ffcbec/gnocchi.63e4032d-507b-44c7-89b5-66dc1b62e0a5?format=json&states=listing" "txd9674dfc8a9c4400b1998-00692355c1" "proxy-server 92676" 0.0014 "-" 96311 0
Nov 23 13:43:13 np0005532741.novalocal container-server[96308]: ::1 - - [23/Nov/2025:18:43:13 +0000] "HEAD /2/71340/AUTH_9cc260e0c9e84206955019da66ffcbec/gnocchi.abaaa608-df89-4544-b5fd-5e859eb07841" 204 - "HEAD http://[::1]:8080/v1/AUTH_9cc260e0c9e84206955019da66ffcbec/gnocchi.abaaa608-df89-4544-b5fd-5e859eb07841?format=json&states=listing" "tx0cac24dd3c1c44508f339-00692355c1" "proxy-server 92677" 0.0014 "-" 96308 0
Nov 23 13:43:13 np0005532741.novalocal container-server[96311]: ::1 - - [23/Nov/2025:18:43:13 +0000] "GET /2/34532/AUTH_9cc260e0c9e84206955019da66ffcbec/gnocchi.63e4032d-507b-44c7-89b5-66dc1b62e0a5" 200 2 "GET http://[::1]:8080/v1/AUTH_9cc260e0c9e84206955019da66ffcbec/gnocchi.63e4032d-507b-44c7-89b5-66dc1b62e0a5?format=json&states=listing" "txd9674dfc8a9c4400b1998-00692355c1" "proxy-server 92676" 0.0016 "-" 96311 0
Nov 23 13:43:13 np0005532741.novalocal container-server[96311]: ::1 - - [23/Nov/2025:18:43:13 +0000] "GET /2/71340/AUTH_9cc260e0c9e84206955019da66ffcbec/gnocchi.abaaa608-df89-4544-b5fd-5e859eb07841" 200 2 "GET http://[::1]:8080/v1/AUTH_9cc260e0c9e84206955019da66ffcbec/gnocchi.abaaa608-df89-4544-b5fd-5e859eb07841?format=json&states=listing" "tx0cac24dd3c1c44508f339-00692355c1" "proxy-server 92677" 0.0014 "-" 96311 0
Nov 23 13:43:13 np0005532741.novalocal proxy-server[92676]: ::1 ::1 23/Nov/2025/18/43/13 GET /v1/AUTH_9cc260e0c9e84206955019da66ffcbec/gnocchi.63e4032d-507b-44c7-89b5-66dc1b62e0a5%3Fformat%3Djson%26states%3Dlisting HTTP/1.0 200 - python-swiftclient-4.2.0 gAAAAABpI1V6j5L9... - 2 - txd9674dfc8a9c4400b1998-00692355c1 - 0.0149 - - 1763923393.085635662 1763923393.100563049 0
Nov 23 13:43:13 np0005532741.novalocal proxy-server[92677]: ::1 ::1 23/Nov/2025/18/43/13 GET /v1/AUTH_9cc260e0c9e84206955019da66ffcbec/gnocchi.abaaa608-df89-4544-b5fd-5e859eb07841%3Fformat%3Djson%26states%3Dlisting HTTP/1.0 200 - python-swiftclient-4.2.0 gAAAAABpI1V6uZq-... - 2 - tx0cac24dd3c1c44508f339-00692355c1 - 0.0167 - - 1763923393.086389542 1763923393.103093386 0
Nov 23 13:43:13 np0005532741.novalocal object-server[96605]: ::1 - - [23/Nov/2025:18:43:13 +0000] "GET /1/44229/AUTH_9cc260e0c9e84206955019da66ffcbec/gnocchi.63e4032d-507b-44c7-89b5-66dc1b62e0a5/1763640000.0_mean_300.0_v3" 404 70 "GET http://[::1]:8080/v1/AUTH_9cc260e0c9e84206955019da66ffcbec/gnocchi.63e4032d-507b-44c7-89b5-66dc1b62e0a5/1763640000.0_mean_300.0_v3" "txfa172f05efb4466282a60-00692355c1" "proxy-server 92676" 0.0004 "-" 96605 0
Nov 23 13:43:13 np0005532741.novalocal object-server[96607]: ::1 - - [23/Nov/2025:18:43:13 +0000] "GET /2/44229/AUTH_9cc260e0c9e84206955019da66ffcbec/gnocchi.63e4032d-507b-44c7-89b5-66dc1b62e0a5/1763640000.0_mean_300.0_v3" 404 70 "GET http://[::1]:8080/v1/AUTH_9cc260e0c9e84206955019da66ffcbec/gnocchi.63e4032d-507b-44c7-89b5-66dc1b62e0a5/1763640000.0_mean_300.0_v3" "txfa172f05efb4466282a60-00692355c1" "proxy-server 92676" 0.0004 "-" 96607 0
Nov 23 13:43:13 np0005532741.novalocal object-server[96607]: ::1 - - [23/Nov/2025:18:43:13 +0000] "GET /3/44229/AUTH_9cc260e0c9e84206955019da66ffcbec/gnocchi.63e4032d-507b-44c7-89b5-66dc1b62e0a5/1763640000.0_mean_300.0_v3" 404 70 "GET http://[::1]:8080/v1/AUTH_9cc260e0c9e84206955019da66ffcbec/gnocchi.63e4032d-507b-44c7-89b5-66dc1b62e0a5/1763640000.0_mean_300.0_v3" "txfa172f05efb4466282a60-00692355c1" "proxy-server 92676" 0.0001 "-" 96607 0
Nov 23 13:43:13 np0005532741.novalocal object-server[96606]: ::1 - - [23/Nov/2025:18:43:13 +0000] "GET /3/192013/AUTH_9cc260e0c9e84206955019da66ffcbec/gnocchi.abaaa608-df89-4544-b5fd-5e859eb07841/1763640000.0_mean_300.0_v3" 404 70 "GET http://[::1]:8080/v1/AUTH_9cc260e0c9e84206955019da66ffcbec/gnocchi.abaaa608-df89-4544-b5fd-5e859eb07841/1763640000.0_mean_300.0_v3" "tx218a54cc591d42ca9fcd8-00692355c1" "proxy-server 92677" 0.0004 "-" 96606 0
Nov 23 13:43:13 np0005532741.novalocal proxy-server[92676]: ::1 ::1 23/Nov/2025/18/43/13 GET /v1/AUTH_9cc260e0c9e84206955019da66ffcbec/gnocchi.63e4032d-507b-44c7-89b5-66dc1b62e0a5/1763640000.0_mean_300.0_v3 HTTP/1.0 404 - python-swiftclient-4.2.0 gAAAAABpI1V6j5L9... - 70 - txfa172f05efb4466282a60-00692355c1 - 0.0141 - - 1763923393.103711605 1763923393.117830753 0
Nov 23 13:43:13 np0005532741.novalocal object-server[96605]: ::1 - - [23/Nov/2025:18:43:13 +0000] "GET /1/192013/AUTH_9cc260e0c9e84206955019da66ffcbec/gnocchi.abaaa608-df89-4544-b5fd-5e859eb07841/1763640000.0_mean_300.0_v3" 404 70 "GET http://[::1]:8080/v1/AUTH_9cc260e0c9e84206955019da66ffcbec/gnocchi.abaaa608-df89-4544-b5fd-5e859eb07841/1763640000.0_mean_300.0_v3" "tx218a54cc591d42ca9fcd8-00692355c1" "proxy-server 92677" 0.0004 "-" 96605 0
Nov 23 13:43:13 np0005532741.novalocal object-server[96605]: ::1 - - [23/Nov/2025:18:43:13 +0000] "GET /2/192013/AUTH_9cc260e0c9e84206955019da66ffcbec/gnocchi.abaaa608-df89-4544-b5fd-5e859eb07841/1763640000.0_mean_300.0_v3" 404 70 "GET http://[::1]:8080/v1/AUTH_9cc260e0c9e84206955019da66ffcbec/gnocchi.abaaa608-df89-4544-b5fd-5e859eb07841/1763640000.0_mean_300.0_v3" "tx218a54cc591d42ca9fcd8-00692355c1" "proxy-server 92677" 0.0004 "-" 96605 0
Nov 23 13:43:13 np0005532741.novalocal proxy-server[92677]: ::1 ::1 23/Nov/2025/18/43/13 GET /v1/AUTH_9cc260e0c9e84206955019da66ffcbec/gnocchi.abaaa608-df89-4544-b5fd-5e859eb07841/1763640000.0_mean_300.0_v3 HTTP/1.0 404 - python-swiftclient-4.2.0 gAAAAABpI1V6uZq-... - 70 - tx218a54cc591d42ca9fcd8-00692355c1 - 0.0177 - - 1763923393.107615232 1763923393.125291824 0
Nov 23 13:43:13 np0005532741.novalocal container-server[96309]: ::1 - - [23/Nov/2025:18:43:13 +0000] "PUT /2/34532/AUTH_9cc260e0c9e84206955019da66ffcbec/gnocchi.63e4032d-507b-44c7-89b5-66dc1b62e0a5/1763640000.0_mean_300.0_v3" 201 - "PUT http://[::1]:8080/1/44229/AUTH_9cc260e0c9e84206955019da66ffcbec/gnocchi.63e4032d-507b-44c7-89b5-66dc1b62e0a5/1763640000.0_mean_300.0_v3" "tx42c7495dc5e246d5a6fb6-00692355c1" "object-server 96609" 0.0005 "-" 96309 0
Nov 23 13:43:13 np0005532741.novalocal object-server[96609]: ::1 - - [23/Nov/2025:18:43:13 +0000] "PUT /1/44229/AUTH_9cc260e0c9e84206955019da66ffcbec/gnocchi.63e4032d-507b-44c7-89b5-66dc1b62e0a5/1763640000.0_mean_300.0_v3" 201 - "PUT http://[::1]:8080/v1/AUTH_9cc260e0c9e84206955019da66ffcbec/gnocchi.63e4032d-507b-44c7-89b5-66dc1b62e0a5/1763640000.0_mean_300.0_v3" "tx42c7495dc5e246d5a6fb6-00692355c1" "proxy-server 92676" 0.1276 "-" 96609 0
Nov 23 13:43:13 np0005532741.novalocal container-server[96310]: ::1 - - [23/Nov/2025:18:43:13 +0000] "PUT /3/71340/AUTH_9cc260e0c9e84206955019da66ffcbec/gnocchi.abaaa608-df89-4544-b5fd-5e859eb07841/1763640000.0_mean_300.0_v3" 201 - "PUT http://[::1]:8080/1/192013/AUTH_9cc260e0c9e84206955019da66ffcbec/gnocchi.abaaa608-df89-4544-b5fd-5e859eb07841/1763640000.0_mean_300.0_v3" "tx4fbad2d0366948ba8dd80-00692355c1" "object-server 96609" 0.0011 "-" 96310 0
Nov 23 13:43:13 np0005532741.novalocal object-server[96609]: ::1 - - [23/Nov/2025:18:43:13 +0000] "PUT /1/192013/AUTH_9cc260e0c9e84206955019da66ffcbec/gnocchi.abaaa608-df89-4544-b5fd-5e859eb07841/1763640000.0_mean_300.0_v3" 201 - "PUT http://[::1]:8080/v1/AUTH_9cc260e0c9e84206955019da66ffcbec/gnocchi.abaaa608-df89-4544-b5fd-5e859eb07841/1763640000.0_mean_300.0_v3" "tx4fbad2d0366948ba8dd80-00692355c1" "proxy-server 92677" 0.1224 "-" 96609 0
Nov 23 13:43:13 np0005532741.novalocal container-server[96309]: ::1 - - [23/Nov/2025:18:43:13 +0000] "PUT /1/34532/AUTH_9cc260e0c9e84206955019da66ffcbec/gnocchi.63e4032d-507b-44c7-89b5-66dc1b62e0a5/1763640000.0_mean_300.0_v3" 201 - "PUT http://[::1]:8080/3/44229/AUTH_9cc260e0c9e84206955019da66ffcbec/gnocchi.63e4032d-507b-44c7-89b5-66dc1b62e0a5/1763640000.0_mean_300.0_v3" "tx42c7495dc5e246d5a6fb6-00692355c1" "object-server 96609" 0.0004 "-" 96309 0
Nov 23 13:43:13 np0005532741.novalocal object-server[96609]: ::1 - - [23/Nov/2025:18:43:13 +0000] "PUT /3/44229/AUTH_9cc260e0c9e84206955019da66ffcbec/gnocchi.63e4032d-507b-44c7-89b5-66dc1b62e0a5/1763640000.0_mean_300.0_v3" 201 - "PUT http://[::1]:8080/v1/AUTH_9cc260e0c9e84206955019da66ffcbec/gnocchi.63e4032d-507b-44c7-89b5-66dc1b62e0a5/1763640000.0_mean_300.0_v3" "tx42c7495dc5e246d5a6fb6-00692355c1" "proxy-server 92676" 0.1339 "-" 96609 0
Nov 23 13:43:13 np0005532741.novalocal container-server[96309]: ::1 - - [23/Nov/2025:18:43:13 +0000] "PUT /1/71340/AUTH_9cc260e0c9e84206955019da66ffcbec/gnocchi.abaaa608-df89-4544-b5fd-5e859eb07841/1763640000.0_mean_300.0_v3" 201 - "PUT http://[::1]:8080/2/192013/AUTH_9cc260e0c9e84206955019da66ffcbec/gnocchi.abaaa608-df89-4544-b5fd-5e859eb07841/1763640000.0_mean_300.0_v3" "tx4fbad2d0366948ba8dd80-00692355c1" "object-server 96605" 0.0003 "-" 96309 0
Nov 23 13:43:13 np0005532741.novalocal container-server[96311]: ::1 - - [23/Nov/2025:18:43:13 +0000] "PUT /3/34532/AUTH_9cc260e0c9e84206955019da66ffcbec/gnocchi.63e4032d-507b-44c7-89b5-66dc1b62e0a5/1763640000.0_mean_300.0_v3" 201 - "PUT http://[::1]:8080/2/44229/AUTH_9cc260e0c9e84206955019da66ffcbec/gnocchi.63e4032d-507b-44c7-89b5-66dc1b62e0a5/1763640000.0_mean_300.0_v3" "tx42c7495dc5e246d5a6fb6-00692355c1" "object-server 96605" 0.0016 "-" 96311 0
Nov 23 13:43:13 np0005532741.novalocal container-server[96310]: ::1 - - [23/Nov/2025:18:43:13 +0000] "PUT /2/71340/AUTH_9cc260e0c9e84206955019da66ffcbec/gnocchi.abaaa608-df89-4544-b5fd-5e859eb07841/1763640000.0_mean_300.0_v3" 201 - "PUT http://[::1]:8080/3/192013/AUTH_9cc260e0c9e84206955019da66ffcbec/gnocchi.abaaa608-df89-4544-b5fd-5e859eb07841/1763640000.0_mean_300.0_v3" "tx4fbad2d0366948ba8dd80-00692355c1" "object-server 96609" 0.0028 "-" 96310 0
Nov 23 13:43:13 np0005532741.novalocal object-server[96605]: ::1 - - [23/Nov/2025:18:43:13 +0000] "PUT /2/192013/AUTH_9cc260e0c9e84206955019da66ffcbec/gnocchi.abaaa608-df89-4544-b5fd-5e859eb07841/1763640000.0_mean_300.0_v3" 201 - "PUT http://[::1]:8080/v1/AUTH_9cc260e0c9e84206955019da66ffcbec/gnocchi.abaaa608-df89-4544-b5fd-5e859eb07841/1763640000.0_mean_300.0_v3" "tx4fbad2d0366948ba8dd80-00692355c1" "proxy-server 92677" 0.1273 "-" 96605 0
Nov 23 13:43:13 np0005532741.novalocal object-server[96609]: ::1 - - [23/Nov/2025:18:43:13 +0000] "PUT /3/192013/AUTH_9cc260e0c9e84206955019da66ffcbec/gnocchi.abaaa608-df89-4544-b5fd-5e859eb07841/1763640000.0_mean_300.0_v3" 201 - "PUT http://[::1]:8080/v1/AUTH_9cc260e0c9e84206955019da66ffcbec/gnocchi.abaaa608-df89-4544-b5fd-5e859eb07841/1763640000.0_mean_300.0_v3" "tx4fbad2d0366948ba8dd80-00692355c1" "proxy-server 92677" 0.1283 "-" 96609 0
Nov 23 13:43:13 np0005532741.novalocal object-server[96605]: ::1 - - [23/Nov/2025:18:43:13 +0000] "PUT /2/44229/AUTH_9cc260e0c9e84206955019da66ffcbec/gnocchi.63e4032d-507b-44c7-89b5-66dc1b62e0a5/1763640000.0_mean_300.0_v3" 201 - "PUT http://[::1]:8080/v1/AUTH_9cc260e0c9e84206955019da66ffcbec/gnocchi.63e4032d-507b-44c7-89b5-66dc1b62e0a5/1763640000.0_mean_300.0_v3" "tx42c7495dc5e246d5a6fb6-00692355c1" "proxy-server 92676" 0.1357 "-" 96605 0
Nov 23 13:43:13 np0005532741.novalocal proxy-server[92676]: ::1 ::1 23/Nov/2025/18/43/13 PUT /v1/AUTH_9cc260e0c9e84206955019da66ffcbec/gnocchi.63e4032d-507b-44c7-89b5-66dc1b62e0a5/1763640000.0_mean_300.0_v3 HTTP/1.0 201 - python-swiftclient-4.2.0 gAAAAABpI1V6j5L9... 16 - - tx42c7495dc5e246d5a6fb6-00692355c1 - 0.1470 - - 1763923393.120477200 1763923393.267524958 0
Nov 23 13:43:13 np0005532741.novalocal proxy-server[92677]: ::1 ::1 23/Nov/2025/18/43/13 PUT /v1/AUTH_9cc260e0c9e84206955019da66ffcbec/gnocchi.abaaa608-df89-4544-b5fd-5e859eb07841/1763640000.0_mean_300.0_v3 HTTP/1.0 201 - python-swiftclient-4.2.0 gAAAAABpI1V6uZq-... 16 - - tx4fbad2d0366948ba8dd80-00692355c1 - 0.1375 - - 1763923393.130152464 1763923393.267627716 0
Nov 23 13:43:13 np0005532741.novalocal container-server[96308]: ::1 - - [23/Nov/2025:18:43:13 +0000] "PUT /1/71340/AUTH_9cc260e0c9e84206955019da66ffcbec/gnocchi.abaaa608-df89-4544-b5fd-5e859eb07841/none_v3" 201 - "PUT http://[::1]:8080/1/86527/AUTH_9cc260e0c9e84206955019da66ffcbec/gnocchi.abaaa608-df89-4544-b5fd-5e859eb07841/none_v3" "tx878724da44c84d6e88ab6-00692355c1" "object-server 96609" 0.0005 "-" 96308 0
Nov 23 13:43:13 np0005532741.novalocal object-server[96609]: ::1 - - [23/Nov/2025:18:43:13 +0000] "PUT /1/86527/AUTH_9cc260e0c9e84206955019da66ffcbec/gnocchi.abaaa608-df89-4544-b5fd-5e859eb07841/none_v3" 201 - "PUT http://[::1]:8080/v1/AUTH_9cc260e0c9e84206955019da66ffcbec/gnocchi.abaaa608-df89-4544-b5fd-5e859eb07841/none_v3" "tx878724da44c84d6e88ab6-00692355c1" "proxy-server 92677" 0.0161 "-" 96609 0
Nov 23 13:43:13 np0005532741.novalocal container-server[96308]: ::1 - - [23/Nov/2025:18:43:13 +0000] "PUT /1/34532/AUTH_9cc260e0c9e84206955019da66ffcbec/gnocchi.63e4032d-507b-44c7-89b5-66dc1b62e0a5/none_v3" 201 - "PUT http://[::1]:8080/2/226014/AUTH_9cc260e0c9e84206955019da66ffcbec/gnocchi.63e4032d-507b-44c7-89b5-66dc1b62e0a5/none_v3" "tx9991000793224a26b0880-00692355c1" "object-server 96605" 0.0004 "-" 96308 0
Nov 23 13:43:13 np0005532741.novalocal object-server[96605]: ::1 - - [23/Nov/2025:18:43:13 +0000] "PUT /2/226014/AUTH_9cc260e0c9e84206955019da66ffcbec/gnocchi.63e4032d-507b-44c7-89b5-66dc1b62e0a5/none_v3" 201 - "PUT http://[::1]:8080/v1/AUTH_9cc260e0c9e84206955019da66ffcbec/gnocchi.63e4032d-507b-44c7-89b5-66dc1b62e0a5/none_v3" "tx9991000793224a26b0880-00692355c1" "proxy-server 92676" 0.0179 "-" 96605 0
Nov 23 13:43:13 np0005532741.novalocal container-server[96309]: ::1 - - [23/Nov/2025:18:43:13 +0000] "PUT /2/71340/AUTH_9cc260e0c9e84206955019da66ffcbec/gnocchi.abaaa608-df89-4544-b5fd-5e859eb07841/none_v3" 201 - "PUT http://[::1]:8080/2/86527/AUTH_9cc260e0c9e84206955019da66ffcbec/gnocchi.abaaa608-df89-4544-b5fd-5e859eb07841/none_v3" "tx878724da44c84d6e88ab6-00692355c1" "object-server 96607" 0.0004 "-" 96309 0
Nov 23 13:43:13 np0005532741.novalocal container-server[96310]: ::1 - - [23/Nov/2025:18:43:13 +0000] "PUT /2/34532/AUTH_9cc260e0c9e84206955019da66ffcbec/gnocchi.63e4032d-507b-44c7-89b5-66dc1b62e0a5/none_v3" 201 - "PUT http://[::1]:8080/3/226014/AUTH_9cc260e0c9e84206955019da66ffcbec/gnocchi.63e4032d-507b-44c7-89b5-66dc1b62e0a5/none_v3" "tx9991000793224a26b0880-00692355c1" "object-server 96607" 0.0005 "-" 96310 0
Nov 23 13:43:13 np0005532741.novalocal container-server[96311]: ::1 - - [23/Nov/2025:18:43:13 +0000] "PUT /3/34532/AUTH_9cc260e0c9e84206955019da66ffcbec/gnocchi.63e4032d-507b-44c7-89b5-66dc1b62e0a5/none_v3" 201 - "PUT http://[::1]:8080/1/226014/AUTH_9cc260e0c9e84206955019da66ffcbec/gnocchi.63e4032d-507b-44c7-89b5-66dc1b62e0a5/none_v3" "tx9991000793224a26b0880-00692355c1" "object-server 96605" 0.0010 "-" 96311 0
Nov 23 13:43:13 np0005532741.novalocal object-server[96607]: ::1 - - [23/Nov/2025:18:43:13 +0000] "PUT /3/226014/AUTH_9cc260e0c9e84206955019da66ffcbec/gnocchi.63e4032d-507b-44c7-89b5-66dc1b62e0a5/none_v3" 201 - "PUT http://[::1]:8080/v1/AUTH_9cc260e0c9e84206955019da66ffcbec/gnocchi.63e4032d-507b-44c7-89b5-66dc1b62e0a5/none_v3" "tx9991000793224a26b0880-00692355c1" "proxy-server 92676" 0.0268 "-" 96607 0
Nov 23 13:43:13 np0005532741.novalocal container-server[96311]: ::1 - - [23/Nov/2025:18:43:13 +0000] "PUT /3/71340/AUTH_9cc260e0c9e84206955019da66ffcbec/gnocchi.abaaa608-df89-4544-b5fd-5e859eb07841/none_v3" 201 - "PUT http://[::1]:8080/3/86527/AUTH_9cc260e0c9e84206955019da66ffcbec/gnocchi.abaaa608-df89-4544-b5fd-5e859eb07841/none_v3" "tx878724da44c84d6e88ab6-00692355c1" "object-server 96609" 0.0007 "-" 96311 0
Nov 23 13:43:13 np0005532741.novalocal object-server[96607]: ::1 - - [23/Nov/2025:18:43:13 +0000] "PUT /2/86527/AUTH_9cc260e0c9e84206955019da66ffcbec/gnocchi.abaaa608-df89-4544-b5fd-5e859eb07841/none_v3" 201 - "PUT http://[::1]:8080/v1/AUTH_9cc260e0c9e84206955019da66ffcbec/gnocchi.abaaa608-df89-4544-b5fd-5e859eb07841/none_v3" "tx878724da44c84d6e88ab6-00692355c1" "proxy-server 92677" 0.0252 "-" 96607 0
Nov 23 13:43:13 np0005532741.novalocal object-server[96609]: ::1 - - [23/Nov/2025:18:43:13 +0000] "PUT /3/86527/AUTH_9cc260e0c9e84206955019da66ffcbec/gnocchi.abaaa608-df89-4544-b5fd-5e859eb07841/none_v3" 201 - "PUT http://[::1]:8080/v1/AUTH_9cc260e0c9e84206955019da66ffcbec/gnocchi.abaaa608-df89-4544-b5fd-5e859eb07841/none_v3" "tx878724da44c84d6e88ab6-00692355c1" "proxy-server 92677" 0.0279 "-" 96609 0
Nov 23 13:43:13 np0005532741.novalocal object-server[96605]: ::1 - - [23/Nov/2025:18:43:13 +0000] "PUT /1/226014/AUTH_9cc260e0c9e84206955019da66ffcbec/gnocchi.63e4032d-507b-44c7-89b5-66dc1b62e0a5/none_v3" 201 - "PUT http://[::1]:8080/v1/AUTH_9cc260e0c9e84206955019da66ffcbec/gnocchi.63e4032d-507b-44c7-89b5-66dc1b62e0a5/none_v3" "tx9991000793224a26b0880-00692355c1" "proxy-server 92676" 0.0306 "-" 96605 0
Nov 23 13:43:13 np0005532741.novalocal proxy-server[92677]: ::1 ::1 23/Nov/2025/18/43/13 PUT /v1/AUTH_9cc260e0c9e84206955019da66ffcbec/gnocchi.abaaa608-df89-4544-b5fd-5e859eb07841/none_v3 HTTP/1.0 201 - python-swiftclient-4.2.0 gAAAAABpI1V6uZq-... 22 - - tx878724da44c84d6e88ab6-00692355c1 - 0.0403 - - 1763923393.271520853 1763923393.311784506 0
Nov 23 13:43:13 np0005532741.novalocal proxy-server[92676]: ::1 ::1 23/Nov/2025/18/43/13 PUT /v1/AUTH_9cc260e0c9e84206955019da66ffcbec/gnocchi.63e4032d-507b-44c7-89b5-66dc1b62e0a5/none_v3 HTTP/1.0 201 - python-swiftclient-4.2.0 gAAAAABpI1V6j5L9... 22 - - tx9991000793224a26b0880-00692355c1 - 0.0420 - - 1763923393.270298958 1763923393.312319040 0
Nov 23 13:43:13 np0005532741.novalocal container-server[96311]: ::1 - - [23/Nov/2025:18:43:13 +0000] "HEAD /3/252984/AUTH_9cc260e0c9e84206955019da66ffcbec/gnocchi.99c46824-b0a5-47c9-9b81-81daa8669b4a" 404 - "HEAD http://[::1]:8080/v1/AUTH_9cc260e0c9e84206955019da66ffcbec/gnocchi.99c46824-b0a5-47c9-9b81-81daa8669b4a?format=json&states=listing" "txaa20d1ea81c041dda27d0-00692355c1" "proxy-server 92677" 0.0009 "-" 96311 0
Nov 23 13:43:13 np0005532741.novalocal container-server[96310]: ::1 - - [23/Nov/2025:18:43:13 +0000] "HEAD /2/252984/AUTH_9cc260e0c9e84206955019da66ffcbec/gnocchi.99c46824-b0a5-47c9-9b81-81daa8669b4a" 404 - "HEAD http://[::1]:8080/v1/AUTH_9cc260e0c9e84206955019da66ffcbec/gnocchi.99c46824-b0a5-47c9-9b81-81daa8669b4a?format=json&states=listing" "txaa20d1ea81c041dda27d0-00692355c1" "proxy-server 92677" 0.0003 "-" 96310 0
Nov 23 13:43:13 np0005532741.novalocal container-server[96311]: ::1 - - [23/Nov/2025:18:43:13 +0000] "HEAD /1/252984/AUTH_9cc260e0c9e84206955019da66ffcbec/gnocchi.99c46824-b0a5-47c9-9b81-81daa8669b4a" 404 - "HEAD http://[::1]:8080/v1/AUTH_9cc260e0c9e84206955019da66ffcbec/gnocchi.99c46824-b0a5-47c9-9b81-81daa8669b4a?format=json&states=listing" "txaa20d1ea81c041dda27d0-00692355c1" "proxy-server 92677" 0.0006 "-" 96311 0
Nov 23 13:43:13 np0005532741.novalocal object-server[96609]: ::1 - - [23/Nov/2025:18:43:13 +0000] "GET /2/29857/AUTH_9cc260e0c9e84206955019da66ffcbec/gnocchi.99c46824-b0a5-47c9-9b81-81daa8669b4a/none_v3" 404 70 "GET http://[::1]:8080/v1/AUTH_9cc260e0c9e84206955019da66ffcbec/gnocchi.99c46824-b0a5-47c9-9b81-81daa8669b4a/none_v3" "txaa20d1ea81c041dda27d0-00692355c1" "proxy-server 92677" 0.0004 "-" 96609 0
Nov 23 13:43:13 np0005532741.novalocal object-server[96607]: ::1 - - [23/Nov/2025:18:43:13 +0000] "GET /3/29857/AUTH_9cc260e0c9e84206955019da66ffcbec/gnocchi.99c46824-b0a5-47c9-9b81-81daa8669b4a/none_v3" 404 70 "GET http://[::1]:8080/v1/AUTH_9cc260e0c9e84206955019da66ffcbec/gnocchi.99c46824-b0a5-47c9-9b81-81daa8669b4a/none_v3" "txaa20d1ea81c041dda27d0-00692355c1" "proxy-server 92677" 0.0004 "-" 96607 0
Nov 23 13:43:13 np0005532741.novalocal object-server[96605]: ::1 - - [23/Nov/2025:18:43:13 +0000] "GET /1/29857/AUTH_9cc260e0c9e84206955019da66ffcbec/gnocchi.99c46824-b0a5-47c9-9b81-81daa8669b4a/none_v3" 404 70 "GET http://[::1]:8080/v1/AUTH_9cc260e0c9e84206955019da66ffcbec/gnocchi.99c46824-b0a5-47c9-9b81-81daa8669b4a/none_v3" "txaa20d1ea81c041dda27d0-00692355c1" "proxy-server 92677" 0.0004 "-" 96605 0
Nov 23 13:43:13 np0005532741.novalocal proxy-server[92677]: ::1 ::1 23/Nov/2025/18/43/13 GET /v1/AUTH_9cc260e0c9e84206955019da66ffcbec/gnocchi.99c46824-b0a5-47c9-9b81-81daa8669b4a/none_v3 HTTP/1.0 404 - python-swiftclient-4.2.0 gAAAAABpI1V6uZq-... - 70 - txaa20d1ea81c041dda27d0-00692355c1 - 0.0345 - - 1763923393.339734554 1763923393.374281406 0
Nov 23 13:43:13 np0005532741.novalocal account-server[96019]: ::1 - - [23/Nov/2025:18:43:13 +0000] "PUT /1/21056/AUTH_9cc260e0c9e84206955019da66ffcbec/gnocchi.99c46824-b0a5-47c9-9b81-81daa8669b4a" 201 - "PUT http://[::1]:6001/3/252984/AUTH_9cc260e0c9e84206955019da66ffcbec/gnocchi.99c46824-b0a5-47c9-9b81-81daa8669b4a" "txe618a2de24d346c184a91-00692355c1" "container-server 96309" 0.0052 "-" 96019 0
Nov 23 13:43:13 np0005532741.novalocal container-server[96309]: ::1 - - [23/Nov/2025:18:43:13 +0000] "PUT /3/252984/AUTH_9cc260e0c9e84206955019da66ffcbec/gnocchi.99c46824-b0a5-47c9-9b81-81daa8669b4a" 201 - "PUT http://[::1]:8080/v1/AUTH_9cc260e0c9e84206955019da66ffcbec/gnocchi.99c46824-b0a5-47c9-9b81-81daa8669b4a" "txe618a2de24d346c184a91-00692355c1" "proxy-server 92677" 0.0738 "-" 96309 0
Nov 23 13:43:13 np0005532741.novalocal account-server[96018]: ::1 - - [23/Nov/2025:18:43:13 +0000] "PUT /3/21056/AUTH_9cc260e0c9e84206955019da66ffcbec/gnocchi.99c46824-b0a5-47c9-9b81-81daa8669b4a" 201 - "PUT http://[::1]:6001/1/252984/AUTH_9cc260e0c9e84206955019da66ffcbec/gnocchi.99c46824-b0a5-47c9-9b81-81daa8669b4a" "txe618a2de24d346c184a91-00692355c1" "container-server 96311" 0.0090 "-" 96018 0
Nov 23 13:43:13 np0005532741.novalocal account-server[96017]: ::1 - - [23/Nov/2025:18:43:13 +0000] "PUT /2/21056/AUTH_9cc260e0c9e84206955019da66ffcbec/gnocchi.99c46824-b0a5-47c9-9b81-81daa8669b4a" 201 - "PUT http://[::1]:6001/2/252984/AUTH_9cc260e0c9e84206955019da66ffcbec/gnocchi.99c46824-b0a5-47c9-9b81-81daa8669b4a" "txe618a2de24d346c184a91-00692355c1" "container-server 96311" 0.0086 "-" 96017 0
Nov 23 13:43:13 np0005532741.novalocal container-server[96311]: ::1 - - [23/Nov/2025:18:43:13 +0000] "PUT /2/252984/AUTH_9cc260e0c9e84206955019da66ffcbec/gnocchi.99c46824-b0a5-47c9-9b81-81daa8669b4a" 201 - "PUT http://[::1]:8080/v1/AUTH_9cc260e0c9e84206955019da66ffcbec/gnocchi.99c46824-b0a5-47c9-9b81-81daa8669b4a" "txe618a2de24d346c184a91-00692355c1" "proxy-server 92677" 0.0266 "-" 96311 0
Nov 23 13:43:13 np0005532741.novalocal container-server[96311]: ::1 - - [23/Nov/2025:18:43:13 +0000] "PUT /1/252984/AUTH_9cc260e0c9e84206955019da66ffcbec/gnocchi.99c46824-b0a5-47c9-9b81-81daa8669b4a" 201 - "PUT http://[::1]:8080/v1/AUTH_9cc260e0c9e84206955019da66ffcbec/gnocchi.99c46824-b0a5-47c9-9b81-81daa8669b4a" "txe618a2de24d346c184a91-00692355c1" "proxy-server 92677" 0.1020 "-" 96311 0
Nov 23 13:43:13 np0005532741.novalocal proxy-server[92677]: ::1 ::1 23/Nov/2025/18/43/13 PUT /v1/AUTH_9cc260e0c9e84206955019da66ffcbec/gnocchi.99c46824-b0a5-47c9-9b81-81daa8669b4a HTTP/1.0 201 - python-swiftclient-4.2.0 gAAAAABpI1V6uZq-... - - - txe618a2de24d346c184a91-00692355c1 - 0.1101 - - 1763923393.377450228 1763923393.487534046 0
Nov 23 13:43:13 np0005532741.novalocal container-server[96308]: ::1 - - [23/Nov/2025:18:43:13 +0000] "HEAD /2/252984/AUTH_9cc260e0c9e84206955019da66ffcbec/gnocchi.99c46824-b0a5-47c9-9b81-81daa8669b4a" 204 - "HEAD http://[::1]:8080/v1/AUTH_9cc260e0c9e84206955019da66ffcbec/gnocchi.99c46824-b0a5-47c9-9b81-81daa8669b4a?format=json&states=listing" "tx4e06f5eb44f74b2991e34-00692355c1" "proxy-server 92677" 0.0011 "-" 96308 0
Nov 23 13:43:13 np0005532741.novalocal container-server[96308]: ::1 - - [23/Nov/2025:18:43:13 +0000] "GET /3/252984/AUTH_9cc260e0c9e84206955019da66ffcbec/gnocchi.99c46824-b0a5-47c9-9b81-81daa8669b4a" 200 2 "GET http://[::1]:8080/v1/AUTH_9cc260e0c9e84206955019da66ffcbec/gnocchi.99c46824-b0a5-47c9-9b81-81daa8669b4a?format=json&states=listing" "tx4e06f5eb44f74b2991e34-00692355c1" "proxy-server 92677" 0.0015 "-" 96308 0
Nov 23 13:43:13 np0005532741.novalocal proxy-server[92677]: ::1 ::1 23/Nov/2025/18/43/13 GET /v1/AUTH_9cc260e0c9e84206955019da66ffcbec/gnocchi.99c46824-b0a5-47c9-9b81-81daa8669b4a%3Fformat%3Djson%26states%3Dlisting HTTP/1.0 200 - python-swiftclient-4.2.0 gAAAAABpI1V6uZq-... - 2 - tx4e06f5eb44f74b2991e34-00692355c1 - 0.0135 - - 1763923393.490845442 1763923393.504313946 0
Nov 23 13:43:13 np0005532741.novalocal object-server[96605]: ::1 - - [23/Nov/2025:18:43:13 +0000] "GET /1/15720/AUTH_9cc260e0c9e84206955019da66ffcbec/gnocchi.99c46824-b0a5-47c9-9b81-81daa8669b4a/1763640000.0_mean_300.0_v3" 404 70 "GET http://[::1]:8080/v1/AUTH_9cc260e0c9e84206955019da66ffcbec/gnocchi.99c46824-b0a5-47c9-9b81-81daa8669b4a/1763640000.0_mean_300.0_v3" "tx7f1e7c5b436a4a33af6fa-00692355c1" "proxy-server 92677" 0.0005 "-" 96605 0
Nov 23 13:43:13 np0005532741.novalocal object-server[96606]: ::1 - - [23/Nov/2025:18:43:13 +0000] "GET /2/15720/AUTH_9cc260e0c9e84206955019da66ffcbec/gnocchi.99c46824-b0a5-47c9-9b81-81daa8669b4a/1763640000.0_mean_300.0_v3" 404 70 "GET http://[::1]:8080/v1/AUTH_9cc260e0c9e84206955019da66ffcbec/gnocchi.99c46824-b0a5-47c9-9b81-81daa8669b4a/1763640000.0_mean_300.0_v3" "tx7f1e7c5b436a4a33af6fa-00692355c1" "proxy-server 92677" 0.0004 "-" 96606 0
Nov 23 13:43:13 np0005532741.novalocal object-server[96606]: ::1 - - [23/Nov/2025:18:43:13 +0000] "GET /3/15720/AUTH_9cc260e0c9e84206955019da66ffcbec/gnocchi.99c46824-b0a5-47c9-9b81-81daa8669b4a/1763640000.0_mean_300.0_v3" 404 70 "GET http://[::1]:8080/v1/AUTH_9cc260e0c9e84206955019da66ffcbec/gnocchi.99c46824-b0a5-47c9-9b81-81daa8669b4a/1763640000.0_mean_300.0_v3" "tx7f1e7c5b436a4a33af6fa-00692355c1" "proxy-server 92677" 0.0003 "-" 96606 0
Nov 23 13:43:13 np0005532741.novalocal proxy-server[92677]: ::1 ::1 23/Nov/2025/18/43/13 GET /v1/AUTH_9cc260e0c9e84206955019da66ffcbec/gnocchi.99c46824-b0a5-47c9-9b81-81daa8669b4a/1763640000.0_mean_300.0_v3 HTTP/1.0 404 - python-swiftclient-4.2.0 gAAAAABpI1V6uZq-... - 70 - tx7f1e7c5b436a4a33af6fa-00692355c1 - 0.0175 - - 1763923393.507086754 1763923393.524601698 0
Nov 23 13:43:13 np0005532741.novalocal container-server[96310]: ::1 - - [23/Nov/2025:18:43:13 +0000] "PUT /3/252984/AUTH_9cc260e0c9e84206955019da66ffcbec/gnocchi.99c46824-b0a5-47c9-9b81-81daa8669b4a/1763640000.0_mean_300.0_v3" 201 - "PUT http://[::1]:8080/1/15720/AUTH_9cc260e0c9e84206955019da66ffcbec/gnocchi.99c46824-b0a5-47c9-9b81-81daa8669b4a/1763640000.0_mean_300.0_v3" "txafcf6f3909744df4abf6c-00692355c1" "object-server 96609" 0.0004 "-" 96310 0
Nov 23 13:43:13 np0005532741.novalocal container-server[96310]: ::1 - - [23/Nov/2025:18:43:13 +0000] "PUT /1/252984/AUTH_9cc260e0c9e84206955019da66ffcbec/gnocchi.99c46824-b0a5-47c9-9b81-81daa8669b4a/1763640000.0_mean_300.0_v3" 201 - "PUT http://[::1]:8080/2/15720/AUTH_9cc260e0c9e84206955019da66ffcbec/gnocchi.99c46824-b0a5-47c9-9b81-81daa8669b4a/1763640000.0_mean_300.0_v3" "txafcf6f3909744df4abf6c-00692355c1" "object-server 96606" 0.0003 "-" 96310 0
Nov 23 13:43:13 np0005532741.novalocal object-server[96609]: ::1 - - [23/Nov/2025:18:43:13 +0000] "PUT /1/15720/AUTH_9cc260e0c9e84206955019da66ffcbec/gnocchi.99c46824-b0a5-47c9-9b81-81daa8669b4a/1763640000.0_mean_300.0_v3" 201 - "PUT http://[::1]:8080/v1/AUTH_9cc260e0c9e84206955019da66ffcbec/gnocchi.99c46824-b0a5-47c9-9b81-81daa8669b4a/1763640000.0_mean_300.0_v3" "txafcf6f3909744df4abf6c-00692355c1" "proxy-server 92677" 0.0134 "-" 96609 0
