2025-12-06 08:05:27.763 17 DEBUG neutron.api.v2.base [req-f8313b74-7d54-4995-9f5c-4b5d8b97e333 385b748da3ab4ddb948fa4ce999d3081 68ba819cc1294c9ca9fba310a8f310c9 - default default] Request body: {'port': {'dns_name': 'np0005548790', 'name': 'np0005548790_ovn_physnet_datacentre', 'network_id': '7263d5b4-e32c-442f-bdca-209defecf284'}} prepare_request_body /usr/lib/python3.9/site-packages/neutron/api/v2/base.py:729
2025-12-06 08:05:27.767 15 DEBUG neutron.pecan_wsgi.hooks.quota_enforcement [req-3256ee0b-add7-4ed8-91e6-d5876313a7e3 385b748da3ab4ddb948fa4ce999d3081 68ba819cc1294c9ca9fba310a8f310c9 - default default] Made reservation on behalf of 68ba819cc1294c9ca9fba310a8f310c9 for: {'port': 1} before /usr/lib/python3.9/site-packages/neutron/pecan_wsgi/hooks/quota_enforcement.py:53
2025-12-06 08:05:27.769 15 DEBUG neutron_lib.callbacks.manager [req-3256ee0b-add7-4ed8-91e6-d5876313a7e3 385b748da3ab4ddb948fa4ce999d3081 68ba819cc1294c9ca9fba310a8f310c9 - default default] Notify callbacks ['neutron.plugins.ml2.plugin.SecurityGroupDbMixin._ensure_default_security_group_handler-1672520'] for port, before_create _notify_loop /usr/lib/python3.9/site-packages/neutron_lib/callbacks/manager.py:200
2025-12-06 08:05:27.775 17 DEBUG neutron.pecan_wsgi.hooks.quota_enforcement [req-f8313b74-7d54-4995-9f5c-4b5d8b97e333 385b748da3ab4ddb948fa4ce999d3081 68ba819cc1294c9ca9fba310a8f310c9 - default default] Made reservation on behalf of 68ba819cc1294c9ca9fba310a8f310c9 for: {'port': 1} before /usr/lib/python3.9/site-packages/neutron/pecan_wsgi/hooks/quota_enforcement.py:53
2025-12-06 08:05:27.778 17 DEBUG neutron_lib.callbacks.manager [req-f8313b74-7d54-4995-9f5c-4b5d8b97e333 385b748da3ab4ddb948fa4ce999d3081 68ba819cc1294c9ca9fba310a8f310c9 - default default] Notify callbacks ['neutron.plugins.ml2.plugin.SecurityGroupDbMixin._ensure_default_security_group_handler-1672520'] for port, before_create _notify_loop /usr/lib/python3.9/site-packages/neutron_lib/callbacks/manager.py:200
2025-12-06 08:05:27.792 15 DEBUG neutron.notifiers.nova [req-3256ee0b-add7-4ed8-91e6-d5876313a7e3 385b748da3ab4ddb948fa4ce999d3081 68ba819cc1294c9ca9fba310a8f310c9 - default default] device_id is not set on port 25ee6427-4f44-464c-b83b-83d0ab9530af yet. _can_notify /usr/lib/python3.9/site-packages/neutron/notifiers/nova.py:201
2025-12-06 08:05:27.809 17 DEBUG neutron.notifiers.nova [req-f8313b74-7d54-4995-9f5c-4b5d8b97e333 385b748da3ab4ddb948fa4ce999d3081 68ba819cc1294c9ca9fba310a8f310c9 - default default] device_id is not set on port a6189acd-0390-47e6-bcb5-5f19621654ee yet. _can_notify /usr/lib/python3.9/site-packages/neutron/notifiers/nova.py:201
2025-12-06 08:05:27.944 15 DEBUG neutron_lib.callbacks.manager [req-3256ee0b-add7-4ed8-91e6-d5876313a7e3 385b748da3ab4ddb948fa4ce999d3081 68ba819cc1294c9ca9fba310a8f310c9 - default default] Notify callbacks [] for allowed_address_pair, before_create _notify_loop /usr/lib/python3.9/site-packages/neutron_lib/callbacks/manager.py:200
2025-12-06 08:05:27.945 15 DEBUG neutron_lib.callbacks.manager [req-3256ee0b-add7-4ed8-91e6-d5876313a7e3 385b748da3ab4ddb948fa4ce999d3081 68ba819cc1294c9ca9fba310a8f310c9 - default default] Notify callbacks [] for port, precommit_create _notify_loop /usr/lib/python3.9/site-packages/neutron_lib/callbacks/manager.py:200
2025-12-06 08:05:27.951 16 DEBUG neutron_lib.callbacks.manager [req-61e59fda-2ef8-4888-9d42-33f9643ac239 385b748da3ab4ddb948fa4ce999d3081 68ba819cc1294c9ca9fba310a8f310c9 - default default] Notify callbacks [] for allowed_address_pair, before_create _notify_loop /usr/lib/python3.9/site-packages/neutron_lib/callbacks/manager.py:200
2025-12-06 08:05:27.951 16 DEBUG neutron_lib.callbacks.manager [req-61e59fda-2ef8-4888-9d42-33f9643ac239 385b748da3ab4ddb948fa4ce999d3081 68ba819cc1294c9ca9fba310a8f310c9 - default default] Notify callbacks [] for port, precommit_create _notify_loop /usr/lib/python3.9/site-packages/neutron_lib/callbacks/manager.py:200
2025-12-06 08:05:27.960 15 DEBUG neutron_lib.callbacks.manager [req-3256ee0b-add7-4ed8-91e6-d5876313a7e3 385b748da3ab4ddb948fa4ce999d3081 68ba819cc1294c9ca9fba310a8f310c9 - default default] Notify callbacks ['neutron.plugins.ml2.plugin.SecurityGroupServerNotifierRpcMixin.notify_sg_on_port_change-1578684', 'neutron.plugins.ml2.extensions.dns_integration._create_port_in_external_dns_service-8728745894750', 'neutron.plugins.ml2.ovo_rpc._ObjectChangeHandler.handle_event-472041', 'neutron.api.rpc.agentnotifiers.dhcp_rpc_agent_api.DhcpAgentNotifyAPI._native_event_send_dhcp_notification-684164', 'neutron.services.segments.plugin.NovaSegmentNotifier._notify_port_created_or_deleted-597745'] for port, after_create _notify_loop /usr/lib/python3.9/site-packages/neutron_lib/callbacks/manager.py:200
2025-12-06 08:05:27.964 16 DEBUG neutron_lib.callbacks.manager [req-61e59fda-2ef8-4888-9d42-33f9643ac239 385b748da3ab4ddb948fa4ce999d3081 68ba819cc1294c9ca9fba310a8f310c9 - default default] Notify callbacks ['neutron.plugins.ml2.plugin.SecurityGroupServerNotifierRpcMixin.notify_sg_on_port_change-1578684', 'neutron.plugins.ml2.extensions.dns_integration._create_port_in_external_dns_service-8728745894750', 'neutron.plugins.ml2.ovo_rpc._ObjectChangeHandler.handle_event-472041', 'neutron.api.rpc.agentnotifiers.dhcp_rpc_agent_api.DhcpAgentNotifyAPI._native_event_send_dhcp_notification-684164', 'neutron.services.segments.plugin.NovaSegmentNotifier._notify_port_created_or_deleted-597745'] for port, after_create _notify_loop /usr/lib/python3.9/site-packages/neutron_lib/callbacks/manager.py:200
2025-12-06 08:05:27.989 15 DEBUG neutron.scheduler.dhcp_agent_scheduler [req-3256ee0b-add7-4ed8-91e6-d5876313a7e3 385b748da3ab4ddb948fa4ce999d3081 68ba819cc1294c9ca9fba310a8f310c9 - default default] Network 7263d5b4-e32c-442f-bdca-209defecf284 is already hosted by enough agents. _get_dhcp_agents_hosting_network /usr/lib/python3.9/site-packages/neutron/scheduler/dhcp_agent_scheduler.py:275
2025-12-06 08:05:27.992 15 DEBUG neutron.scheduler.base_scheduler [req-3256ee0b-add7-4ed8-91e6-d5876313a7e3 385b748da3ab4ddb948fa4ce999d3081 68ba819cc1294c9ca9fba310a8f310c9 - default default] Resources bound (agent type, host, resource id): schedule /usr/lib/python3.9/site-packages/neutron/scheduler/base_scheduler.py:57
2025-12-06 08:05:27.994 15 DEBUG neutron.pecan_wsgi.hooks.policy_enforcement [req-3256ee0b-add7-4ed8-91e6-d5876313a7e3 385b748da3ab4ddb948fa4ce999d3081 68ba819cc1294c9ca9fba310a8f310c9 - default default] Attributes excluded by policy engine: ['standard_attr_id', 'network'] _exclude_attributes_by_policy /usr/lib/python3.9/site-packages/neutron/pecan_wsgi/hooks/policy_enforcement.py:259
2025-12-06 08:05:27.994 15 DEBUG neutron_lib.callbacks.manager [req-3256ee0b-add7-4ed8-91e6-d5876313a7e3 385b748da3ab4ddb948fa4ce999d3081 68ba819cc1294c9ca9fba310a8f310c9 - default default] Notify callbacks ['neutron.notifiers.nova.Notifier._send_nova_notification-453756', 'neutron.api.rpc.agentnotifiers.dhcp_rpc_agent_api.DhcpAgentNotifyAPI._send_dhcp_notification-684278'] for port, before_response _notify_loop /usr/lib/python3.9/site-packages/neutron_lib/callbacks/manager.py:200
2025-12-06 08:05:28.001 15 DEBUG neutron.api.rpc.handlers.resources_rpc [req-3256ee0b-add7-4ed8-91e6-d5876313a7e3 385b748da3ab4ddb948fa4ce999d3081 68ba819cc1294c9ca9fba310a8f310c9 - - -] Pushing event updated for resources: {'Port': ['ID=25ee6427-4f44-464c-b83b-83d0ab9530af,revision_number=1']} push /usr/lib/python3.9/site-packages/neutron/api/rpc/handlers/resources_rpc.py:237
2025-12-06 08:05:28.005 15 INFO neutron.wsgi [req-3256ee0b-add7-4ed8-91e6-d5876313a7e3 385b748da3ab4ddb948fa4ce999d3081 68ba819cc1294c9ca9fba310a8f310c9 - default default] 192.168.122.100 "POST /v2.0/ports HTTP/1.1" status: 201 len: 1040 time: 0.2541032
2025-12-06 08:05:28.011 15 DEBUG neutron.services.tag.tag_plugin [req-f54bc0fb-35a9-4c0a-a9f5-0c913707204a 385b748da3ab4ddb948fa4ce999d3081 68ba819cc1294c9ca9fba310a8f310c9 - default default] neutron.services.tag.tag_plugin.TagPlugin method update_tags called with arguments (, 'ports', '25ee6427-4f44-464c-b83b-83d0ab9530af', {'tags': ['tripleo_stack_name=overcloud', 'tripleo_ovn_physnet=datacentre']}) {} wrapper /usr/lib/python3.9/site-packages/oslo_log/helpers.py:65
2025-12-06 08:05:28.040 15 INFO neutron.wsgi [req-f54bc0fb-35a9-4c0a-a9f5-0c913707204a 385b748da3ab4ddb948fa4ce999d3081 68ba819cc1294c9ca9fba310a8f310c9 - default default] 192.168.122.100 "PUT /v2.0/ports/25ee6427-4f44-464c-b83b-83d0ab9530af/tags HTTP/1.1" status: 200 len: 274 time: 0.0314729
2025-12-06 08:05:28.059 17 DEBUG neutron_lib.callbacks.manager [req-f8313b74-7d54-4995-9f5c-4b5d8b97e333 385b748da3ab4ddb948fa4ce999d3081 68ba819cc1294c9ca9fba310a8f310c9 - default default] Notify callbacks [] for allowed_address_pair, before_create _notify_loop /usr/lib/python3.9/site-packages/neutron_lib/callbacks/manager.py:200
2025-12-06 08:05:28.060 17 DEBUG neutron_lib.callbacks.manager [req-f8313b74-7d54-4995-9f5c-4b5d8b97e333 385b748da3ab4ddb948fa4ce999d3081 68ba819cc1294c9ca9fba310a8f310c9 - default default] Notify callbacks [] for port, precommit_create _notify_loop /usr/lib/python3.9/site-packages/neutron_lib/callbacks/manager.py:200
2025-12-06 08:05:28.073 16 DEBUG neutron.scheduler.dhcp_agent_scheduler [req-61e59fda-2ef8-4888-9d42-33f9643ac239 385b748da3ab4ddb948fa4ce999d3081 68ba819cc1294c9ca9fba310a8f310c9 - default default] Network 7263d5b4-e32c-442f-bdca-209defecf284 is already hosted by enough agents. _get_dhcp_agents_hosting_network /usr/lib/python3.9/site-packages/neutron/scheduler/dhcp_agent_scheduler.py:275
2025-12-06 08:05:28.076 16 DEBUG neutron.scheduler.base_scheduler [req-61e59fda-2ef8-4888-9d42-33f9643ac239 385b748da3ab4ddb948fa4ce999d3081 68ba819cc1294c9ca9fba310a8f310c9 - default default] Resources bound (agent type, host, resource id): schedule /usr/lib/python3.9/site-packages/neutron/scheduler/base_scheduler.py:57
2025-12-06 08:05:28.081 16 DEBUG neutron.pecan_wsgi.hooks.policy_enforcement [req-61e59fda-2ef8-4888-9d42-33f9643ac239 385b748da3ab4ddb948fa4ce999d3081 68ba819cc1294c9ca9fba310a8f310c9 - default default] Attributes excluded by policy engine: ['standard_attr_id', 'network'] _exclude_attributes_by_policy /usr/lib/python3.9/site-packages/neutron/pecan_wsgi/hooks/policy_enforcement.py:259
2025-12-06 08:05:28.082 16 DEBUG neutron_lib.callbacks.manager [req-61e59fda-2ef8-4888-9d42-33f9643ac239 385b748da3ab4ddb948fa4ce999d3081 68ba819cc1294c9ca9fba310a8f310c9 - default default] Notify callbacks ['neutron.notifiers.nova.Notifier._send_nova_notification-453756', 'neutron.api.rpc.agentnotifiers.dhcp_rpc_agent_api.DhcpAgentNotifyAPI._send_dhcp_notification-684278'] for port, before_response _notify_loop /usr/lib/python3.9/site-packages/neutron_lib/callbacks/manager.py:200
2025-12-06 08:05:28.083 17 DEBUG neutron_lib.callbacks.manager [req-f8313b74-7d54-4995-9f5c-4b5d8b97e333 385b748da3ab4ddb948fa4ce999d3081 68ba819cc1294c9ca9fba310a8f310c9 - default default] Notify callbacks ['neutron.plugins.ml2.plugin.SecurityGroupServerNotifierRpcMixin.notify_sg_on_port_change-1578684', 'neutron.plugins.ml2.extensions.dns_integration._create_port_in_external_dns_service-8728745894750', 'neutron.plugins.ml2.ovo_rpc._ObjectChangeHandler.handle_event-472041', 'neutron.api.rpc.agentnotifiers.dhcp_rpc_agent_api.DhcpAgentNotifyAPI._native_event_send_dhcp_notification-684164', 'neutron.services.segments.plugin.NovaSegmentNotifier._notify_port_created_or_deleted-597745'] for port, after_create _notify_loop /usr/lib/python3.9/site-packages/neutron_lib/callbacks/manager.py:200
2025-12-06 08:05:28.084 16 DEBUG neutron.api.rpc.handlers.resources_rpc [req-61e59fda-2ef8-4888-9d42-33f9643ac239 385b748da3ab4ddb948fa4ce999d3081 68ba819cc1294c9ca9fba310a8f310c9 - - -] Pushing event updated for resources: {'Port': ['ID=0381ebb4-a90c-4d6b-a131-b75fa726603c,revision_number=1']} push /usr/lib/python3.9/site-packages/neutron/api/rpc/handlers/resources_rpc.py:237
2025-12-06 08:05:28.101 16 INFO neutron.wsgi [req-61e59fda-2ef8-4888-9d42-33f9643ac239 385b748da3ab4ddb948fa4ce999d3081 68ba819cc1294c9ca9fba310a8f310c9 - default default] 192.168.122.100 "POST /v2.0/ports HTTP/1.1" status: 201 len: 1040 time: 0.3776028
2025-12-06 08:05:28.105 16 DEBUG neutron.services.tag.tag_plugin [req-a25c6c34-68ac-46b9-bda2-0c455f230bcc 385b748da3ab4ddb948fa4ce999d3081 68ba819cc1294c9ca9fba310a8f310c9 - default default] neutron.services.tag.tag_plugin.TagPlugin method update_tags called with arguments (, 'ports', '0381ebb4-a90c-4d6b-a131-b75fa726603c', {'tags': ['tripleo_stack_name=overcloud', 'tripleo_ovn_physnet=datacentre']}) {} wrapper /usr/lib/python3.9/site-packages/oslo_log/helpers.py:65
2025-12-06 08:05:28.147 17 DEBUG neutron.api.rpc.handlers.resources_rpc [req-f8313b74-7d54-4995-9f5c-4b5d8b97e333 385b748da3ab4ddb948fa4ce999d3081 68ba819cc1294c9ca9fba310a8f310c9 - - -] Pushing event updated for resources: {'Port': ['ID=a6189acd-0390-47e6-bcb5-5f19621654ee,revision_number=1']} push /usr/lib/python3.9/site-packages/neutron/api/rpc/handlers/resources_rpc.py:237
2025-12-06 08:05:28.150 16 INFO neutron.wsgi [req-a25c6c34-68ac-46b9-bda2-0c455f230bcc 385b748da3ab4ddb948fa4ce999d3081 68ba819cc1294c9ca9fba310a8f310c9 - default default] 192.168.122.100 "PUT /v2.0/ports/0381ebb4-a90c-4d6b-a131-b75fa726603c/tags HTTP/1.1" status: 200 len: 274 time: 0.0485363
2025-12-06 08:05:28.155 17 DEBUG neutron.api.rpc.callbacks.version_manager [req-f8313b74-7d54-4995-9f5c-4b5d8b97e333 385b748da3ab4ddb948fa4ce999d3081 68ba819cc1294c9ca9fba310a8f310c9 - - -] Version for resource type AddressGroup changed None to 1.2 on consumer Open vSwitch agent@undercloud.localdomain _set_version /usr/lib/python3.9/site-packages/neutron/api/rpc/callbacks/version_manager.py:113
2025-12-06 08:05:28.156 17 DEBUG neutron.api.rpc.callbacks.version_manager [req-f8313b74-7d54-4995-9f5c-4b5d8b97e333 385b748da3ab4ddb948fa4ce999d3081 68ba819cc1294c9ca9fba310a8f310c9 - - -] Version for resource type ConntrackHelper changed None to 1.0 on consumer Open vSwitch agent@undercloud.localdomain _set_version /usr/lib/python3.9/site-packages/neutron/api/rpc/callbacks/version_manager.py:113
2025-12-06 08:05:28.156 17 DEBUG neutron.api.rpc.callbacks.version_manager [req-f8313b74-7d54-4995-9f5c-4b5d8b97e333 385b748da3ab4ddb948fa4ce999d3081 68ba819cc1294c9ca9fba310a8f310c9 - - -] Version for resource type Log changed None to 1.0 on consumer Open vSwitch agent@undercloud.localdomain _set_version /usr/lib/python3.9/site-packages/neutron/api/rpc/callbacks/version_manager.py:113
2025-12-06 08:05:28.156 17 DEBUG neutron.api.rpc.callbacks.version_manager [req-f8313b74-7d54-4995-9f5c-4b5d8b97e333 385b748da3ab4ddb948fa4ce999d3081 68ba819cc1294c9ca9fba310a8f310c9 - - -] Version for resource type Network changed None to 1.1 on consumer Open vSwitch agent@undercloud.localdomain _set_version /usr/lib/python3.9/site-packages/neutron/api/rpc/callbacks/version_manager.py:113
2025-12-06 08:05:28.156 17 DEBUG neutron.api.rpc.callbacks.version_manager [req-f8313b74-7d54-4995-9f5c-4b5d8b97e333 385b748da3ab4ddb948fa4ce999d3081 68ba819cc1294c9ca9fba310a8f310c9 - - -] Version for resource type Port changed None to 1.7 on consumer Open vSwitch agent@undercloud.localdomain _set_version /usr/lib/python3.9/site-packages/neutron/api/rpc/callbacks/version_manager.py:113
2025-12-06 08:05:28.157 17 DEBUG neutron.api.rpc.callbacks.version_manager [req-f8313b74-7d54-4995-9f5c-4b5d8b97e333 385b748da3ab4ddb948fa4ce999d3081 68ba819cc1294c9ca9fba310a8f310c9 - - -] Version for resource type PortForwarding changed None to 1.2 on consumer Open vSwitch agent@undercloud.localdomain _set_version /usr/lib/python3.9/site-packages/neutron/api/rpc/callbacks/version_manager.py:113
2025-12-06 08:05:28.157 17 DEBUG neutron.api.rpc.callbacks.version_manager [req-f8313b74-7d54-4995-9f5c-4b5d8b97e333 385b748da3ab4ddb948fa4ce999d3081 68ba819cc1294c9ca9fba310a8f310c9 - - -] Version for resource type QosPolicy changed None to 1.8 on consumer Open vSwitch agent@undercloud.localdomain _set_version /usr/lib/python3.9/site-packages/neutron/api/rpc/callbacks/version_manager.py:113
2025-12-06 08:05:28.157 17 DEBUG neutron.api.rpc.callbacks.version_manager [req-f8313b74-7d54-4995-9f5c-4b5d8b97e333 385b748da3ab4ddb948fa4ce999d3081 68ba819cc1294c9ca9fba310a8f310c9 - - -] Version for resource type SecurityGroup changed None to 1.5 on consumer Open vSwitch agent@undercloud.localdomain _set_version /usr/lib/python3.9/site-packages/neutron/api/rpc/callbacks/version_manager.py:113
2025-12-06 08:05:28.158 17 DEBUG neutron.api.rpc.callbacks.version_manager [req-f8313b74-7d54-4995-9f5c-4b5d8b97e333 385b748da3ab4ddb948fa4ce999d3081 68ba819cc1294c9ca9fba310a8f310c9 - - -] Version for resource type SecurityGroupRule changed None to 1.2 on consumer Open vSwitch agent@undercloud.localdomain _set_version /usr/lib/python3.9/site-packages/neutron/api/rpc/callbacks/version_manager.py:113
2025-12-06 08:05:28.158 17 DEBUG neutron.api.rpc.callbacks.version_manager [req-f8313b74-7d54-4995-9f5c-4b5d8b97e333 385b748da3ab4ddb948fa4ce999d3081 68ba819cc1294c9ca9fba310a8f310c9 - - -] Version for resource type SubPort changed None to 1.0 on consumer Open vSwitch agent@undercloud.localdomain _set_version /usr/lib/python3.9/site-packages/neutron/api/rpc/callbacks/version_manager.py:113
2025-12-06 08:05:28.158 17 DEBUG neutron.api.rpc.callbacks.version_manager [req-f8313b74-7d54-4995-9f5c-4b5d8b97e333 385b748da3ab4ddb948fa4ce999d3081 68ba819cc1294c9ca9fba310a8f310c9 - - -] Version for resource type Subnet changed None to 1.1 on consumer Open vSwitch agent@undercloud.localdomain _set_version /usr/lib/python3.9/site-packages/neutron/api/rpc/callbacks/version_manager.py:113
2025-12-06 08:05:28.158 17 DEBUG neutron.api.rpc.callbacks.version_manager [req-f8313b74-7d54-4995-9f5c-4b5d8b97e333 385b748da3ab4ddb948fa4ce999d3081 68ba819cc1294c9ca9fba310a8f310c9 - - -] Version for resource type Trunk changed None to 1.1 on consumer Open vSwitch agent@undercloud.localdomain _set_version /usr/lib/python3.9/site-packages/neutron/api/rpc/callbacks/version_manager.py:113
2025-12-06 08:05:28.159 17 DEBUG neutron.api.rpc.callbacks.version_manager [req-f8313b74-7d54-4995-9f5c-4b5d8b97e333 385b748da3ab4ddb948fa4ce999d3081 68ba819cc1294c9ca9fba310a8f310c9 - - -] Tracked resource versions report: pushed versions: { 'AddressGroup': {'1.2'}, 'ConntrackHelper': {'1.0'}, 'Log': {'1.0'}, 'Network': {'1.1'}, 'Port': {'1.7'}, 'PortForwarding': {'1.2'}, 'QosPolicy': {'1.8'}, 'SecurityGroup': {'1.5'}, 'SecurityGroupRule': {'1.2'}, 'SubPort': {'1.0'}, 'Subnet': {'1.1'}, 'Trunk': {'1.1'}} consumer versions: { DHCP agent@undercloud.localdomain: {}, L3 agent@undercloud.localdomain: {}, Open vSwitch agent@undercloud.localdomain: { 'AddressGroup': '1.2', 'ConntrackHelper': '1.0', 'Log': '1.0', 'Network': '1.1', 'Port': '1.7', 'PortForwarding': '1.2', 'QosPolicy': '1.8', 'SecurityGroup': '1.5', 'SecurityGroupRule': '1.2', 'SubPort': '1.0', 'Subnet': '1.1', 'Trunk': '1.1'}} report /usr/lib/python3.9/site-packages/neutron/api/rpc/callbacks/version_manager.py:175
2025-12-06 08:05:28.163 17 DEBUG neutron.scheduler.dhcp_agent_scheduler [req-f8313b74-7d54-4995-9f5c-4b5d8b97e333 385b748da3ab4ddb948fa4ce999d3081 68ba819cc1294c9ca9fba310a8f310c9 - default default] Network 7263d5b4-e32c-442f-bdca-209defecf284 is already hosted by enough agents. _get_dhcp_agents_hosting_network /usr/lib/python3.9/site-packages/neutron/scheduler/dhcp_agent_scheduler.py:275
2025-12-06 08:05:28.164 17 DEBUG neutron.scheduler.base_scheduler [req-f8313b74-7d54-4995-9f5c-4b5d8b97e333 385b748da3ab4ddb948fa4ce999d3081 68ba819cc1294c9ca9fba310a8f310c9 - default default] Resources bound (agent type, host, resource id): schedule /usr/lib/python3.9/site-packages/neutron/scheduler/base_scheduler.py:57
2025-12-06 08:05:28.168 17 DEBUG neutron.pecan_wsgi.hooks.policy_enforcement [req-f8313b74-7d54-4995-9f5c-4b5d8b97e333 385b748da3ab4ddb948fa4ce999d3081 68ba819cc1294c9ca9fba310a8f310c9 - default default] Attributes excluded by policy engine: ['standard_attr_id', 'network'] _exclude_attributes_by_policy /usr/lib/python3.9/site-packages/neutron/pecan_wsgi/hooks/policy_enforcement.py:259
2025-12-06 08:05:28.169 17 DEBUG neutron_lib.callbacks.manager [req-f8313b74-7d54-4995-9f5c-4b5d8b97e333 385b748da3ab4ddb948fa4ce999d3081 68ba819cc1294c9ca9fba310a8f310c9 - default default] Notify callbacks ['neutron.notifiers.nova.Notifier._send_nova_notification-453756', 'neutron.api.rpc.agentnotifiers.dhcp_rpc_agent_api.DhcpAgentNotifyAPI._send_dhcp_notification-684278'] for port, before_response _notify_loop /usr/lib/python3.9/site-packages/neutron_lib/callbacks/manager.py:200
2025-12-06 08:05:28.191 17 INFO neutron.wsgi [req-f8313b74-7d54-4995-9f5c-4b5d8b97e333 385b748da3ab4ddb948fa4ce999d3081 68ba819cc1294c9ca9fba310a8f310c9 - default default] 192.168.122.100 "POST /v2.0/ports HTTP/1.1" status: 201 len: 1040 time: 0.4376578
2025-12-06 08:05:28.196 17 DEBUG neutron.services.tag.tag_plugin [req-b9069997-4355-46da-9945-be0bf4639be7 385b748da3ab4ddb948fa4ce999d3081 68ba819cc1294c9ca9fba310a8f310c9 - default default] neutron.services.tag.tag_plugin.TagPlugin method update_tags called with arguments (, 'ports', 'a6189acd-0390-47e6-bcb5-5f19621654ee', {'tags': ['tripleo_stack_name=overcloud', 'tripleo_ovn_physnet=datacentre']}) {} wrapper /usr/lib/python3.9/site-packages/oslo_log/helpers.py:65
2025-12-06 08:05:28.257 17 INFO neutron.wsgi [req-b9069997-4355-46da-9945-be0bf4639be7 385b748da3ab4ddb948fa4ce999d3081 68ba819cc1294c9ca9fba310a8f310c9 - default default] 192.168.122.100 "PUT /v2.0/ports/a6189acd-0390-47e6-bcb5-5f19621654ee/tags HTTP/1.1" status: 200 len: 274 time: 0.0647404
2025-12-06 08:05:28.325 17 DEBUG neutron.pecan_wsgi.hooks.policy_enforcement [req-45875ed9-094d-4676-905d-8f94efc26655 385b748da3ab4ddb948fa4ce999d3081 68ba819cc1294c9ca9fba310a8f310c9 - default default] Attributes excluded by policy engine: ['standard_attr_id'] _exclude_attributes_by_policy /usr/lib/python3.9/site-packages/neutron/pecan_wsgi/hooks/policy_enforcement.py:259
2025-12-06 08:05:28.325 17 DEBUG neutron.pecan_wsgi.hooks.policy_enforcement [req-45875ed9-094d-4676-905d-8f94efc26655 385b748da3ab4ddb948fa4ce999d3081 68ba819cc1294c9ca9fba310a8f310c9 - default default] Attributes excluded by policy engine: ['standard_attr_id'] _exclude_attributes_by_policy /usr/lib/python3.9/site-packages/neutron/pecan_wsgi/hooks/policy_enforcement.py:259
2025-12-06 08:05:28.326 17 DEBUG neutron.pecan_wsgi.hooks.policy_enforcement [req-45875ed9-094d-4676-905d-8f94efc26655 385b748da3ab4ddb948fa4ce999d3081 68ba819cc1294c9ca9fba310a8f310c9 - default default] Attributes excluded by policy engine: ['standard_attr_id'] _exclude_attributes_by_policy /usr/lib/python3.9/site-packages/neutron/pecan_wsgi/hooks/policy_enforcement.py:259
2025-12-06 08:05:28.326 17 DEBUG neutron.pecan_wsgi.hooks.policy_enforcement [req-45875ed9-094d-4676-905d-8f94efc26655 385b748da3ab4ddb948fa4ce999d3081 68ba819cc1294c9ca9fba310a8f310c9 - default default] Attributes excluded by policy engine: ['standard_attr_id'] _exclude_attributes_by_policy /usr/lib/python3.9/site-packages/neutron/pecan_wsgi/hooks/policy_enforcement.py:259
2025-12-06 08:05:28.326 17 DEBUG neutron.pecan_wsgi.hooks.policy_enforcement [req-45875ed9-094d-4676-905d-8f94efc26655 385b748da3ab4ddb948fa4ce999d3081 68ba819cc1294c9ca9fba310a8f310c9 - default default] Attributes excluded by policy engine: ['standard_attr_id'] _exclude_attributes_by_policy /usr/lib/python3.9/site-packages/neutron/pecan_wsgi/hooks/policy_enforcement.py:259
2025-12-06 08:05:28.326 17 DEBUG neutron.pecan_wsgi.hooks.policy_enforcement [req-45875ed9-094d-4676-905d-8f94efc26655 385b748da3ab4ddb948fa4ce999d3081 68ba819cc1294c9ca9fba310a8f310c9 - default default] Attributes excluded by policy engine: ['standard_attr_id'] _exclude_attributes_by_policy /usr/lib/python3.9/site-packages/neutron/pecan_wsgi/hooks/policy_enforcement.py:259
2025-12-06 08:05:28.328 17 INFO neutron.wsgi [req-45875ed9-094d-4676-905d-8f94efc26655 385b748da3ab4ddb948fa4ce999d3081 68ba819cc1294c9ca9fba310a8f310c9 - default default] 192.168.122.100 "GET /v2.0/ports?network_id=7263d5b4-e32c-442f-bdca-209defecf284&tags=tripleo_stack_name%3Dovercloud HTTP/1.1" status: 200 len: 5557 time: 0.0664325
2025-12-06 08:05:28.375 17 DEBUG neutron.plugins.ml2.plugin [req-e4df6cf2-d21e-4527-b36e-8d65e9fab7d6 385b748da3ab4ddb948fa4ce999d3081 68ba819cc1294c9ca9fba310a8f310c9 - default default] Deleting port 43b54d43-47f5-46f3-95be-db1c37a7bb98 _pre_delete_port /usr/lib/python3.9/site-packages/neutron/plugins/ml2/plugin.py:2025
2025-12-06 08:05:28.376 17 DEBUG neutron_lib.callbacks.manager [req-e4df6cf2-d21e-4527-b36e-8d65e9fab7d6 385b748da3ab4ddb948fa4ce999d3081 68ba819cc1294c9ca9fba310a8f310c9 - default default] Notify callbacks ['neutron.plugins.ml2.extensions.dns_integration._delete_port_in_external_dns_service-8728745894786', 'neutron.db.l3_db.L3_NAT_dbonly_mixin._prevent_l3_port_delete_callback-8728745959199'] for port, before_delete _notify_loop /usr/lib/python3.9/site-packages/neutron_lib/callbacks/manager.py:200
2025-12-06 08:05:28.461 17 DEBUG neutron_lib.callbacks.manager [req-e4df6cf2-d21e-4527-b36e-8d65e9fab7d6 385b748da3ab4ddb948fa4ce999d3081 68ba819cc1294c9ca9fba310a8f310c9 - default default] Notify callbacks ['neutron.services.l3_router.l3_router_plugin.L3_NAT_dbonly_mixin._precommit_delete_port_callback-553866'] for port, precommit_delete _notify_loop /usr/lib/python3.9/site-packages/neutron_lib/callbacks/manager.py:200
2025-12-06 08:05:28.471 17 DEBUG neutron.plugins.ml2.plugin [req-e4df6cf2-d21e-4527-b36e-8d65e9fab7d6 385b748da3ab4ddb948fa4ce999d3081 68ba819cc1294c9ca9fba310a8f310c9 - default default] Calling delete_port for 43b54d43-47f5-46f3-95be-db1c37a7bb98 owned by delete_port /usr/lib/python3.9/site-packages/neutron/plugins/ml2/plugin.py:2097
2025-12-06 08:05:28.531 17 DEBUG neutron_lib.callbacks.manager [req-e4df6cf2-d21e-4527-b36e-8d65e9fab7d6 385b748da3ab4ddb948fa4ce999d3081 68ba819cc1294c9ca9fba310a8f310c9 - default default] Notify callbacks ['neutron.plugins.ml2.plugin.SecurityGroupServerNotifierRpcMixin.notify_sg_on_port_change-1578684', 'neutron.plugins.ml2.ovo_rpc._ObjectChangeHandler.handle_event-472041', 'neutron.api.rpc.agentnotifiers.dhcp_rpc_agent_api.DhcpAgentNotifyAPI._native_event_send_dhcp_notification-684164', 'neutron.db.l3_db.L3RpcNotifierMixin._notify_routers_callback-8728745965451', 'neutron.services.segments.plugin.NovaSegmentNotifier._notify_port_created_or_deleted-597745'] for port, after_delete _notify_loop /usr/lib/python3.9/site-packages/neutron_lib/callbacks/manager.py:200
2025-12-06 08:05:28.551 17 DEBUG neutron.api.rpc.handlers.resources_rpc [req-e4df6cf2-d21e-4527-b36e-8d65e9fab7d6 385b748da3ab4ddb948fa4ce999d3081 68ba819cc1294c9ca9fba310a8f310c9 - - -] Pushing event deleted for resources: {'Port': ['ID=43b54d43-47f5-46f3-95be-db1c37a7bb98,revision_number=None']} push /usr/lib/python3.9/site-packages/neutron/api/rpc/handlers/resources_rpc.py:237
2025-12-06 08:05:28.556 17 DEBUG neutron_lib.callbacks.manager [req-e4df6cf2-d21e-4527-b36e-8d65e9fab7d6 385b748da3ab4ddb948fa4ce999d3081 68ba819cc1294c9ca9fba310a8f310c9 - default default] Notify callbacks ['neutron.notifiers.nova.Notifier._send_nova_notification-453756', 'neutron.api.rpc.agentnotifiers.dhcp_rpc_agent_api.DhcpAgentNotifyAPI._send_dhcp_notification-684278'] for port, before_response _notify_loop /usr/lib/python3.9/site-packages/neutron_lib/callbacks/manager.py:200
2025-12-06 08:05:28.558 17 INFO neutron.wsgi [req-e4df6cf2-d21e-4527-b36e-8d65e9fab7d6 385b748da3ab4ddb948fa4ce999d3081 68ba819cc1294c9ca9fba310a8f310c9 - default default] 192.168.122.100 "DELETE /v2.0/ports/43b54d43-47f5-46f3-95be-db1c37a7bb98 HTTP/1.1" status: 204 len: 173 time: 0.2204466
2025-12-06 08:05:28.590 17 DEBUG neutron.plugins.ml2.plugin [req-504df138-fe6b-4c41-ad4c-3556a2acd718 385b748da3ab4ddb948fa4ce999d3081 68ba819cc1294c9ca9fba310a8f310c9 - default default] Deleting port 8007f1ec-5bfd-49d8-8b3b-83886bd49564 _pre_delete_port /usr/lib/python3.9/site-packages/neutron/plugins/ml2/plugin.py:2025
2025-12-06 08:05:28.590 17 DEBUG neutron_lib.callbacks.manager [req-504df138-fe6b-4c41-ad4c-3556a2acd718 385b748da3ab4ddb948fa4ce999d3081 68ba819cc1294c9ca9fba310a8f310c9 - default default] Notify callbacks ['neutron.plugins.ml2.extensions.dns_integration._delete_port_in_external_dns_service-8728745894786', 'neutron.db.l3_db.L3_NAT_dbonly_mixin._prevent_l3_port_delete_callback-8728745959199'] for port, before_delete _notify_loop /usr/lib/python3.9/site-packages/neutron_lib/callbacks/manager.py:200
2025-12-06 08:05:28.684 17 DEBUG neutron_lib.callbacks.manager [req-504df138-fe6b-4c41-ad4c-3556a2acd718 385b748da3ab4ddb948fa4ce999d3081 68ba819cc1294c9ca9fba310a8f310c9 - default default] Notify callbacks ['neutron.services.l3_router.l3_router_plugin.L3_NAT_dbonly_mixin._precommit_delete_port_callback-553866'] for port, precommit_delete _notify_loop /usr/lib/python3.9/site-packages/neutron_lib/callbacks/manager.py:200
2025-12-06 08:05:28.693 17 DEBUG neutron.plugins.ml2.plugin [req-504df138-fe6b-4c41-ad4c-3556a2acd718 385b748da3ab4ddb948fa4ce999d3081 68ba819cc1294c9ca9fba310a8f310c9 - default default] Calling delete_port for 8007f1ec-5bfd-49d8-8b3b-83886bd49564 owned by delete_port /usr/lib/python3.9/site-packages/neutron/plugins/ml2/plugin.py:2097
2025-12-06 08:05:28.711 15 DEBUG neutron.wsgi [-] (15) accepted ('192.168.122.100', 44086) server /usr/lib/python3.9/site-packages/eventlet/wsgi.py:992
2025-12-06 08:05:28.713 15 INFO neutron.wsgi [-] 192.168.122.100 "GET / HTTP/1.1" status: 200 len: 233 time: 0.0015752
2025-12-06 08:05:28.730 17 DEBUG neutron_lib.callbacks.manager [req-504df138-fe6b-4c41-ad4c-3556a2acd718 385b748da3ab4ddb948fa4ce999d3081 68ba819cc1294c9ca9fba310a8f310c9 - default default] Notify callbacks ['neutron.plugins.ml2.plugin.SecurityGroupServerNotifierRpcMixin.notify_sg_on_port_change-1578684', 'neutron.plugins.ml2.ovo_rpc._ObjectChangeHandler.handle_event-472041', 'neutron.api.rpc.agentnotifiers.dhcp_rpc_agent_api.DhcpAgentNotifyAPI._native_event_send_dhcp_notification-684164', 'neutron.db.l3_db.L3RpcNotifierMixin._notify_routers_callback-8728745965451', 'neutron.services.segments.plugin.NovaSegmentNotifier._notify_port_created_or_deleted-597745'] for port, after_delete _notify_loop /usr/lib/python3.9/site-packages/neutron_lib/callbacks/manager.py:200
2025-12-06 08:05:28.754 17 DEBUG neutron.api.rpc.handlers.resources_rpc [req-504df138-fe6b-4c41-ad4c-3556a2acd718 385b748da3ab4ddb948fa4ce999d3081 68ba819cc1294c9ca9fba310a8f310c9 - - -] Pushing event deleted for resources: {'Port': ['ID=8007f1ec-5bfd-49d8-8b3b-83886bd49564,revision_number=None']} push /usr/lib/python3.9/site-packages/neutron/api/rpc/handlers/resources_rpc.py:237
2025-12-06 08:05:28.759 17 DEBUG neutron_lib.callbacks.manager [req-504df138-fe6b-4c41-ad4c-3556a2acd718 385b748da3ab4ddb948fa4ce999d3081 68ba819cc1294c9ca9fba310a8f310c9 - default default] Notify callbacks ['neutron.notifiers.nova.Notifier._send_nova_notification-453756', 'neutron.api.rpc.agentnotifiers.dhcp_rpc_agent_api.DhcpAgentNotifyAPI._send_dhcp_notification-684278'] for port, before_response _notify_loop /usr/lib/python3.9/site-packages/neutron_lib/callbacks/manager.py:200
2025-12-06 08:05:28.761 17 INFO neutron.wsgi [req-504df138-fe6b-4c41-ad4c-3556a2acd718 385b748da3ab4ddb948fa4ce999d3081 68ba819cc1294c9ca9fba310a8f310c9 - default default] 192.168.122.100 "DELETE /v2.0/ports/8007f1ec-5bfd-49d8-8b3b-83886bd49564 HTTP/1.1" status: 204 len: 173 time: 0.1949639
2025-12-06 08:05:28.807 17 DEBUG neutron.plugins.ml2.plugin [req-1caa6d58-86fb-444a-8f3c-861e05fcc016 385b748da3ab4ddb948fa4ce999d3081 68ba819cc1294c9ca9fba310a8f310c9 - default default] Deleting port 977b8601-a4de-4f69-9f97-561a4df2bad3 _pre_delete_port /usr/lib/python3.9/site-packages/neutron/plugins/ml2/plugin.py:2025
2025-12-06 08:05:28.808 17 DEBUG neutron_lib.callbacks.manager [req-1caa6d58-86fb-444a-8f3c-861e05fcc016 385b748da3ab4ddb948fa4ce999d3081 68ba819cc1294c9ca9fba310a8f310c9 - default default] Notify callbacks ['neutron.plugins.ml2.extensions.dns_integration._delete_port_in_external_dns_service-8728745894786', 'neutron.db.l3_db.L3_NAT_dbonly_mixin._prevent_l3_port_delete_callback-8728745959199'] for port, before_delete _notify_loop /usr/lib/python3.9/site-packages/neutron_lib/callbacks/manager.py:200
2025-12-06 08:05:28.959 17 DEBUG neutron_lib.callbacks.manager [req-1caa6d58-86fb-444a-8f3c-861e05fcc016 385b748da3ab4ddb948fa4ce999d3081 68ba819cc1294c9ca9fba310a8f310c9 - default default] Notify callbacks ['neutron.services.l3_router.l3_router_plugin.L3_NAT_dbonly_mixin._precommit_delete_port_callback-553866'] for port, precommit_delete _notify_loop /usr/lib/python3.9/site-packages/neutron_lib/callbacks/manager.py:200
2025-12-06 08:05:28.981 17 DEBUG neutron.plugins.ml2.plugin [req-1caa6d58-86fb-444a-8f3c-861e05fcc016 385b748da3ab4ddb948fa4ce999d3081 68ba819cc1294c9ca9fba310a8f310c9 - default default] Calling delete_port for 977b8601-a4de-4f69-9f97-561a4df2bad3 owned by delete_port /usr/lib/python3.9/site-packages/neutron/plugins/ml2/plugin.py:2097
2025-12-06 08:05:29.057 17 DEBUG neutron_lib.callbacks.manager [req-1caa6d58-86fb-444a-8f3c-861e05fcc016 385b748da3ab4ddb948fa4ce999d3081 68ba819cc1294c9ca9fba310a8f310c9 - default default] Notify callbacks ['neutron.plugins.ml2.plugin.SecurityGroupServerNotifierRpcMixin.notify_sg_on_port_change-1578684', 'neutron.plugins.ml2.ovo_rpc._ObjectChangeHandler.handle_event-472041', 'neutron.api.rpc.agentnotifiers.dhcp_rpc_agent_api.DhcpAgentNotifyAPI._native_event_send_dhcp_notification-684164', 'neutron.db.l3_db.L3RpcNotifierMixin._notify_routers_callback-8728745965451', 'neutron.services.segments.plugin.NovaSegmentNotifier._notify_port_created_or_deleted-597745'] for port, after_delete _notify_loop /usr/lib/python3.9/site-packages/neutron_lib/callbacks/manager.py:200
2025-12-06 08:05:29.082 17 DEBUG neutron.api.rpc.handlers.resources_rpc [req-1caa6d58-86fb-444a-8f3c-861e05fcc016 385b748da3ab4ddb948fa4ce999d3081 68ba819cc1294c9ca9fba310a8f310c9 - - -] Pushing event deleted for resources: {'Port': ['ID=977b8601-a4de-4f69-9f97-561a4df2bad3,revision_number=None']} push /usr/lib/python3.9/site-packages/neutron/api/rpc/handlers/resources_rpc.py:237
2025-12-06 08:05:29.102 17 DEBUG neutron_lib.callbacks.manager [req-1caa6d58-86fb-444a-8f3c-861e05fcc016 385b748da3ab4ddb948fa4ce999d3081 68ba819cc1294c9ca9fba310a8f310c9 - default default] Notify callbacks ['neutron.notifiers.nova.Notifier._send_nova_notification-453756', 'neutron.api.rpc.agentnotifiers.dhcp_rpc_agent_api.DhcpAgentNotifyAPI._send_dhcp_notification-684278'] for port, before_response _notify_loop /usr/lib/python3.9/site-packages/neutron_lib/callbacks/manager.py:200
2025-12-06 08:05:29.103 17 INFO neutron.wsgi [req-1caa6d58-86fb-444a-8f3c-861e05fcc016 385b748da3ab4ddb948fa4ce999d3081 68ba819cc1294c9ca9fba310a8f310c9 - default default] 192.168.122.100 "DELETE /v2.0/ports/977b8601-a4de-4f69-9f97-561a4df2bad3 HTTP/1.1" status: 204 len: 173 time: 0.3357489
2025-12-06 08:05:29.154 17 DEBUG neutron.pecan_wsgi.hooks.policy_enforcement [req-cf84c62e-d7e8-4c9f-9268-29e4abceb0bd 385b748da3ab4ddb948fa4ce999d3081 68ba819cc1294c9ca9fba310a8f310c9 - default default] Attributes excluded by policy engine: ['standard_attr_id'] _exclude_attributes_by_policy /usr/lib/python3.9/site-packages/neutron/pecan_wsgi/hooks/policy_enforcement.py:259
2025-12-06 08:05:29.155 17 DEBUG neutron.pecan_wsgi.hooks.policy_enforcement [req-cf84c62e-d7e8-4c9f-9268-29e4abceb0bd 385b748da3ab4ddb948fa4ce999d3081 68ba819cc1294c9ca9fba310a8f310c9 - default default] Attributes excluded by policy engine: ['standard_attr_id'] _exclude_attributes_by_policy /usr/lib/python3.9/site-packages/neutron/pecan_wsgi/hooks/policy_enforcement.py:259
2025-12-06 08:05:29.155 17 DEBUG neutron.pecan_wsgi.hooks.policy_enforcement [req-cf84c62e-d7e8-4c9f-9268-29e4abceb0bd 385b748da3ab4ddb948fa4ce999d3081 68ba819cc1294c9ca9fba310a8f310c9 - default default] Attributes excluded by policy engine: ['standard_attr_id'] _exclude_attributes_by_policy /usr/lib/python3.9/site-packages/neutron/pecan_wsgi/hooks/policy_enforcement.py:259
2025-12-06 08:05:29.156 17 INFO neutron.wsgi [req-cf84c62e-d7e8-4c9f-9268-29e4abceb0bd 385b748da3ab4ddb948fa4ce999d3081 68ba819cc1294c9ca9fba310a8f310c9 - default default] 192.168.122.100 "GET /v2.0/ports?network_id=7263d5b4-e32c-442f-bdca-209defecf284&tags=tripleo_stack_name%3Dovercloud HTTP/1.1" status: 200 len: 2884 time: 0.0444770
2025-12-06 08:05:59.598 15 DEBUG neutron.wsgi [-] (15) accepted ('192.168.122.100', 44250) server /usr/lib/python3.9/site-packages/eventlet/wsgi.py:992
2025-12-06 08:05:59.602 15 INFO neutron.wsgi [-] 192.168.122.100 "GET / HTTP/1.1" status: 200 len: 233 time: 0.0024984
2025-12-06 08:06:30.260 15 DEBUG neutron.wsgi [-] (15) accepted ('192.168.122.100', 37174) server /usr/lib/python3.9/site-packages/eventlet/wsgi.py:992
2025-12-06 08:06:30.263 15 INFO neutron.wsgi [-] 192.168.122.100 "GET / HTTP/1.1" status: 200 len: 233 time: 0.0023499
2025-12-06 08:07:00.718 15 DEBUG neutron.wsgi [-] (15) accepted ('192.168.122.100', 53216) server /usr/lib/python3.9/site-packages/eventlet/wsgi.py:992
2025-12-06 08:07:00.720 15 INFO neutron.wsgi [-] 192.168.122.100 "GET / HTTP/1.1" status: 200 len: 233 time: 0.0016255
2025-12-06 08:07:31.405 15 DEBUG neutron.wsgi [-] (15) accepted ('192.168.122.100', 43682) server /usr/lib/python3.9/site-packages/eventlet/wsgi.py:992
2025-12-06 08:07:31.408 15 INFO neutron.wsgi [-] 192.168.122.100 "GET / HTTP/1.1" status: 200 len: 233 time: 0.0016344
2025-12-06 08:08:02.817 15 DEBUG neutron.wsgi [-] (15) accepted ('192.168.122.100', 37840) server /usr/lib/python3.9/site-packages/eventlet/wsgi.py:992
2025-12-06 08:08:02.819 15 INFO neutron.wsgi [-] 192.168.122.100 "GET / HTTP/1.1" status: 200 len: 233 time: 0.0012693
2025-12-06 08:08:11.470 23 DEBUG neutron_lib.callbacks.manager [req-9cb88a83-b41f-4ea1-8d31-c711f8056d07 - - - - -] Notify callbacks ['neutron.services.segments.db._update_segment_host_mapping_for_agent-8728746009326', 'neutron.plugins.ml2.plugin.Ml2Plugin._retry_binding_revived_agents-1717953'] for agent, after_update _notify_loop /usr/lib/python3.9/site-packages/neutron_lib/callbacks/manager.py:200
2025-12-06 08:08:11.799 21 DEBUG neutron_lib.callbacks.manager [req-5c85c15a-cedf-4c63-8b90-bd7601015afd - - - - -] Notify callbacks ['neutron.services.segments.db._update_segment_host_mapping_for_agent-8728746009326', 'neutron.plugins.ml2.plugin.Ml2Plugin._retry_binding_revived_agents-1717953'] for agent, after_update _notify_loop /usr/lib/python3.9/site-packages/neutron_lib/callbacks/manager.py:200
2025-12-06 08:08:17.517 22 DEBUG neutron_lib.callbacks.manager [req-6a0f9fe0-f704-4be2-9672-4af67beab26c - - - - -] Notify callbacks ['neutron.services.segments.db._update_segment_host_mapping_for_agent-8728746009326', 'neutron.plugins.ml2.plugin.Ml2Plugin._retry_binding_revived_agents-1717953'] for agent, after_update _notify_loop /usr/lib/python3.9/site-packages/neutron_lib/callbacks/manager.py:200
2025-12-06 08:08:33.673 17 DEBUG neutron.wsgi [-] (17) accepted ('192.168.122.100', 51038) server /usr/lib/python3.9/site-packages/eventlet/wsgi.py:992
2025-12-06 08:08:33.675 17 INFO neutron.wsgi [-] 192.168.122.100 "GET / HTTP/1.1" status: 200 len: 233 time: 0.0012476
2025-12-06 08:09:04.550 18 DEBUG neutron.wsgi [-] (18) accepted ('192.168.122.100', 42128) server /usr/lib/python3.9/site-packages/eventlet/wsgi.py:992
2025-12-06 08:09:04.552 18 INFO neutron.wsgi [-] 192.168.122.100 "GET / HTTP/1.1" status: 200 len: 233 time: 0.0012603
2025-12-06 08:09:35.596 18 DEBUG neutron.wsgi [-] (18) accepted ('192.168.122.100', 53670) server /usr/lib/python3.9/site-packages/eventlet/wsgi.py:992
2025-12-06 08:09:35.598 18 INFO neutron.wsgi [-] 192.168.122.100 "GET / HTTP/1.1" status: 200 len: 233 time: 0.0015543
2025-12-06 08:10:06.603 18 DEBUG neutron.wsgi [-] (18) accepted ('192.168.122.100', 41038) server /usr/lib/python3.9/site-packages/eventlet/wsgi.py:992
2025-12-06 08:10:06.608 18 INFO neutron.wsgi [-] 192.168.122.100 "GET / HTTP/1.1" status: 200 len: 233 time: 0.0048611
2025-12-06 08:10:08.512 24 DEBUG neutron.db.agents_db [req-296d5fb9-1e21-455d-b20a-5cf17f421ea8 - - - - -] Agent healthcheck: found 3 active agents agent_health_check /usr/lib/python3.9/site-packages/neutron/db/agents_db.py:328
2025-12-06 08:10:37.630 18 DEBUG neutron.wsgi [-] (18) accepted ('192.168.122.100', 35782) server /usr/lib/python3.9/site-packages/eventlet/wsgi.py:992
2025-12-06 08:10:37.634 18 INFO neutron.wsgi [-] 192.168.122.100 "GET / HTTP/1.1" status: 200 len: 233 time: 0.0019009
2025-12-06 08:11:08.138 17 DEBUG neutron.wsgi [-] (17) accepted ('192.168.122.100', 51844) server /usr/lib/python3.9/site-packages/eventlet/wsgi.py:992
2025-12-06 08:11:08.142 17 INFO neutron.wsgi [-] 192.168.122.100 "GET / HTTP/1.1" status: 200 len: 233 time: 0.0030174
2025-12-06 08:11:38.684 15 DEBUG neutron.wsgi [-] (15) accepted ('192.168.122.100', 34052) server /usr/lib/python3.9/site-packages/eventlet/wsgi.py:992
2025-12-06 08:11:38.686 15 INFO neutron.wsgi [-] 192.168.122.100 "GET / HTTP/1.1" status: 200 len: 233 time: 0.0012453
2025-12-06 08:12:09.648 15 DEBUG neutron.wsgi [-] (15) accepted ('192.168.122.100', 38556) server /usr/lib/python3.9/site-packages/eventlet/wsgi.py:992
2025-12-06 08:12:09.652 15 INFO neutron.wsgi [-] 192.168.122.100 "GET / HTTP/1.1" status: 200 len: 233 time: 0.0025961
2025-12-06 08:12:40.814 17 DEBUG neutron.wsgi [-] (17) accepted ('192.168.122.100', 58190) server /usr/lib/python3.9/site-packages/eventlet/wsgi.py:992
2025-12-06 08:12:40.817 17 INFO neutron.wsgi [-] 192.168.122.100 "GET / HTTP/1.1" status: 200 len: 233 time: 0.0015938
2025-12-06 08:13:11.467 20 DEBUG neutron_lib.callbacks.manager [req-1be5a596-b336-4020-8acf-3c7c2ceb5336 - - - - -] Notify callbacks ['neutron.services.segments.db._update_segment_host_mapping_for_agent-8728746009326', 'neutron.plugins.ml2.plugin.Ml2Plugin._retry_binding_revived_agents-1717953'] for agent, after_update _notify_loop /usr/lib/python3.9/site-packages/neutron_lib/callbacks/manager.py:200
2025-12-06 08:13:11.567 16 DEBUG neutron.wsgi [-] (16) accepted ('192.168.122.100', 59648) server /usr/lib/python3.9/site-packages/eventlet/wsgi.py:992
2025-12-06 08:13:11.570 16 INFO neutron.wsgi [-] 192.168.122.100 "GET / HTTP/1.1" status: 200 len: 233 time: 0.0012689
2025-12-06 08:13:11.800 19 DEBUG neutron_lib.callbacks.manager [req-c098f843-d945-47c6-8a75-3faadb506b94 - - - - -] Notify callbacks ['neutron.services.segments.db._update_segment_host_mapping_for_agent-8728746009326', 'neutron.plugins.ml2.plugin.Ml2Plugin._retry_binding_revived_agents-1717953'] for agent, after_update _notify_loop /usr/lib/python3.9/site-packages/neutron_lib/callbacks/manager.py:200
2025-12-06 08:13:17.532 23 DEBUG neutron_lib.callbacks.manager [req-6a0f9fe0-f704-4be2-9672-4af67beab26c - - - - -] Notify callbacks ['neutron.services.segments.db._update_segment_host_mapping_for_agent-8728746009326', 'neutron.plugins.ml2.plugin.Ml2Plugin._retry_binding_revived_agents-1717953'] for agent, after_update _notify_loop /usr/lib/python3.9/site-packages/neutron_lib/callbacks/manager.py:200
2025-12-06 08:13:42.031 15 DEBUG neutron.wsgi [-] (15) accepted ('192.168.122.100', 42832) server /usr/lib/python3.9/site-packages/eventlet/wsgi.py:992
2025-12-06 08:13:42.033 15 INFO neutron.wsgi [-] 192.168.122.100 "GET / HTTP/1.1" status: 200 len: 233 time: 0.0018001
2025-12-06 08:14:12.629 18 DEBUG neutron.wsgi [-] (18) accepted ('192.168.122.100', 35946) server /usr/lib/python3.9/site-packages/eventlet/wsgi.py:992
2025-12-06 08:14:12.633 18 INFO neutron.wsgi [-] 192.168.122.100 "GET / HTTP/1.1" status: 200 len: 233 time: 0.0028322
2025-12-06 08:14:43.537 18 DEBUG neutron.wsgi [-] (18) accepted ('192.168.122.100', 48592) server /usr/lib/python3.9/site-packages/eventlet/wsgi.py:992
2025-12-06 08:14:43.541 18 INFO neutron.wsgi [-] 192.168.122.100 "GET / HTTP/1.1" status: 200 len: 233 time: 0.0036848
2025-12-06 08:15:08.525 24 DEBUG neutron.db.agents_db [req-296d5fb9-1e21-455d-b20a-5cf17f421ea8 - - - - -] Agent healthcheck: found 3 active agents agent_health_check /usr/lib/python3.9/site-packages/neutron/db/agents_db.py:328
2025-12-06 08:15:14.607 18 DEBUG neutron.wsgi [-] (18) accepted ('192.168.122.100', 46364) server /usr/lib/python3.9/site-packages/eventlet/wsgi.py:992
2025-12-06 08:15:14.612 18 INFO neutron.wsgi [-] 192.168.122.100 "GET / HTTP/1.1" status: 200 len: 233 time: 0.0030990
2025-12-06 08:15:45.818 17 DEBUG neutron.wsgi [-] (17) accepted ('192.168.122.100', 38538) server /usr/lib/python3.9/site-packages/eventlet/wsgi.py:992
2025-12-06 08:15:45.822 17 INFO neutron.wsgi [-] 192.168.122.100 "GET / HTTP/1.1" status: 200 len: 233 time: 0.0019557
2025-12-06 08:16:16.530 15 DEBUG neutron.wsgi [-] (15) accepted ('192.168.122.100', 47248) server /usr/lib/python3.9/site-packages/eventlet/wsgi.py:992
2025-12-06 08:16:16.533 15 INFO neutron.wsgi [-] 192.168.122.100 "GET / HTTP/1.1" status: 200 len: 233 time: 0.0014722
2025-12-06 08:16:47.528 17 DEBUG neutron.wsgi [-] (17) accepted ('192.168.122.100', 54676) server /usr/lib/python3.9/site-packages/eventlet/wsgi.py:992
2025-12-06 08:16:47.530 17 INFO neutron.wsgi [-] 192.168.122.100 "GET / HTTP/1.1" status: 200 len: 233 time: 0.0013368
2025-12-06 08:17:18.581 18 DEBUG neutron.wsgi [-] (18) accepted ('192.168.122.100', 37546) server /usr/lib/python3.9/site-packages/eventlet/wsgi.py:992
2025-12-06 08:17:18.583 18 INFO neutron.wsgi [-] 192.168.122.100 "GET / HTTP/1.1" status: 200 len: 233 time: 0.0014863
2025-12-06 08:17:49.594 18 DEBUG neutron.wsgi [-] (18) accepted ('192.168.122.100', 56530) server /usr/lib/python3.9/site-packages/eventlet/wsgi.py:992
2025-12-06 08:17:49.597 18 INFO neutron.wsgi [-] 192.168.122.100 "GET / HTTP/1.1" status: 200 len: 233 time: 0.0014179
2025-12-06 08:18:11.464 21 DEBUG neutron_lib.callbacks.manager [req-27e28783-2d4a-41e9-a09d-a8b6dff79799 - - - - -] Notify callbacks ['neutron.services.segments.db._update_segment_host_mapping_for_agent-8728746009326', 'neutron.plugins.ml2.plugin.Ml2Plugin._retry_binding_revived_agents-1717953'] for agent, after_update _notify_loop /usr/lib/python3.9/site-packages/neutron_lib/callbacks/manager.py:200
2025-12-06 08:18:11.801 22 DEBUG neutron_lib.callbacks.manager [req-8b0a6751-174e-452a-b58f-066a5f5ab660 - - - - -] Notify callbacks ['neutron.services.segments.db._update_segment_host_mapping_for_agent-8728746009326', 'neutron.plugins.ml2.plugin.Ml2Plugin._retry_binding_revived_agents-1717953'] for agent, after_update _notify_loop /usr/lib/python3.9/site-packages/neutron_lib/callbacks/manager.py:200
2025-12-06 08:18:17.538 20 DEBUG neutron_lib.callbacks.manager [req-6a0f9fe0-f704-4be2-9672-4af67beab26c - - - - -] Notify callbacks ['neutron.services.segments.db._update_segment_host_mapping_for_agent-8728746009326', 'neutron.plugins.ml2.plugin.Ml2Plugin._retry_binding_revived_agents-1717953'] for agent, after_update _notify_loop /usr/lib/python3.9/site-packages/neutron_lib/callbacks/manager.py:200
2025-12-06 08:18:20.576 16 DEBUG neutron.wsgi [-] (16) accepted ('192.168.122.100', 57508) server /usr/lib/python3.9/site-packages/eventlet/wsgi.py:992
2025-12-06 08:18:20.578 16 INFO neutron.wsgi [-] 192.168.122.100 "GET / HTTP/1.1" status: 200 len: 233 time: 0.0016725
2025-12-06 08:18:51.802 18 DEBUG neutron.wsgi [-] (18) accepted ('192.168.122.100', 51110) server /usr/lib/python3.9/site-packages/eventlet/wsgi.py:992
2025-12-06 08:18:51.806 18 INFO neutron.wsgi [-] 192.168.122.100 "GET / HTTP/1.1" status: 200 len: 233 time: 0.0026658
2025-12-06 08:19:22.293 16 DEBUG neutron.wsgi [-] (16) accepted ('192.168.122.100', 49612) server /usr/lib/python3.9/site-packages/eventlet/wsgi.py:992
2025-12-06 08:19:22.297 16 INFO neutron.wsgi [-] 192.168.122.100 "GET / HTTP/1.1" status: 200 len: 233 time: 0.0033996
2025-12-06 08:19:53.595 16 DEBUG neutron.wsgi [-] (16) accepted ('192.168.122.100', 33904) server /usr/lib/python3.9/site-packages/eventlet/wsgi.py:992
2025-12-06 08:19:53.598 16 INFO neutron.wsgi [-] 192.168.122.100 "GET / HTTP/1.1" status: 200 len: 233 time: 0.0019879
2025-12-06 08:20:08.536 24 DEBUG neutron.db.agents_db [req-296d5fb9-1e21-455d-b20a-5cf17f421ea8 - - - - -] Agent healthcheck: found 3 active agents agent_health_check /usr/lib/python3.9/site-packages/neutron/db/agents_db.py:328
2025-12-06 08:20:24.608 17 DEBUG neutron.wsgi [-] (17) accepted ('192.168.122.100', 35306) server /usr/lib/python3.9/site-packages/eventlet/wsgi.py:992
2025-12-06 08:20:24.610 17 INFO neutron.wsgi [-] 192.168.122.100 "GET / HTTP/1.1" status: 200 len: 233 time: 0.0016665
2025-12-06 08:20:55.541 17 DEBUG neutron.wsgi [-] (17) accepted ('192.168.122.100', 41044) server /usr/lib/python3.9/site-packages/eventlet/wsgi.py:992
2025-12-06 08:20:55.545 17 INFO neutron.wsgi [-] 192.168.122.100 "GET / HTTP/1.1" status: 200 len: 233 time: 0.0030570
2025-12-06 08:21:26.600 17 DEBUG neutron.wsgi [-] (17) accepted ('192.168.122.100', 51194) server /usr/lib/python3.9/site-packages/eventlet/wsgi.py:992
2025-12-06 08:21:26.603 17 INFO neutron.wsgi [-] 192.168.122.100 "GET / HTTP/1.1" status: 200 len: 233 time: 0.0013039
2025-12-06 08:21:57.859 16 DEBUG neutron.wsgi [-] (16) accepted ('192.168.122.100', 47718) server /usr/lib/python3.9/site-packages/eventlet/wsgi.py:992
2025-12-06 08:21:57.862 16 INFO neutron.wsgi [-] 192.168.122.100 "GET / HTTP/1.1" status: 200 len: 233 time: 0.0017669
2025-12-06 08:22:28.670 15 DEBUG neutron.wsgi [-] (15) accepted ('192.168.122.100', 34484) server /usr/lib/python3.9/site-packages/eventlet/wsgi.py:992
2025-12-06 08:22:28.673 15 INFO neutron.wsgi [-] 192.168.122.100 "GET / HTTP/1.1" status: 200 len: 233 time: 0.0017428
