Dec 6 08:44:45 np0005548787 account-server[122247]: 172.20.0.105 - - [06/Dec/2025:08:44:45 +0000] "PUT /d1/82/AUTH_660705fe1cbe4111b6f2c99ce8d05c8c/gnocchi.1975c3b1-45b1-4cc9-90a6-04134fe65bd6" 201 - "PUT http://172.20.0.105:6001/d1/784/AUTH_660705fe1cbe4111b6f2c99ce8d05c8c/gnocchi.1975c3b1-45b1-4cc9-90a6-04134fe65bd6" "txbc345cbc50ea44f0b845d-006933ecfd" "container-server 16" 0.0045 "-" 16 0
Dec 6 08:44:45 np0005548787 container-server[122322]: 172.20.0.105 - - [06/Dec/2025:08:44:45 +0000] "PUT /d1/784/AUTH_660705fe1cbe4111b6f2c99ce8d05c8c/gnocchi.1975c3b1-45b1-4cc9-90a6-04134fe65bd6" 201 - "PUT http://172.18.0.250:8080/v1/AUTH_660705fe1cbe4111b6f2c99ce8d05c8c/gnocchi.1975c3b1-45b1-4cc9-90a6-04134fe65bd6" "txbc345cbc50ea44f0b845d-006933ecfd" "proxy-server 20" 0.0171 "-" 16 0
Dec 6 08:44:45 np0005548787 proxy-server[124089]: 172.18.0.105 172.18.0.104 06/Dec/2025/08/44/45 PUT /v1/AUTH_660705fe1cbe4111b6f2c99ce8d05c8c/gnocchi.1975c3b1-45b1-4cc9-90a6-04134fe65bd6 HTTP/1.0 201 - python-swiftclient-3.11.1 gAAAAABpM-yzR85B... - - - txbc345cbc50ea44f0b845d-006933ecfd - 0.0376 - - 1765010685.135532141 1765010685.173133373 0
Dec 6 08:44:45 np0005548787 container-server[122311]: 172.20.0.103 - - [06/Dec/2025:08:44:45 +0000] "HEAD /d1/784/AUTH_660705fe1cbe4111b6f2c99ce8d05c8c/gnocchi.1975c3b1-45b1-4cc9-90a6-04134fe65bd6" 204 - "HEAD http://172.18.0.250:8080/v1/AUTH_660705fe1cbe4111b6f2c99ce8d05c8c/gnocchi.1975c3b1-45b1-4cc9-90a6-04134fe65bd6?format=json&states=listing" "tx6c570515f0b44766a3c35-006933ecfd" "proxy-server 20" 0.0021 "-" 15 0
Dec 6 08:44:45 np0005548787 object-server[122740]: 172.20.0.104 - - [06/Dec/2025:08:44:45 +0000] "GET /d1/819/AUTH_660705fe1cbe4111b6f2c99ce8d05c8c/gnocchi.3c7b8eb2-8b7c-4889-bf9c-9327d8f68525/1764720000.0_mean_300.0_v3" 404 70 "GET http://172.18.0.250:8080/v1/AUTH_660705fe1cbe4111b6f2c99ce8d05c8c/gnocchi.3c7b8eb2-8b7c-4889-bf9c-9327d8f68525/1764720000.0_mean_300.0_v3" "tx167052d592074cfc9c216-006933ecfd" "proxy-server 20" 0.0006 "-" 25 0
Dec 6 08:44:45 np0005548787 container-server[122328]: 172.20.0.105 - - [06/Dec/2025:08:44:45 +0000] "PUT /d1/856/AUTH_660705fe1cbe4111b6f2c99ce8d05c8c/gnocchi.3c7b8eb2-8b7c-4889-bf9c-9327d8f68525/1764720000.0_mean_300.0_v3" 201 - "PUT http://172.18.0.250:8080/d1/819/AUTH_660705fe1cbe4111b6f2c99ce8d05c8c/gnocchi.3c7b8eb2-8b7c-4889-bf9c-9327d8f68525/1764720000.0_mean_300.0_v3" "tx247335441bc9425f82d7a-006933ecfd" "object-server 22" 0.0006 "-" 17 0
Dec 6 08:44:45 np0005548787 object-server[122728]: 172.20.0.105 - - [06/Dec/2025:08:44:45 +0000] "PUT /d1/819/AUTH_660705fe1cbe4111b6f2c99ce8d05c8c/gnocchi.3c7b8eb2-8b7c-4889-bf9c-9327d8f68525/1764720000.0_mean_300.0_v3" 201 - "PUT http://172.18.0.250:8080/v1/AUTH_660705fe1cbe4111b6f2c99ce8d05c8c/gnocchi.3c7b8eb2-8b7c-4889-bf9c-9327d8f68525/1764720000.0_mean_300.0_v3" "tx247335441bc9425f82d7a-006933ecfd" "proxy-server 20" 0.0147 "-" 22 0
Dec 6 08:44:45 np0005548787 proxy-server[124089]: 172.18.0.250 172.18.0.104 06/Dec/2025/08/44/45 PUT /v1/AUTH_660705fe1cbe4111b6f2c99ce8d05c8c/gnocchi.3c7b8eb2-8b7c-4889-bf9c-9327d8f68525/1764720000.0_mean_300.0_v3 HTTP/1.0 201 - python-swiftclient-3.11.1 gAAAAABpM-z074rw... 16 - - tx247335441bc9425f82d7a-006933ecfd - 0.0259 - - 1765010685.195403099 1765010685.221295595 0
Dec 6 08:44:45 np0005548787 object-server[122734]: 172.20.0.104 - - [06/Dec/2025:08:44:45 +0000] "GET /d1/209/AUTH_660705fe1cbe4111b6f2c99ce8d05c8c/gnocchi.1975c3b1-45b1-4cc9-90a6-04134fe65bd6/1764720000.0_mean_300.0_v3" 404 70 "GET http://172.18.0.250:8080/v1/AUTH_660705fe1cbe4111b6f2c99ce8d05c8c/gnocchi.1975c3b1-45b1-4cc9-90a6-04134fe65bd6/1764720000.0_mean_300.0_v3" "txe67ac55bf2984aacb96d2-006933ecfd" "proxy-server 20" 0.0006 "-" 23 0
Dec 6 08:44:45 np0005548787 container-server[122322]: 172.20.0.104 - - [06/Dec/2025:08:44:45 +0000] "PUT /d1/856/AUTH_660705fe1cbe4111b6f2c99ce8d05c8c/gnocchi.3c7b8eb2-8b7c-4889-bf9c-9327d8f68525/none_v3" 201 - "PUT http://172.18.0.250:8080/d1/120/AUTH_660705fe1cbe4111b6f2c99ce8d05c8c/gnocchi.3c7b8eb2-8b7c-4889-bf9c-9327d8f68525/none_v3" "txfd016528d22b4da6b2804-006933ecfd" "object-server 24" 0.0008 "-" 16 0
Dec 6 08:44:45 np0005548787 object-server[122739]: 172.20.0.105 - - [06/Dec/2025:08:44:45 +0000] "PUT /d1/120/AUTH_660705fe1cbe4111b6f2c99ce8d05c8c/gnocchi.3c7b8eb2-8b7c-4889-bf9c-9327d8f68525/none_v3" 201 - "PUT http://172.18.0.250:8080/v1/AUTH_660705fe1cbe4111b6f2c99ce8d05c8c/gnocchi.3c7b8eb2-8b7c-4889-bf9c-9327d8f68525/none_v3" "txfd016528d22b4da6b2804-006933ecfd" "proxy-server 20" 0.0140 "-" 24 0
Dec 6 08:44:45 np0005548787 proxy-server[124089]: 172.18.0.250 172.18.0.104 06/Dec/2025/08/44/45 PUT /v1/AUTH_660705fe1cbe4111b6f2c99ce8d05c8c/gnocchi.3c7b8eb2-8b7c-4889-bf9c-9327d8f68525/none_v3 HTTP/1.0 201 - python-swiftclient-3.11.1 gAAAAABpM-z074rw... 22 - - txfd016528d22b4da6b2804-006933ecfd - 0.0265 - - 1765010685.224869013 1765010685.251366615 0
Dec 6 08:44:45 np0005548787 container-server[122297]: 172.20.0.103 - - [06/Dec/2025:08:44:45 +0000] "PUT /d1/784/AUTH_660705fe1cbe4111b6f2c99ce8d05c8c/gnocchi.1975c3b1-45b1-4cc9-90a6-04134fe65bd6/1764720000.0_mean_300.0_v3" 201 - "PUT http://172.18.0.250:8080/d1/209/AUTH_660705fe1cbe4111b6f2c99ce8d05c8c/gnocchi.1975c3b1-45b1-4cc9-90a6-04134fe65bd6/1764720000.0_mean_300.0_v3" "tx58d579546cc0476abfb2f-006933ecfd" "object-server 23" 0.0005 "-" 14 0
Dec 6 08:44:45 np0005548787 container-server[122311]: 172.20.0.103 - - [06/Dec/2025:08:44:45 +0000] "HEAD /d1/811/AUTH_660705fe1cbe4111b6f2c99ce8d05c8c/gnocchi.5a437d94-0872-42a7-af65-4e20fd031f7d" 404 - "HEAD http://172.18.0.250:8080/v1/AUTH_660705fe1cbe4111b6f2c99ce8d05c8c/gnocchi.5a437d94-0872-42a7-af65-4e20fd031f7d?format=json&states=listing" "txc82d853f124d4a628abe8-006933ecfd" "proxy-server 20" 0.0006 "-" 15 0
Dec 6 08:44:45 np0005548787 object-server[122740]: 172.20.0.104 - - [06/Dec/2025:08:44:45 +0000] "PUT /d1/209/AUTH_660705fe1cbe4111b6f2c99ce8d05c8c/gnocchi.1975c3b1-45b1-4cc9-90a6-04134fe65bd6/1764720000.0_mean_300.0_v3" 201 - "PUT http://172.18.0.250:8080/v1/AUTH_660705fe1cbe4111b6f2c99ce8d05c8c/gnocchi.1975c3b1-45b1-4cc9-90a6-04134fe65bd6/1764720000.0_mean_300.0_v3" "tx58d579546cc0476abfb2f-006933ecfd" "proxy-server 20" 0.0146 "-" 25 0
Dec 6 08:44:45 np0005548787 object-server[122740]: 172.20.0.103 - - [06/Dec/2025:08:44:45 +0000] "GET /d1/532/AUTH_660705fe1cbe4111b6f2c99ce8d05c8c/gnocchi.5a437d94-0872-42a7-af65-4e20fd031f7d/none_v3" 404 70 "GET http://172.18.0.250:8080/v1/AUTH_660705fe1cbe4111b6f2c99ce8d05c8c/gnocchi.5a437d94-0872-42a7-af65-4e20fd031f7d/none_v3" "txc82d853f124d4a628abe8-006933ecfd" "proxy-server 20" 0.0004 "-" 25 0
Dec 6 08:44:45 np0005548787 container-server[122328]: 172.20.0.104 - - [06/Dec/2025:08:44:45 +0000] "PUT /d1/784/AUTH_660705fe1cbe4111b6f2c99ce8d05c8c/gnocchi.1975c3b1-45b1-4cc9-90a6-04134fe65bd6/none_v3" 201 - "PUT http://172.18.0.250:8080/d1/970/AUTH_660705fe1cbe4111b6f2c99ce8d05c8c/gnocchi.1975c3b1-45b1-4cc9-90a6-04134fe65bd6/none_v3" "tx65011a9c9e6847c3ab694-006933ecfd" "object-server 22" 0.0005 "-" 17 0
Dec 6 08:44:45 np0005548787 object-server[122728]: 172.20.0.105 - - [06/Dec/2025:08:44:45 +0000] "PUT /d1/970/AUTH_660705fe1cbe4111b6f2c99ce8d05c8c/gnocchi.1975c3b1-45b1-4cc9-90a6-04134fe65bd6/none_v3" 201 - "PUT http://172.18.0.250:8080/v1/AUTH_660705fe1cbe4111b6f2c99ce8d05c8c/gnocchi.1975c3b1-45b1-4cc9-90a6-04134fe65bd6/none_v3" "tx65011a9c9e6847c3ab694-006933ecfd" "proxy-server 20" 0.0136 "-" 22 0
Dec 6 08:44:45 np0005548787 proxy-server[124089]: 172.18.0.105 172.18.0.104 06/Dec/2025/08/44/45 PUT /v1/AUTH_660705fe1cbe4111b6f2c99ce8d05c8c/gnocchi.1975c3b1-45b1-4cc9-90a6-04134fe65bd6/none_v3 HTTP/1.0 201 - python-swiftclient-3.11.1 gAAAAABpM-yzR85B... 22 - - tx65011a9c9e6847c3ab694-006933ecfd - 0.0238 - - 1765010685.304011583 1765010685.327857733 0
Dec 6 08:44:45 np0005548787 account-server[122255]: 172.20.0.104 - - [06/Dec/2025:08:44:45 +0000] "PUT /d1/82/AUTH_660705fe1cbe4111b6f2c99ce8d05c8c/gnocchi.5a437d94-0872-42a7-af65-4e20fd031f7d" 201 - "PUT http://172.20.0.104:6001/d1/811/AUTH_660705fe1cbe4111b6f2c99ce8d05c8c/gnocchi.5a437d94-0872-42a7-af65-4e20fd031f7d" "tx50403ddb21df4dab8b577-006933ecfd" "container-server 20" 0.0068 "-" 17 0
Dec 6 08:44:45 np0005548787 container-server[122297]: 172.20.0.104 - - [06/Dec/2025:08:44:45 +0000] "PUT /d1/811/AUTH_660705fe1cbe4111b6f2c99ce8d05c8c/gnocchi.5a437d94-0872-42a7-af65-4e20fd031f7d" 201 - "PUT http://172.18.0.250:8080/v1/AUTH_660705fe1cbe4111b6f2c99ce8d05c8c/gnocchi.5a437d94-0872-42a7-af65-4e20fd031f7d" "tx50403ddb21df4dab8b577-006933ecfd" "proxy-server 20" 0.0187 "-" 14 0
Dec 6 08:44:45 np0005548787 container-server[122322]: 172.20.0.103 - - [06/Dec/2025:08:44:45 +0000] "GET /d1/811/AUTH_660705fe1cbe4111b6f2c99ce8d05c8c/gnocchi.5a437d94-0872-42a7-af65-4e20fd031f7d" 200 2 "GET http://172.18.0.250:8080/v1/AUTH_660705fe1cbe4111b6f2c99ce8d05c8c/gnocchi.5a437d94-0872-42a7-af65-4e20fd031f7d?format=json&states=listing" "txacf4abf7cbf44bb9a85aa-006933ecfd" "proxy-server 20" 0.0034 "-" 16 0
Dec 6 08:44:45 np0005548787 object-server[122740]: 172.20.0.105 - - [06/Dec/2025:08:44:45 +0000] "GET /d1/789/AUTH_660705fe1cbe4111b6f2c99ce8d05c8c/gnocchi.5a437d94-0872-42a7-af65-4e20fd031f7d/1764720000.0_mean_300.0_v3" 404 70 "GET http://172.18.0.250:8080/v1/AUTH_660705fe1cbe4111b6f2c99ce8d05c8c/gnocchi.5a437d94-0872-42a7-af65-4e20fd031f7d/1764720000.0_mean_300.0_v3" "tx32f997925d1f48f7b3764-006933ecfd" "proxy-server 20" 0.0007 "-" 25 0
Dec 6 08:44:45 np0005548787 proxy-server[124089]: 172.18.0.103 172.18.0.104 06/Dec/2025/08/44/45 GET /v1/AUTH_660705fe1cbe4111b6f2c99ce8d05c8c/gnocchi.5a437d94-0872-42a7-af65-4e20fd031f7d/1764720000.0_mean_300.0_v3 HTTP/1.0 404 - python-swiftclient-3.11.1 gAAAAABpM-z9-YGG... - 70 - tx32f997925d1f48f7b3764-006933ecfd - 0.0219 - - 1765010685.396649122 1765010685.418505430 0
Dec 6 08:44:45 np0005548787 container-server[122311]: 172.20.0.104 - - [06/Dec/2025:08:44:45 +0000] "PUT /d1/811/AUTH_660705fe1cbe4111b6f2c99ce8d05c8c/gnocchi.5a437d94-0872-42a7-af65-4e20fd031f7d/1764720000.0_mean_300.0_v3" 201 - "PUT http://172.18.0.250:8080/d1/789/AUTH_660705fe1cbe4111b6f2c99ce8d05c8c/gnocchi.5a437d94-0872-42a7-af65-4e20fd031f7d/1764720000.0_mean_300.0_v3" "tx68e10d2c570f4b5a8f7fb-006933ecfd" "object-server 25" 0.0008 "-" 15 0
Dec 6 08:44:45 np0005548787 object-server[122739]: 172.20.0.104 - - [06/Dec/2025:08:44:45 +0000] "PUT /d1/789/AUTH_660705fe1cbe4111b6f2c99ce8d05c8c/gnocchi.5a437d94-0872-42a7-af65-4e20fd031f7d/1764720000.0_mean_300.0_v3" 201 - "PUT http://172.18.0.250:8080/v1/AUTH_660705fe1cbe4111b6f2c99ce8d05c8c/gnocchi.5a437d94-0872-42a7-af65-4e20fd031f7d/1764720000.0_mean_300.0_v3" "tx68e10d2c570f4b5a8f7fb-006933ecfd" "proxy-server 20" 0.0170 "-" 24 0
Dec 6 08:44:45 np0005548787 object-server[122728]: 172.20.0.103 - - [06/Dec/2025:08:44:45 +0000] "PUT /d1/532/AUTH_660705fe1cbe4111b6f2c99ce8d05c8c/gnocchi.5a437d94-0872-42a7-af65-4e20fd031f7d/none_v3" 201 - "PUT http://172.18.0.250:8080/v1/AUTH_660705fe1cbe4111b6f2c99ce8d05c8c/gnocchi.5a437d94-0872-42a7-af65-4e20fd031f7d/none_v3" "tx577d41c8cdec4f55b2baa-006933ecfd" "proxy-server 20" 0.0106 "-" 22 0
Dec 6 08:44:45 np0005548787 container-server[122297]: 172.20.0.103 - - [06/Dec/2025:08:44:45 +0000] "PUT /d1/811/AUTH_660705fe1cbe4111b6f2c99ce8d05c8c/gnocchi.5a437d94-0872-42a7-af65-4e20fd031f7d/none_v3" 201 - "PUT http://172.18.0.250:8080/d1/532/AUTH_660705fe1cbe4111b6f2c99ce8d05c8c/gnocchi.5a437d94-0872-42a7-af65-4e20fd031f7d/none_v3" "tx577d41c8cdec4f55b2baa-006933ecfd" "object-server 24" 0.0005 "-" 14 0
Dec 6 08:44:49 np0005548787 container-server[122005]: Beginning replication run
Dec 6 08:44:50 np0005548787 container-server[122005]: Replication run OVER
Dec 6 08:44:50 np0005548787 container-server[122005]: Attempted to replicate 8 dbs in 0.22158 seconds (36.10448/s)
Dec 6 08:44:50 np0005548787 container-server[122005]: Removed 0 dbs
Dec 6 08:44:50 np0005548787 container-server[122005]: 16 successes, 0 failures
Dec 6 08:44:50 np0005548787 container-server[122005]: diff:0 diff_capped:0 empty:0 hashmatch:0 no_change:16 remote_merge:0 rsync:0 ts_repl:0
Dec 6 08:45:02 np0005548787 object-server[122396]: Starting object replication pass.
Dec 6 08:45:02 np0005548787 object-server[122396]: 16/16 (100.00%) partitions replicated in 0.16s (101.41/sec, 0s remaining)
Dec 6 08:45:02 np0005548787 object-server[122396]: 32 successes, 0 failures
Dec 6 08:45:02 np0005548787 object-server[122396]: 16 suffixes checked - 0.00% hashed, 0.00% synced
Dec 6 08:45:02 np0005548787 object-server[122396]: Partition times: max 0.0184s, min 0.0075s, med 0.0089s
Dec 6 08:45:02 np0005548787 object-server[122396]: Object replication complete. (0.00 minutes)
Dec 6 08:45:04 np0005548787 object-server[220395]: Begin object audit "forever" mode (ZBF)
Dec 6 08:45:04 np0005548787 object-server[220395]: Object audit (ZBF). Since Sat Dec 6 08:45:04 2025: Locally: 1 passed, 0 quarantined, 0 errors, files/sec: 972.25, bytes/sec: 0.00, Total time: 0.00, Auditing time: 0.00, Rate: 0.00
Dec 6 08:45:04 np0005548787 object-server[220396]: Begin object audit "forever" mode (ALL)
Dec 6 08:45:04 np0005548787 object-server[220396]: Object audit (ALL). Since Sat Dec 6 08:45:04 2025: Locally: 1 passed, 0 quarantined, 0 errors, files/sec: 116.66, bytes/sec: 1866.57, Total time: 0.01, Auditing time: 0.00, Rate: 0.00
Dec 6 08:45:04 np0005548787 object-server[220395]: Object audit (ZBF) "forever" mode completed: 0.28s. Total quarantined: 0, Total errors: 0, Total files/sec: 56.62, Total bytes/sec: 0.00, Auditing time: 0.28, Rate: 0.98
Dec 6 08:45:05 np0005548787 object-server[220396]: Object audit (ALL) "forever" mode completed: 0.71s. Total quarantined: 0, Total errors: 0, Total files/sec: 22.52, Total bytes/sec: 441.92, Auditing time: 0.70, Rate: 0.99
Dec 6 08:45:08 np0005548787 account-server[121741]: Beginning replication run
Dec 6 08:45:08 np0005548787 account-server[121741]: Replication run OVER
Dec 6 08:45:08 np0005548787 account-server[121741]: Attempted to replicate 1 dbs in 0.03332 seconds (30.01282/s)
Dec 6 08:45:08 np0005548787 account-server[121741]: Removed 0 dbs
Dec 6 08:45:08 np0005548787 account-server[121741]: 2 successes, 0 failures
Dec 6 08:45:08 np0005548787 account-server[121741]: diff:0 diff_capped:0 empty:0 hashmatch:0 no_change:2 remote_merge:0 rsync:0 ts_repl:0
Dec 6 08:45:19 np0005548787 container-server[122005]: Beginning replication run
Dec 6 08:45:19 np0005548787 container-server[122005]: Replication run OVER
Dec 6 08:45:19 np0005548787 container-server[122005]: Attempted to replicate 8 dbs in 0.16015 seconds (49.95379/s)
Dec 6 08:45:19 np0005548787 container-server[122005]: Removed 0 dbs
Dec 6 08:45:19 np0005548787 container-server[122005]: 16 successes, 0 failures
Dec 6 08:45:19 np0005548787 container-server[122005]: diff:0 diff_capped:0 empty:0 hashmatch:0 no_change:16 remote_merge:0 rsync:0 ts_repl:0
Dec 6 08:45:26 np0005548787 account-server[122233]: 172.20.0.104 - - [06/Dec/2025:08:45:26 +0000] "HEAD /d1/291/.expiring_objects" 404 - "HEAD http://localhost/v1/.expiring_objects?format=json" "tx10c52644a16e49b6a6ce4-006933ed26" "proxy-server 2" 0.0010 "-" 14 -
Dec 6 08:45:32 np0005548787 object-server[122396]: Starting object replication pass.
Dec 6 08:45:32 np0005548787 object-server[122396]: 16/16 (100.00%) partitions replicated in 0.15s (103.95/sec, 0s remaining)
Dec 6 08:45:32 np0005548787 object-server[122396]: 32 successes, 0 failures
Dec 6 08:45:32 np0005548787 object-server[122396]: 16 suffixes checked - 0.00% hashed, 0.00% synced
Dec 6 08:45:32 np0005548787 object-server[122396]: Partition times: max 0.0173s, min 0.0074s, med 0.0082s
Dec 6 08:45:32 np0005548787 object-server[122396]: Object replication complete. (0.00 minutes)
Dec 6 08:45:34 np0005548787 container-server[122311]: 172.20.0.105 - - [06/Dec/2025:08:45:34 +0000] "HEAD /d1/204/AUTH_660705fe1cbe4111b6f2c99ce8d05c8c/gnocchi.c27f151d-b566-42b1-87d3-0b18db94ea98" 404 - "HEAD http://172.18.0.250:8080/v1/AUTH_660705fe1cbe4111b6f2c99ce8d05c8c/gnocchi.c27f151d-b566-42b1-87d3-0b18db94ea98?format=json&states=listing" "txc0ea6b498cdb4269b6742-006933ed2e" "proxy-server 20" 0.0009 "-" 15 0
Dec 6 08:45:34 np0005548787 container-server[122297]: 172.20.0.104 - - [06/Dec/2025:08:45:34 +0000] "HEAD /d1/354/AUTH_660705fe1cbe4111b6f2c99ce8d05c8c/gnocchi.d0a4d190-ab44-486b-987d-81332aae16dd" 404 - "HEAD http://172.18.0.250:8080/v1/AUTH_660705fe1cbe4111b6f2c99ce8d05c8c/gnocchi.d0a4d190-ab44-486b-987d-81332aae16dd?format=json&states=listing" "tx9a672663f04e42d49262a-006933ed2e" "proxy-server 20" 0.0006 "-" 14 0
Dec 6 08:45:34 np0005548787 object-server[122739]: 172.20.0.105 - - [06/Dec/2025:08:45:34 +0000] "GET /d1/548/AUTH_660705fe1cbe4111b6f2c99ce8d05c8c/gnocchi.c27f151d-b566-42b1-87d3-0b18db94ea98/none_v3" 404 70 "GET http://172.18.0.250:8080/v1/AUTH_660705fe1cbe4111b6f2c99ce8d05c8c/gnocchi.c27f151d-b566-42b1-87d3-0b18db94ea98/none_v3" "txc0ea6b498cdb4269b6742-006933ed2e" "proxy-server 20" 0.0007 "-" 24 0
Dec 6 08:45:34 np0005548787 proxy-server[124089]: 172.18.0.105 172.18.0.104 06/Dec/2025/08/45/34 GET /v1/AUTH_660705fe1cbe4111b6f2c99ce8d05c8c/gnocchi.c27f151d-b566-42b1-87d3-0b18db94ea98/none_v3 HTTP/1.0 404 - python-swiftclient-3.11.1 gAAAAABpM-yzR85B... - 70 - txc0ea6b498cdb4269b6742-006933ed2e - 0.0454 - - 1765010734.703191280 1765010734.748575687 0
Dec 6 08:45:34 np0005548787 container-server[122311]: 172.20.0.103 - - [06/Dec/2025:08:45:34 +0000] "HEAD /d1/904/AUTH_660705fe1cbe4111b6f2c99ce8d05c8c/gnocchi.a1d54ab1-7b7b-4634-866b-4c1cdbc1eb0c" 404 - "HEAD http://172.18.0.250:8080/v1/AUTH_660705fe1cbe4111b6f2c99ce8d05c8c/gnocchi.a1d54ab1-7b7b-4634-866b-4c1cdbc1eb0c?format=json&states=listing" "tx257d523f1fbf4d278d29c-006933ed2e" "proxy-server 20" 0.0006 "-" 15 0
Dec 6 08:45:34 np0005548787 object-server[122734]: 172.20.0.103 - - [06/Dec/2025:08:45:34 +0000] "GET /d1/510/AUTH_660705fe1cbe4111b6f2c99ce8d05c8c/gnocchi.a1d54ab1-7b7b-4634-866b-4c1cdbc1eb0c/none_v3" 404 70 "GET http://172.18.0.250:8080/v1/AUTH_660705fe1cbe4111b6f2c99ce8d05c8c/gnocchi.a1d54ab1-7b7b-4634-866b-4c1cdbc1eb0c/none_v3" "tx257d523f1fbf4d278d29c-006933ed2e" "proxy-server 20" 0.0005 "-" 23 0
Dec 6 08:45:34 np0005548787 object-server[122740]: 172.20.0.104 - - [06/Dec/2025:08:45:34 +0000] "GET /d1/995/AUTH_660705fe1cbe4111b6f2c99ce8d05c8c/gnocchi.d0a4d190-ab44-486b-987d-81332aae16dd/none_v3" 404 70 "GET http://172.18.0.250:8080/v1/AUTH_660705fe1cbe4111b6f2c99ce8d05c8c/gnocchi.d0a4d190-ab44-486b-987d-81332aae16dd/none_v3" "tx9a672663f04e42d49262a-006933ed2e" "proxy-server 20" 0.0003 "-" 25 0
Dec 6 08:45:34 np0005548787 container-server[122322]: 172.20.0.105 - - [06/Dec/2025:08:45:34 +0000] "PUT /d1/204/AUTH_660705fe1cbe4111b6f2c99ce8d05c8c/gnocchi.c27f151d-b566-42b1-87d3-0b18db94ea98" 201 - "PUT http://172.18.0.250:8080/v1/AUTH_660705fe1cbe4111b6f2c99ce8d05c8c/gnocchi.c27f151d-b566-42b1-87d3-0b18db94ea98" "txda0ef4ca6e224e2f97ad0-006933ed2e" "proxy-server 20" 0.0193 "-" 16 0
Dec 6 08:45:34 np0005548787 account-server[122247]: 172.20.0.103 - - [06/Dec/2025:08:45:34 +0000] "PUT /d1/82/AUTH_660705fe1cbe4111b6f2c99ce8d05c8c/gnocchi.c27f151d-b566-42b1-87d3-0b18db94ea98" 201 - "PUT http://172.20.0.103:6001/d1/204/AUTH_660705fe1cbe4111b6f2c99ce8d05c8c/gnocchi.c27f151d-b566-42b1-87d3-0b18db94ea98" "txda0ef4ca6e224e2f97ad0-006933ed2e" "container-server 23" 0.0017 "-" 16 0
Dec 6 08:45:34 np0005548787 proxy-server[124089]: 172.18.0.105 172.18.0.104 06/Dec/2025/08/45/34 PUT /v1/AUTH_660705fe1cbe4111b6f2c99ce8d05c8c/gnocchi.c27f151d-b566-42b1-87d3-0b18db94ea98 HTTP/1.0 201 - python-swiftclient-3.11.1 gAAAAABpM-yzR85B... - - - txda0ef4ca6e224e2f97ad0-006933ed2e - 0.0425 - - 1765010734.757951260 1765010734.800469398 0
Dec 6 08:45:34 np0005548787 account-server[122245]: 172.20.0.105 - - [06/Dec/2025:08:45:34 +0000] "PUT /d1/82/AUTH_660705fe1cbe4111b6f2c99ce8d05c8c/gnocchi.d0a4d190-ab44-486b-987d-81332aae16dd" 201 - "PUT http://172.20.0.105:6001/d1/354/AUTH_660705fe1cbe4111b6f2c99ce8d05c8c/gnocchi.d0a4d190-ab44-486b-987d-81332aae16dd" "tx9f1d047f08a74727bd3f0-006933ed2e" "container-server 16" 0.0051 "-" 15 0
Dec 6 08:45:34 np0005548787 container-server[122322]: 172.20.0.104 - - [06/Dec/2025:08:45:34 +0000] "PUT /d1/354/AUTH_660705fe1cbe4111b6f2c99ce8d05c8c/gnocchi.d0a4d190-ab44-486b-987d-81332aae16dd" 201 - "PUT http://172.18.0.250:8080/v1/AUTH_660705fe1cbe4111b6f2c99ce8d05c8c/gnocchi.d0a4d190-ab44-486b-987d-81332aae16dd" "tx9f1d047f08a74727bd3f0-006933ed2e" "proxy-server 20" 0.0152 "-" 16 0
Dec 6 08:45:34 np0005548787 proxy-server[124089]: - - 06/Dec/2025/08/45/34 HEAD /v1/AUTH_660705fe1cbe4111b6f2c99ce8d05c8c/gnocchi.c27f151d-b566-42b1-87d3-0b18db94ea98%3Fformat%3Djson%26states%3Dlisting HTTP/1.0 204 - Swift - - - - tx598cfc237bd0461885c1b-006933ed2e - 0.0134 RL - 1765010734.812483549 1765010734.825932741 0
Dec 6 08:45:34 np0005548787 account-server[122245]: 172.20.0.105 - - [06/Dec/2025:08:45:34 +0000] "PUT /d1/82/AUTH_660705fe1cbe4111b6f2c99ce8d05c8c/gnocchi.a1d54ab1-7b7b-4634-866b-4c1cdbc1eb0c" 201 - "PUT http://172.20.0.105:6001/d1/904/AUTH_660705fe1cbe4111b6f2c99ce8d05c8c/gnocchi.a1d54ab1-7b7b-4634-866b-4c1cdbc1eb0c" "tx771177cb413040b189443-006933ed2e" "container-server 16" 0.0054 "-" 15 0
Dec 6 08:45:34 np0005548787 container-server[122322]: 172.20.0.103 - - [06/Dec/2025:08:45:34 +0000] "PUT /d1/904/AUTH_660705fe1cbe4111b6f2c99ce8d05c8c/gnocchi.a1d54ab1-7b7b-4634-866b-4c1cdbc1eb0c" 201 - "PUT http://172.18.0.250:8080/v1/AUTH_660705fe1cbe4111b6f2c99ce8d05c8c/gnocchi.a1d54ab1-7b7b-4634-866b-4c1cdbc1eb0c" "tx771177cb413040b189443-006933ed2e" "proxy-server 20" 0.0175 "-" 16 0
Dec 6 08:45:34 np0005548787 container-server[122297]: 172.20.0.105 - - [06/Dec/2025:08:45:34 +0000] "GET /d1/204/AUTH_660705fe1cbe4111b6f2c99ce8d05c8c/gnocchi.c27f151d-b566-42b1-87d3-0b18db94ea98" 200 2 "GET http://172.18.0.250:8080/v1/AUTH_660705fe1cbe4111b6f2c99ce8d05c8c/gnocchi.c27f151d-b566-42b1-87d3-0b18db94ea98?format=json&states=listing" "tx598cfc237bd0461885c1b-006933ed2e" "proxy-server 20" 0.0035 "-" 14 0
Dec 6 08:45:34 np0005548787 object-server[220426]: Begin object audit "forever" mode (ZBF)
Dec 6 08:45:34 np0005548787 container-server[122311]: 172.20.0.104 - - [06/Dec/2025:08:45:34 +0000] "HEAD /d1/354/AUTH_660705fe1cbe4111b6f2c99ce8d05c8c/gnocchi.d0a4d190-ab44-486b-987d-81332aae16dd" 204 - "HEAD http://172.18.0.250:8080/v1/AUTH_660705fe1cbe4111b6f2c99ce8d05c8c/gnocchi.d0a4d190-ab44-486b-987d-81332aae16dd?format=json&states=listing" "tx1cdbc3227e114b6788e0a-006933ed2e" "proxy-server 20" 0.0030 "-" 15 0
Dec 6 08:45:34 np0005548787 object-server[220426]: Object audit (ZBF). Since Sat Dec 6 08:45:34 2025: Locally: 1 passed, 0 quarantined, 0 errors, files/sec: 667.67, bytes/sec: 0.00, Total time: 0.00, Auditing time: 0.00, Rate: 0.00
Dec 6 08:45:34 np0005548787 proxy-server[124089]: 172.18.0.105 172.18.0.104 06/Dec/2025/08/45/34 GET /v1/AUTH_660705fe1cbe4111b6f2c99ce8d05c8c/gnocchi.c27f151d-b566-42b1-87d3-0b18db94ea98%3Fformat%3Djson%26states%3Dlisting HTTP/1.0 200 - python-swiftclient-3.11.1 gAAAAABpM-yzR85B... - 2 - tx598cfc237bd0461885c1b-006933ed2e - 0.0338 - - 1765010734.808167934 1765010734.841955900 0
Dec 6 08:45:34 np0005548787 container-server[122311]: 172.20.0.104 - - [06/Dec/2025:08:45:34 +0000] "GET /d1/354/AUTH_660705fe1cbe4111b6f2c99ce8d05c8c/gnocchi.d0a4d190-ab44-486b-987d-81332aae16dd" 200 2 "GET http://172.18.0.250:8080/v1/AUTH_660705fe1cbe4111b6f2c99ce8d05c8c/gnocchi.d0a4d190-ab44-486b-987d-81332aae16dd?format=json&states=listing" "tx1cdbc3227e114b6788e0a-006933ed2e" "proxy-server 20" 0.0046 "-" 15 0
Dec 6 08:45:34 np0005548787 object-server[122728]: 172.20.0.105 - - [06/Dec/2025:08:45:34 +0000] "GET /d1/384/AUTH_660705fe1cbe4111b6f2c99ce8d05c8c/gnocchi.c27f151d-b566-42b1-87d3-0b18db94ea98/1764720000.0_mean_300.0_v3" 404 70 "GET http://172.18.0.250:8080/v1/AUTH_660705fe1cbe4111b6f2c99ce8d05c8c/gnocchi.c27f151d-b566-42b1-87d3-0b18db94ea98/1764720000.0_mean_300.0_v3" "tx4191325c1d4041c180349-006933ed2e" "proxy-server 20" 0.0005 "-" 22 0
Dec 6 08:45:34 np0005548787 object-server[122740]: 172.20.0.104 - - [06/Dec/2025:08:45:34 +0000] "GET /d1/786/AUTH_660705fe1cbe4111b6f2c99ce8d05c8c/gnocchi.d0a4d190-ab44-486b-987d-81332aae16dd/1764720000.0_mean_300.0_v3" 404 70 "GET http://172.18.0.250:8080/v1/AUTH_660705fe1cbe4111b6f2c99ce8d05c8c/gnocchi.d0a4d190-ab44-486b-987d-81332aae16dd/1764720000.0_mean_300.0_v3" "tx309be463e3f847f2b1347-006933ed2e" "proxy-server 20" 0.0007 "-" 25 0
Dec 6 08:45:34 np0005548787 proxy-server[124089]: 172.18.0.105 172.18.0.104 06/Dec/2025/08/45/34 GET /v1/AUTH_660705fe1cbe4111b6f2c99ce8d05c8c/gnocchi.c27f151d-b566-42b1-87d3-0b18db94ea98/1764720000.0_mean_300.0_v3 HTTP/1.0 404 - python-swiftclient-3.11.1 gAAAAABpM-yzR85B... - 70 - tx4191325c1d4041c180349-006933ed2e - 0.0256 - - 1765010734.849095106 1765010734.874654055 0
Dec 6 08:45:34 np0005548787 object-server[122739]: 172.20.0.103 - - [06/Dec/2025:08:45:34 +0000] "GET /d1/1002/AUTH_660705fe1cbe4111b6f2c99ce8d05c8c/gnocchi.a1d54ab1-7b7b-4634-866b-4c1cdbc1eb0c/1764720000.0_mean_300.0_v3" 404 70 "GET http://172.18.0.250:8080/v1/AUTH_660705fe1cbe4111b6f2c99ce8d05c8c/gnocchi.a1d54ab1-7b7b-4634-866b-4c1cdbc1eb0c/1764720000.0_mean_300.0_v3" "txa01a14db08f74da68853d-006933ed2e" "proxy-server 20" 0.0005 "-" 24 0
Dec 6 08:45:34 np0005548787 container-server[122322]: 172.20.0.105 - - [06/Dec/2025:08:45:34 +0000] "PUT /d1/904/AUTH_660705fe1cbe4111b6f2c99ce8d05c8c/gnocchi.a1d54ab1-7b7b-4634-866b-4c1cdbc1eb0c/1764720000.0_mean_300.0_v3" 201 - "PUT http://172.18.0.250:8080/d1/1002/AUTH_660705fe1cbe4111b6f2c99ce8d05c8c/gnocchi.a1d54ab1-7b7b-4634-866b-4c1cdbc1eb0c/1764720000.0_mean_300.0_v3" "txf5d6210935fb428f84b48-006933ed2e" "object-server 25" 0.0011 "-" 16 0
Dec 6 08:45:34 np0005548787 object-server[122740]: 172.20.0.103 - - [06/Dec/2025:08:45:34 +0000] "PUT /d1/1002/AUTH_660705fe1cbe4111b6f2c99ce8d05c8c/gnocchi.a1d54ab1-7b7b-4634-866b-4c1cdbc1eb0c/1764720000.0_mean_300.0_v3" 201 - "PUT http://172.18.0.250:8080/v1/AUTH_660705fe1cbe4111b6f2c99ce8d05c8c/gnocchi.a1d54ab1-7b7b-4634-866b-4c1cdbc1eb0c/1764720000.0_mean_300.0_v3" "txf5d6210935fb428f84b48-006933ed2e" "proxy-server 20" 0.0141 "-" 25 0
Dec 6 08:45:34 np0005548787 container-server[122328]: 172.20.0.103 - - [06/Dec/2025:08:45:34 +0000] "PUT /d1/354/AUTH_660705fe1cbe4111b6f2c99ce8d05c8c/gnocchi.d0a4d190-ab44-486b-987d-81332aae16dd/1764720000.0_mean_300.0_v3" 201 - "PUT http://172.18.0.250:8080/d1/786/AUTH_660705fe1cbe4111b6f2c99ce8d05c8c/gnocchi.d0a4d190-ab44-486b-987d-81332aae16dd/1764720000.0_mean_300.0_v3" "txf4b5ec76b0504e1495ed3-006933ed2e" "object-server 22" 0.0009 "-" 17 0
Dec 6 08:45:34 np0005548787 object-server[122739]: 172.20.0.104 - - [06/Dec/2025:08:45:34 +0000] "PUT /d1/786/AUTH_660705fe1cbe4111b6f2c99ce8d05c8c/gnocchi.d0a4d190-ab44-486b-987d-81332aae16dd/1764720000.0_mean_300.0_v3" 201 - "PUT http://172.18.0.250:8080/v1/AUTH_660705fe1cbe4111b6f2c99ce8d05c8c/gnocchi.d0a4d190-ab44-486b-987d-81332aae16dd/1764720000.0_mean_300.0_v3" "txf4b5ec76b0504e1495ed3-006933ed2e" "proxy-server 20" 0.0120 "-" 24 0
Dec 6 08:45:34 np0005548787 container-server[122311]: 172.20.0.103 - - [06/Dec/2025:08:45:34 +0000] "PUT /d1/204/AUTH_660705fe1cbe4111b6f2c99ce8d05c8c/gnocchi.c27f151d-b566-42b1-87d3-0b18db94ea98/1764720000.0_mean_300.0_v3" 201 - "PUT http://172.18.0.250:8080/d1/384/AUTH_660705fe1cbe4111b6f2c99ce8d05c8c/gnocchi.c27f151d-b566-42b1-87d3-0b18db94ea98/1764720000.0_mean_300.0_v3" "txc5994ba0e7214ffba9a1c-006933ed2e" "object-server 25" 0.0011 "-" 15 0
Dec 6 08:45:34 np0005548787 object-server[122734]: 172.20.0.105 - - [06/Dec/2025:08:45:34 +0000] "PUT /d1/384/AUTH_660705fe1cbe4111b6f2c99ce8d05c8c/gnocchi.c27f151d-b566-42b1-87d3-0b18db94ea98/1764720000.0_mean_300.0_v3" 201 - "PUT http://172.18.0.250:8080/v1/AUTH_660705fe1cbe4111b6f2c99ce8d05c8c/gnocchi.c27f151d-b566-42b1-87d3-0b18db94ea98/1764720000.0_mean_300.0_v3" "txc5994ba0e7214ffba9a1c-006933ed2e" "proxy-server 20" 0.0191 "-" 23 0
Dec 6 08:45:34 np0005548787 proxy-server[124089]: 172.18.0.105 172.18.0.104 06/Dec/2025/08/45/34 PUT /v1/AUTH_660705fe1cbe4111b6f2c99ce8d05c8c/gnocchi.c27f151d-b566-42b1-87d3-0b18db94ea98/1764720000.0_mean_300.0_v3 HTTP/1.0 201 - python-swiftclient-3.11.1 gAAAAABpM-yzR85B... 16 - - txc5994ba0e7214ffba9a1c-006933ed2e - 0.0371 - - 1765010734.880370140 1765010734.917512894 0
Dec 6 08:45:34 np0005548787 container-server[122328]: 172.20.0.104 - - [06/Dec/2025:08:45:34 +0000] "PUT /d1/904/AUTH_660705fe1cbe4111b6f2c99ce8d05c8c/gnocchi.a1d54ab1-7b7b-4634-866b-4c1cdbc1eb0c/none_v3" 201 - "PUT http://172.18.0.250:8080/d1/510/AUTH_660705fe1cbe4111b6f2c99ce8d05c8c/gnocchi.a1d54ab1-7b7b-4634-866b-4c1cdbc1eb0c/none_v3" "txabe81a1f53c34a3e90cf6-006933ed2e" "object-server 22" 0.0006 "-" 17 0
Dec 6 08:45:34 np0005548787 object-server[122728]: 172.20.0.103 - - [06/Dec/2025:08:45:34 +0000] "PUT /d1/510/AUTH_660705fe1cbe4111b6f2c99ce8d05c8c/gnocchi.a1d54ab1-7b7b-4634-866b-4c1cdbc1eb0c/none_v3" 201 - "PUT http://172.18.0.250:8080/v1/AUTH_660705fe1cbe4111b6f2c99ce8d05c8c/gnocchi.a1d54ab1-7b7b-4634-866b-4c1cdbc1eb0c/none_v3" "txabe81a1f53c34a3e90cf6-006933ed2e" "proxy-server 20" 0.0187 "-" 22 0
Dec 6 08:45:34 np0005548787 container-server[122311]: 172.20.0.105 - - [06/Dec/2025:08:45:34 +0000] "PUT /d1/354/AUTH_660705fe1cbe4111b6f2c99ce8d05c8c/gnocchi.d0a4d190-ab44-486b-987d-81332aae16dd/none_v3" 201 - "PUT http://172.18.0.250:8080/d1/995/AUTH_660705fe1cbe4111b6f2c99ce8d05c8c/gnocchi.d0a4d190-ab44-486b-987d-81332aae16dd/none_v3" "txf204a6134b9741d98c260-006933ed2e" "object-server 25" 0.0011 "-" 15 0
Dec 6 08:45:34 np0005548787 object-server[122740]: 172.20.0.105 - - [06/Dec/2025:08:45:34 +0000] "PUT /d1/995/AUTH_660705fe1cbe4111b6f2c99ce8d05c8c/gnocchi.d0a4d190-ab44-486b-987d-81332aae16dd/none_v3" 201 - "PUT http://172.18.0.250:8080/v1/AUTH_660705fe1cbe4111b6f2c99ce8d05c8c/gnocchi.d0a4d190-ab44-486b-987d-81332aae16dd/none_v3" "txf204a6134b9741d98c260-006933ed2e" "proxy-server 20" 0.0150 "-" 25 0
Dec 6 08:45:34 np0005548787 proxy-server[124089]: 172.18.0.103 172.18.0.104 06/Dec/2025/08/45/34 PUT /v1/AUTH_660705fe1cbe4111b6f2c99ce8d05c8c/gnocchi.d0a4d190-ab44-486b-987d-81332aae16dd/none_v3 HTTP/1.0 201 - python-swiftclient-3.11.1 gAAAAABpM-z9-YGG... 22 - - txf204a6134b9741d98c260-006933ed2e - 0.0301 - - 1765010734.923578739 1765010734.953634024 0
Dec 6 08:45:34 np0005548787 container-server[122311]: 172.20.0.105 - - [06/Dec/2025:08:45:34 +0000] "PUT /d1/204/AUTH_660705fe1cbe4111b6f2c99ce8d05c8c/gnocchi.c27f151d-b566-42b1-87d3-0b18db94ea98/none_v3" 201 - "PUT http://172.18.0.250:8080/d1/548/AUTH_660705fe1cbe4111b6f2c99ce8d05c8c/gnocchi.c27f151d-b566-42b1-87d3-0b18db94ea98/none_v3" "tx93ce47af1d5a468b99a16-006933ed2e" "object-server 22" 0.0010 "-" 15 0
Dec 6 08:45:34 np0005548787 object-server[122728]: 172.20.0.104 - - [06/Dec/2025:08:45:34 +0000] "PUT /d1/548/AUTH_660705fe1cbe4111b6f2c99ce8d05c8c/gnocchi.c27f151d-b566-42b1-87d3-0b18db94ea98/none_v3" 201 - "PUT http://172.18.0.250:8080/v1/AUTH_660705fe1cbe4111b6f2c99ce8d05c8c/gnocchi.c27f151d-b566-42b1-87d3-0b18db94ea98/none_v3" "tx93ce47af1d5a468b99a16-006933ed2e" "proxy-server 20" 0.0196 "-" 22 0
Dec 6 08:45:34 np0005548787 container-server[122322]: 172.20.0.103 - - [06/Dec/2025:08:45:34 +0000] "HEAD /d1/843/AUTH_660705fe1cbe4111b6f2c99ce8d05c8c/gnocchi.3eee7a32-53a2-46c9-a1cf-d4d4b8b181ea" 404 - "HEAD http://172.18.0.250:8080/v1/AUTH_660705fe1cbe4111b6f2c99ce8d05c8c/gnocchi.3eee7a32-53a2-46c9-a1cf-d4d4b8b181ea?format=json&states=listing" "tx9e9027a654eb43ada3290-006933ed2e" "proxy-server 20" 0.0008 "-" 16 0
Dec 6 08:45:34 np0005548787 object-server[122734]: 172.20.0.103 - - [06/Dec/2025:08:45:34 +0000] "GET /d1/57/AUTH_660705fe1cbe4111b6f2c99ce8d05c8c/gnocchi.3eee7a32-53a2-46c9-a1cf-d4d4b8b181ea/none_v3" 404 70 "GET http://172.18.0.250:8080/v1/AUTH_660705fe1cbe4111b6f2c99ce8d05c8c/gnocchi.3eee7a32-53a2-46c9-a1cf-d4d4b8b181ea/none_v3" "tx9e9027a654eb43ada3290-006933ed2e" "proxy-server 20" 0.0006 "-" 23 0
Dec 6 08:45:34 np0005548787 container-server[122297]: 172.20.0.105 - - [06/Dec/2025:08:45:34 +0000] "HEAD /d1/424/AUTH_660705fe1cbe4111b6f2c99ce8d05c8c/gnocchi.3049b2d9-0574-4d28-bb72-646fb8404312" 404 - "HEAD http://172.18.0.250:8080/v1/AUTH_660705fe1cbe4111b6f2c99ce8d05c8c/gnocchi.3049b2d9-0574-4d28-bb72-646fb8404312?format=json&states=listing" "tx65d865d8a20d4d35b127b-006933ed2e" "proxy-server 20" 0.0006 "-" 14 0
Dec 6 08:45:34 np0005548787 container-server[122311]: 172.20.0.104 - - [06/Dec/2025:08:45:34 +0000] "HEAD /d1/966/AUTH_660705fe1cbe4111b6f2c99ce8d05c8c/gnocchi.6de8b682-90f0-4f0f-b96a-3498607060cc" 404 - "HEAD http://172.18.0.250:8080/v1/AUTH_660705fe1cbe4111b6f2c99ce8d05c8c/gnocchi.6de8b682-90f0-4f0f-b96a-3498607060cc?format=json&states=listing" "txc05620ad1b0a473d87cf4-006933ed2e" "proxy-server 20" 0.0006 "-" 15 0
Dec 6 08:45:35 np0005548787 object-server[122734]: 172.20.0.104 - - [06/Dec/2025:08:45:35 +0000] "GET /d1/460/AUTH_660705fe1cbe4111b6f2c99ce8d05c8c/gnocchi.6de8b682-90f0-4f0f-b96a-3498607060cc/none_v3" 404 70 "GET http://172.18.0.250:8080/v1/AUTH_660705fe1cbe4111b6f2c99ce8d05c8c/gnocchi.6de8b682-90f0-4f0f-b96a-3498607060cc/none_v3" "txc05620ad1b0a473d87cf4-006933ed2e" "proxy-server 20" 0.0006 "-" 23 0
Dec 6 08:45:35 np0005548787 object-server[122728]: 172.20.0.105 - - [06/Dec/2025:08:45:35 +0000] "GET /d1/949/AUTH_660705fe1cbe4111b6f2c99ce8d05c8c/gnocchi.3049b2d9-0574-4d28-bb72-646fb8404312/none_v3" 404 70 "GET http://172.18.0.250:8080/v1/AUTH_660705fe1cbe4111b6f2c99ce8d05c8c/gnocchi.3049b2d9-0574-4d28-bb72-646fb8404312/none_v3" "tx65d865d8a20d4d35b127b-006933ed2e" "proxy-server 20" 0.0005 "-" 22 0
Dec 6 08:45:35 np0005548787 proxy-server[124089]: 172.18.0.103 172.18.0.104 06/Dec/2025/08/45/35 GET /v1/AUTH_660705fe1cbe4111b6f2c99ce8d05c8c/gnocchi.3049b2d9-0574-4d28-bb72-646fb8404312/none_v3 HTTP/1.0 404 - python-swiftclient-3.11.1 gAAAAABpM-z9-YGG... - 70 - tx65d865d8a20d4d35b127b-006933ed2e - 0.0352 - - 1765010734.977388382 1765010735.012592793 0
Dec 6 08:45:35 np0005548787 account-server[122247]: 172.20.0.105 - - [06/Dec/2025:08:45:35 +0000] "PUT /d1/82/AUTH_660705fe1cbe4111b6f2c99ce8d05c8c/gnocchi.3eee7a32-53a2-46c9-a1cf-d4d4b8b181ea" 201 - "PUT http://172.20.0.105:6001/d1/843/AUTH_660705fe1cbe4111b6f2c99ce8d05c8c/gnocchi.3eee7a32-53a2-46c9-a1cf-d4d4b8b181ea" "tx85d11f0c011c486c95a22-006933ed2e" "container-server 16" 0.0048 "-" 16 0
Dec 6 08:45:35 np0005548787 container-server[122322]: 172.20.0.103 - - [06/Dec/2025:08:45:35 +0000] "PUT /d1/843/AUTH_660705fe1cbe4111b6f2c99ce8d05c8c/gnocchi.3eee7a32-53a2-46c9-a1cf-d4d4b8b181ea" 201 - "PUT http://172.18.0.250:8080/v1/AUTH_660705fe1cbe4111b6f2c99ce8d05c8c/gnocchi.3eee7a32-53a2-46c9-a1cf-d4d4b8b181ea" "tx85d11f0c011c486c95a22-006933ed2e" "proxy-server 20" 0.0184 "-" 16 0
Dec 6 08:45:35 np0005548787 container-server[122322]: 172.20.0.103 - - [06/Dec/2025:08:45:35 +0000] "HEAD /d1/843/AUTH_660705fe1cbe4111b6f2c99ce8d05c8c/gnocchi.3eee7a32-53a2-46c9-a1cf-d4d4b8b181ea" 204 - "HEAD http://172.18.0.250:8080/v1/AUTH_660705fe1cbe4111b6f2c99ce8d05c8c/gnocchi.3eee7a32-53a2-46c9-a1cf-d4d4b8b181ea?format=json&states=listing" "txf023a34b61344775bc114-006933ed2f" "proxy-server 20" 0.0013 "-" 16 0
Dec 6 08:45:35 np0005548787 container-server[122322]: 172.20.0.104 - - [06/Dec/2025:08:45:35 +0000] "PUT /d1/966/AUTH_660705fe1cbe4111b6f2c99ce8d05c8c/gnocchi.6de8b682-90f0-4f0f-b96a-3498607060cc" 201 - "PUT http://172.18.0.250:8080/v1/AUTH_660705fe1cbe4111b6f2c99ce8d05c8c/gnocchi.6de8b682-90f0-4f0f-b96a-3498607060cc" "txb10d8cd53f3b48cc8d70a-006933ed2f" "proxy-server 20" 0.0156 "-" 16 0
Dec 6 08:45:35 np0005548787 account-server[122245]: 172.20.0.104 - - [06/Dec/2025:08:45:35 +0000] "PUT /d1/82/AUTH_660705fe1cbe4111b6f2c99ce8d05c8c/gnocchi.3049b2d9-0574-4d28-bb72-646fb8404312" 201 - "PUT http://172.20.0.104:6001/d1/424/AUTH_660705fe1cbe4111b6f2c99ce8d05c8c/gnocchi.3049b2d9-0574-4d28-bb72-646fb8404312" "tx60528abafb9e4adab2c05-006933ed2f" "container-server 20" 0.0059 "-" 15 0
Dec 6 08:45:35 np0005548787 container-server[122311]: 172.20.0.105 - - [06/Dec/2025:08:45:35 +0000] "PUT /d1/424/AUTH_660705fe1cbe4111b6f2c99ce8d05c8c/gnocchi.3049b2d9-0574-4d28-bb72-646fb8404312" 201 - "PUT http://172.18.0.250:8080/v1/AUTH_660705fe1cbe4111b6f2c99ce8d05c8c/gnocchi.3049b2d9-0574-4d28-bb72-646fb8404312" "tx60528abafb9e4adab2c05-006933ed2f" "proxy-server 20" 0.0298 "-" 15 0
Dec 6 08:45:35 np0005548787 account-server[122247]: 172.20.0.104 - - [06/Dec/2025:08:45:35 +0000] "PUT /d1/82/AUTH_660705fe1cbe4111b6f2c99ce8d05c8c/gnocchi.6de8b682-90f0-4f0f-b96a-3498607060cc" 201 - "PUT http://172.20.0.104:6001/d1/966/AUTH_660705fe1cbe4111b6f2c99ce8d05c8c/gnocchi.6de8b682-90f0-4f0f-b96a-3498607060cc" "txb10d8cd53f3b48cc8d70a-006933ed2f" "container-server 22" 0.0156 "-" 16 0
Dec 6 08:45:35 np0005548787 proxy-server[124089]: 172.18.0.103 172.18.0.104 06/Dec/2025/08/45/35 PUT /v1/AUTH_660705fe1cbe4111b6f2c99ce8d05c8c/gnocchi.3049b2d9-0574-4d28-bb72-646fb8404312 HTTP/1.0 201 - python-swiftclient-3.11.1 gAAAAABpM-z9-YGG... - - - tx60528abafb9e4adab2c05-006933ed2f - 0.0401 - - 1765010735.018095255 1765010735.058170080 0
Dec 6 08:45:35 np0005548787 object-server[122734]: 172.20.0.103 - - [06/Dec/2025:08:45:35 +0000] "GET /d1/533/AUTH_660705fe1cbe4111b6f2c99ce8d05c8c/gnocchi.3eee7a32-53a2-46c9-a1cf-d4d4b8b181ea/1764720000.0_mean_300.0_v3" 404 70 "GET http://172.18.0.250:8080/v1/AUTH_660705fe1cbe4111b6f2c99ce8d05c8c/gnocchi.3eee7a32-53a2-46c9-a1cf-d4d4b8b181ea/1764720000.0_mean_300.0_v3" "tx45e1d4aaa6ca42cc8f697-006933ed2f" "proxy-server 20" 0.0006 "-" 23 0
Dec 6 08:45:35 np0005548787 proxy-server[124089]: - - 06/Dec/2025/08/45/35 HEAD /v1/AUTH_660705fe1cbe4111b6f2c99ce8d05c8c/gnocchi.3049b2d9-0574-4d28-bb72-646fb8404312%3Fformat%3Djson%26states%3Dlisting HTTP/1.0 204 - Swift - - - - txa8657385568a45b0968f3-006933ed2f - 0.0080 RL - 1765010735.067788839 1765010735.075837612 0
Dec 6 08:45:35 np0005548787 proxy-server[124089]: 172.18.0.103 172.18.0.104 06/Dec/2025/08/45/35 GET /v1/AUTH_660705fe1cbe4111b6f2c99ce8d05c8c/gnocchi.3049b2d9-0574-4d28-bb72-646fb8404312%3Fformat%3Djson%26states%3Dlisting HTTP/1.0 200 - python-swiftclient-3.11.1 gAAAAABpM-z9-YGG... - 2 - txa8657385568a45b0968f3-006933ed2f - 0.0236 - - 1765010735.063306093 1765010735.086886406 0
Dec 6 08:45:35 np0005548787 container-server[122322]: 172.20.0.103 - - [06/Dec/2025:08:45:35 +0000] "PUT /d1/843/AUTH_660705fe1cbe4111b6f2c99ce8d05c8c/gnocchi.3eee7a32-53a2-46c9-a1cf-d4d4b8b181ea/1764720000.0_mean_300.0_v3" 201 - "PUT http://172.18.0.250:8080/d1/533/AUTH_660705fe1cbe4111b6f2c99ce8d05c8c/gnocchi.3eee7a32-53a2-46c9-a1cf-d4d4b8b181ea/1764720000.0_mean_300.0_v3" "tx6481ae1cf37e48c0b3613-006933ed2f" "object-server 25" 0.0009 "-" 16 0
Dec 6 08:45:35 np0005548787 object-server[122734]: 172.20.0.103 - - [06/Dec/2025:08:45:35 +0000] "PUT /d1/533/AUTH_660705fe1cbe4111b6f2c99ce8d05c8c/gnocchi.3eee7a32-53a2-46c9-a1cf-d4d4b8b181ea/1764720000.0_mean_300.0_v3" 201 - "PUT http://172.18.0.250:8080/v1/AUTH_660705fe1cbe4111b6f2c99ce8d05c8c/gnocchi.3eee7a32-53a2-46c9-a1cf-d4d4b8b181ea/1764720000.0_mean_300.0_v3" "tx6481ae1cf37e48c0b3613-006933ed2f" "proxy-server 20" 0.0119 "-" 23 0
Dec 6 08:45:35 np0005548787 object-server[122740]: 172.20.0.105 - - [06/Dec/2025:08:45:35 +0000] "GET /d1/15/AUTH_660705fe1cbe4111b6f2c99ce8d05c8c/gnocchi.3049b2d9-0574-4d28-bb72-646fb8404312/1764720000.0_mean_300.0_v3" 404 70 "GET http://172.18.0.250:8080/v1/AUTH_660705fe1cbe4111b6f2c99ce8d05c8c/gnocchi.3049b2d9-0574-4d28-bb72-646fb8404312/1764720000.0_mean_300.0_v3" "tx0e77880d765c4949a079d-006933ed2f" "proxy-server 20" 0.0005 "-" 25 0
Dec 6 08:45:35 np0005548787 object-server[122728]: 172.20.0.104 - - [06/Dec/2025:08:45:35 +0000] "GET /d1/393/AUTH_660705fe1cbe4111b6f2c99ce8d05c8c/gnocchi.6de8b682-90f0-4f0f-b96a-3498607060cc/1764720000.0_mean_300.0_v3" 404 70 "GET http://172.18.0.250:8080/v1/AUTH_660705fe1cbe4111b6f2c99ce8d05c8c/gnocchi.6de8b682-90f0-4f0f-b96a-3498607060cc/1764720000.0_mean_300.0_v3" "tx14c924555b95406387b88-006933ed2f" "proxy-server 20" 0.0004 "-" 22 0
Dec 6 08:45:35 np0005548787 proxy-server[124089]: 172.18.0.103 172.18.0.104 06/Dec/2025/08/45/35 GET /v1/AUTH_660705fe1cbe4111b6f2c99ce8d05c8c/gnocchi.3049b2d9-0574-4d28-bb72-646fb8404312/1764720000.0_mean_300.0_v3 HTTP/1.0 404 - python-swiftclient-3.11.1 gAAAAABpM-z9-YGG... - 70 - tx0e77880d765c4949a079d-006933ed2f - 0.0183 - - 1765010735.092566967 1765010735.110856533 0
Dec 6 08:45:35 np0005548787 object-server[220426]: Object audit (ZBF) "forever" mode completed: 0.28s. Total quarantined: 0, Total errors: 0, Total files/sec: 56.52, Total bytes/sec: 0.00, Auditing time: 0.28, Rate: 0.98
Dec 6 08:45:35 np0005548787 container-server[122322]: 172.20.0.104 - - [06/Dec/2025:08:45:35 +0000] "PUT /d1/843/AUTH_660705fe1cbe4111b6f2c99ce8d05c8c/gnocchi.3eee7a32-53a2-46c9-a1cf-d4d4b8b181ea/none_v3" 201 - "PUT http://172.18.0.250:8080/d1/57/AUTH_660705fe1cbe4111b6f2c99ce8d05c8c/gnocchi.3eee7a32-53a2-46c9-a1cf-d4d4b8b181ea/none_v3" "txb132e25c485d431e8c7f0-006933ed2f" "object-server 24" 0.0007 "-" 16 0
Dec 6 08:45:35 np0005548787 object-server[122734]: 172.20.0.105 - - [06/Dec/2025:08:45:35 +0000] "PUT /d1/15/AUTH_660705fe1cbe4111b6f2c99ce8d05c8c/gnocchi.3049b2d9-0574-4d28-bb72-646fb8404312/1764720000.0_mean_300.0_v3" 201 - "PUT http://172.18.0.250:8080/v1/AUTH_660705fe1cbe4111b6f2c99ce8d05c8c/gnocchi.3049b2d9-0574-4d28-bb72-646fb8404312/1764720000.0_mean_300.0_v3" "tx9ee4c9f8e677410592631-006933ed2f" "proxy-server 20" 0.0122 "-" 23 0
Dec 6 08:45:35 np0005548787 object-server[122740]: 172.20.0.103 - - [06/Dec/2025:08:45:35 +0000] "PUT /d1/57/AUTH_660705fe1cbe4111b6f2c99ce8d05c8c/gnocchi.3eee7a32-53a2-46c9-a1cf-d4d4b8b181ea/none_v3" 201 - "PUT http://172.18.0.250:8080/v1/AUTH_660705fe1cbe4111b6f2c99ce8d05c8c/gnocchi.3eee7a32-53a2-46c9-a1cf-d4d4b8b181ea/none_v3" "txb132e25c485d431e8c7f0-006933ed2f" "proxy-server 20" 0.0207 "-" 25 0
Dec 6 08:45:35 np0005548787 container-server[122328]: 172.20.0.103 - - [06/Dec/2025:08:45:35 +0000] "PUT /d1/424/AUTH_660705fe1cbe4111b6f2c99ce8d05c8c/gnocchi.3049b2d9-0574-4d28-bb72-646fb8404312/1764720000.0_mean_300.0_v3" 201 - "PUT http://172.18.0.250:8080/d1/15/AUTH_660705fe1cbe4111b6f2c99ce8d05c8c/gnocchi.3049b2d9-0574-4d28-bb72-646fb8404312/1764720000.0_mean_300.0_v3" "tx9ee4c9f8e677410592631-006933ed2f" "object-server 22" 0.0006 "-" 17 0
Dec 6 08:45:35 np0005548787 container-server[122322]: 172.20.0.105 - - [06/Dec/2025:08:45:35 +0000] "PUT /d1/966/AUTH_660705fe1cbe4111b6f2c99ce8d05c8c/gnocchi.6de8b682-90f0-4f0f-b96a-3498607060cc/1764720000.0_mean_300.0_v3" 201 - "PUT http://172.18.0.250:8080/d1/393/AUTH_660705fe1cbe4111b6f2c99ce8d05c8c/gnocchi.6de8b682-90f0-4f0f-b96a-3498607060cc/1764720000.0_mean_300.0_v3" "tx16fbff7657f6404ba9be5-006933ed2f" "object-server 24" 0.0005 "-" 16 0
Dec 6 08:45:35 np0005548787 proxy-server[124089]: 172.18.0.103 172.18.0.104 06/Dec/2025/08/45/35 PUT /v1/AUTH_660705fe1cbe4111b6f2c99ce8d05c8c/gnocchi.3049b2d9-0574-4d28-bb72-646fb8404312/1764720000.0_mean_300.0_v3 HTTP/1.0 201 - python-swiftclient-3.11.1 gAAAAABpM-z9-YGG... 16 - - tx9ee4c9f8e677410592631-006933ed2f - 0.0272 - - 1765010735.115553141 1765010735.142756701 0
Dec 6 08:45:35 np0005548787 object-server[122739]: 172.20.0.104 - - [06/Dec/2025:08:45:35 +0000] "PUT /d1/393/AUTH_660705fe1cbe4111b6f2c99ce8d05c8c/gnocchi.6de8b682-90f0-4f0f-b96a-3498607060cc/1764720000.0_mean_300.0_v3" 201 - "PUT http://172.18.0.250:8080/v1/AUTH_660705fe1cbe4111b6f2c99ce8d05c8c/gnocchi.6de8b682-90f0-4f0f-b96a-3498607060cc/1764720000.0_mean_300.0_v3" "tx16fbff7657f6404ba9be5-006933ed2f" "proxy-server 20" 0.0146 "-" 24 0
Dec 6 08:45:35 np0005548787 container-server[122328]: 172.20.0.104 - - [06/Dec/2025:08:45:35 +0000] "PUT /d1/966/AUTH_660705fe1cbe4111b6f2c99ce8d05c8c/gnocchi.6de8b682-90f0-4f0f-b96a-3498607060cc/none_v3" 201 - "PUT http://172.18.0.250:8080/d1/460/AUTH_660705fe1cbe4111b6f2c99ce8d05c8c/gnocchi.6de8b682-90f0-4f0f-b96a-3498607060cc/none_v3" "txf4fdec1ef50b4f8e813fc-006933ed2f" "object-server 24" 0.0010 "-" 17 0
Dec 6 08:45:35 np0005548787 container-server[122322]: 172.20.0.105 - - [06/Dec/2025:08:45:35 +0000] "PUT /d1/424/AUTH_660705fe1cbe4111b6f2c99ce8d05c8c/gnocchi.3049b2d9-0574-4d28-bb72-646fb8404312/none_v3" 201 - "PUT http://172.18.0.250:8080/d1/949/AUTH_660705fe1cbe4111b6f2c99ce8d05c8c/gnocchi.3049b2d9-0574-4d28-bb72-646fb8404312/none_v3" "tx1944bf07478e4a93aeafe-006933ed2f" "object-server 25" 0.0010 "-" 16 0
Dec 6 08:45:35 np0005548787 container-server[122297]: 172.20.0.104 - - [06/Dec/2025:08:45:35 +0000] "HEAD /d1/634/AUTH_660705fe1cbe4111b6f2c99ce8d05c8c/gnocchi.2c43ece9-797e-4ae6-bddd-ba23e3890bbb" 404 - "HEAD http://172.18.0.250:8080/v1/AUTH_660705fe1cbe4111b6f2c99ce8d05c8c/gnocchi.2c43ece9-797e-4ae6-bddd-ba23e3890bbb?format=json&states=listing" "tx5496444503a8431e8835e-006933ed2f" "proxy-server 20" 0.0008 "-" 14 0
Dec 6 08:45:35 np0005548787 object-server[122740]: 172.20.0.103 - - [06/Dec/2025:08:45:35 +0000] "PUT /d1/949/AUTH_660705fe1cbe4111b6f2c99ce8d05c8c/gnocchi.3049b2d9-0574-4d28-bb72-646fb8404312/none_v3" 201 - "PUT http://172.18.0.250:8080/v1/AUTH_660705fe1cbe4111b6f2c99ce8d05c8c/gnocchi.3049b2d9-0574-4d28-bb72-646fb8404312/none_v3" "tx1944bf07478e4a93aeafe-006933ed2f" "proxy-server 20" 0.0164 "-" 25 0
Dec 6 08:45:35 np0005548787 object-server[122739]: 172.20.0.105 - - [06/Dec/2025:08:45:35 +0000] "PUT /d1/460/AUTH_660705fe1cbe4111b6f2c99ce8d05c8c/gnocchi.6de8b682-90f0-4f0f-b96a-3498607060cc/none_v3" 201 - "PUT http://172.18.0.250:8080/v1/AUTH_660705fe1cbe4111b6f2c99ce8d05c8c/gnocchi.6de8b682-90f0-4f0f-b96a-3498607060cc/none_v3" "txf4fdec1ef50b4f8e813fc-006933ed2f" "proxy-server 20" 0.0139 "-" 24 0
Dec 6 08:45:35 np0005548787 proxy-server[124089]: 172.18.0.105 172.18.0.104 06/Dec/2025/08/45/35 PUT /v1/AUTH_660705fe1cbe4111b6f2c99ce8d05c8c/gnocchi.6de8b682-90f0-4f0f-b96a-3498607060cc/none_v3 HTTP/1.0 201 - python-swiftclient-3.11.1 gAAAAABpM-yzR85B... 22 - - txf4fdec1ef50b4f8e813fc-006933ed2f - 0.0256 - - 1765010735.149749279 1765010735.175346375 0
Dec 6 08:45:35 np0005548787 object-server[122739]: 172.20.0.104 - - [06/Dec/2025:08:45:35 +0000] "GET /d1/540/AUTH_660705fe1cbe4111b6f2c99ce8d05c8c/gnocchi.2c43ece9-797e-4ae6-bddd-ba23e3890bbb/none_v3" 404 70 "GET http://172.18.0.250:8080/v1/AUTH_660705fe1cbe4111b6f2c99ce8d05c8c/gnocchi.2c43ece9-797e-4ae6-bddd-ba23e3890bbb/none_v3" "tx5496444503a8431e8835e-006933ed2f" "proxy-server 20" 0.0005 "-" 24 0
Dec 6 08:45:35 np0005548787 container-server[122311]: 172.20.0.105 - - [06/Dec/2025:08:45:35 +0000] "HEAD /d1/416/AUTH_660705fe1cbe4111b6f2c99ce8d05c8c/gnocchi.d400a804-56de-4531-910f-f2cfab3cebbf" 404 - "HEAD http://172.18.0.250:8080/v1/AUTH_660705fe1cbe4111b6f2c99ce8d05c8c/gnocchi.d400a804-56de-4531-910f-f2cfab3cebbf?format=json&states=listing" "txf4f6ef9dabe245378518f-006933ed2f" "proxy-server 20" 0.0006 "-" 15 0
Dec 6 08:45:35 np0005548787 container-server[122322]: 172.20.0.104 - - [06/Dec/2025:08:45:35 +0000] "HEAD /d1/534/AUTH_660705fe1cbe4111b6f2c99ce8d05c8c/gnocchi.dd1c1d8e-44fb-47a2-a3f8-097ad581941f" 404 - "HEAD http://172.18.0.250:8080/v1/AUTH_660705fe1cbe4111b6f2c99ce8d05c8c/gnocchi.dd1c1d8e-44fb-47a2-a3f8-097ad581941f?format=json&states=listing" "tx19ca39047aa34be3a7baf-006933ed2f" "proxy-server 20" 0.0005 "-" 16 0
Dec 6 08:45:35 np0005548787 account-server[122247]: 172.20.0.104 - - [06/Dec/2025:08:45:35 +0000] "PUT /d1/82/AUTH_660705fe1cbe4111b6f2c99ce8d05c8c/gnocchi.2c43ece9-797e-4ae6-bddd-ba23e3890bbb" 201 - "PUT http://172.20.0.104:6001/d1/634/AUTH_660705fe1cbe4111b6f2c99ce8d05c8c/gnocchi.2c43ece9-797e-4ae6-bddd-ba23e3890bbb" "txb310cda00d8a418aabbbb-006933ed2f" "container-server 21" 0.0051 "-" 16 0
Dec 6 08:45:35 np0005548787 container-server[122322]: 172.20.0.103 - - [06/Dec/2025:08:45:35 +0000] "PUT /d1/634/AUTH_660705fe1cbe4111b6f2c99ce8d05c8c/gnocchi.2c43ece9-797e-4ae6-bddd-ba23e3890bbb" 201 - "PUT http://172.18.0.250:8080/v1/AUTH_660705fe1cbe4111b6f2c99ce8d05c8c/gnocchi.2c43ece9-797e-4ae6-bddd-ba23e3890bbb" "txb310cda00d8a418aabbbb-006933ed2f" "proxy-server 20" 0.0189 "-" 16 0
Dec 6 08:45:35 np0005548787 object-server[122740]: 172.20.0.105 - - [06/Dec/2025:08:45:35 +0000] "GET /d1/761/AUTH_660705fe1cbe4111b6f2c99ce8d05c8c/gnocchi.d400a804-56de-4531-910f-f2cfab3cebbf/none_v3" 404 70 "GET http://172.18.0.250:8080/v1/AUTH_660705fe1cbe4111b6f2c99ce8d05c8c/gnocchi.d400a804-56de-4531-910f-f2cfab3cebbf/none_v3" "txf4f6ef9dabe245378518f-006933ed2f" "proxy-server 20" 0.0006 "-" 25 0
Dec 6 08:45:35 np0005548787 proxy-server[124089]: 172.18.0.105 172.18.0.104 06/Dec/2025/08/45/35 GET /v1/AUTH_660705fe1cbe4111b6f2c99ce8d05c8c/gnocchi.d400a804-56de-4531-910f-f2cfab3cebbf/none_v3 HTTP/1.0 404 - python-swiftclient-3.11.1 gAAAAABpM-yzR85B... - 70 - txf4f6ef9dabe245378518f-006933ed2f - 0.0381 - - 1765010735.194765806 1765010735.232856512 0
Dec 6 08:45:35 np0005548787 object-server[122740]: 172.20.0.104 - - [06/Dec/2025:08:45:35 +0000] "GET /d1/734/AUTH_660705fe1cbe4111b6f2c99ce8d05c8c/gnocchi.dd1c1d8e-44fb-47a2-a3f8-097ad581941f/none_v3" 404 70 "GET http://172.18.0.250:8080/v1/AUTH_660705fe1cbe4111b6f2c99ce8d05c8c/gnocchi.dd1c1d8e-44fb-47a2-a3f8-097ad581941f/none_v3" "tx19ca39047aa34be3a7baf-006933ed2f" "proxy-server 20" 0.0004 "-" 25 0
Dec 6 08:45:35 np0005548787 container-server[122311]: 172.20.0.103 - - [06/Dec/2025:08:45:35 +0000] "GET /d1/634/AUTH_660705fe1cbe4111b6f2c99ce8d05c8c/gnocchi.2c43ece9-797e-4ae6-bddd-ba23e3890bbb" 200 2 "GET http://172.18.0.250:8080/v1/AUTH_660705fe1cbe4111b6f2c99ce8d05c8c/gnocchi.2c43ece9-797e-4ae6-bddd-ba23e3890bbb?format=json&states=listing" "txb5329e8ee8a14604bffba-006933ed2f" "proxy-server 20" 0.0038 "-" 15 0
Dec 6 08:45:35 np0005548787 account-server[122255]: 172.20.0.105 - - [06/Dec/2025:08:45:35 +0000] "PUT /d1/82/AUTH_660705fe1cbe4111b6f2c99ce8d05c8c/gnocchi.d400a804-56de-4531-910f-f2cfab3cebbf" 201 - "PUT http://172.20.0.105:6001/d1/416/AUTH_660705fe1cbe4111b6f2c99ce8d05c8c/gnocchi.d400a804-56de-4531-910f-f2cfab3cebbf" "txf75ba1527af0431198c1c-006933ed2f" "container-server 14" 0.0049 "-" 17 0
