Dec 6 08:45:35 np0005548787 container-server[122297]: 172.20.0.105 - - [06/Dec/2025:08:45:35 +0000] "PUT /d1/416/AUTH_660705fe1cbe4111b6f2c99ce8d05c8c/gnocchi.d400a804-56de-4531-910f-f2cfab3cebbf" 201 - "PUT http://172.18.0.250:8080/v1/AUTH_660705fe1cbe4111b6f2c99ce8d05c8c/gnocchi.d400a804-56de-4531-910f-f2cfab3cebbf" "txf75ba1527af0431198c1c-006933ed2f" "proxy-server 20" 0.0217 "-" 14 0
Dec 6 08:45:35 np0005548787 container-server[122328]: 172.20.0.104 - - [06/Dec/2025:08:45:35 +0000] "PUT /d1/534/AUTH_660705fe1cbe4111b6f2c99ce8d05c8c/gnocchi.dd1c1d8e-44fb-47a2-a3f8-097ad581941f" 201 - "PUT http://172.18.0.250:8080/v1/AUTH_660705fe1cbe4111b6f2c99ce8d05c8c/gnocchi.dd1c1d8e-44fb-47a2-a3f8-097ad581941f" "tx0f162cd568cb46f0a8d24-006933ed2f" "proxy-server 20" 0.0187 "-" 17 0
Dec 6 08:45:35 np0005548787 account-server[122245]: 172.20.0.103 - - [06/Dec/2025:08:45:35 +0000] "PUT /d1/82/AUTH_660705fe1cbe4111b6f2c99ce8d05c8c/gnocchi.dd1c1d8e-44fb-47a2-a3f8-097ad581941f" 201 - "PUT http://172.20.0.103:6001/d1/534/AUTH_660705fe1cbe4111b6f2c99ce8d05c8c/gnocchi.dd1c1d8e-44fb-47a2-a3f8-097ad581941f" "tx0f162cd568cb46f0a8d24-006933ed2f" "container-server 20" 0.0069 "-" 15 0
Dec 6 08:45:35 np0005548787 object-server[122740]: 172.20.0.103 - - [06/Dec/2025:08:45:35 +0000] "GET /d1/932/AUTH_660705fe1cbe4111b6f2c99ce8d05c8c/gnocchi.2c43ece9-797e-4ae6-bddd-ba23e3890bbb/1764720000.0_mean_300.0_v3" 404 70 "GET http://172.18.0.250:8080/v1/AUTH_660705fe1cbe4111b6f2c99ce8d05c8c/gnocchi.2c43ece9-797e-4ae6-bddd-ba23e3890bbb/1764720000.0_mean_300.0_v3" "tx918998eae7484e8aaa1b8-006933ed2f" "proxy-server 20" 0.0004 "-" 25 0
Dec 6 08:45:35 np0005548787 proxy-server[124089]: 172.18.0.105 172.18.0.104 06/Dec/2025/08/45/35 PUT /v1/AUTH_660705fe1cbe4111b6f2c99ce8d05c8c/gnocchi.d400a804-56de-4531-910f-f2cfab3cebbf HTTP/1.0 201 - python-swiftclient-3.11.1 gAAAAABpM-yzR85B... - - - txf75ba1527af0431198c1c-006933ed2f - 0.0425 - - 1765010735.237343550 1765010735.279862642 0
Dec 6 08:45:35 np0005548787 container-server[122311]: 172.20.0.103 - - [06/Dec/2025:08:45:35 +0000] "HEAD /d1/416/AUTH_660705fe1cbe4111b6f2c99ce8d05c8c/gnocchi.d400a804-56de-4531-910f-f2cfab3cebbf" 204 - "HEAD http://172.18.0.250:8080/v1/AUTH_660705fe1cbe4111b6f2c99ce8d05c8c/gnocchi.d400a804-56de-4531-910f-f2cfab3cebbf?format=json&states=listing" "txec32037b12034cc6b2618-006933ed2f" "proxy-server 20" 0.0022 "-" 15 0
Dec 6 08:45:35 np0005548787 container-server[122322]: 172.20.0.104 - - [06/Dec/2025:08:45:35 +0000] "HEAD /d1/534/AUTH_660705fe1cbe4111b6f2c99ce8d05c8c/gnocchi.dd1c1d8e-44fb-47a2-a3f8-097ad581941f" 204 - "HEAD http://172.18.0.250:8080/v1/AUTH_660705fe1cbe4111b6f2c99ce8d05c8c/gnocchi.dd1c1d8e-44fb-47a2-a3f8-097ad581941f?format=json&states=listing" "txf5940ab6817c4ea58a712-006933ed2f" "proxy-server 20" 0.0023 "-" 16 0
Dec 6 08:45:35 np0005548787 object-server[122740]: 172.20.0.105 - - [06/Dec/2025:08:45:35 +0000] "PUT /d1/932/AUTH_660705fe1cbe4111b6f2c99ce8d05c8c/gnocchi.2c43ece9-797e-4ae6-bddd-ba23e3890bbb/1764720000.0_mean_300.0_v3" 201 - "PUT http://172.18.0.250:8080/v1/AUTH_660705fe1cbe4111b6f2c99ce8d05c8c/gnocchi.2c43ece9-797e-4ae6-bddd-ba23e3890bbb/1764720000.0_mean_300.0_v3" "tx0d17e6e7a96a452790ce3-006933ed2f" "proxy-server 20" 0.0126 "-" 25 0
Dec 6 08:45:35 np0005548787 container-server[122328]: 172.20.0.103 - - [06/Dec/2025:08:45:35 +0000] "PUT /d1/634/AUTH_660705fe1cbe4111b6f2c99ce8d05c8c/gnocchi.2c43ece9-797e-4ae6-bddd-ba23e3890bbb/1764720000.0_mean_300.0_v3" 201 - "PUT http://172.18.0.250:8080/d1/932/AUTH_660705fe1cbe4111b6f2c99ce8d05c8c/gnocchi.2c43ece9-797e-4ae6-bddd-ba23e3890bbb/1764720000.0_mean_300.0_v3" "tx0d17e6e7a96a452790ce3-006933ed2f" "object-server 22" 0.0009 "-" 17 0
Dec 6 08:45:35 np0005548787 proxy-server[124089]: 172.18.0.250 172.18.0.104 06/Dec/2025/08/45/35 PUT /v1/AUTH_660705fe1cbe4111b6f2c99ce8d05c8c/gnocchi.2c43ece9-797e-4ae6-bddd-ba23e3890bbb/1764720000.0_mean_300.0_v3 HTTP/1.0 201 - python-swiftclient-3.11.1 gAAAAABpM-z074rw... 16 - - tx0d17e6e7a96a452790ce3-006933ed2f - 0.0245 - - 1765010735.285592079 1765010735.310110092 0
Dec 6 08:45:35 np0005548787 object-server[122728]: 172.20.0.103 - - [06/Dec/2025:08:45:35 +0000] "GET /d1/454/AUTH_660705fe1cbe4111b6f2c99ce8d05c8c/gnocchi.d400a804-56de-4531-910f-f2cfab3cebbf/1764720000.0_mean_300.0_v3" 404 70 "GET http://172.18.0.250:8080/v1/AUTH_660705fe1cbe4111b6f2c99ce8d05c8c/gnocchi.d400a804-56de-4531-910f-f2cfab3cebbf/1764720000.0_mean_300.0_v3" "txcad86add19eb460f847dc-006933ed2f" "proxy-server 20" 0.0004 "-" 22 0
Dec 6 08:45:35 np0005548787 container-server[122328]: 172.20.0.103 - - [06/Dec/2025:08:45:35 +0000] "PUT /d1/634/AUTH_660705fe1cbe4111b6f2c99ce8d05c8c/gnocchi.2c43ece9-797e-4ae6-bddd-ba23e3890bbb/none_v3" 201 - "PUT http://172.18.0.250:8080/d1/540/AUTH_660705fe1cbe4111b6f2c99ce8d05c8c/gnocchi.2c43ece9-797e-4ae6-bddd-ba23e3890bbb/none_v3" "tx8438b96fd00946c79959e-006933ed2f" "object-server 22" 0.0009 "-" 17 0
Dec 6 08:45:35 np0005548787 object-server[122728]: 172.20.0.105 - - [06/Dec/2025:08:45:35 +0000] "PUT /d1/540/AUTH_660705fe1cbe4111b6f2c99ce8d05c8c/gnocchi.2c43ece9-797e-4ae6-bddd-ba23e3890bbb/none_v3" 201 - "PUT http://172.18.0.250:8080/v1/AUTH_660705fe1cbe4111b6f2c99ce8d05c8c/gnocchi.2c43ece9-797e-4ae6-bddd-ba23e3890bbb/none_v3" "tx8438b96fd00946c79959e-006933ed2f" "proxy-server 20" 0.0153 "-" 22 0
Dec 6 08:45:35 np0005548787 proxy-server[124089]: 172.18.0.250 172.18.0.104 06/Dec/2025/08/45/35 PUT /v1/AUTH_660705fe1cbe4111b6f2c99ce8d05c8c/gnocchi.2c43ece9-797e-4ae6-bddd-ba23e3890bbb/none_v3 HTTP/1.0 201 - python-swiftclient-3.11.1 gAAAAABpM-z074rw... 22 - - tx8438b96fd00946c79959e-006933ed2f - 0.0224 - - 1765010735.313957214 1765010735.336406946 0
Dec 6 08:45:35 np0005548787 object-server[122739]: 172.20.0.104 - - [06/Dec/2025:08:45:35 +0000] "GET /d1/913/AUTH_660705fe1cbe4111b6f2c99ce8d05c8c/gnocchi.dd1c1d8e-44fb-47a2-a3f8-097ad581941f/1764720000.0_mean_300.0_v3" 404 70 "GET http://172.18.0.250:8080/v1/AUTH_660705fe1cbe4111b6f2c99ce8d05c8c/gnocchi.dd1c1d8e-44fb-47a2-a3f8-097ad581941f/1764720000.0_mean_300.0_v3" "txa3fe1a0591fb447fa76f1-006933ed2f" "proxy-server 20" 0.0005 "-" 24 0
Dec 6 08:45:35 np0005548787 container-server[122328]: 172.20.0.105 - - [06/Dec/2025:08:45:35 +0000] "PUT /d1/416/AUTH_660705fe1cbe4111b6f2c99ce8d05c8c/gnocchi.d400a804-56de-4531-910f-f2cfab3cebbf/1764720000.0_mean_300.0_v3" 201 - "PUT http://172.18.0.250:8080/d1/454/AUTH_660705fe1cbe4111b6f2c99ce8d05c8c/gnocchi.d400a804-56de-4531-910f-f2cfab3cebbf/1764720000.0_mean_300.0_v3" "tx0fb1607eee5b4063821b0-006933ed2f" "object-server 25" 0.0007 "-" 17 0
Dec 6 08:45:35 np0005548787 object-server[122740]: 172.20.0.103 - - [06/Dec/2025:08:45:35 +0000] "PUT /d1/454/AUTH_660705fe1cbe4111b6f2c99ce8d05c8c/gnocchi.d400a804-56de-4531-910f-f2cfab3cebbf/1764720000.0_mean_300.0_v3" 201 - "PUT http://172.18.0.250:8080/v1/AUTH_660705fe1cbe4111b6f2c99ce8d05c8c/gnocchi.d400a804-56de-4531-910f-f2cfab3cebbf/1764720000.0_mean_300.0_v3" "tx0fb1607eee5b4063821b0-006933ed2f" "proxy-server 20" 0.0155 "-" 25 0
Dec 6 08:45:35 np0005548787 container-server[122311]: 172.20.0.104 - - [06/Dec/2025:08:45:35 +0000] "HEAD /d1/385/AUTH_660705fe1cbe4111b6f2c99ce8d05c8c/gnocchi.0519cf7f-c3e9-4ba0-a8df-4ca7944a08f0" 404 - "HEAD http://172.18.0.250:8080/v1/AUTH_660705fe1cbe4111b6f2c99ce8d05c8c/gnocchi.0519cf7f-c3e9-4ba0-a8df-4ca7944a08f0?format=json&states=listing" "tx8551336c1bf248d593205-006933ed2f" "proxy-server 20" 0.0005 "-" 15 0
Dec 6 08:45:35 np0005548787 container-server[122297]: 172.20.0.105 - - [06/Dec/2025:08:45:35 +0000] "PUT /d1/534/AUTH_660705fe1cbe4111b6f2c99ce8d05c8c/gnocchi.dd1c1d8e-44fb-47a2-a3f8-097ad581941f/1764720000.0_mean_300.0_v3" 201 - "PUT http://172.18.0.250:8080/d1/913/AUTH_660705fe1cbe4111b6f2c99ce8d05c8c/gnocchi.dd1c1d8e-44fb-47a2-a3f8-097ad581941f/1764720000.0_mean_300.0_v3" "tx88985dc27a314117a7aed-006933ed2f" "object-server 25" 0.0009 "-" 14 0
Dec 6 08:45:35 np0005548787 object-server[122740]: 172.20.0.105 - - [06/Dec/2025:08:45:35 +0000] "PUT /d1/913/AUTH_660705fe1cbe4111b6f2c99ce8d05c8c/gnocchi.dd1c1d8e-44fb-47a2-a3f8-097ad581941f/1764720000.0_mean_300.0_v3" 201 - "PUT http://172.18.0.250:8080/v1/AUTH_660705fe1cbe4111b6f2c99ce8d05c8c/gnocchi.dd1c1d8e-44fb-47a2-a3f8-097ad581941f/1764720000.0_mean_300.0_v3" "tx88985dc27a314117a7aed-006933ed2f" "proxy-server 20" 0.0165 "-" 25 0
Dec 6 08:45:35 np0005548787 proxy-server[124089]: 172.18.0.103 172.18.0.104 06/Dec/2025/08/45/35 PUT /v1/AUTH_660705fe1cbe4111b6f2c99ce8d05c8c/gnocchi.dd1c1d8e-44fb-47a2-a3f8-097ad581941f/1764720000.0_mean_300.0_v3 HTTP/1.0 201 - python-swiftclient-3.11.1 gAAAAABpM-z9-YGG... 16 - - tx88985dc27a314117a7aed-006933ed2f - 0.0239 - - 1765010735.344909906 1765010735.368777275 0
Dec 6 08:45:35 np0005548787 object-server[122734]: 172.20.0.104 - - [06/Dec/2025:08:45:35 +0000] "GET /d1/908/AUTH_660705fe1cbe4111b6f2c99ce8d05c8c/gnocchi.0519cf7f-c3e9-4ba0-a8df-4ca7944a08f0/none_v3" 404 70 "GET http://172.18.0.250:8080/v1/AUTH_660705fe1cbe4111b6f2c99ce8d05c8c/gnocchi.0519cf7f-c3e9-4ba0-a8df-4ca7944a08f0/none_v3" "tx8551336c1bf248d593205-006933ed2f" "proxy-server 20" 0.0006 "-" 23 0
Dec 6 08:45:35 np0005548787 container-server[122328]: 172.20.0.105 - - [06/Dec/2025:08:45:35 +0000] "PUT /d1/416/AUTH_660705fe1cbe4111b6f2c99ce8d05c8c/gnocchi.d400a804-56de-4531-910f-f2cfab3cebbf/none_v3" 201 - "PUT http://172.18.0.250:8080/d1/761/AUTH_660705fe1cbe4111b6f2c99ce8d05c8c/gnocchi.d400a804-56de-4531-910f-f2cfab3cebbf/none_v3" "txd5e44370feea4127932ac-006933ed2f" "object-server 22" 0.0007 "-" 17 0
Dec 6 08:45:35 np0005548787 object-server[122728]: 172.20.0.103 - - [06/Dec/2025:08:45:35 +0000] "PUT /d1/761/AUTH_660705fe1cbe4111b6f2c99ce8d05c8c/gnocchi.d400a804-56de-4531-910f-f2cfab3cebbf/none_v3" 201 - "PUT http://172.18.0.250:8080/v1/AUTH_660705fe1cbe4111b6f2c99ce8d05c8c/gnocchi.d400a804-56de-4531-910f-f2cfab3cebbf/none_v3" "txd5e44370feea4127932ac-006933ed2f" "proxy-server 20" 0.0124 "-" 22 0
Dec 6 08:45:35 np0005548787 object-server[122739]: 172.20.0.105 - - [06/Dec/2025:08:45:35 +0000] "PUT /d1/734/AUTH_660705fe1cbe4111b6f2c99ce8d05c8c/gnocchi.dd1c1d8e-44fb-47a2-a3f8-097ad581941f/none_v3" 201 - "PUT http://172.18.0.250:8080/v1/AUTH_660705fe1cbe4111b6f2c99ce8d05c8c/gnocchi.dd1c1d8e-44fb-47a2-a3f8-097ad581941f/none_v3" "txc738bd9b2ba042d0b9cdb-006933ed2f" "proxy-server 20" 0.0125 "-" 24 0
Dec 6 08:45:35 np0005548787 container-server[122322]: 172.20.0.104 - - [06/Dec/2025:08:45:35 +0000] "PUT /d1/534/AUTH_660705fe1cbe4111b6f2c99ce8d05c8c/gnocchi.dd1c1d8e-44fb-47a2-a3f8-097ad581941f/none_v3" 201 - "PUT http://172.18.0.250:8080/d1/734/AUTH_660705fe1cbe4111b6f2c99ce8d05c8c/gnocchi.dd1c1d8e-44fb-47a2-a3f8-097ad581941f/none_v3" "txc738bd9b2ba042d0b9cdb-006933ed2f" "object-server 23" 0.0009 "-" 16 0
Dec 6 08:45:35 np0005548787 proxy-server[124089]: 172.18.0.103 172.18.0.104 06/Dec/2025/08/45/35 PUT /v1/AUTH_660705fe1cbe4111b6f2c99ce8d05c8c/gnocchi.dd1c1d8e-44fb-47a2-a3f8-097ad581941f/none_v3 HTTP/1.0 201 - python-swiftclient-3.11.1 gAAAAABpM-z9-YGG... 22 - - txc738bd9b2ba042d0b9cdb-006933ed2f - 0.0362 - - 1765010735.373122215 1765010735.409275532 0
Dec 6 08:45:35 np0005548787 account-server[122233]: 172.20.0.103 - - [06/Dec/2025:08:45:35 +0000] "PUT /d1/82/AUTH_660705fe1cbe4111b6f2c99ce8d05c8c/gnocchi.0519cf7f-c3e9-4ba0-a8df-4ca7944a08f0" 201 - "PUT http://172.20.0.103:6001/d1/385/AUTH_660705fe1cbe4111b6f2c99ce8d05c8c/gnocchi.0519cf7f-c3e9-4ba0-a8df-4ca7944a08f0" "tx046aefb1eecd4e1e8c332-006933ed2f" "container-server 22" 0.0058 "-" 14 0
Dec 6 08:45:35 np0005548787 container-server[122297]: 172.20.0.104 - - [06/Dec/2025:08:45:35 +0000] "PUT /d1/385/AUTH_660705fe1cbe4111b6f2c99ce8d05c8c/gnocchi.0519cf7f-c3e9-4ba0-a8df-4ca7944a08f0" 201 - "PUT http://172.18.0.250:8080/v1/AUTH_660705fe1cbe4111b6f2c99ce8d05c8c/gnocchi.0519cf7f-c3e9-4ba0-a8df-4ca7944a08f0" "tx046aefb1eecd4e1e8c332-006933ed2f" "proxy-server 20" 0.0224 "-" 14 0
Dec 6 08:45:35 np0005548787 container-server[122322]: 172.20.0.103 - - [06/Dec/2025:08:45:35 +0000] "HEAD /d1/749/AUTH_660705fe1cbe4111b6f2c99ce8d05c8c/gnocchi.4b6439be-9db9-41d6-bbee-110acb6b0c29" 404 - "HEAD http://172.18.0.250:8080/v1/AUTH_660705fe1cbe4111b6f2c99ce8d05c8c/gnocchi.4b6439be-9db9-41d6-bbee-110acb6b0c29?format=json&states=listing" "tx14b6f1d453f14060af245-006933ed2f" "proxy-server 20" 0.0006 "-" 16 0
Dec 6 08:45:35 np0005548787 container-server[122328]: 172.20.0.105 - - [06/Dec/2025:08:45:35 +0000] "HEAD /d1/511/AUTH_660705fe1cbe4111b6f2c99ce8d05c8c/gnocchi.97ff4fdb-49f5-4882-a59e-2ce2f572c718" 404 - "HEAD http://172.18.0.250:8080/v1/AUTH_660705fe1cbe4111b6f2c99ce8d05c8c/gnocchi.97ff4fdb-49f5-4882-a59e-2ce2f572c718?format=json&states=listing" "tx911f6e13ae524355908e7-006933ed2f" "proxy-server 20" 0.0006 "-" 17 0
Dec 6 08:45:35 np0005548787 object-server[122740]: 172.20.0.105 - - [06/Dec/2025:08:45:35 +0000] "GET /d1/550/AUTH_660705fe1cbe4111b6f2c99ce8d05c8c/gnocchi.97ff4fdb-49f5-4882-a59e-2ce2f572c718/none_v3" 404 70 "GET http://172.18.0.250:8080/v1/AUTH_660705fe1cbe4111b6f2c99ce8d05c8c/gnocchi.97ff4fdb-49f5-4882-a59e-2ce2f572c718/none_v3" "tx911f6e13ae524355908e7-006933ed2f" "proxy-server 20" 0.0005 "-" 25 0
Dec 6 08:45:35 np0005548787 object-server[122739]: 172.20.0.103 - - [06/Dec/2025:08:45:35 +0000] "GET /d1/385/AUTH_660705fe1cbe4111b6f2c99ce8d05c8c/gnocchi.4b6439be-9db9-41d6-bbee-110acb6b0c29/none_v3" 404 70 "GET http://172.18.0.250:8080/v1/AUTH_660705fe1cbe4111b6f2c99ce8d05c8c/gnocchi.4b6439be-9db9-41d6-bbee-110acb6b0c29/none_v3" "tx14b6f1d453f14060af245-006933ed2f" "proxy-server 20" 0.0004 "-" 24 0
Dec 6 08:45:35 np0005548787 proxy-server[124089]: 172.18.0.103 172.18.0.104 06/Dec/2025/08/45/35 GET /v1/AUTH_660705fe1cbe4111b6f2c99ce8d05c8c/gnocchi.97ff4fdb-49f5-4882-a59e-2ce2f572c718/none_v3 HTTP/1.0 404 - python-swiftclient-3.11.1 gAAAAABpM-z9-YGG... - 70 - tx911f6e13ae524355908e7-006933ed2f - 0.0295 - - 1765010735.428363800 1765010735.457872391 0
Dec 6 08:45:35 np0005548787 object-server[122739]: 172.20.0.104 - - [06/Dec/2025:08:45:35 +0000] "GET /d1/282/AUTH_660705fe1cbe4111b6f2c99ce8d05c8c/gnocchi.0519cf7f-c3e9-4ba0-a8df-4ca7944a08f0/1764720000.0_mean_300.0_v3" 404 70 "GET http://172.18.0.250:8080/v1/AUTH_660705fe1cbe4111b6f2c99ce8d05c8c/gnocchi.0519cf7f-c3e9-4ba0-a8df-4ca7944a08f0/1764720000.0_mean_300.0_v3" "tx67629d0f438346d2a7f46-006933ed2f" "proxy-server 20" 0.0004 "-" 24 0
Dec 6 08:45:35 np0005548787 container-server[122328]: 172.20.0.103 - - [06/Dec/2025:08:45:35 +0000] "PUT /d1/749/AUTH_660705fe1cbe4111b6f2c99ce8d05c8c/gnocchi.4b6439be-9db9-41d6-bbee-110acb6b0c29" 201 - "PUT http://172.18.0.250:8080/v1/AUTH_660705fe1cbe4111b6f2c99ce8d05c8c/gnocchi.4b6439be-9db9-41d6-bbee-110acb6b0c29" "tx4080d20156e04014834d1-006933ed2f" "proxy-server 20" 0.0200 "-" 17 0
Dec 6 08:45:35 np0005548787 account-server[122233]: 172.20.0.104 - - [06/Dec/2025:08:45:35 +0000] "PUT /d1/82/AUTH_660705fe1cbe4111b6f2c99ce8d05c8c/gnocchi.4b6439be-9db9-41d6-bbee-110acb6b0c29" 201 - "PUT http://172.20.0.104:6001/d1/749/AUTH_660705fe1cbe4111b6f2c99ce8d05c8c/gnocchi.4b6439be-9db9-41d6-bbee-110acb6b0c29" "tx4080d20156e04014834d1-006933ed2f" "container-server 22" 0.0064 "-" 14 0
Dec 6 08:45:35 np0005548787 container-server[122297]: 172.20.0.105 - - [06/Dec/2025:08:45:35 +0000] "PUT /d1/511/AUTH_660705fe1cbe4111b6f2c99ce8d05c8c/gnocchi.97ff4fdb-49f5-4882-a59e-2ce2f572c718" 201 - "PUT http://172.18.0.250:8080/v1/AUTH_660705fe1cbe4111b6f2c99ce8d05c8c/gnocchi.97ff4fdb-49f5-4882-a59e-2ce2f572c718" "txc2585a71ffbf47f2a3233-006933ed2f" "proxy-server 20" 0.0218 "-" 14 0
Dec 6 08:45:35 np0005548787 account-server[122247]: 172.20.0.103 - - [06/Dec/2025:08:45:35 +0000] "PUT /d1/82/AUTH_660705fe1cbe4111b6f2c99ce8d05c8c/gnocchi.97ff4fdb-49f5-4882-a59e-2ce2f572c718" 201 - "PUT http://172.20.0.103:6001/d1/511/AUTH_660705fe1cbe4111b6f2c99ce8d05c8c/gnocchi.97ff4fdb-49f5-4882-a59e-2ce2f572c718" "txc2585a71ffbf47f2a3233-006933ed2f" "container-server 21" 0.0050 "-" 16 0
Dec 6 08:45:35 np0005548787 container-server[122297]: 172.20.0.105 - - [06/Dec/2025:08:45:35 +0000] "PUT /d1/385/AUTH_660705fe1cbe4111b6f2c99ce8d05c8c/gnocchi.0519cf7f-c3e9-4ba0-a8df-4ca7944a08f0/1764720000.0_mean_300.0_v3" 201 - "PUT http://172.18.0.250:8080/d1/282/AUTH_660705fe1cbe4111b6f2c99ce8d05c8c/gnocchi.0519cf7f-c3e9-4ba0-a8df-4ca7944a08f0/1764720000.0_mean_300.0_v3" "tx41ad8b3a46cd40578dde7-006933ed2f" "object-server 25" 0.0009 "-" 14 0
Dec 6 08:45:35 np0005548787 object-server[122740]: 172.20.0.104 - - [06/Dec/2025:08:45:35 +0000] "PUT /d1/282/AUTH_660705fe1cbe4111b6f2c99ce8d05c8c/gnocchi.0519cf7f-c3e9-4ba0-a8df-4ca7944a08f0/1764720000.0_mean_300.0_v3" 201 - "PUT http://172.18.0.250:8080/v1/AUTH_660705fe1cbe4111b6f2c99ce8d05c8c/gnocchi.0519cf7f-c3e9-4ba0-a8df-4ca7944a08f0/1764720000.0_mean_300.0_v3" "tx41ad8b3a46cd40578dde7-006933ed2f" "proxy-server 20" 0.0122 "-" 25 0
Dec 6 08:45:35 np0005548787 proxy-server[124089]: 172.18.0.103 172.18.0.104 06/Dec/2025/08/45/35 PUT /v1/AUTH_660705fe1cbe4111b6f2c99ce8d05c8c/gnocchi.97ff4fdb-49f5-4882-a59e-2ce2f572c718 HTTP/1.0 201 - python-swiftclient-3.11.1 gAAAAABpM-z9-YGG... - - - txc2585a71ffbf47f2a3233-006933ed2f - 0.0385 - - 1765010735.463120222 1765010735.501646042 0
Dec 6 08:45:35 np0005548787 container-server[122297]: 172.20.0.105 - - [06/Dec/2025:08:45:35 +0000] "HEAD /d1/749/AUTH_660705fe1cbe4111b6f2c99ce8d05c8c/gnocchi.4b6439be-9db9-41d6-bbee-110acb6b0c29" 204 - "HEAD http://172.18.0.250:8080/v1/AUTH_660705fe1cbe4111b6f2c99ce8d05c8c/gnocchi.4b6439be-9db9-41d6-bbee-110acb6b0c29?format=json&states=listing" "tx53f520c1ee8948919dcf2-006933ed2f" "proxy-server 20" 0.0021 "-" 14 0
Dec 6 08:45:35 np0005548787 proxy-server[124089]: - - 06/Dec/2025/08/45/35 HEAD /v1/AUTH_660705fe1cbe4111b6f2c99ce8d05c8c/gnocchi.4b6439be-9db9-41d6-bbee-110acb6b0c29%3Fformat%3Djson%26states%3Dlisting HTTP/1.0 204 - Swift - - - - tx53f520c1ee8948919dcf2-006933ed2f - 0.0067 RL - 1765010735.508428335 1765010735.515122175 0
Dec 6 08:45:35 np0005548787 container-server[122328]: 172.20.0.105 - - [06/Dec/2025:08:45:35 +0000] "PUT /d1/385/AUTH_660705fe1cbe4111b6f2c99ce8d05c8c/gnocchi.0519cf7f-c3e9-4ba0-a8df-4ca7944a08f0/none_v3" 201 - "PUT http://172.18.0.250:8080/d1/908/AUTH_660705fe1cbe4111b6f2c99ce8d05c8c/gnocchi.0519cf7f-c3e9-4ba0-a8df-4ca7944a08f0/none_v3" "tx4a954046047443f48646f-006933ed2f" "object-server 23" 0.0006 "-" 17 0
Dec 6 08:45:35 np0005548787 object-server[122734]: 172.20.0.104 - - [06/Dec/2025:08:45:35 +0000] "PUT /d1/908/AUTH_660705fe1cbe4111b6f2c99ce8d05c8c/gnocchi.0519cf7f-c3e9-4ba0-a8df-4ca7944a08f0/none_v3" 201 - "PUT http://172.18.0.250:8080/v1/AUTH_660705fe1cbe4111b6f2c99ce8d05c8c/gnocchi.0519cf7f-c3e9-4ba0-a8df-4ca7944a08f0/none_v3" "tx4a954046047443f48646f-006933ed2f" "proxy-server 20" 0.0096 "-" 23 0
Dec 6 08:45:35 np0005548787 proxy-server[124089]: 172.18.0.105 172.18.0.104 06/Dec/2025/08/45/35 GET /v1/AUTH_660705fe1cbe4111b6f2c99ce8d05c8c/gnocchi.4b6439be-9db9-41d6-bbee-110acb6b0c29%3Fformat%3Djson%26states%3Dlisting HTTP/1.0 200 - python-swiftclient-3.11.1 gAAAAABpM-yzR85B... - 2 - tx53f520c1ee8948919dcf2-006933ed2f - 0.0203 - - 1765010735.506403685 1765010735.526692629 0
Dec 6 08:45:35 np0005548787 object-server[122740]: 172.20.0.104 - - [06/Dec/2025:08:45:35 +0000] "GET /d1/73/AUTH_660705fe1cbe4111b6f2c99ce8d05c8c/gnocchi.97ff4fdb-49f5-4882-a59e-2ce2f572c718/1764720000.0_mean_300.0_v3" 404 70 "GET http://172.18.0.250:8080/v1/AUTH_660705fe1cbe4111b6f2c99ce8d05c8c/gnocchi.97ff4fdb-49f5-4882-a59e-2ce2f572c718/1764720000.0_mean_300.0_v3" "tx12bdf3f1289e45fbab47e-006933ed2f" "proxy-server 20" 0.0004 "-" 25 0
Dec 6 08:45:35 np0005548787 object-server[122740]: 172.20.0.105 - - [06/Dec/2025:08:45:35 +0000] "GET /d1/74/AUTH_660705fe1cbe4111b6f2c99ce8d05c8c/gnocchi.4b6439be-9db9-41d6-bbee-110acb6b0c29/1764720000.0_mean_300.0_v3" 404 70 "GET http://172.18.0.250:8080/v1/AUTH_660705fe1cbe4111b6f2c99ce8d05c8c/gnocchi.4b6439be-9db9-41d6-bbee-110acb6b0c29/1764720000.0_mean_300.0_v3" "txcd6337a72cb5472195319-006933ed2f" "proxy-server 20" 0.0003 "-" 25 0
Dec 6 08:45:35 np0005548787 proxy-server[124089]: 172.18.0.105 172.18.0.104 06/Dec/2025/08/45/35 GET /v1/AUTH_660705fe1cbe4111b6f2c99ce8d05c8c/gnocchi.4b6439be-9db9-41d6-bbee-110acb6b0c29/1764720000.0_mean_300.0_v3 HTTP/1.0 404 - python-swiftclient-3.11.1 gAAAAABpM-yzR85B... - 70 - txcd6337a72cb5472195319-006933ed2f - 0.0210 - - 1765010735.532435417 1765010735.553445339 0
Dec 6 08:45:35 np0005548787 container-server[122322]: 172.20.0.103 - - [06/Dec/2025:08:45:35 +0000] "HEAD /d1/921/AUTH_660705fe1cbe4111b6f2c99ce8d05c8c/gnocchi.58ebac5b-b343-4694-9941-8d2cfd000578" 404 - "HEAD http://172.18.0.250:8080/v1/AUTH_660705fe1cbe4111b6f2c99ce8d05c8c/gnocchi.58ebac5b-b343-4694-9941-8d2cfd000578?format=json&states=listing" "tx2eb208a470434c1eb334a-006933ed2f" "proxy-server 20" 0.0005 "-" 16 0
Dec 6 08:45:35 np0005548787 container-server[122322]: 172.20.0.103 - - [06/Dec/2025:08:45:35 +0000] "PUT /d1/511/AUTH_660705fe1cbe4111b6f2c99ce8d05c8c/gnocchi.97ff4fdb-49f5-4882-a59e-2ce2f572c718/1764720000.0_mean_300.0_v3" 201 - "PUT http://172.18.0.250:8080/d1/73/AUTH_660705fe1cbe4111b6f2c99ce8d05c8c/gnocchi.97ff4fdb-49f5-4882-a59e-2ce2f572c718/1764720000.0_mean_300.0_v3" "tx6712baf72b864964b19e2-006933ed2f" "object-server 25" 0.0007 "-" 16 0
Dec 6 08:45:35 np0005548787 object-server[122734]: 172.20.0.104 - - [06/Dec/2025:08:45:35 +0000] "PUT /d1/73/AUTH_660705fe1cbe4111b6f2c99ce8d05c8c/gnocchi.97ff4fdb-49f5-4882-a59e-2ce2f572c718/1764720000.0_mean_300.0_v3" 201 - "PUT http://172.18.0.250:8080/v1/AUTH_660705fe1cbe4111b6f2c99ce8d05c8c/gnocchi.97ff4fdb-49f5-4882-a59e-2ce2f572c718/1764720000.0_mean_300.0_v3" "tx6712baf72b864964b19e2-006933ed2f" "proxy-server 20" 0.0142 "-" 23 0
Dec 6 08:45:35 np0005548787 container-server[122297]: 172.20.0.104 - - [06/Dec/2025:08:45:35 +0000] "PUT /d1/749/AUTH_660705fe1cbe4111b6f2c99ce8d05c8c/gnocchi.4b6439be-9db9-41d6-bbee-110acb6b0c29/1764720000.0_mean_300.0_v3" 201 - "PUT http://172.18.0.250:8080/d1/74/AUTH_660705fe1cbe4111b6f2c99ce8d05c8c/gnocchi.4b6439be-9db9-41d6-bbee-110acb6b0c29/1764720000.0_mean_300.0_v3" "tx52560e9afb7545f9b7d4c-006933ed2f" "object-server 23" 0.0009 "-" 14 0
Dec 6 08:45:35 np0005548787 object-server[122740]: 172.20.0.105 - - [06/Dec/2025:08:45:35 +0000] "PUT /d1/74/AUTH_660705fe1cbe4111b6f2c99ce8d05c8c/gnocchi.4b6439be-9db9-41d6-bbee-110acb6b0c29/1764720000.0_mean_300.0_v3" 201 - "PUT http://172.18.0.250:8080/v1/AUTH_660705fe1cbe4111b6f2c99ce8d05c8c/gnocchi.4b6439be-9db9-41d6-bbee-110acb6b0c29/1764720000.0_mean_300.0_v3" "tx52560e9afb7545f9b7d4c-006933ed2f" "proxy-server 20" 0.0141 "-" 25 0
Dec 6 08:45:35 np0005548787 proxy-server[124089]: 172.18.0.105 172.18.0.104 06/Dec/2025/08/45/35 PUT /v1/AUTH_660705fe1cbe4111b6f2c99ce8d05c8c/gnocchi.4b6439be-9db9-41d6-bbee-110acb6b0c29/1764720000.0_mean_300.0_v3 HTTP/1.0 201 - python-swiftclient-3.11.1 gAAAAABpM-yzR85B... 16 - - tx52560e9afb7545f9b7d4c-006933ed2f - 0.0292 - - 1765010735.558384180 1765010735.587615967 0
Dec 6 08:45:35 np0005548787 object-server[122734]: 172.20.0.103 - - [06/Dec/2025:08:45:35 +0000] "GET /d1/857/AUTH_660705fe1cbe4111b6f2c99ce8d05c8c/gnocchi.58ebac5b-b343-4694-9941-8d2cfd000578/none_v3" 404 70 "GET http://172.18.0.250:8080/v1/AUTH_660705fe1cbe4111b6f2c99ce8d05c8c/gnocchi.58ebac5b-b343-4694-9941-8d2cfd000578/none_v3" "tx2eb208a470434c1eb334a-006933ed2f" "proxy-server 20" 0.0004 "-" 23 0
Dec 6 08:45:35 np0005548787 container-server[122297]: 172.20.0.105 - - [06/Dec/2025:08:45:35 +0000] "PUT /d1/511/AUTH_660705fe1cbe4111b6f2c99ce8d05c8c/gnocchi.97ff4fdb-49f5-4882-a59e-2ce2f572c718/none_v3" 201 - "PUT http://172.18.0.250:8080/d1/550/AUTH_660705fe1cbe4111b6f2c99ce8d05c8c/gnocchi.97ff4fdb-49f5-4882-a59e-2ce2f572c718/none_v3" "tx40f5cebb11ad42b0b7229-006933ed2f" "object-server 22" 0.0009 "-" 14 0
Dec 6 08:45:35 np0005548787 object-server[122728]: 172.20.0.104 - - [06/Dec/2025:08:45:35 +0000] "PUT /d1/550/AUTH_660705fe1cbe4111b6f2c99ce8d05c8c/gnocchi.97ff4fdb-49f5-4882-a59e-2ce2f572c718/none_v3" 201 - "PUT http://172.18.0.250:8080/v1/AUTH_660705fe1cbe4111b6f2c99ce8d05c8c/gnocchi.97ff4fdb-49f5-4882-a59e-2ce2f572c718/none_v3" "tx40f5cebb11ad42b0b7229-006933ed2f" "proxy-server 20" 0.0125 "-" 22 0
Dec 6 08:45:35 np0005548787 container-server[122322]: 172.20.0.103 - - [06/Dec/2025:08:45:35 +0000] "PUT /d1/749/AUTH_660705fe1cbe4111b6f2c99ce8d05c8c/gnocchi.4b6439be-9db9-41d6-bbee-110acb6b0c29/none_v3" 201 - "PUT http://172.18.0.250:8080/d1/385/AUTH_660705fe1cbe4111b6f2c99ce8d05c8c/gnocchi.4b6439be-9db9-41d6-bbee-110acb6b0c29/none_v3" "txa1424a79a81d44a3b7eb7-006933ed2f" "object-server 22" 0.0006 "-" 16 0
Dec 6 08:45:35 np0005548787 object-server[122740]: 172.20.0.105 - - [06/Dec/2025:08:45:35 +0000] "PUT /d1/385/AUTH_660705fe1cbe4111b6f2c99ce8d05c8c/gnocchi.4b6439be-9db9-41d6-bbee-110acb6b0c29/none_v3" 201 - "PUT http://172.18.0.250:8080/v1/AUTH_660705fe1cbe4111b6f2c99ce8d05c8c/gnocchi.4b6439be-9db9-41d6-bbee-110acb6b0c29/none_v3" "txa1424a79a81d44a3b7eb7-006933ed2f" "proxy-server 20" 0.0153 "-" 25 0
Dec 6 08:45:35 np0005548787 container-server[122322]: 172.20.0.103 - - [06/Dec/2025:08:45:35 +0000] "PUT /d1/921/AUTH_660705fe1cbe4111b6f2c99ce8d05c8c/gnocchi.58ebac5b-b343-4694-9941-8d2cfd000578" 201 - "PUT http://172.18.0.250:8080/v1/AUTH_660705fe1cbe4111b6f2c99ce8d05c8c/gnocchi.58ebac5b-b343-4694-9941-8d2cfd000578" "tx62246117508f4a06aa8ef-006933ed2f" "proxy-server 20" 0.0189 "-" 16 0
Dec 6 08:45:35 np0005548787 proxy-server[124089]: 172.18.0.105 172.18.0.104 06/Dec/2025/08/45/35 PUT /v1/AUTH_660705fe1cbe4111b6f2c99ce8d05c8c/gnocchi.4b6439be-9db9-41d6-bbee-110acb6b0c29/none_v3 HTTP/1.0 201 - python-swiftclient-3.11.1 gAAAAABpM-yzR85B... 22 - - txa1424a79a81d44a3b7eb7-006933ed2f - 0.0304 - - 1765010735.592222452 1765010735.622662067 0
Dec 6 08:45:35 np0005548787 account-server[122233]: 172.20.0.103 - - [06/Dec/2025:08:45:35 +0000] "PUT /d1/82/AUTH_660705fe1cbe4111b6f2c99ce8d05c8c/gnocchi.58ebac5b-b343-4694-9941-8d2cfd000578" 201 - "PUT http://172.20.0.103:6001/d1/921/AUTH_660705fe1cbe4111b6f2c99ce8d05c8c/gnocchi.58ebac5b-b343-4694-9941-8d2cfd000578" "tx62246117508f4a06aa8ef-006933ed2f" "container-server 23" 0.0055 "-" 14 0
Dec 6 08:45:35 np0005548787 proxy-server[124089]: - - 06/Dec/2025/08/45/35 HEAD /v1/AUTH_660705fe1cbe4111b6f2c99ce8d05c8c/gnocchi.58ebac5b-b343-4694-9941-8d2cfd000578%3Fformat%3Djson%26states%3Dlisting HTTP/1.0 204 - Swift - - - - tx38a95109ee64401889a3a-006933ed2f - 0.0084 RL - 1765010735.635561943 1765010735.643991947 0
Dec 6 08:45:35 np0005548787 container-server[122328]: 172.20.0.104 - - [06/Dec/2025:08:45:35 +0000] "HEAD /d1/401/AUTH_660705fe1cbe4111b6f2c99ce8d05c8c/gnocchi.74f6c26b-5012-42b2-bcea-2b4ab9c47e5a" 404 - "HEAD http://172.18.0.250:8080/v1/AUTH_660705fe1cbe4111b6f2c99ce8d05c8c/gnocchi.74f6c26b-5012-42b2-bcea-2b4ab9c47e5a?format=json&states=listing" "txb9e817e179f84d22a1458-006933ed2f" "proxy-server 20" 0.0008 "-" 17 0
Dec 6 08:45:35 np0005548787 object-server[122728]: 172.20.0.104 - - [06/Dec/2025:08:45:35 +0000] "GET /d1/370/AUTH_660705fe1cbe4111b6f2c99ce8d05c8c/gnocchi.74f6c26b-5012-42b2-bcea-2b4ab9c47e5a/none_v3" 404 70 "GET http://172.18.0.250:8080/v1/AUTH_660705fe1cbe4111b6f2c99ce8d05c8c/gnocchi.74f6c26b-5012-42b2-bcea-2b4ab9c47e5a/none_v3" "txb9e817e179f84d22a1458-006933ed2f" "proxy-server 20" 0.0004 "-" 22 0
Dec 6 08:45:35 np0005548787 container-server[122311]: 172.20.0.105 - - [06/Dec/2025:08:45:35 +0000] "GET /d1/921/AUTH_660705fe1cbe4111b6f2c99ce8d05c8c/gnocchi.58ebac5b-b343-4694-9941-8d2cfd000578" 200 2 "GET http://172.18.0.250:8080/v1/AUTH_660705fe1cbe4111b6f2c99ce8d05c8c/gnocchi.58ebac5b-b343-4694-9941-8d2cfd000578?format=json&states=listing" "tx38a95109ee64401889a3a-006933ed2f" "proxy-server 20" 0.0036 "-" 15 0
Dec 6 08:45:35 np0005548787 proxy-server[124089]: 172.18.0.250 172.18.0.104 06/Dec/2025/08/45/35 GET /v1/AUTH_660705fe1cbe4111b6f2c99ce8d05c8c/gnocchi.58ebac5b-b343-4694-9941-8d2cfd000578%3Fformat%3Djson%26states%3Dlisting HTTP/1.0 200 - python-swiftclient-3.11.1 gAAAAABpM-z074rw... - 2 - tx38a95109ee64401889a3a-006933ed2f - 0.0239 - - 1765010735.633525610 1765010735.657417536 0
Dec 6 08:45:35 np0005548787 object-server[122734]: 172.20.0.103 - - [06/Dec/2025:08:45:35 +0000] "GET /d1/529/AUTH_660705fe1cbe4111b6f2c99ce8d05c8c/gnocchi.58ebac5b-b343-4694-9941-8d2cfd000578/1764720000.0_mean_300.0_v3" 404 70 "GET http://172.18.0.250:8080/v1/AUTH_660705fe1cbe4111b6f2c99ce8d05c8c/gnocchi.58ebac5b-b343-4694-9941-8d2cfd000578/1764720000.0_mean_300.0_v3" "txd1fcb4303f5d4d90acd10-006933ed2f" "proxy-server 20" 0.0005 "-" 23 0
Dec 6 08:45:35 np0005548787 account-server[122247]: 172.20.0.105 - - [06/Dec/2025:08:45:35 +0000] "PUT /d1/82/AUTH_660705fe1cbe4111b6f2c99ce8d05c8c/gnocchi.74f6c26b-5012-42b2-bcea-2b4ab9c47e5a" 201 - "PUT http://172.20.0.105:6001/d1/401/AUTH_660705fe1cbe4111b6f2c99ce8d05c8c/gnocchi.74f6c26b-5012-42b2-bcea-2b4ab9c47e5a" "tx31efa7cf1d82496f9ca8a-006933ed2f" "container-server 15" 0.0049 "-" 16 0
Dec 6 08:45:35 np0005548787 container-server[122311]: 172.20.0.105 - - [06/Dec/2025:08:45:35 +0000] "PUT /d1/401/AUTH_660705fe1cbe4111b6f2c99ce8d05c8c/gnocchi.74f6c26b-5012-42b2-bcea-2b4ab9c47e5a" 201 - "PUT http://172.18.0.250:8080/v1/AUTH_660705fe1cbe4111b6f2c99ce8d05c8c/gnocchi.74f6c26b-5012-42b2-bcea-2b4ab9c47e5a" "tx31efa7cf1d82496f9ca8a-006933ed2f" "proxy-server 20" 0.0168 "-" 15 0
Dec 6 08:45:35 np0005548787 proxy-server[124089]: 172.18.0.103 172.18.0.104 06/Dec/2025/08/45/35 PUT /v1/AUTH_660705fe1cbe4111b6f2c99ce8d05c8c/gnocchi.74f6c26b-5012-42b2-bcea-2b4ab9c47e5a HTTP/1.0 201 - python-swiftclient-3.11.1 gAAAAABpM-z9-YGG... - - - tx31efa7cf1d82496f9ca8a-006933ed2f - 0.0333 - - 1765010735.668889046 1765010735.702177525 0
Dec 6 08:45:35 np0005548787 container-server[122311]: 172.20.0.104 - - [06/Dec/2025:08:45:35 +0000] "PUT /d1/921/AUTH_660705fe1cbe4111b6f2c99ce8d05c8c/gnocchi.58ebac5b-b343-4694-9941-8d2cfd000578/1764720000.0_mean_300.0_v3" 201 - "PUT http://172.18.0.250:8080/d1/529/AUTH_660705fe1cbe4111b6f2c99ce8d05c8c/gnocchi.58ebac5b-b343-4694-9941-8d2cfd000578/1764720000.0_mean_300.0_v3" "txfd4917c4c08d481fbc77c-006933ed2f" "object-server 22" 0.0007 "-" 15 0
Dec 6 08:45:35 np0005548787 object-server[122739]: 172.20.0.104 - - [06/Dec/2025:08:45:35 +0000] "PUT /d1/529/AUTH_660705fe1cbe4111b6f2c99ce8d05c8c/gnocchi.58ebac5b-b343-4694-9941-8d2cfd000578/1764720000.0_mean_300.0_v3" 201 - "PUT http://172.18.0.250:8080/v1/AUTH_660705fe1cbe4111b6f2c99ce8d05c8c/gnocchi.58ebac5b-b343-4694-9941-8d2cfd000578/1764720000.0_mean_300.0_v3" "txfd4917c4c08d481fbc77c-006933ed2f" "proxy-server 20" 0.0132 "-" 24 0
Dec 6 08:45:35 np0005548787 container-server[122328]: 172.20.0.103 - - [06/Dec/2025:08:45:35 +0000] "HEAD /d1/401/AUTH_660705fe1cbe4111b6f2c99ce8d05c8c/gnocchi.74f6c26b-5012-42b2-bcea-2b4ab9c47e5a" 204 - "HEAD http://172.18.0.250:8080/v1/AUTH_660705fe1cbe4111b6f2c99ce8d05c8c/gnocchi.74f6c26b-5012-42b2-bcea-2b4ab9c47e5a?format=json&states=listing" "tx99af27ef2d0544d985827-006933ed2f" "proxy-server 20" 0.0022 "-" 17 0
Dec 6 08:45:35 np0005548787 object-server[122739]: 172.20.0.105 - - [06/Dec/2025:08:45:35 +0000] "PUT /d1/857/AUTH_660705fe1cbe4111b6f2c99ce8d05c8c/gnocchi.58ebac5b-b343-4694-9941-8d2cfd000578/none_v3" 201 - "PUT http://172.18.0.250:8080/v1/AUTH_660705fe1cbe4111b6f2c99ce8d05c8c/gnocchi.58ebac5b-b343-4694-9941-8d2cfd000578/none_v3" "tx4fbef827dea6441ba8864-006933ed2f" "proxy-server 20" 0.0119 "-" 24 0
Dec 6 08:45:35 np0005548787 container-server[122311]: 172.20.0.103 - - [06/Dec/2025:08:45:35 +0000] "PUT /d1/921/AUTH_660705fe1cbe4111b6f2c99ce8d05c8c/gnocchi.58ebac5b-b343-4694-9941-8d2cfd000578/none_v3" 201 - "PUT http://172.18.0.250:8080/d1/857/AUTH_660705fe1cbe4111b6f2c99ce8d05c8c/gnocchi.58ebac5b-b343-4694-9941-8d2cfd000578/none_v3" "tx4fbef827dea6441ba8864-006933ed2f" "object-server 25" 0.0006 "-" 15 0
Dec 6 08:45:35 np0005548787 object-server[122739]: 172.20.0.104 - - [06/Dec/2025:08:45:35 +0000] "GET /d1/909/AUTH_660705fe1cbe4111b6f2c99ce8d05c8c/gnocchi.74f6c26b-5012-42b2-bcea-2b4ab9c47e5a/1764720000.0_mean_300.0_v3" 404 70 "GET http://172.18.0.250:8080/v1/AUTH_660705fe1cbe4111b6f2c99ce8d05c8c/gnocchi.74f6c26b-5012-42b2-bcea-2b4ab9c47e5a/1764720000.0_mean_300.0_v3" "txce72edecbab642abbe020-006933ed2f" "proxy-server 20" 0.0002 "-" 24 0
Dec 6 08:45:35 np0005548787 proxy-server[124089]: 172.18.0.250 172.18.0.104 06/Dec/2025/08/45/35 PUT /v1/AUTH_660705fe1cbe4111b6f2c99ce8d05c8c/gnocchi.58ebac5b-b343-4694-9941-8d2cfd000578/none_v3 HTTP/1.0 201 - python-swiftclient-3.11.1 gAAAAABpM-z074rw... 22 - - tx4fbef827dea6441ba8864-006933ed2f - 0.0315 - - 1765010735.719826698 1765010735.751336813 0
Dec 6 08:45:35 np0005548787 container-server[122297]: 172.20.0.104 - - [06/Dec/2025:08:45:35 +0000] "PUT /d1/401/AUTH_660705fe1cbe4111b6f2c99ce8d05c8c/gnocchi.74f6c26b-5012-42b2-bcea-2b4ab9c47e5a/1764720000.0_mean_300.0_v3" 201 - "PUT http://172.18.0.250:8080/d1/909/AUTH_660705fe1cbe4111b6f2c99ce8d05c8c/gnocchi.74f6c26b-5012-42b2-bcea-2b4ab9c47e5a/1764720000.0_mean_300.0_v3" "txe7e5a8bdb69046539c6f6-006933ed2f" "object-server 22" 0.0008 "-" 14 0
Dec 6 08:45:35 np0005548787 object-server[122728]: 172.20.0.103 - - [06/Dec/2025:08:45:35 +0000] "PUT /d1/909/AUTH_660705fe1cbe4111b6f2c99ce8d05c8c/gnocchi.74f6c26b-5012-42b2-bcea-2b4ab9c47e5a/1764720000.0_mean_300.0_v3" 201 - "PUT http://172.18.0.250:8080/v1/AUTH_660705fe1cbe4111b6f2c99ce8d05c8c/gnocchi.74f6c26b-5012-42b2-bcea-2b4ab9c47e5a/1764720000.0_mean_300.0_v3" "txe7e5a8bdb69046539c6f6-006933ed2f" "proxy-server 20" 0.0176 "-" 22 0
Dec 6 08:45:35 np0005548787 container-server[122322]: 172.20.0.104 - - [06/Dec/2025:08:45:35 +0000] "PUT /d1/401/AUTH_660705fe1cbe4111b6f2c99ce8d05c8c/gnocchi.74f6c26b-5012-42b2-bcea-2b4ab9c47e5a/none_v3" 201 - "PUT http://172.18.0.250:8080/d1/370/AUTH_660705fe1cbe4111b6f2c99ce8d05c8c/gnocchi.74f6c26b-5012-42b2-bcea-2b4ab9c47e5a/none_v3" "tx04bd9cce38854d93a8a6a-006933ed2f" "object-server 25" 0.0008 "-" 16 0
Dec 6 08:45:35 np0005548787 object-server[122734]: 172.20.0.105 - - [06/Dec/2025:08:45:35 +0000] "PUT /d1/370/AUTH_660705fe1cbe4111b6f2c99ce8d05c8c/gnocchi.74f6c26b-5012-42b2-bcea-2b4ab9c47e5a/none_v3" 201 - "PUT http://172.18.0.250:8080/v1/AUTH_660705fe1cbe4111b6f2c99ce8d05c8c/gnocchi.74f6c26b-5012-42b2-bcea-2b4ab9c47e5a/none_v3" "tx04bd9cce38854d93a8a6a-006933ed2f" "proxy-server 20" 0.0122 "-" 23 0
Dec 6 08:45:35 np0005548787 proxy-server[124089]: 172.18.0.103 172.18.0.104 06/Dec/2025/08/45/35 PUT /v1/AUTH_660705fe1cbe4111b6f2c99ce8d05c8c/gnocchi.74f6c26b-5012-42b2-bcea-2b4ab9c47e5a/none_v3 HTTP/1.0 201 - python-swiftclient-3.11.1 gAAAAABpM-z9-YGG... 22 - - tx04bd9cce38854d93a8a6a-006933ed2f - 0.0235 - - 1765010735.801927567 1765010735.825438499 0
Dec 6 08:45:38 np0005548787 account-server[121741]: Beginning replication run
Dec 6 08:45:38 np0005548787 account-server[121741]: Replication run OVER
Dec 6 08:45:38 np0005548787 account-server[121741]: Attempted to replicate 1 dbs in 0.03545 seconds (28.20621/s)
Dec 6 08:45:38 np0005548787 account-server[121741]: Removed 0 dbs
Dec 6 08:45:38 np0005548787 account-server[121741]: 2 successes, 0 failures
Dec 6 08:45:38 np0005548787 account-server[121741]: diff:0 diff_capped:0 empty:0 hashmatch:0 no_change:2 remote_merge:0 rsync:0 ts_repl:0
Dec 6 08:45:49 np0005548787 container-server[122005]: Beginning replication run
Dec 6 08:45:50 np0005548787 container-server[122005]: Replication run OVER
Dec 6 08:45:50 np0005548787 container-server[122005]: Attempted to replicate 22 dbs in 0.50257 seconds (43.77508/s)
Dec 6 08:45:50 np0005548787 container-server[122005]: Removed 0 dbs
Dec 6 08:45:50 np0005548787 container-server[122005]: 44 successes, 0 failures
Dec 6 08:45:50 np0005548787 container-server[122005]: diff:0 diff_capped:0 empty:0 hashmatch:0 no_change:44 remote_merge:0 rsync:0 ts_repl:0
Dec 6 08:46:02 np0005548787 object-server[122396]: Starting object replication pass.
Dec 6 08:46:03 np0005548787 object-server[122396]: 41/41 (100.00%) partitions replicated in 0.42s (97.76/sec, 0s remaining)
Dec 6 08:46:03 np0005548787 object-server[122396]: 82 successes, 0 failures
Dec 6 08:46:03 np0005548787 object-server[122396]: 44 suffixes checked - 0.00% hashed, 0.00% synced
Dec 6 08:46:03 np0005548787 object-server[122396]: Partition times: max 0.0371s, min 0.0070s, med 0.0086s
Dec 6 08:46:03 np0005548787 object-server[122396]: Object replication complete. (0.01 minutes)
Dec 6 08:46:05 np0005548787 object-server[226125]: Begin object audit "forever" mode (ZBF)
Dec 6 08:46:05 np0005548787 object-server[226125]: Object audit (ZBF). Since Sat Dec 6 08:46:05 2025: Locally: 1 passed, 0 quarantined, 0 errors, files/sec: 1112.55, bytes/sec: 0.00, Total time: 0.00, Auditing time: 0.00, Rate: 0.00
Dec 6 08:46:05 np0005548787 object-server[226126]: Begin object audit "forever" mode (ALL)
Dec 6 08:46:05 np0005548787 object-server[226126]: Object audit (ALL). Since Sat Dec 6 08:46:05 2025: Locally: 1 passed, 0 quarantined, 0 errors, files/sec: 109.12, bytes/sec: 1745.85, Total time: 0.01, Auditing time: 0.00, Rate: 0.00
Dec 6 08:46:06 np0005548787 object-server[226125]: Object audit (ZBF) "forever" mode completed: 0.84s. Total quarantined: 0, Total errors: 0, Total files/sec: 52.13, Total bytes/sec: 0.00, Auditing time: 0.83, Rate: 0.99
Dec 6 08:46:07 np0005548787 object-server[226126]: Object audit (ALL) "forever" mode completed: 2.11s. Total quarantined: 0, Total errors: 0, Total files/sec: 20.84, Total bytes/sec: 400.73, Auditing time: 2.10, Rate: 0.99
Dec 6 08:46:08 np0005548787 account-server[121741]: Beginning replication run
Dec 6 08:46:08 np0005548787 account-server[121741]: Replication run OVER
Dec 6 08:46:08 np0005548787 account-server[121741]: Attempted to replicate 1 dbs in 0.01154 seconds (86.64052/s)
Dec 6 08:46:08 np0005548787 account-server[121741]: Removed 0 dbs
Dec 6 08:46:08 np0005548787 account-server[121741]: 2 successes, 0 failures
Dec 6 08:46:08 np0005548787 account-server[121741]: diff:0 diff_capped:0 empty:0 hashmatch:0 no_change:2 remote_merge:0 rsync:0 ts_repl:0
Dec 6 08:46:19 np0005548787 container-server[122005]: Beginning replication run
Dec 6 08:46:20 np0005548787 container-server[122005]: Replication run OVER
Dec 6 08:46:20 np0005548787 container-server[122005]: Attempted to replicate 22 dbs in 0.42977 seconds (51.18990/s)
Dec 6 08:46:20 np0005548787 container-server[122005]: Removed 0 dbs
Dec 6 08:46:20 np0005548787 container-server[122005]: 44 successes, 0 failures
Dec 6 08:46:20 np0005548787 container-server[122005]: diff:0 diff_capped:0 empty:0 hashmatch:0 no_change:44 remote_merge:0 rsync:0 ts_repl:0
Dec 6 08:46:33 np0005548787 object-server[122396]: Starting object replication pass.
Dec 6 08:46:33 np0005548787 object-server[122396]: 41/41 (100.00%) partitions replicated in 0.36s (114.27/sec, 0s remaining)
Dec 6 08:46:33 np0005548787 object-server[122396]: 82 successes, 0 failures
Dec 6 08:46:33 np0005548787 object-server[122396]: 44 suffixes checked - 0.00% hashed, 0.00% synced
Dec 6 08:46:33 np0005548787 object-server[122396]: Partition times: max 0.0124s, min 0.0065s, med 0.0081s
Dec 6 08:46:33 np0005548787 object-server[122396]: Object replication complete. (0.01 minutes)
Dec 6 08:46:36 np0005548787 object-server[226188]: Begin object audit "forever" mode (ZBF)
Dec 6 08:46:36 np0005548787 object-server[226188]: Object audit (ZBF). Since Sat Dec 6 08:46:36 2025: Locally: 1 passed, 0 quarantined, 0 errors, files/sec: 582.14, bytes/sec: 0.00, Total time: 0.00, Auditing time: 0.00, Rate: 0.00
Dec 6 08:46:37 np0005548787 object-server[226188]: Object audit (ZBF) "forever" mode completed: 0.84s. Total quarantined: 0, Total errors: 0, Total files/sec: 52.18, Total bytes/sec: 0.00, Auditing time: 0.83, Rate: 0.99
Dec 6 08:46:38 np0005548787 account-server[121741]: Beginning replication run
Dec 6 08:46:38 np0005548787 account-server[121741]: Replication run OVER
Dec 6 08:46:38 np0005548787 account-server[121741]: Attempted to replicate 1 dbs in 0.01653 seconds (60.47812/s)
Dec 6 08:46:38 np0005548787 account-server[121741]: Removed 0 dbs
Dec 6 08:46:38 np0005548787 account-server[121741]: 2 successes, 0 failures
Dec 6 08:46:38 np0005548787 account-server[121741]: diff:0 diff_capped:0 empty:0 hashmatch:0 no_change:2 remote_merge:0 rsync:0 ts_repl:0
Dec 6 08:46:49 np0005548787 container-server[122005]: Beginning replication run
Dec 6 08:46:50 np0005548787 container-server[122005]: Replication run OVER
Dec 6 08:46:50 np0005548787 container-server[122005]: Attempted to replicate 22 dbs in 0.44100 seconds (49.88704/s)
Dec 6 08:46:50 np0005548787 container-server[122005]: Removed 0 dbs
Dec 6 08:46:50 np0005548787 container-server[122005]: 44 successes, 0 failures
Dec 6 08:46:50 np0005548787 container-server[122005]: diff:0 diff_capped:0 empty:0 hashmatch:0 no_change:44 remote_merge:0 rsync:0 ts_repl:0
Dec 6 08:47:03 np0005548787 object-server[122396]: Starting object replication pass.
Dec 6 08:47:03 np0005548787 object-server[122396]: 41/41 (100.00%) partitions replicated in 0.38s (107.25/sec, 0s remaining)
Dec 6 08:47:03 np0005548787 object-server[122396]: 82 successes, 0 failures
Dec 6 08:47:03 np0005548787 object-server[122396]: 44 suffixes checked - 0.00% hashed, 0.00% synced
Dec 6 08:47:03 np0005548787 object-server[122396]: Partition times: max 0.0134s, min 0.0072s, med 0.0084s
Dec 6 08:47:03 np0005548787 object-server[122396]: Object replication complete. (0.01 minutes)
Dec 6 08:47:07 np0005548787 object-server[232042]: Begin object audit "forever" mode (ZBF)
Dec 6 08:47:07 np0005548787 object-server[232042]: Object audit (ZBF). Since Sat Dec 6 08:47:07 2025: Locally: 1 passed, 0 quarantined, 0 errors, files/sec: 818.72, bytes/sec: 0.00, Total time: 0.00, Auditing time: 0.00, Rate: 0.00
Dec 6 08:47:07 np0005548787 object-server[232043]: Begin object audit "forever" mode (ALL)
Dec 6 08:47:07 np0005548787 object-server[232043]: Object audit (ALL). Since Sat Dec 6 08:47:07 2025: Locally: 1 passed, 0 quarantined, 0 errors, files/sec: 99.12, bytes/sec: 1585.90, Total time: 0.01, Auditing time: 0.00, Rate: 0.00
Dec 6 08:47:08 np0005548787 object-server[232042]: Object audit (ZBF) "forever" mode completed: 0.84s. Total quarantined: 0, Total errors: 0, Total files/sec: 52.22, Total bytes/sec: 0.00, Auditing time: 0.83, Rate: 0.99
Dec 6 08:47:08 np0005548787 account-server[121741]: Beginning replication run
Dec 6 08:47:08 np0005548787 account-server[121741]: Replication run OVER
Dec 6 08:47:08 np0005548787 account-server[121741]: Attempted to replicate 1 dbs in 0.01794 seconds (55.74906/s)
Dec 6 08:47:08 np0005548787 account-server[121741]: Removed 0 dbs
Dec 6 08:47:08 np0005548787 account-server[121741]: 2 successes, 0 failures
Dec 6 08:47:08 np0005548787 account-server[121741]: diff:0 diff_capped:0 empty:0 hashmatch:0 no_change:2 remote_merge:0 rsync:0 ts_repl:0
Dec 6 08:47:09 np0005548787 object-server[232043]: Object audit (ALL) "forever" mode completed: 2.11s. Total quarantined: 0, Total errors: 0, Total files/sec: 20.83, Total bytes/sec: 400.47, Auditing time: 2.10, Rate: 0.99
Dec 6 08:47:10 np0005548787 account-server[122233]: 172.20.0.103 - - [06/Dec/2025:08:47:10 +0000] "PUT /d1/82/AUTH_660705fe1cbe4111b6f2c99ce8d05c8c/gnocchi.dd1c1d8e-44fb-47a2-a3f8-097ad581941f" 201 - "-" "-" "container-updater 2" 0.0011 "-" 14 0
Dec 6 08:47:10 np0005548787 account-server[122245]: 172.20.0.103 - - [06/Dec/2025:08:47:10 +0000] "PUT /d1/82/AUTH_660705fe1cbe4111b6f2c99ce8d05c8c/gnocchi.58ebac5b-b343-4694-9941-8d2cfd000578" 201 - "-" "-" "container-updater 2" 0.0005 "-" 15 0
Dec 6 08:47:10 np0005548787 account-server[122245]: 172.20.0.103 - - [06/Dec/2025:08:47:10 +0000] "PUT /d1/82/AUTH_660705fe1cbe4111b6f2c99ce8d05c8c/gnocchi.6de8b682-90f0-4f0f-b96a-3498607060cc" 201 - "-" "-" "container-updater 2" 0.0005 "-" 15 0
Dec 6 08:47:10 np0005548787 account-server[122247]: 172.20.0.103 - - [06/Dec/2025:08:47:10 +0000] "PUT /d1/82/AUTH_660705fe1cbe4111b6f2c99ce8d05c8c/gnocchi.0519cf7f-c3e9-4ba0-a8df-4ca7944a08f0" 201 - "-" "-" "container-updater 2" 0.0010 "-" 16 0
Dec 6 08:47:10 np0005548787 account-server[122247]: 172.20.0.103 - - [06/Dec/2025:08:47:10 +0000] "PUT /d1/82/AUTH_660705fe1cbe4111b6f2c99ce8d05c8c/gnocchi.4b6439be-9db9-41d6-bbee-110acb6b0c29" 201 - "-" "-" "container-updater 2" 0.0007 "-" 16 0
Dec 6 08:47:10 np0005548787 account-server[122245]: 172.20.0.103 - - [06/Dec/2025:08:47:10 +0000] "PUT /d1/82/AUTH_660705fe1cbe4111b6f2c99ce8d05c8c/gnocchi.1975c3b1-45b1-4cc9-90a6-04134fe65bd6" 201 - "-" "-" "container-updater 2" 0.0007 "-" 15 0
Dec 6 08:47:10 np0005548787 account-server[122255]: 172.20.0.103 - - [06/Dec/2025:08:47:10 +0000] "PUT /d1/82/AUTH_660705fe1cbe4111b6f2c99ce8d05c8c/gnocchi.92989a89-d1e5-4d5d-b95b-494bc3492e89" 201 - "-" "-" "container-updater 2" 0.0008 "-" 17 0
Dec 6 08:47:10 np0005548787 account-server[122255]: 172.20.0.103 - - [06/Dec/2025:08:47:10 +0000] "PUT /d1/82/AUTH_660705fe1cbe4111b6f2c99ce8d05c8c/gnocchi.97ff4fdb-49f5-4882-a59e-2ce2f572c718" 201 - "-" "-" "container-updater 2" 0.0006 "-" 17 0
Dec 6 08:47:10 np0005548787 account-server[122255]: 172.20.0.103 - - [06/Dec/2025:08:47:10 +0000] "PUT /d1/82/AUTH_660705fe1cbe4111b6f2c99ce8d05c8c/gnocchi.d400a804-56de-4531-910f-f2cfab3cebbf" 201 - "-" "-" "container-updater 2" 0.0009 "-" 17 0
Dec 6 08:47:10 np0005548787 account-server[122255]: 172.20.0.103 - - [06/Dec/2025:08:47:10 +0000] "PUT /d1/82/AUTH_660705fe1cbe4111b6f2c99ce8d05c8c/gnocchi.3049b2d9-0574-4d28-bb72-646fb8404312" 201 - "-" "-" "container-updater 2" 0.0009 "-" 17 0
Dec 6 08:47:10 np0005548787 account-server[122233]: 172.20.0.103 - - [06/Dec/2025:08:47:10 +0000] "PUT /d1/82/AUTH_660705fe1cbe4111b6f2c99ce8d05c8c/gnocchi.2c43ece9-797e-4ae6-bddd-ba23e3890bbb" 201 - "-" "-" "container-updater 2" 0.0009 "-" 14 0
Dec 6 08:47:11 np0005548787 account-server[122233]: 172.20.0.103 - - [06/Dec/2025:08:47:11 +0000] "PUT /d1/82/AUTH_660705fe1cbe4111b6f2c99ce8d05c8c/gnocchi.5a437d94-0872-42a7-af65-4e20fd031f7d" 201 - "-" "-" "container-updater 2" 0.0008 "-" 14 0
Dec 6 08:47:11 np0005548787 account-server[122233]: 172.20.0.103 - - [06/Dec/2025:08:47:11 +0000] "PUT /d1/82/AUTH_660705fe1cbe4111b6f2c99ce8d05c8c/gnocchi.3c7b8eb2-8b7c-4889-bf9c-9327d8f68525" 201 - "-" "-" "container-updater 2" 0.0007 "-" 14 0
Dec 6 08:47:11 np0005548787 account-server[122247]: 172.20.0.103 - - [06/Dec/2025:08:47:11 +0000] "PUT /d1/82/AUTH_660705fe1cbe4111b6f2c99ce8d05c8c/gnocchi.c27f151d-b566-42b1-87d3-0b18db94ea98" 201 - "-" "-" "container-updater 2" 0.0010 "-" 16 0
Dec 6 08:47:11 np0005548787 account-server[122255]: 172.20.0.103 - - [06/Dec/2025:08:47:11 +0000] "PUT /d1/82/AUTH_660705fe1cbe4111b6f2c99ce8d05c8c/gnocchi.f3540d4a-adb1-41f8-b061-7a1198509b40" 201 - "-" "-" "container-updater 2" 0.0007 "-" 17 0
Dec 6 08:47:11 np0005548787 account-server[122245]: 172.20.0.103 - - [06/Dec/2025:08:47:11 +0000] "PUT /d1/82/AUTH_660705fe1cbe4111b6f2c99ce8d05c8c/gnocchi.d0a4d190-ab44-486b-987d-81332aae16dd" 201 - "-" "-" "container-updater 2" 0.0007 "-" 15 0
Dec 6 08:47:11 np0005548787 account-server[122233]: 172.20.0.103 - - [06/Dec/2025:08:47:11 +0000] "PUT /d1/82/AUTH_660705fe1cbe4111b6f2c99ce8d05c8c/gnocchi.dea174b3-25e4-4357-8680-6dff4b58effc" 201 - "-" "-" "container-updater 2" 0.0008 "-" 14 0
Dec 6 08:47:11 np0005548787 account-server[122245]: 172.20.0.103 - - [06/Dec/2025:08:47:11 +0000] "PUT /d1/82/AUTH_660705fe1cbe4111b6f2c99ce8d05c8c/gnocchi.cecf42dc-e7e2-4a26-94f4-26a2de5f1061" 201 - "-" "-" "container-updater 2" 0.0007 "-" 15 0
Dec 6 08:47:11 np0005548787 account-server[122233]: 172.20.0.103 - - [06/Dec/2025:08:47:11 +0000] "PUT /d1/82/AUTH_660705fe1cbe4111b6f2c99ce8d05c8c/gnocchi.3eee7a32-53a2-46c9-a1cf-d4d4b8b181ea" 201 - "-" "-" "container-updater 2" 0.0007 "-" 14 0
Dec 6 08:47:11 np0005548787 account-server[122255]: 172.20.0.103 - - [06/Dec/2025:08:47:11 +0000] "PUT /d1/82/AUTH_660705fe1cbe4111b6f2c99ce8d05c8c/gnocchi.74f6c26b-5012-42b2-bcea-2b4ab9c47e5a" 201 - "-" "-" "container-updater 2" 0.0008 "-" 17 0
Dec 6 08:47:11 np0005548787 account-server[122245]: 172.20.0.103 - - [06/Dec/2025:08:47:11 +0000] "PUT /d1/82/AUTH_660705fe1cbe4111b6f2c99ce8d05c8c/gnocchi.36188fb0-01a4-4e74-adf3-5dfea471ffe3" 201 - "-" "-" "container-updater 2" 0.0007 "-" 15 0
Dec 6 08:47:12 np0005548787 account-server[122245]: 172.20.0.103 - - [06/Dec/2025:08:47:12 +0000] "PUT /d1/82/AUTH_660705fe1cbe4111b6f2c99ce8d05c8c/gnocchi.a1d54ab1-7b7b-4634-866b-4c1cdbc1eb0c" 201 - "-" "-" "container-updater 2" 0.0004 "-" 15 0
Dec 6 08:47:19 np0005548787 container-server[122005]: Beginning replication run
Dec 6 08:47:20 np0005548787 container-server[122005]: Replication run OVER
Dec 6 08:47:20 np0005548787 container-server[122005]: Attempted to replicate 22 dbs in 0.42433 seconds (51.84657/s)
Dec 6 08:47:20 np0005548787 container-server[122005]: Removed 0 dbs
Dec 6 08:47:20 np0005548787 container-server[122005]: 44 successes, 0 failures
Dec 6 08:47:20 np0005548787 container-server[122005]: diff:0 diff_capped:0 empty:0 hashmatch:0 no_change:44 remote_merge:0 rsync:0 ts_repl:0
Dec 6 08:47:33 np0005548787 account-server[122245]: 172.20.0.103 - - [06/Dec/2025:08:47:33 +0000] "HEAD /d1/291/.expiring_objects" 404 - "HEAD http://localhost/v1/.expiring_objects?format=json" "txcd5c4f14eaa14e4681c2d-006933eda5" "proxy-server 2" 0.0008 "-" 15 -
Dec 6 08:47:33 np0005548787 account-server[122233]: 172.20.0.104 - - [06/Dec/2025:08:47:33 +0000] "PUT /d1/82/AUTH_660705fe1cbe4111b6f2c99ce8d05c8c/gnocchi.dd1c1d8e-44fb-47a2-a3f8-097ad581941f" 201 - "-" "-" "container-updater 2" 0.0014 "-" 14 0
Dec 6 08:47:33 np0005548787 account-server[122255]: 172.20.0.104 - - [06/Dec/2025:08:47:33 +0000] "PUT /d1/82/AUTH_660705fe1cbe4111b6f2c99ce8d05c8c/gnocchi.97ff4fdb-49f5-4882-a59e-2ce2f572c718" 201 - "-" "-" "container-updater 2" 0.0006 "-" 17 0
Dec 6 08:47:33 np0005548787 account-server[122233]: 172.20.0.104 - - [06/Dec/2025:08:47:33 +0000] "PUT /d1/82/AUTH_660705fe1cbe4111b6f2c99ce8d05c8c/gnocchi.cecf42dc-e7e2-4a26-94f4-26a2de5f1061" 201 - "-" "-" "container-updater 2" 0.0009 "-" 14 0
