Dec 6 08:41:03 np0005548787 object-server[196507]: Object audit (ZBF) "forever" mode completed: 0.00s. Total quarantined: 0, Total errors: 0, Total files/sec: 0.00, Total bytes/sec: 0.00, Auditing time: 0.00, Rate: 0.00
Dec 6 08:41:03 np0005548787 object-server[196508]: Object audit (ALL) "forever" mode completed: 0.00s. Total quarantined: 0, Total errors: 0, Total files/sec: 0.00, Total bytes/sec: 0.00, Auditing time: 0.00, Rate: 0.00
Dec 6 08:41:08 np0005548787 account-server[121741]: Beginning replication run
Dec 6 08:41:08 np0005548787 account-server[121741]: Replication run OVER
Dec 6 08:41:08 np0005548787 account-server[121741]: Attempted to replicate 0 dbs in 0.00150 seconds (0.00000/s)
Dec 6 08:41:08 np0005548787 account-server[121741]: Removed 0 dbs
Dec 6 08:41:08 np0005548787 account-server[121741]: 0 successes, 0 failures
Dec 6 08:41:08 np0005548787 account-server[121741]: diff:0 diff_capped:0 empty:0 hashmatch:0 no_change:0 remote_merge:0 rsync:0 ts_repl:0
Dec 6 08:41:19 np0005548787 container-server[122005]: Beginning replication run
Dec 6 08:41:19 np0005548787 container-server[122005]: Replication run OVER
Dec 6 08:41:19 np0005548787 container-server[122005]: Attempted to replicate 0 dbs in 0.00194 seconds (0.00000/s)
Dec 6 08:41:19 np0005548787 container-server[122005]: Removed 0 dbs
Dec 6 08:41:19 np0005548787 container-server[122005]: 0 successes, 0 failures
Dec 6 08:41:19 np0005548787 container-server[122005]: diff:0 diff_capped:0 empty:0 hashmatch:0 no_change:0 remote_merge:0 rsync:0 ts_repl:0
Dec 6 08:41:31 np0005548787 account-server[122255]: 172.20.0.105 - - [06/Dec/2025:08:41:31 +0000] "HEAD /d1/291/.expiring_objects" 404 - "HEAD http://localhost/v1/.expiring_objects?format=json" "tx22b0fecc437a4dbda929e-006933ec3b" "proxy-server 2" 0.0008 "-" 17 -
Dec 6 08:41:31 np0005548787 object-expirer[122466]: Pass completed in 0s; 0 objects expired (txn: tx22b0fecc437a4dbda929e-006933ec3b)
Dec 6 08:41:32 np0005548787 object-server[122396]: Starting object replication pass.
Dec 6 08:41:32 np0005548787 object-server[122396]: Nothing replicated for 0.004738330841064453 seconds.
Dec 6 08:41:32 np0005548787 object-server[122396]: Object replication complete. (0.00 minutes)
Dec 6 08:41:33 np0005548787 object-server[196509]: Begin object audit "forever" mode (ZBF)
Dec 6 08:41:33 np0005548787 object-server[196509]: Object audit (ZBF) "forever" mode completed: 0.00s. Total quarantined: 0, Total errors: 0, Total files/sec: 0.00, Total bytes/sec: 0.00, Auditing time: 0.00, Rate: 0.00
Dec 6 08:41:38 np0005548787 account-server[121741]: Beginning replication run
Dec 6 08:41:38 np0005548787 account-server[121741]: Replication run OVER
Dec 6 08:41:38 np0005548787 account-server[121741]: Attempted to replicate 0 dbs in 0.00185 seconds (0.00000/s)
Dec 6 08:41:38 np0005548787 account-server[121741]: Removed 0 dbs
Dec 6 08:41:38 np0005548787 account-server[121741]: 0 successes, 0 failures
Dec 6 08:41:38 np0005548787 account-server[121741]: diff:0 diff_capped:0 empty:0 hashmatch:0 no_change:0 remote_merge:0 rsync:0 ts_repl:0
Dec 6 08:41:39 np0005548787 account-server[122233]: 172.20.0.103 - - [06/Dec/2025:08:41:39 +0000] "HEAD /d1/291/.expiring_objects" 404 - "HEAD http://localhost/v1/.expiring_objects?format=json" "tx4234140cd7dd443f94878-006933ec43" "proxy-server 2" 0.0013 "-" 14 -
Dec 6 08:41:49 np0005548787 container-server[122005]: Beginning replication run
Dec 6 08:41:49 np0005548787 container-server[122005]: Replication run OVER
Dec 6 08:41:49 np0005548787 container-server[122005]: Attempted to replicate 0 dbs in 0.00176 seconds (0.00000/s)
Dec 6 08:41:49 np0005548787 container-server[122005]: Removed 0 dbs
Dec 6 08:41:49 np0005548787 container-server[122005]: 0 successes, 0 failures
Dec 6 08:41:49 np0005548787 container-server[122005]: diff:0 diff_capped:0 empty:0 hashmatch:0 no_change:0 remote_merge:0 rsync:0 ts_repl:0
Dec 6 08:42:02 np0005548787 object-server[122396]: Starting object replication pass.
Dec 6 08:42:02 np0005548787 object-server[122396]: Nothing replicated for 0.0039026737213134766 seconds.
Dec 6 08:42:02 np0005548787 object-server[122396]: Object replication complete. (0.00 minutes)
Dec 6 08:42:03 np0005548787 object-server[202649]: Begin object audit "forever" mode (ZBF)
Dec 6 08:42:03 np0005548787 object-server[202650]: Begin object audit "forever" mode (ALL)
Dec 6 08:42:03 np0005548787 object-server[202649]: Object audit (ZBF) "forever" mode completed: 0.00s. Total quarantined: 0, Total errors: 0, Total files/sec: 0.00, Total bytes/sec: 0.00, Auditing time: 0.00, Rate: 0.00
Dec 6 08:42:03 np0005548787 object-server[202650]: Object audit (ALL) "forever" mode completed: 0.00s. Total quarantined: 0, Total errors: 0, Total files/sec: 0.00, Total bytes/sec: 0.00, Auditing time: 0.00, Rate: 0.00
Dec 6 08:42:08 np0005548787 account-server[121741]: Beginning replication run
Dec 6 08:42:08 np0005548787 account-server[121741]: Replication run OVER
Dec 6 08:42:08 np0005548787 account-server[121741]: Attempted to replicate 0 dbs in 0.00332 seconds (0.00000/s)
Dec 6 08:42:08 np0005548787 account-server[121741]: Removed 0 dbs
Dec 6 08:42:08 np0005548787 account-server[121741]: 0 successes, 0 failures
Dec 6 08:42:08 np0005548787 account-server[121741]: diff:0 diff_capped:0 empty:0 hashmatch:0 no_change:0 remote_merge:0 rsync:0 ts_repl:0
Dec 6 08:42:13 np0005548787 account-server[122255]: 172.20.0.103 - - [06/Dec/2025:08:42:13 +0000] "HEAD /d1/291/.expiring_objects" 404 - "HEAD http://localhost/v1/.expiring_objects?format=json" "txa36d027425c74e0bb6fea-006933ec65" "proxy-server 2" 0.0009 "-" 17 -
Dec 6 08:42:19 np0005548787 container-server[122005]: Beginning replication run
Dec 6 08:42:19 np0005548787 container-server[122005]: Replication run OVER
Dec 6 08:42:19 np0005548787 container-server[122005]: Attempted to replicate 0 dbs in 0.00198 seconds (0.00000/s)
Dec 6 08:42:19 np0005548787 container-server[122005]: Removed 0 dbs
Dec 6 08:42:19 np0005548787 container-server[122005]: 0 successes, 0 failures
Dec 6 08:42:19 np0005548787 container-server[122005]: diff:0 diff_capped:0 empty:0 hashmatch:0 no_change:0 remote_merge:0 rsync:0 ts_repl:0
Dec 6 08:42:27 np0005548787 account-server[122233]: 172.20.0.104 - - [06/Dec/2025:08:42:27 +0000] "HEAD /d1/291/.expiring_objects" 404 - "HEAD http://localhost/v1/.expiring_objects?format=json" "txc91e5690b3c34ae7b29fa-006933ec73" "proxy-server 2" 0.0008 "-" 14 -
Dec 6 08:42:32 np0005548787 object-server[122396]: Starting object replication pass.
Dec 6 08:42:32 np0005548787 object-server[122396]: Nothing replicated for 0.004606008529663086 seconds.
Dec 6 08:42:32 np0005548787 object-server[122396]: Object replication complete. (0.00 minutes)
Dec 6 08:42:33 np0005548787 object-server[202651]: Begin object audit "forever" mode (ZBF)
Dec 6 08:42:33 np0005548787 object-server[202651]: Object audit (ZBF) "forever" mode completed: 0.00s. Total quarantined: 0, Total errors: 0, Total files/sec: 0.00, Total bytes/sec: 0.00, Auditing time: 0.00, Rate: 0.00
Dec 6 08:42:38 np0005548787 account-server[121741]: Beginning replication run
Dec 6 08:42:38 np0005548787 account-server[121741]: Replication run OVER
Dec 6 08:42:38 np0005548787 account-server[121741]: Attempted to replicate 0 dbs in 0.00222 seconds (0.00000/s)
Dec 6 08:42:38 np0005548787 account-server[121741]: Removed 0 dbs
Dec 6 08:42:38 np0005548787 account-server[121741]: 0 successes, 0 failures
Dec 6 08:42:38 np0005548787 account-server[121741]: diff:0 diff_capped:0 empty:0 hashmatch:0 no_change:0 remote_merge:0 rsync:0 ts_repl:0
Dec 6 08:42:49 np0005548787 container-server[122005]: Beginning replication run
Dec 6 08:42:49 np0005548787 container-server[122005]: Replication run OVER
Dec 6 08:42:49 np0005548787 container-server[122005]: Attempted to replicate 0 dbs in 0.00254 seconds (0.00000/s)
Dec 6 08:42:49 np0005548787 container-server[122005]: Removed 0 dbs
Dec 6 08:42:49 np0005548787 container-server[122005]: 0 successes, 0 failures
Dec 6 08:42:49 np0005548787 container-server[122005]: diff:0 diff_capped:0 empty:0 hashmatch:0 no_change:0 remote_merge:0 rsync:0 ts_repl:0
Dec 6 08:43:02 np0005548787 object-server[122396]: Starting object replication pass.
Dec 6 08:43:02 np0005548787 object-server[122396]: Nothing replicated for 0.0042455196380615234 seconds.
Dec 6 08:43:02 np0005548787 object-server[122396]: Object replication complete. (0.00 minutes)
Dec 6 08:43:04 np0005548787 object-server[208374]: Begin object audit "forever" mode (ALL)
Dec 6 08:43:04 np0005548787 object-server[208374]: Object audit (ALL) "forever" mode completed: 0.00s. Total quarantined: 0, Total errors: 0, Total files/sec: 0.00, Total bytes/sec: 0.00, Auditing time: 0.00, Rate: 0.00
Dec 6 08:43:04 np0005548787 object-server[208373]: Begin object audit "forever" mode (ZBF)
Dec 6 08:43:04 np0005548787 object-server[208373]: Object audit (ZBF) "forever" mode completed: 0.00s. Total quarantined: 0, Total errors: 0, Total files/sec: 0.00, Total bytes/sec: 0.00, Auditing time: 0.00, Rate: 0.00
Dec 6 08:43:08 np0005548787 account-server[121741]: Beginning replication run
Dec 6 08:43:08 np0005548787 account-server[121741]: Replication run OVER
Dec 6 08:43:08 np0005548787 account-server[121741]: Attempted to replicate 0 dbs in 0.00162 seconds (0.00000/s)
Dec 6 08:43:08 np0005548787 account-server[121741]: Removed 0 dbs
Dec 6 08:43:08 np0005548787 account-server[121741]: 0 successes, 0 failures
Dec 6 08:43:08 np0005548787 account-server[121741]: diff:0 diff_capped:0 empty:0 hashmatch:0 no_change:0 remote_merge:0 rsync:0 ts_repl:0
Dec 6 08:43:19 np0005548787 container-server[122005]: Beginning replication run
Dec 6 08:43:19 np0005548787 container-server[122005]: Replication run OVER
Dec 6 08:43:19 np0005548787 container-server[122005]: Attempted to replicate 0 dbs in 0.00166 seconds (0.00000/s)
Dec 6 08:43:19 np0005548787 container-server[122005]: Removed 0 dbs
Dec 6 08:43:19 np0005548787 container-server[122005]: 0 successes, 0 failures
Dec 6 08:43:19 np0005548787 container-server[122005]: diff:0 diff_capped:0 empty:0 hashmatch:0 no_change:0 remote_merge:0 rsync:0 ts_repl:0
Dec 6 08:43:22 np0005548787 account-server[122245]: 172.20.0.103 - - [06/Dec/2025:08:43:22 +0000] "HEAD /d1/291/.expiring_objects" 404 - "HEAD http://localhost/v1/.expiring_objects?format=json" "tx1f33e0b6b7bd4526a11b4-006933ecaa" "proxy-server 2" 0.0008 "-" 15 -
Dec 6 08:43:31 np0005548787 account-server[122233]: 172.20.0.103 - - [06/Dec/2025:08:43:31 +0000] "HEAD /d1/82/AUTH_660705fe1cbe4111b6f2c99ce8d05c8c" 404 - "HEAD http://172.18.0.250:8080/v1/AUTH_660705fe1cbe4111b6f2c99ce8d05c8c?format=json" "txe63897c09a744fd2b31c2-006933ecb3" "proxy-server 20" 0.0008 "-" 14 -
Dec 6 08:43:31 np0005548787 object-server[122739]: 172.20.0.103 - - [06/Dec/2025:08:43:31 +0000] "GET /d1/37/AUTH_660705fe1cbe4111b6f2c99ce8d05c8c/gnocchi.dea174b3-25e4-4357-8680-6dff4b58effc/none_v3" 404 70 "GET http://172.18.0.250:8080/v1/AUTH_660705fe1cbe4111b6f2c99ce8d05c8c/gnocchi.dea174b3-25e4-4357-8680-6dff4b58effc/none_v3" "txe63897c09a744fd2b31c2-006933ecb3" "proxy-server 20" 0.0014 "-" 24 0
Dec 6 08:43:32 np0005548787 account-server[122245]: 172.20.0.104 - - [06/Dec/2025:08:43:32 +0000] "PUT /d1/82/AUTH_660705fe1cbe4111b6f2c99ce8d05c8c" 201 - "-" "txd7c99c94d8a24f85a24ed-006933ecb4" "-" 0.0138 "-" 15 -
Dec 6 08:43:32 np0005548787 account-server[122247]: 172.20.0.104 - - [06/Dec/2025:08:43:32 +0000] "HEAD /d1/82/AUTH_660705fe1cbe4111b6f2c99ce8d05c8c" 204 - "HEAD http://172.18.0.250:8080/v1/AUTH_660705fe1cbe4111b6f2c99ce8d05c8c?format=json" "txd7c99c94d8a24f85a24ed-006933ecb4" "proxy-server 20" 0.0031 "-" 16 -
Dec 6 08:43:32 np0005548787 account-server[122233]: 172.20.0.103 - - [06/Dec/2025:08:43:32 +0000] "PUT /d1/82/AUTH_660705fe1cbe4111b6f2c99ce8d05c8c/gnocchi.dea174b3-25e4-4357-8680-6dff4b58effc" 201 - "PUT http://172.20.0.103:6001/d1/114/AUTH_660705fe1cbe4111b6f2c99ce8d05c8c/gnocchi.dea174b3-25e4-4357-8680-6dff4b58effc" "txd7c99c94d8a24f85a24ed-006933ecb4" "container-server 23" 0.0026 "-" 14 0
Dec 6 08:43:32 np0005548787 container-server[122322]: 172.20.0.104 - - [06/Dec/2025:08:43:32 +0000] "PUT /d1/114/AUTH_660705fe1cbe4111b6f2c99ce8d05c8c/gnocchi.dea174b3-25e4-4357-8680-6dff4b58effc" 201 - "PUT http://172.18.0.250:8080/v1/AUTH_660705fe1cbe4111b6f2c99ce8d05c8c/gnocchi.dea174b3-25e4-4357-8680-6dff4b58effc" "txd7c99c94d8a24f85a24ed-006933ecb4" "proxy-server 20" 0.0192 "-" 16 0
Dec 6 08:43:32 np0005548787 proxy-server[124089]: - - 06/Dec/2025/08/43/32 HEAD /v1/AUTH_660705fe1cbe4111b6f2c99ce8d05c8c/gnocchi.dea174b3-25e4-4357-8680-6dff4b58effc%3Fformat%3Djson%26states%3Dlisting HTTP/1.0 204 - Swift - - - - tx5f34d71a48bf45e981a5b-006933ecb4 - 0.0094 RL - 1765010612.091929197 1765010612.101373196 0
Dec 6 08:43:32 np0005548787 container-server[122322]: 172.20.0.105 - - [06/Dec/2025:08:43:32 +0000] "GET /d1/114/AUTH_660705fe1cbe4111b6f2c99ce8d05c8c/gnocchi.dea174b3-25e4-4357-8680-6dff4b58effc" 200 2 "GET http://172.18.0.250:8080/v1/AUTH_660705fe1cbe4111b6f2c99ce8d05c8c/gnocchi.dea174b3-25e4-4357-8680-6dff4b58effc?format=json&states=listing" "tx5f34d71a48bf45e981a5b-006933ecb4" "proxy-server 20" 0.0044 "-" 16 0
Dec 6 08:43:32 np0005548787 proxy-server[124089]: 172.18.0.105 172.18.0.104 06/Dec/2025/08/43/32 GET /v1/AUTH_660705fe1cbe4111b6f2c99ce8d05c8c/gnocchi.dea174b3-25e4-4357-8680-6dff4b58effc%3Fformat%3Djson%26states%3Dlisting HTTP/1.0 200 - python-swiftclient-3.11.1 gAAAAABpM-yzR85B... - 2 - tx5f34d71a48bf45e981a5b-006933ecb4 - 0.0324 - - 1765010612.084287167 1765010612.116723537 0
Dec 6 08:43:32 np0005548787 object-server[122740]: 172.20.0.103 - - [06/Dec/2025:08:43:32 +0000] "GET /d1/1002/AUTH_660705fe1cbe4111b6f2c99ce8d05c8c/gnocchi.dea174b3-25e4-4357-8680-6dff4b58effc/1764720000.0_mean_300.0_v3" 404 70 "GET http://172.18.0.250:8080/v1/AUTH_660705fe1cbe4111b6f2c99ce8d05c8c/gnocchi.dea174b3-25e4-4357-8680-6dff4b58effc/1764720000.0_mean_300.0_v3" "txa55fd46fd3f3463d8122c-006933ecb4" "proxy-server 20" 0.0011 "-" 25 0
Dec 6 08:43:32 np0005548787 container-server[122297]: 172.20.0.105 - - [06/Dec/2025:08:43:32 +0000] "PUT /d1/114/AUTH_660705fe1cbe4111b6f2c99ce8d05c8c/gnocchi.dea174b3-25e4-4357-8680-6dff4b58effc/1764720000.0_mean_300.0_v3" 201 - "PUT http://172.18.0.250:8080/d1/1002/AUTH_660705fe1cbe4111b6f2c99ce8d05c8c/gnocchi.dea174b3-25e4-4357-8680-6dff4b58effc/1764720000.0_mean_300.0_v3" "tx7cb206781f794526bbb02-006933ecb4" "object-server 23" 0.0018 "-" 14 0
Dec 6 08:43:32 np0005548787 object-server[122734]: 172.20.0.104 - - [06/Dec/2025:08:43:32 +0000] "PUT /d1/1002/AUTH_660705fe1cbe4111b6f2c99ce8d05c8c/gnocchi.dea174b3-25e4-4357-8680-6dff4b58effc/1764720000.0_mean_300.0_v3" 201 - "PUT http://172.18.0.250:8080/v1/AUTH_660705fe1cbe4111b6f2c99ce8d05c8c/gnocchi.dea174b3-25e4-4357-8680-6dff4b58effc/1764720000.0_mean_300.0_v3" "tx7cb206781f794526bbb02-006933ecb4" "proxy-server 20" 0.0366 "-" 23 0
Dec 6 08:43:32 np0005548787 object-server[122396]: Starting object replication pass.
Dec 6 08:43:32 np0005548787 container-server[122297]: 172.20.0.104 - - [06/Dec/2025:08:43:32 +0000] "PUT /d1/114/AUTH_660705fe1cbe4111b6f2c99ce8d05c8c/gnocchi.dea174b3-25e4-4357-8680-6dff4b58effc/none_v3" 201 - "PUT http://172.18.0.250:8080/d1/37/AUTH_660705fe1cbe4111b6f2c99ce8d05c8c/gnocchi.dea174b3-25e4-4357-8680-6dff4b58effc/none_v3" "txd804bcd6fb754114999c6-006933ecb4" "object-server 25" 0.0010 "-" 14 0
Dec 6 08:43:32 np0005548787 object-server[122728]: 172.20.0.105 - - [06/Dec/2025:08:43:32 +0000] "PUT /d1/37/AUTH_660705fe1cbe4111b6f2c99ce8d05c8c/gnocchi.dea174b3-25e4-4357-8680-6dff4b58effc/none_v3" 201 - "PUT http://172.18.0.250:8080/v1/AUTH_660705fe1cbe4111b6f2c99ce8d05c8c/gnocchi.dea174b3-25e4-4357-8680-6dff4b58effc/none_v3" "txd804bcd6fb754114999c6-006933ecb4" "proxy-server 20" 0.0361 "-" 22 0
Dec 6 08:43:32 np0005548787 proxy-server[124089]: 172.18.0.105 172.18.0.104 06/Dec/2025/08/43/32 PUT /v1/AUTH_660705fe1cbe4111b6f2c99ce8d05c8c/gnocchi.dea174b3-25e4-4357-8680-6dff4b58effc/none_v3 HTTP/1.0 201 - python-swiftclient-3.11.1 gAAAAABpM-yzR85B... 22 - - txd804bcd6fb754114999c6-006933ecb4 - 0.0539 - - 1765010612.205527544 1765010612.259421587 0
Dec 6 08:43:32 np0005548787 object-server[122396]: 2/2 (100.00%) partitions replicated in 0.10s (19.23/sec, 0s remaining)
Dec 6 08:43:32 np0005548787 object-server[122396]: 4 successes, 0 failures
Dec 6 08:43:32 np0005548787 object-server[122396]: 1 suffixes checked - 100.00% hashed, 0.00% synced
Dec 6 08:43:32 np0005548787 object-server[122396]: Partition times: max 0.0596s, min 0.0410s, med 0.0596s
Dec 6 08:43:32 np0005548787 object-server[122396]: Object replication complete. (0.00 minutes)
Dec 6 08:43:34 np0005548787 object-server[208375]: Begin object audit "forever" mode (ZBF)
Dec 6 08:43:34 np0005548787 object-server[208375]: Object audit (ZBF). Since Sat Dec 6 08:43:34 2025: Locally: 1 passed, 0 quarantined, 0 errors, files/sec: 1011.89, bytes/sec: 0.00, Total time: 0.00, Auditing time: 0.00, Rate: 0.00
Dec 6 08:43:34 np0005548787 object-server[208375]: Object audit (ZBF) "forever" mode completed: 0.00s. Total quarantined: 0, Total errors: 0, Total files/sec: 874.91, Total bytes/sec: 0.00, Auditing time: 0.00, Rate: 0.29
Dec 6 08:43:38 np0005548787 account-server[121741]: Beginning replication run
Dec 6 08:43:38 np0005548787 account-server[121741]: Replication run OVER
Dec 6 08:43:38 np0005548787 account-server[121741]: Attempted to replicate 1 dbs in 0.03054 seconds (32.74436/s)
Dec 6 08:43:38 np0005548787 account-server[121741]: Removed 0 dbs
Dec 6 08:43:38 np0005548787 account-server[121741]: 2 successes, 0 failures
Dec 6 08:43:38 np0005548787 account-server[121741]: diff:0 diff_capped:0 empty:0 hashmatch:0 no_change:2 remote_merge:0 rsync:0 ts_repl:0
Dec 6 08:43:49 np0005548787 container-server[122005]: Beginning replication run
Dec 6 08:43:49 np0005548787 container-server[122005]: Replication run OVER
Dec 6 08:43:49 np0005548787 container-server[122005]: Attempted to replicate 1 dbs in 0.03979 seconds (25.13238/s)
Dec 6 08:43:49 np0005548787 container-server[122005]: Removed 0 dbs
Dec 6 08:43:49 np0005548787 container-server[122005]: 2 successes, 0 failures
Dec 6 08:43:49 np0005548787 container-server[122005]: diff:0 diff_capped:0 empty:0 hashmatch:0 no_change:2 remote_merge:0 rsync:0 ts_repl:0
Dec 6 08:44:01 np0005548787 object-server[122728]: 172.20.0.103 - - [06/Dec/2025:08:44:01 +0000] "GET /d1/37/AUTH_660705fe1cbe4111b6f2c99ce8d05c8c/gnocchi.dea174b3-25e4-4357-8680-6dff4b58effc/none_v3" 200 22 "GET http://172.18.0.250:8080/v1/AUTH_660705fe1cbe4111b6f2c99ce8d05c8c/gnocchi.dea174b3-25e4-4357-8680-6dff4b58effc/none_v3" "tx0b578072b9674f1e941ea-006933ecd1" "proxy-server 20" 0.0008 "-" 22 0
Dec 6 08:44:01 np0005548787 container-server[122311]: 172.20.0.104 - - [06/Dec/2025:08:44:01 +0000] "GET /d1/114/AUTH_660705fe1cbe4111b6f2c99ce8d05c8c/gnocchi.dea174b3-25e4-4357-8680-6dff4b58effc" 200 357 "GET http://172.18.0.250:8080/v1/AUTH_660705fe1cbe4111b6f2c99ce8d05c8c/gnocchi.dea174b3-25e4-4357-8680-6dff4b58effc?format=json&states=listing" "txbb31c4fade2142b1a414c-006933ecd1" "proxy-server 20" 0.0030 "-" 15 0
Dec 6 08:44:01 np0005548787 proxy-server[124089]: 172.18.0.105 172.18.0.104 06/Dec/2025/08/44/01 GET /v1/AUTH_660705fe1cbe4111b6f2c99ce8d05c8c/gnocchi.dea174b3-25e4-4357-8680-6dff4b58effc%3Fformat%3Djson%26marker%3Dnone_v3%26states%3Dlisting HTTP/1.0 200 - python-swiftclient-3.11.1 gAAAAABpM-yzR85B... - 2 - tx86dd83118ce94fa085854-006933ecd1 - 0.0146 - - 1765010641.441736460 1765010641.456293583 0
Dec 6 08:44:01 np0005548787 container-server[122328]: 172.20.0.105 - - [06/Dec/2025:08:44:01 +0000] "PUT /d1/114/AUTH_660705fe1cbe4111b6f2c99ce8d05c8c/gnocchi.dea174b3-25e4-4357-8680-6dff4b58effc/1764720000.0_mean_300.0_v3" 201 - "PUT http://172.18.0.250:8080/d1/1002/AUTH_660705fe1cbe4111b6f2c99ce8d05c8c/gnocchi.dea174b3-25e4-4357-8680-6dff4b58effc/1764720000.0_mean_300.0_v3" "tx6275e03a225247ecb6c7c-006933ecd1" "object-server 24" 0.0009 "-" 17 0
Dec 6 08:44:01 np0005548787 object-server[122739]: 172.20.0.104 - - [06/Dec/2025:08:44:01 +0000] "PUT /d1/1002/AUTH_660705fe1cbe4111b6f2c99ce8d05c8c/gnocchi.dea174b3-25e4-4357-8680-6dff4b58effc/1764720000.0_mean_300.0_v3" 201 - "PUT http://172.18.0.250:8080/v1/AUTH_660705fe1cbe4111b6f2c99ce8d05c8c/gnocchi.dea174b3-25e4-4357-8680-6dff4b58effc/1764720000.0_mean_300.0_v3" "tx6275e03a225247ecb6c7c-006933ecd1" "proxy-server 20" 0.0178 "-" 24 0
Dec 6 08:44:01 np0005548787 container-server[122311]: 172.20.0.103 - - [06/Dec/2025:08:44:01 +0000] "PUT /d1/114/AUTH_660705fe1cbe4111b6f2c99ce8d05c8c/gnocchi.dea174b3-25e4-4357-8680-6dff4b58effc/none_v3" 201 - "PUT http://172.18.0.250:8080/d1/37/AUTH_660705fe1cbe4111b6f2c99ce8d05c8c/gnocchi.dea174b3-25e4-4357-8680-6dff4b58effc/none_v3" "tx48be93c83e9446298d978-006933ecd1" "object-server 25" 0.0009 "-" 15 0
Dec 6 08:44:01 np0005548787 object-server[122734]: 172.20.0.105 - - [06/Dec/2025:08:44:01 +0000] "PUT /d1/37/AUTH_660705fe1cbe4111b6f2c99ce8d05c8c/gnocchi.dea174b3-25e4-4357-8680-6dff4b58effc/none_v3" 201 - "PUT http://172.18.0.250:8080/v1/AUTH_660705fe1cbe4111b6f2c99ce8d05c8c/gnocchi.dea174b3-25e4-4357-8680-6dff4b58effc/none_v3" "tx48be93c83e9446298d978-006933ecd1" "proxy-server 20" 0.0140 "-" 23 0
Dec 6 08:44:01 np0005548787 proxy-server[124089]: 172.18.0.105 172.18.0.104 06/Dec/2025/08/44/01 PUT /v1/AUTH_660705fe1cbe4111b6f2c99ce8d05c8c/gnocchi.dea174b3-25e4-4357-8680-6dff4b58effc/none_v3 HTTP/1.0 201 - python-swiftclient-3.11.1 gAAAAABpM-yzR85B... 32 - - tx48be93c83e9446298d978-006933ecd1 - 0.0244 - - 1765010641.667034626 1765010641.691405773 0
Dec 6 08:44:02 np0005548787 object-server[122396]: Starting object replication pass.
Dec 6 08:44:02 np0005548787 object-server[122396]: 2/2 (100.00%) partitions replicated in 0.07s (28.20/sec, 0s remaining)
Dec 6 08:44:02 np0005548787 object-server[122396]: 4 successes, 0 failures
Dec 6 08:44:02 np0005548787 object-server[122396]: 2 suffixes checked - 100.00% hashed, 0.00% synced
Dec 6 08:44:02 np0005548787 object-server[122396]: Partition times: max 0.0363s, min 0.0320s, med 0.0363s
Dec 6 08:44:02 np0005548787 object-server[122396]: Object replication complete. (0.00 minutes)
Dec 6 08:44:04 np0005548787 object-server[214360]: Begin object audit "forever" mode (ZBF)
Dec 6 08:44:04 np0005548787 object-server[214361]: Begin object audit "forever" mode (ALL)
Dec 6 08:44:04 np0005548787 object-server[214360]: Object audit (ZBF). Since Sat Dec 6 08:44:04 2025: Locally: 1 passed, 0 quarantined, 0 errors, files/sec: 580.04, bytes/sec: 0.00, Total time: 0.00, Auditing time: 0.00, Rate: 0.00
Dec 6 08:44:04 np0005548787 object-server[214360]: Object audit (ZBF) "forever" mode completed: 0.00s. Total quarantined: 0, Total errors: 0, Total files/sec: 499.80, Total bytes/sec: 0.00, Auditing time: 0.00, Rate: 0.34
Dec 6 08:44:04 np0005548787 object-server[214361]: Object audit (ALL). Since Sat Dec 6 08:44:04 2025: Locally: 1 passed, 0 quarantined, 0 errors, files/sec: 118.61, bytes/sec: 1897.77, Total time: 0.01, Auditing time: 0.00, Rate: 0.00
Dec 6 08:44:04 np0005548787 object-server[214361]: Object audit (ALL) "forever" mode completed: 0.01s. Total quarantined: 0, Total errors: 0, Total files/sec: 167.01, Total bytes/sec: 4008.17, Auditing time: 0.01, Rate: 0.71
Dec 6 08:44:08 np0005548787 account-server[121741]: Beginning replication run
Dec 6 08:44:08 np0005548787 account-server[121741]: Replication run OVER
Dec 6 08:44:08 np0005548787 account-server[121741]: Attempted to replicate 1 dbs in 0.01868 seconds (53.54288/s)
Dec 6 08:44:08 np0005548787 account-server[121741]: Removed 0 dbs
Dec 6 08:44:08 np0005548787 account-server[121741]: 2 successes, 0 failures
Dec 6 08:44:08 np0005548787 account-server[121741]: diff:0 diff_capped:0 empty:0 hashmatch:0 no_change:2 remote_merge:0 rsync:0 ts_repl:0
Dec 6 08:44:13 np0005548787 container-server[122287]: Begin container update sweep
Dec 6 08:44:13 np0005548787 account-server[122245]: 172.20.0.105 - - [06/Dec/2025:08:44:13 +0000] "PUT /d1/82/AUTH_660705fe1cbe4111b6f2c99ce8d05c8c/gnocchi.dea174b3-25e4-4357-8680-6dff4b58effc" 201 - "-" "-" "container-updater 2" 0.0014 "-" 15 0
Dec 6 08:44:13 np0005548787 container-server[122287]: Container update sweep completed: 0.08s
Dec 6 08:44:17 np0005548787 object-server[122659]: Begin object update sweep
Dec 6 08:44:17 np0005548787 object-server[215580]: Object update sweep starting on /srv/node/d1 (pid: 14)
Dec 6 08:44:17 np0005548787 object-server[215580]: Object update sweep completed on /srv/node/d1 in 0.00s seconds:, 0 successes, 0 failures, 0 quarantines, 0 unlinks, 0 errors, 0 redirects (pid: 14)
Dec 6 08:44:17 np0005548787 object-server[215580]: Object update sweep of d1 completed: 0.00s, 0 successes, 0 failures, 0 quarantines, 0 unlinks, 0 errors, 0 redirects
Dec 6 08:44:17 np0005548787 object-server[122659]: Object update sweep completed: 0.06s
Dec 6 08:44:19 np0005548787 container-server[122005]: Beginning replication run
Dec 6 08:44:19 np0005548787 container-server[122005]: Replication run OVER
Dec 6 08:44:19 np0005548787 container-server[122005]: Attempted to replicate 1 dbs in 0.03918 seconds (25.52065/s)
Dec 6 08:44:19 np0005548787 container-server[122005]: Removed 0 dbs
Dec 6 08:44:19 np0005548787 container-server[122005]: 2 successes, 0 failures
Dec 6 08:44:19 np0005548787 container-server[122005]: diff:0 diff_capped:0 empty:0 hashmatch:0 no_change:2 remote_merge:0 rsync:0 ts_repl:0
Dec 6 08:44:26 np0005548787 account-server[122247]: 172.20.0.105 - - [06/Dec/2025:08:44:26 +0000] "HEAD /d1/291/.expiring_objects" 404 - "HEAD http://localhost/v1/.expiring_objects?format=json" "tx86d3ec4f7ec548728dc7d-006933ecea" "proxy-server 2" 0.0008 "-" 16 -
Dec 6 08:44:26 np0005548787 object-expirer[122466]: Pass completed in 0s; 0 objects expired (txn: tx86d3ec4f7ec548728dc7d-006933ecea)
Dec 6 08:44:29 np0005548787 account-server[122247]: 172.20.0.104 - - [06/Dec/2025:08:44:29 +0000] "HEAD /d1/291/.expiring_objects" 404 - "HEAD http://localhost/v1/.expiring_objects?format=json" "tx1a553c570afe4e36a5b40-006933eced" "proxy-server 2" 0.0004 "-" 16 -
Dec 6 08:44:32 np0005548787 object-server[122396]: Starting object replication pass.
Dec 6 08:44:32 np0005548787 object-server[122396]: 2/2 (100.00%) partitions replicated in 0.03s (73.11/sec, 0s remaining)
Dec 6 08:44:32 np0005548787 object-server[122396]: 4 successes, 0 failures
Dec 6 08:44:32 np0005548787 object-server[122396]: 2 suffixes checked - 0.00% hashed, 0.00% synced
Dec 6 08:44:32 np0005548787 object-server[122396]: Partition times: max 0.0156s, min 0.0087s, med 0.0156s
Dec 6 08:44:32 np0005548787 object-server[122396]: Object replication complete. (0.00 minutes)
Dec 6 08:44:34 np0005548787 object-server[214363]: Begin object audit "forever" mode (ZBF)
Dec 6 08:44:34 np0005548787 object-server[214363]: Object audit (ZBF). Since Sat Dec 6 08:44:34 2025: Locally: 1 passed, 0 quarantined, 0 errors, files/sec: 591.58, bytes/sec: 0.00, Total time: 0.00, Auditing time: 0.00, Rate: 0.00
Dec 6 08:44:34 np0005548787 object-server[214363]: Object audit (ZBF) "forever" mode completed: 0.00s. Total quarantined: 0, Total errors: 0, Total files/sec: 502.64, Total bytes/sec: 0.00, Auditing time: 0.00, Rate: 0.32
Dec 6 08:44:36 np0005548787 container-server[122311]: 172.20.0.103 - - [06/Dec/2025:08:44:36 +0000] "HEAD /d1/551/AUTH_660705fe1cbe4111b6f2c99ce8d05c8c/gnocchi.cecf42dc-e7e2-4a26-94f4-26a2de5f1061" 404 - "HEAD http://172.18.0.250:8080/v1/AUTH_660705fe1cbe4111b6f2c99ce8d05c8c/gnocchi.cecf42dc-e7e2-4a26-94f4-26a2de5f1061?format=json&states=listing" "tx86f1780afde44df1bd192-006933ecf4" "proxy-server 20" 0.0007 "-" 15 0
Dec 6 08:44:36 np0005548787 object-server[122739]: 172.20.0.103 - - [06/Dec/2025:08:44:36 +0000] "GET /d1/949/AUTH_660705fe1cbe4111b6f2c99ce8d05c8c/gnocchi.cecf42dc-e7e2-4a26-94f4-26a2de5f1061/none_v3" 404 70 "GET http://172.18.0.250:8080/v1/AUTH_660705fe1cbe4111b6f2c99ce8d05c8c/gnocchi.cecf42dc-e7e2-4a26-94f4-26a2de5f1061/none_v3" "tx86f1780afde44df1bd192-006933ecf4" "proxy-server 20" 0.0008 "-" 24 0
Dec 6 08:44:36 np0005548787 container-server[122297]: 172.20.0.104 - - [06/Dec/2025:08:44:36 +0000] "PUT /d1/551/AUTH_660705fe1cbe4111b6f2c99ce8d05c8c/gnocchi.cecf42dc-e7e2-4a26-94f4-26a2de5f1061" 201 - "PUT http://172.18.0.250:8080/v1/AUTH_660705fe1cbe4111b6f2c99ce8d05c8c/gnocchi.cecf42dc-e7e2-4a26-94f4-26a2de5f1061" "txb33fa521537942da86916-006933ecf4" "proxy-server 20" 0.0172 "-" 14 0
Dec 6 08:44:36 np0005548787 account-server[122247]: 172.20.0.103 - - [06/Dec/2025:08:44:36 +0000] "PUT /d1/82/AUTH_660705fe1cbe4111b6f2c99ce8d05c8c/gnocchi.cecf42dc-e7e2-4a26-94f4-26a2de5f1061" 201 - "PUT http://172.20.0.103:6001/d1/551/AUTH_660705fe1cbe4111b6f2c99ce8d05c8c/gnocchi.cecf42dc-e7e2-4a26-94f4-26a2de5f1061" "txb33fa521537942da86916-006933ecf4" "container-server 20" 0.0016 "-" 16 0
Dec 6 08:44:36 np0005548787 proxy-server[124089]: - - 06/Dec/2025/08/44/36 HEAD /v1/AUTH_660705fe1cbe4111b6f2c99ce8d05c8c/gnocchi.cecf42dc-e7e2-4a26-94f4-26a2de5f1061%3Fformat%3Djson%26states%3Dlisting HTTP/1.0 204 - Swift - - - - txa60220993e80404db6a67-006933ecf4 - 0.0098 RL - 1765010676.473233700 1765010676.482985973 0
Dec 6 08:44:36 np0005548787 proxy-server[124089]: 172.18.0.105 172.18.0.104 06/Dec/2025/08/44/36 GET /v1/AUTH_660705fe1cbe4111b6f2c99ce8d05c8c/gnocchi.cecf42dc-e7e2-4a26-94f4-26a2de5f1061%3Fformat%3Djson%26states%3Dlisting HTTP/1.0 200 - python-swiftclient-3.11.1 gAAAAABpM-yzR85B... - 2 - txa60220993e80404db6a67-006933ecf4 - 0.0255 - - 1765010676.469382763 1765010676.494911194 0
Dec 6 08:44:36 np0005548787 object-server[122734]: 172.20.0.103 - - [06/Dec/2025:08:44:36 +0000] "GET /d1/505/AUTH_660705fe1cbe4111b6f2c99ce8d05c8c/gnocchi.cecf42dc-e7e2-4a26-94f4-26a2de5f1061/1764720000.0_mean_300.0_v3" 404 70 "GET http://172.18.0.250:8080/v1/AUTH_660705fe1cbe4111b6f2c99ce8d05c8c/gnocchi.cecf42dc-e7e2-4a26-94f4-26a2de5f1061/1764720000.0_mean_300.0_v3" "tx6336c19b53044633b3813-006933ecf4" "proxy-server 20" 0.0003 "-" 23 0
Dec 6 08:44:36 np0005548787 container-server[122297]: 172.20.0.105 - - [06/Dec/2025:08:44:36 +0000] "PUT /d1/551/AUTH_660705fe1cbe4111b6f2c99ce8d05c8c/gnocchi.cecf42dc-e7e2-4a26-94f4-26a2de5f1061/1764720000.0_mean_300.0_v3" 201 - "PUT http://172.18.0.250:8080/d1/505/AUTH_660705fe1cbe4111b6f2c99ce8d05c8c/gnocchi.cecf42dc-e7e2-4a26-94f4-26a2de5f1061/1764720000.0_mean_300.0_v3" "tx78da4a11966f445ea6b4d-006933ecf4" "object-server 24" 0.0009 "-" 14 0
Dec 6 08:44:36 np0005548787 object-server[122739]: 172.20.0.104 - - [06/Dec/2025:08:44:36 +0000] "PUT /d1/505/AUTH_660705fe1cbe4111b6f2c99ce8d05c8c/gnocchi.cecf42dc-e7e2-4a26-94f4-26a2de5f1061/1764720000.0_mean_300.0_v3" 201 - "PUT http://172.18.0.250:8080/v1/AUTH_660705fe1cbe4111b6f2c99ce8d05c8c/gnocchi.cecf42dc-e7e2-4a26-94f4-26a2de5f1061/1764720000.0_mean_300.0_v3" "tx78da4a11966f445ea6b4d-006933ecf4" "proxy-server 20" 0.0098 "-" 24 0
Dec 6 08:44:36 np0005548787 container-server[122328]: 172.20.0.104 - - [06/Dec/2025:08:44:36 +0000] "PUT /d1/551/AUTH_660705fe1cbe4111b6f2c99ce8d05c8c/gnocchi.cecf42dc-e7e2-4a26-94f4-26a2de5f1061/none_v3" 201 - "PUT http://172.18.0.250:8080/d1/949/AUTH_660705fe1cbe4111b6f2c99ce8d05c8c/gnocchi.cecf42dc-e7e2-4a26-94f4-26a2de5f1061/none_v3" "txf313a463c78c45e0b8e27-006933ecf4" "object-server 22" 0.0010 "-" 17 0
Dec 6 08:44:36 np0005548787 object-server[122740]: 172.20.0.105 - - [06/Dec/2025:08:44:36 +0000] "PUT /d1/949/AUTH_660705fe1cbe4111b6f2c99ce8d05c8c/gnocchi.cecf42dc-e7e2-4a26-94f4-26a2de5f1061/none_v3" 201 - "PUT http://172.18.0.250:8080/v1/AUTH_660705fe1cbe4111b6f2c99ce8d05c8c/gnocchi.cecf42dc-e7e2-4a26-94f4-26a2de5f1061/none_v3" "txf313a463c78c45e0b8e27-006933ecf4" "proxy-server 20" 0.0274 "-" 25 0
Dec 6 08:44:36 np0005548787 proxy-server[124089]: 172.18.0.105 172.18.0.104 06/Dec/2025/08/44/36 PUT /v1/AUTH_660705fe1cbe4111b6f2c99ce8d05c8c/gnocchi.cecf42dc-e7e2-4a26-94f4-26a2de5f1061/none_v3 HTTP/1.0 201 - python-swiftclient-3.11.1 gAAAAABpM-yzR85B... 22 - - txf313a463c78c45e0b8e27-006933ecf4 - 0.0359 - - 1765010676.554853678 1765010676.590788841 0
Dec 6 08:44:36 np0005548787 container-server[122322]: 172.20.0.103 - - [06/Dec/2025:08:44:36 +0000] "HEAD /d1/418/AUTH_660705fe1cbe4111b6f2c99ce8d05c8c/gnocchi.92989a89-d1e5-4d5d-b95b-494bc3492e89" 404 - "HEAD http://172.18.0.250:8080/v1/AUTH_660705fe1cbe4111b6f2c99ce8d05c8c/gnocchi.92989a89-d1e5-4d5d-b95b-494bc3492e89?format=json&states=listing" "tx95234f2397af4ea7b6287-006933ecf4" "proxy-server 20" 0.0005 "-" 16 0
Dec 6 08:44:36 np0005548787 object-server[122740]: 172.20.0.103 - - [06/Dec/2025:08:44:36 +0000] "GET /d1/310/AUTH_660705fe1cbe4111b6f2c99ce8d05c8c/gnocchi.92989a89-d1e5-4d5d-b95b-494bc3492e89/none_v3" 404 70 "GET http://172.18.0.250:8080/v1/AUTH_660705fe1cbe4111b6f2c99ce8d05c8c/gnocchi.92989a89-d1e5-4d5d-b95b-494bc3492e89/none_v3" "tx95234f2397af4ea7b6287-006933ecf4" "proxy-server 20" 0.0008 "-" 25 0
Dec 6 08:44:36 np0005548787 container-server[122328]: 172.20.0.104 - - [06/Dec/2025:08:44:36 +0000] "PUT /d1/418/AUTH_660705fe1cbe4111b6f2c99ce8d05c8c/gnocchi.92989a89-d1e5-4d5d-b95b-494bc3492e89" 201 - "PUT http://172.18.0.250:8080/v1/AUTH_660705fe1cbe4111b6f2c99ce8d05c8c/gnocchi.92989a89-d1e5-4d5d-b95b-494bc3492e89" "tx797e42304130477b94fb2-006933ecf4" "proxy-server 20" 0.0196 "-" 17 0
Dec 6 08:44:36 np0005548787 account-server[122245]: 172.20.0.103 - - [06/Dec/2025:08:44:36 +0000] "PUT /d1/82/AUTH_660705fe1cbe4111b6f2c99ce8d05c8c/gnocchi.92989a89-d1e5-4d5d-b95b-494bc3492e89" 201 - "PUT http://172.20.0.103:6001/d1/418/AUTH_660705fe1cbe4111b6f2c99ce8d05c8c/gnocchi.92989a89-d1e5-4d5d-b95b-494bc3492e89" "tx797e42304130477b94fb2-006933ecf4" "container-server 22" 0.0095 "-" 15 0
Dec 6 08:44:36 np0005548787 proxy-server[124089]: - - 06/Dec/2025/08/44/36 HEAD /v1/AUTH_660705fe1cbe4111b6f2c99ce8d05c8c/gnocchi.92989a89-d1e5-4d5d-b95b-494bc3492e89%3Fformat%3Djson%26states%3Dlisting HTTP/1.0 204 - Swift - - - - tx8c6aece1924640179a817-006933ecf4 - 0.0049 RL - 1765010676.966340780 1765010676.971210241 0
Dec 6 08:44:36 np0005548787 proxy-server[124089]: 172.18.0.250 172.18.0.104 06/Dec/2025/08/44/36 GET /v1/AUTH_660705fe1cbe4111b6f2c99ce8d05c8c/gnocchi.92989a89-d1e5-4d5d-b95b-494bc3492e89%3Fformat%3Djson%26states%3Dlisting HTTP/1.0 200 - python-swiftclient-3.11.1 gAAAAABpM-z074rw... - 2 - tx8c6aece1924640179a817-006933ecf4 - 0.0181 - - 1765010676.964207172 1765010676.982267618 0
Dec 6 08:44:36 np0005548787 object-server[122728]: 172.20.0.103 - - [06/Dec/2025:08:44:36 +0000] "GET /d1/598/AUTH_660705fe1cbe4111b6f2c99ce8d05c8c/gnocchi.92989a89-d1e5-4d5d-b95b-494bc3492e89/1764720000.0_mean_300.0_v3" 404 70 "GET http://172.18.0.250:8080/v1/AUTH_660705fe1cbe4111b6f2c99ce8d05c8c/gnocchi.92989a89-d1e5-4d5d-b95b-494bc3492e89/1764720000.0_mean_300.0_v3" "txdcea0ef8be6b432dad05e-006933ecf4" "proxy-server 20" 0.0004 "-" 22 0
Dec 6 08:44:37 np0005548787 container-server[122322]: 172.20.0.105 - - [06/Dec/2025:08:44:37 +0000] "PUT /d1/418/AUTH_660705fe1cbe4111b6f2c99ce8d05c8c/gnocchi.92989a89-d1e5-4d5d-b95b-494bc3492e89/1764720000.0_mean_300.0_v3" 201 - "PUT http://172.18.0.250:8080/d1/598/AUTH_660705fe1cbe4111b6f2c99ce8d05c8c/gnocchi.92989a89-d1e5-4d5d-b95b-494bc3492e89/1764720000.0_mean_300.0_v3" "tx187893036918479589edd-006933ecf5" "object-server 25" 0.0010 "-" 16 0
Dec 6 08:44:37 np0005548787 object-server[122740]: 172.20.0.104 - - [06/Dec/2025:08:44:37 +0000] "PUT /d1/598/AUTH_660705fe1cbe4111b6f2c99ce8d05c8c/gnocchi.92989a89-d1e5-4d5d-b95b-494bc3492e89/1764720000.0_mean_300.0_v3" 201 - "PUT http://172.18.0.250:8080/v1/AUTH_660705fe1cbe4111b6f2c99ce8d05c8c/gnocchi.92989a89-d1e5-4d5d-b95b-494bc3492e89/1764720000.0_mean_300.0_v3" "tx187893036918479589edd-006933ecf5" "proxy-server 20" 0.0115 "-" 25 0
Dec 6 08:44:37 np0005548787 container-server[122328]: 172.20.0.103 - - [06/Dec/2025:08:44:37 +0000] "PUT /d1/418/AUTH_660705fe1cbe4111b6f2c99ce8d05c8c/gnocchi.92989a89-d1e5-4d5d-b95b-494bc3492e89/none_v3" 201 - "PUT http://172.18.0.250:8080/d1/310/AUTH_660705fe1cbe4111b6f2c99ce8d05c8c/gnocchi.92989a89-d1e5-4d5d-b95b-494bc3492e89/none_v3" "tx4ca7ed18b5644245b0299-006933ecf5" "object-server 25" 0.0005 "-" 17 0
Dec 6 08:44:37 np0005548787 object-server[122740]: 172.20.0.105 - - [06/Dec/2025:08:44:37 +0000] "PUT /d1/310/AUTH_660705fe1cbe4111b6f2c99ce8d05c8c/gnocchi.92989a89-d1e5-4d5d-b95b-494bc3492e89/none_v3" 201 - "PUT http://172.18.0.250:8080/v1/AUTH_660705fe1cbe4111b6f2c99ce8d05c8c/gnocchi.92989a89-d1e5-4d5d-b95b-494bc3492e89/none_v3" "tx4ca7ed18b5644245b0299-006933ecf5" "proxy-server 20" 0.0235 "-" 25 0
Dec 6 08:44:37 np0005548787 proxy-server[124089]: 172.18.0.250 172.18.0.104 06/Dec/2025/08/44/37 PUT /v1/AUTH_660705fe1cbe4111b6f2c99ce8d05c8c/gnocchi.92989a89-d1e5-4d5d-b95b-494bc3492e89/none_v3 HTTP/1.0 201 - python-swiftclient-3.11.1 gAAAAABpM-z074rw... 22 - - tx4ca7ed18b5644245b0299-006933ecf5 - 0.0374 - - 1765010677.046381474 1765010677.083783865 0
Dec 6 08:44:38 np0005548787 account-server[121741]: Beginning replication run
Dec 6 08:44:38 np0005548787 account-server[121741]: Replication run OVER
Dec 6 08:44:38 np0005548787 account-server[121741]: Attempted to replicate 1 dbs in 0.03283 seconds (30.45919/s)
Dec 6 08:44:38 np0005548787 account-server[121741]: Removed 0 dbs
Dec 6 08:44:38 np0005548787 account-server[121741]: 2 successes, 0 failures
Dec 6 08:44:38 np0005548787 account-server[121741]: diff:0 diff_capped:0 empty:0 hashmatch:0 no_change:2 remote_merge:0 rsync:0 ts_repl:0
Dec 6 08:44:44 np0005548787 container-server[122328]: 172.20.0.104 - - [06/Dec/2025:08:44:44 +0000] "HEAD /d1/503/AUTH_660705fe1cbe4111b6f2c99ce8d05c8c/gnocchi.f3540d4a-adb1-41f8-b061-7a1198509b40" 404 - "HEAD http://172.18.0.250:8080/v1/AUTH_660705fe1cbe4111b6f2c99ce8d05c8c/gnocchi.f3540d4a-adb1-41f8-b061-7a1198509b40?format=json&states=listing" "txda142727891b4ee3b063e-006933ecfc" "proxy-server 20" 0.0008 "-" 17 0
Dec 6 08:44:44 np0005548787 container-server[122311]: 172.20.0.103 - - [06/Dec/2025:08:44:44 +0000] "HEAD /d1/755/AUTH_660705fe1cbe4111b6f2c99ce8d05c8c/gnocchi.36188fb0-01a4-4e74-adf3-5dfea471ffe3" 404 - "HEAD http://172.18.0.250:8080/v1/AUTH_660705fe1cbe4111b6f2c99ce8d05c8c/gnocchi.36188fb0-01a4-4e74-adf3-5dfea471ffe3?format=json&states=listing" "tx0d95774dd0ae459192b69-006933ecfc" "proxy-server 20" 0.0010 "-" 15 0
Dec 6 08:44:44 np0005548787 object-server[122740]: 172.20.0.103 - - [06/Dec/2025:08:44:44 +0000] "GET /d1/370/AUTH_660705fe1cbe4111b6f2c99ce8d05c8c/gnocchi.36188fb0-01a4-4e74-adf3-5dfea471ffe3/none_v3" 404 70 "GET http://172.18.0.250:8080/v1/AUTH_660705fe1cbe4111b6f2c99ce8d05c8c/gnocchi.36188fb0-01a4-4e74-adf3-5dfea471ffe3/none_v3" "tx0d95774dd0ae459192b69-006933ecfc" "proxy-server 20" 0.0004 "-" 25 0
Dec 6 08:44:44 np0005548787 object-server[122728]: 172.20.0.104 - - [06/Dec/2025:08:44:44 +0000] "GET /d1/526/AUTH_660705fe1cbe4111b6f2c99ce8d05c8c/gnocchi.f3540d4a-adb1-41f8-b061-7a1198509b40/none_v3" 404 70 "GET http://172.18.0.250:8080/v1/AUTH_660705fe1cbe4111b6f2c99ce8d05c8c/gnocchi.f3540d4a-adb1-41f8-b061-7a1198509b40/none_v3" "txda142727891b4ee3b063e-006933ecfc" "proxy-server 20" 0.0006 "-" 22 0
Dec 6 08:44:44 np0005548787 container-server[122322]: 172.20.0.105 - - [06/Dec/2025:08:44:44 +0000] "PUT /d1/755/AUTH_660705fe1cbe4111b6f2c99ce8d05c8c/gnocchi.36188fb0-01a4-4e74-adf3-5dfea471ffe3" 201 - "PUT http://172.18.0.250:8080/v1/AUTH_660705fe1cbe4111b6f2c99ce8d05c8c/gnocchi.36188fb0-01a4-4e74-adf3-5dfea471ffe3" "txa71063c3eb224ac28b711-006933ecfc" "proxy-server 20" 0.0172 "-" 16 0
Dec 6 08:44:44 np0005548787 account-server[122255]: 172.20.0.104 - - [06/Dec/2025:08:44:44 +0000] "PUT /d1/82/AUTH_660705fe1cbe4111b6f2c99ce8d05c8c/gnocchi.f3540d4a-adb1-41f8-b061-7a1198509b40" 201 - "PUT http://172.20.0.104:6001/d1/503/AUTH_660705fe1cbe4111b6f2c99ce8d05c8c/gnocchi.f3540d4a-adb1-41f8-b061-7a1198509b40" "txbf83676623ea465e8fbe9-006933ecfc" "container-server 23" 0.0015 "-" 17 0
Dec 6 08:44:44 np0005548787 container-server[122328]: 172.20.0.103 - - [06/Dec/2025:08:44:44 +0000] "PUT /d1/503/AUTH_660705fe1cbe4111b6f2c99ce8d05c8c/gnocchi.f3540d4a-adb1-41f8-b061-7a1198509b40" 201 - "PUT http://172.18.0.250:8080/v1/AUTH_660705fe1cbe4111b6f2c99ce8d05c8c/gnocchi.f3540d4a-adb1-41f8-b061-7a1198509b40" "txbf83676623ea465e8fbe9-006933ecfc" "proxy-server 20" 0.0195 "-" 17 0
Dec 6 08:44:44 np0005548787 account-server[122247]: 172.20.0.103 - - [06/Dec/2025:08:44:44 +0000] "PUT /d1/82/AUTH_660705fe1cbe4111b6f2c99ce8d05c8c/gnocchi.36188fb0-01a4-4e74-adf3-5dfea471ffe3" 201 - "PUT http://172.20.0.103:6001/d1/755/AUTH_660705fe1cbe4111b6f2c99ce8d05c8c/gnocchi.36188fb0-01a4-4e74-adf3-5dfea471ffe3" "txa71063c3eb224ac28b711-006933ecfc" "container-server 22" 0.0136 "-" 16 0
Dec 6 08:44:44 np0005548787 proxy-server[124089]: 172.18.0.250 172.18.0.104 06/Dec/2025/08/44/44 PUT /v1/AUTH_660705fe1cbe4111b6f2c99ce8d05c8c/gnocchi.36188fb0-01a4-4e74-adf3-5dfea471ffe3 HTTP/1.0 201 - python-swiftclient-3.11.1 gAAAAABpM-z074rw... - - - txa71063c3eb224ac28b711-006933ecfc - 0.0456 - - 1765010684.879533291 1765010684.925141573 0
Dec 6 08:44:44 np0005548787 container-server[122322]: 172.20.0.104 - - [06/Dec/2025:08:44:44 +0000] "GET /d1/503/AUTH_660705fe1cbe4111b6f2c99ce8d05c8c/gnocchi.f3540d4a-adb1-41f8-b061-7a1198509b40" 200 2 "GET http://172.18.0.250:8080/v1/AUTH_660705fe1cbe4111b6f2c99ce8d05c8c/gnocchi.f3540d4a-adb1-41f8-b061-7a1198509b40?format=json&states=listing" "txf323b7c3ffce43379c404-006933ecfc" "proxy-server 20" 0.0026 "-" 16 0
Dec 6 08:44:44 np0005548787 container-server[122297]: 172.20.0.103 - - [06/Dec/2025:08:44:44 +0000] "GET /d1/755/AUTH_660705fe1cbe4111b6f2c99ce8d05c8c/gnocchi.36188fb0-01a4-4e74-adf3-5dfea471ffe3" 200 2 "GET http://172.18.0.250:8080/v1/AUTH_660705fe1cbe4111b6f2c99ce8d05c8c/gnocchi.36188fb0-01a4-4e74-adf3-5dfea471ffe3?format=json&states=listing" "txf26e55cf37454d69828cd-006933ecfc" "proxy-server 20" 0.0022 "-" 14 0
Dec 6 08:44:44 np0005548787 object-server[122734]: 172.20.0.105 - - [06/Dec/2025:08:44:44 +0000] "GET /d1/182/AUTH_660705fe1cbe4111b6f2c99ce8d05c8c/gnocchi.f3540d4a-adb1-41f8-b061-7a1198509b40/1764720000.0_mean_300.0_v3" 404 70 "GET http://172.18.0.250:8080/v1/AUTH_660705fe1cbe4111b6f2c99ce8d05c8c/gnocchi.f3540d4a-adb1-41f8-b061-7a1198509b40/1764720000.0_mean_300.0_v3" "txba189a19e2914b45a8031-006933ecfc" "proxy-server 20" 0.0005 "-" 23 0
Dec 6 08:44:44 np0005548787 proxy-server[124089]: 172.18.0.105 172.18.0.104 06/Dec/2025/08/44/44 GET /v1/AUTH_660705fe1cbe4111b6f2c99ce8d05c8c/gnocchi.f3540d4a-adb1-41f8-b061-7a1198509b40/1764720000.0_mean_300.0_v3 HTTP/1.0 404 - python-swiftclient-3.11.1 gAAAAABpM-yzR85B... - 70 - txba189a19e2914b45a8031-006933ecfc - 0.0137 - - 1765010684.958441496 1765010684.972133398 0
Dec 6 08:44:44 np0005548787 object-server[122740]: 172.20.0.104 - - [06/Dec/2025:08:44:44 +0000] "GET /d1/407/AUTH_660705fe1cbe4111b6f2c99ce8d05c8c/gnocchi.36188fb0-01a4-4e74-adf3-5dfea471ffe3/1764720000.0_mean_300.0_v3" 404 70 "GET http://172.18.0.250:8080/v1/AUTH_660705fe1cbe4111b6f2c99ce8d05c8c/gnocchi.36188fb0-01a4-4e74-adf3-5dfea471ffe3/1764720000.0_mean_300.0_v3" "tx1f689d223c574d3da5db5-006933ecfc" "proxy-server 20" 0.0005 "-" 25 0
Dec 6 08:44:45 np0005548787 container-server[122322]: 172.20.0.104 - - [06/Dec/2025:08:44:45 +0000] "PUT /d1/755/AUTH_660705fe1cbe4111b6f2c99ce8d05c8c/gnocchi.36188fb0-01a4-4e74-adf3-5dfea471ffe3/1764720000.0_mean_300.0_v3" 201 - "PUT http://172.18.0.250:8080/d1/407/AUTH_660705fe1cbe4111b6f2c99ce8d05c8c/gnocchi.36188fb0-01a4-4e74-adf3-5dfea471ffe3/1764720000.0_mean_300.0_v3" "txfd91fb4649da42ae9f6d3-006933ecfc" "object-server 25" 0.0006 "-" 16 0
Dec 6 08:44:45 np0005548787 object-server[122728]: 172.20.0.105 - - [06/Dec/2025:08:44:45 +0000] "PUT /d1/407/AUTH_660705fe1cbe4111b6f2c99ce8d05c8c/gnocchi.36188fb0-01a4-4e74-adf3-5dfea471ffe3/1764720000.0_mean_300.0_v3" 201 - "PUT http://172.18.0.250:8080/v1/AUTH_660705fe1cbe4111b6f2c99ce8d05c8c/gnocchi.36188fb0-01a4-4e74-adf3-5dfea471ffe3/1764720000.0_mean_300.0_v3" "txfd91fb4649da42ae9f6d3-006933ecfc" "proxy-server 20" 0.0153 "-" 22 0
Dec 6 08:44:45 np0005548787 proxy-server[124089]: 172.18.0.250 172.18.0.104 06/Dec/2025/08/44/45 PUT /v1/AUTH_660705fe1cbe4111b6f2c99ce8d05c8c/gnocchi.36188fb0-01a4-4e74-adf3-5dfea471ffe3/1764720000.0_mean_300.0_v3 HTTP/1.0 201 - python-swiftclient-3.11.1 gAAAAABpM-z074rw... 16 - - txfd91fb4649da42ae9f6d3-006933ecfc - 0.0233 - - 1765010684.981554031 1765010685.004820108 0
Dec 6 08:44:45 np0005548787 container-server[122297]: 172.20.0.103 - - [06/Dec/2025:08:44:45 +0000] "PUT /d1/503/AUTH_660705fe1cbe4111b6f2c99ce8d05c8c/gnocchi.f3540d4a-adb1-41f8-b061-7a1198509b40/1764720000.0_mean_300.0_v3" 201 - "PUT http://172.18.0.250:8080/d1/182/AUTH_660705fe1cbe4111b6f2c99ce8d05c8c/gnocchi.f3540d4a-adb1-41f8-b061-7a1198509b40/1764720000.0_mean_300.0_v3" "tx12b5823bc18948d597f59-006933ecfc" "object-server 22" 0.0005 "-" 14 0
Dec 6 08:44:45 np0005548787 object-server[122728]: 172.20.0.103 - - [06/Dec/2025:08:44:45 +0000] "PUT /d1/182/AUTH_660705fe1cbe4111b6f2c99ce8d05c8c/gnocchi.f3540d4a-adb1-41f8-b061-7a1198509b40/1764720000.0_mean_300.0_v3" 201 - "PUT http://172.18.0.250:8080/v1/AUTH_660705fe1cbe4111b6f2c99ce8d05c8c/gnocchi.f3540d4a-adb1-41f8-b061-7a1198509b40/1764720000.0_mean_300.0_v3" "tx12b5823bc18948d597f59-006933ecfc" "proxy-server 20" 0.0223 "-" 22 0
Dec 6 08:44:45 np0005548787 container-server[122311]: 172.20.0.104 - - [06/Dec/2025:08:44:45 +0000] "PUT /d1/755/AUTH_660705fe1cbe4111b6f2c99ce8d05c8c/gnocchi.36188fb0-01a4-4e74-adf3-5dfea471ffe3/none_v3" 201 - "PUT http://172.18.0.250:8080/d1/370/AUTH_660705fe1cbe4111b6f2c99ce8d05c8c/gnocchi.36188fb0-01a4-4e74-adf3-5dfea471ffe3/none_v3" "tx7dcf8c9642ca4532915d0-006933ecfd" "object-server 25" 0.0004 "-" 15 0
Dec 6 08:44:45 np0005548787 object-server[122739]: 172.20.0.104 - - [06/Dec/2025:08:44:45 +0000] "PUT /d1/370/AUTH_660705fe1cbe4111b6f2c99ce8d05c8c/gnocchi.36188fb0-01a4-4e74-adf3-5dfea471ffe3/none_v3" 201 - "PUT http://172.18.0.250:8080/v1/AUTH_660705fe1cbe4111b6f2c99ce8d05c8c/gnocchi.36188fb0-01a4-4e74-adf3-5dfea471ffe3/none_v3" "tx7dcf8c9642ca4532915d0-006933ecfd" "proxy-server 20" 0.0150 "-" 24 0
Dec 6 08:44:45 np0005548787 object-server[122740]: 172.20.0.105 - - [06/Dec/2025:08:44:45 +0000] "PUT /d1/526/AUTH_660705fe1cbe4111b6f2c99ce8d05c8c/gnocchi.f3540d4a-adb1-41f8-b061-7a1198509b40/none_v3" 201 - "PUT http://172.18.0.250:8080/v1/AUTH_660705fe1cbe4111b6f2c99ce8d05c8c/gnocchi.f3540d4a-adb1-41f8-b061-7a1198509b40/none_v3" "txdcb1369d54b6454f9b99d-006933ecfd" "proxy-server 20" 0.0123 "-" 25 0
Dec 6 08:44:45 np0005548787 container-server[122328]: 172.20.0.104 - - [06/Dec/2025:08:44:45 +0000] "PUT /d1/503/AUTH_660705fe1cbe4111b6f2c99ce8d05c8c/gnocchi.f3540d4a-adb1-41f8-b061-7a1198509b40/none_v3" 201 - "PUT http://172.18.0.250:8080/d1/526/AUTH_660705fe1cbe4111b6f2c99ce8d05c8c/gnocchi.f3540d4a-adb1-41f8-b061-7a1198509b40/none_v3" "txdcb1369d54b6454f9b99d-006933ecfd" "object-server 22" 0.0007 "-" 17 0
Dec 6 08:44:45 np0005548787 container-server[122322]: 172.20.0.103 - - [06/Dec/2025:08:44:45 +0000] "HEAD /d1/856/AUTH_660705fe1cbe4111b6f2c99ce8d05c8c/gnocchi.3c7b8eb2-8b7c-4889-bf9c-9327d8f68525" 404 - "HEAD http://172.18.0.250:8080/v1/AUTH_660705fe1cbe4111b6f2c99ce8d05c8c/gnocchi.3c7b8eb2-8b7c-4889-bf9c-9327d8f68525?format=json&states=listing" "tx4fcca2d6575e425db4950-006933ecfd" "proxy-server 20" 0.0007 "-" 16 0
Dec 6 08:44:45 np0005548787 proxy-server[124089]: 172.18.0.105 172.18.0.104 06/Dec/2025/08/44/45 PUT /v1/AUTH_660705fe1cbe4111b6f2c99ce8d05c8c/gnocchi.f3540d4a-adb1-41f8-b061-7a1198509b40/none_v3 HTTP/1.0 201 - python-swiftclient-3.11.1 gAAAAABpM-yzR85B... 22 - - txdcb1369d54b6454f9b99d-006933ecfd - 0.0480 - - 1765010685.026887178 1765010685.074909449 0
Dec 6 08:44:45 np0005548787 object-server[122739]: 172.20.0.103 - - [06/Dec/2025:08:44:45 +0000] "GET /d1/120/AUTH_660705fe1cbe4111b6f2c99ce8d05c8c/gnocchi.3c7b8eb2-8b7c-4889-bf9c-9327d8f68525/none_v3" 404 70 "GET http://172.18.0.250:8080/v1/AUTH_660705fe1cbe4111b6f2c99ce8d05c8c/gnocchi.3c7b8eb2-8b7c-4889-bf9c-9327d8f68525/none_v3" "tx4fcca2d6575e425db4950-006933ecfd" "proxy-server 20" 0.0003 "-" 24 0
Dec 6 08:44:45 np0005548787 container-server[122322]: 172.20.0.104 - - [06/Dec/2025:08:44:45 +0000] "HEAD /d1/784/AUTH_660705fe1cbe4111b6f2c99ce8d05c8c/gnocchi.1975c3b1-45b1-4cc9-90a6-04134fe65bd6" 404 - "HEAD http://172.18.0.250:8080/v1/AUTH_660705fe1cbe4111b6f2c99ce8d05c8c/gnocchi.1975c3b1-45b1-4cc9-90a6-04134fe65bd6?format=json&states=listing" "tx840a3e94a8734e4ba1d4b-006933ecfd" "proxy-server 20" 0.0005 "-" 16 0
Dec 6 08:44:45 np0005548787 account-server[122247]: 172.20.0.104 - - [06/Dec/2025:08:44:45 +0000] "PUT /d1/82/AUTH_660705fe1cbe4111b6f2c99ce8d05c8c/gnocchi.3c7b8eb2-8b7c-4889-bf9c-9327d8f68525" 201 - "PUT http://172.20.0.104:6001/d1/856/AUTH_660705fe1cbe4111b6f2c99ce8d05c8c/gnocchi.3c7b8eb2-8b7c-4889-bf9c-9327d8f68525" "tx3f8390f2cc36466fa5068-006933ecfd" "container-server 22" 0.0045 "-" 16 0
Dec 6 08:44:45 np0005548787 container-server[122311]: 172.20.0.105 - - [06/Dec/2025:08:44:45 +0000] "PUT /d1/856/AUTH_660705fe1cbe4111b6f2c99ce8d05c8c/gnocchi.3c7b8eb2-8b7c-4889-bf9c-9327d8f68525" 201 - "PUT http://172.18.0.250:8080/v1/AUTH_660705fe1cbe4111b6f2c99ce8d05c8c/gnocchi.3c7b8eb2-8b7c-4889-bf9c-9327d8f68525" "tx3f8390f2cc36466fa5068-006933ecfd" "proxy-server 20" 0.0233 "-" 15 0
Dec 6 08:44:45 np0005548787 proxy-server[124089]: 172.18.0.250 172.18.0.104 06/Dec/2025/08/44/45 PUT /v1/AUTH_660705fe1cbe4111b6f2c99ce8d05c8c/gnocchi.3c7b8eb2-8b7c-4889-bf9c-9327d8f68525 HTTP/1.0 201 - python-swiftclient-3.11.1 gAAAAABpM-z074rw... - - - tx3f8390f2cc36466fa5068-006933ecfd - 0.0347 - - 1765010685.094675779 1765010685.129372835 0
Dec 6 08:44:45 np0005548787 object-server[122734]: 172.20.0.104 - - [06/Dec/2025:08:44:45 +0000] "GET /d1/970/AUTH_660705fe1cbe4111b6f2c99ce8d05c8c/gnocchi.1975c3b1-45b1-4cc9-90a6-04134fe65bd6/none_v3" 404 70 "GET http://172.18.0.250:8080/v1/AUTH_660705fe1cbe4111b6f2c99ce8d05c8c/gnocchi.1975c3b1-45b1-4cc9-90a6-04134fe65bd6/none_v3" "tx840a3e94a8734e4ba1d4b-006933ecfd" "proxy-server 20" 0.0005 "-" 23 0
