Dec 6 08:41:04 np0005548786 account-server[119244]: Attempted to replicate 0 dbs in 0.00190 seconds (0.00000/s)
Dec 6 08:41:04 np0005548786 account-server[119244]: Removed 0 dbs
Dec 6 08:41:04 np0005548786 account-server[119244]: 0 successes, 0 failures
Dec 6 08:41:04 np0005548786 account-server[119244]: diff:0 diff_capped:0 empty:0 hashmatch:0 no_change:0 remote_merge:0 rsync:0 ts_repl:0
Dec 6 08:41:06 np0005548786 container-server[119657]: Beginning replication run
Dec 6 08:41:06 np0005548786 container-server[119657]: Replication run OVER
Dec 6 08:41:06 np0005548786 container-server[119657]: Attempted to replicate 0 dbs in 0.00084 seconds (0.00000/s)
Dec 6 08:41:06 np0005548786 container-server[119657]: Removed 0 dbs
Dec 6 08:41:06 np0005548786 container-server[119657]: 0 successes, 0 failures
Dec 6 08:41:06 np0005548786 container-server[119657]: diff:0 diff_capped:0 empty:0 hashmatch:0 no_change:0 remote_merge:0 rsync:0 ts_repl:0
Dec 6 08:41:30 np0005548786 object-server[120195]: Starting object replication pass.
Dec 6 08:41:30 np0005548786 object-server[120195]: Nothing replicated for 0.006335735321044922 seconds.
Dec 6 08:41:30 np0005548786 object-server[120195]: Object replication complete. (0.00 minutes)
Dec 6 08:41:31 np0005548786 object-server[192049]: Begin object audit "forever" mode (ZBF)
Dec 6 08:41:31 np0005548786 object-server[192049]: Object audit (ZBF) "forever" mode completed: 0.00s. Total quarantined: 0, Total errors: 0, Total files/sec: 0.00, Total bytes/sec: 0.00, Auditing time: 0.00, Rate: 0.00
Dec 6 08:41:31 np0005548786 account-server[119779]: 172.20.0.105 - - [06/Dec/2025:08:41:31 +0000] "HEAD /d1/291/.expiring_objects" 404 - "HEAD http://localhost/v1/.expiring_objects?format=json" "tx22b0fecc437a4dbda929e-006933ec3b" "proxy-server 2" 0.0007 "-" 23 -
Dec 6 08:41:34 np0005548786 account-server[119244]: Beginning replication run
Dec 6 08:41:34 np0005548786 account-server[119244]: Replication run OVER
Dec 6 08:41:34 np0005548786 account-server[119244]: Attempted to replicate 0 dbs in 0.00159 seconds (0.00000/s)
Dec 6 08:41:34 np0005548786 account-server[119244]: Removed 0 dbs
Dec 6 08:41:34 np0005548786 account-server[119244]: 0 successes, 0 failures
Dec 6 08:41:34 np0005548786 account-server[119244]: diff:0 diff_capped:0 empty:0 hashmatch:0 no_change:0 remote_merge:0 rsync:0 ts_repl:0
Dec 6 08:41:36 np0005548786 container-server[119657]: Beginning replication run
Dec 6 08:41:36 np0005548786 container-server[119657]: Replication run OVER
Dec 6 08:41:36 np0005548786 container-server[119657]: Attempted to replicate 0 dbs in 0.00171 seconds (0.00000/s)
Dec 6 08:41:36 np0005548786 container-server[119657]: Removed 0 dbs
Dec 6 08:41:36 np0005548786 container-server[119657]: 0 successes, 0 failures
Dec 6 08:41:36 np0005548786 container-server[119657]: diff:0 diff_capped:0 empty:0 hashmatch:0 no_change:0 remote_merge:0 rsync:0 ts_repl:0
Dec 6 08:41:39 np0005548786 account-server[119700]: 172.20.0.103 - - [06/Dec/2025:08:41:39 +0000] "HEAD /d1/291/.expiring_objects" 404 - "HEAD http://localhost/v1/.expiring_objects?format=json" "tx4234140cd7dd443f94878-006933ec43" "proxy-server 2" 0.0005 "-" 20 -
Dec 6 08:42:00 np0005548786 object-server[120195]: Starting object replication pass.
Dec 6 08:42:00 np0005548786 object-server[120195]: Nothing replicated for 0.004536151885986328 seconds.
Dec 6 08:42:00 np0005548786 object-server[120195]: Object replication complete. (0.00 minutes)
Dec 6 08:42:01 np0005548786 object-server[198050]: Begin object audit "forever" mode (ZBF)
Dec 6 08:42:01 np0005548786 object-server[198051]: Begin object audit "forever" mode (ALL)
Dec 6 08:42:01 np0005548786 object-server[198051]: Object audit (ALL) "forever" mode completed: 0.00s. Total quarantined: 0, Total errors: 0, Total files/sec: 0.00, Total bytes/sec: 0.00, Auditing time: 0.00, Rate: 0.00
Dec 6 08:42:01 np0005548786 object-server[198050]: Object audit (ZBF) "forever" mode completed: 0.00s. Total quarantined: 0, Total errors: 0, Total files/sec: 0.00, Total bytes/sec: 0.00, Auditing time: 0.00, Rate: 0.00
Dec 6 08:42:04 np0005548786 account-server[119244]: Beginning replication run
Dec 6 08:42:04 np0005548786 account-server[119244]: Replication run OVER
Dec 6 08:42:04 np0005548786 account-server[119244]: Attempted to replicate 0 dbs in 0.00248 seconds (0.00000/s)
Dec 6 08:42:04 np0005548786 account-server[119244]: Removed 0 dbs
Dec 6 08:42:04 np0005548786 account-server[119244]: 0 successes, 0 failures
Dec 6 08:42:04 np0005548786 account-server[119244]: diff:0 diff_capped:0 empty:0 hashmatch:0 no_change:0 remote_merge:0 rsync:0 ts_repl:0
Dec 6 08:42:06 np0005548786 container-server[119657]: Beginning replication run
Dec 6 08:42:06 np0005548786 container-server[119657]: Replication run OVER
Dec 6 08:42:06 np0005548786 container-server[119657]: Attempted to replicate 0 dbs in 0.00159 seconds (0.00000/s)
Dec 6 08:42:06 np0005548786 container-server[119657]: Removed 0 dbs
Dec 6 08:42:06 np0005548786 container-server[119657]: 0 successes, 0 failures
Dec 6 08:42:06 np0005548786 container-server[119657]: diff:0 diff_capped:0 empty:0 hashmatch:0 no_change:0 remote_merge:0 rsync:0 ts_repl:0
Dec 6 08:42:13 np0005548786 account-server[119765]: 172.20.0.103 - - [06/Dec/2025:08:42:13 +0000] "HEAD /d1/291/.expiring_objects" 404 - "HEAD http://localhost/v1/.expiring_objects?format=json" "txa36d027425c74e0bb6fea-006933ec65" "proxy-server 2" 0.0009 "-" 22 -
Dec 6 08:42:27 np0005548786 account-server[119779]: 172.20.0.104 - - [06/Dec/2025:08:42:27 +0000] "HEAD /d1/291/.expiring_objects" 404 - "HEAD http://localhost/v1/.expiring_objects?format=json" "txc91e5690b3c34ae7b29fa-006933ec73" "proxy-server 2" 0.0003 "-" 23 -
Dec 6 08:42:27 np0005548786 object-expirer[120056]: Pass completed in 0s; 0 objects expired (txn: txc91e5690b3c34ae7b29fa-006933ec73)
Dec 6 08:42:30 np0005548786 object-server[120195]: Starting object replication pass.
Dec 6 08:42:30 np0005548786 object-server[120195]: Nothing replicated for 0.0054814815521240234 seconds.
Dec 6 08:42:30 np0005548786 object-server[120195]: Object replication complete. (0.00 minutes)
Dec 6 08:42:31 np0005548786 object-server[201027]: Begin object audit "forever" mode (ZBF)
Dec 6 08:42:31 np0005548786 object-server[201027]: Object audit (ZBF) "forever" mode completed: 0.00s. Total quarantined: 0, Total errors: 0, Total files/sec: 0.00, Total bytes/sec: 0.00, Auditing time: 0.00, Rate: 0.00
Dec 6 08:42:31 np0005548786 object-server[201028]: Begin object audit "forever" mode (ALL)
Dec 6 08:42:31 np0005548786 object-server[201028]: Object audit (ALL) "forever" mode completed: 0.00s. Total quarantined: 0, Total errors: 0, Total files/sec: 0.00, Total bytes/sec: 0.00, Auditing time: 0.00, Rate: 0.00
Dec 6 08:42:33 np0005548786 container-server[119809]: Begin container update sweep
Dec 6 08:42:33 np0005548786 container-server[119809]: Container update sweep completed: 0.00s
Dec 6 08:42:34 np0005548786 account-server[119244]: Beginning replication run
Dec 6 08:42:34 np0005548786 account-server[119244]: Replication run OVER
Dec 6 08:42:34 np0005548786 account-server[119244]: Attempted to replicate 0 dbs in 0.00150 seconds (0.00000/s)
Dec 6 08:42:34 np0005548786 account-server[119244]: Removed 0 dbs
Dec 6 08:42:34 np0005548786 account-server[119244]: 0 successes, 0 failures
Dec 6 08:42:34 np0005548786 account-server[119244]: diff:0 diff_capped:0 empty:0 hashmatch:0 no_change:0 remote_merge:0 rsync:0 ts_repl:0
Dec 6 08:42:36 np0005548786 container-server[119657]: Beginning replication run
Dec 6 08:42:36 np0005548786 container-server[119657]: Replication run OVER
Dec 6 08:42:36 np0005548786 container-server[119657]: Attempted to replicate 0 dbs in 0.00227 seconds (0.00000/s)
Dec 6 08:42:36 np0005548786 container-server[119657]: Removed 0 dbs
Dec 6 08:42:36 np0005548786 container-server[119657]: 0 successes, 0 failures
Dec 6 08:42:36 np0005548786 container-server[119657]: diff:0 diff_capped:0 empty:0 hashmatch:0 no_change:0 remote_merge:0 rsync:0 ts_repl:0
Dec 6 08:43:00 np0005548786 object-server[120195]: Starting object replication pass.
Dec 6 08:43:00 np0005548786 object-server[120195]: Nothing replicated for 0.003931283950805664 seconds.
Dec 6 08:43:00 np0005548786 object-server[120195]: Object replication complete. (0.00 minutes)
Dec 6 08:43:01 np0005548786 object-server[201029]: Begin object audit "forever" mode (ZBF)
Dec 6 08:43:01 np0005548786 object-server[201029]: Object audit (ZBF) "forever" mode completed: 0.00s. Total quarantined: 0, Total errors: 0, Total files/sec: 0.00, Total bytes/sec: 0.00, Auditing time: 0.00, Rate: 0.00
Dec 6 08:43:04 np0005548786 account-server[119244]: Beginning replication run
Dec 6 08:43:04 np0005548786 account-server[119244]: Replication run OVER
Dec 6 08:43:04 np0005548786 account-server[119244]: Attempted to replicate 0 dbs in 0.00156 seconds (0.00000/s)
Dec 6 08:43:04 np0005548786 account-server[119244]: Removed 0 dbs
Dec 6 08:43:04 np0005548786 account-server[119244]: 0 successes, 0 failures
Dec 6 08:43:04 np0005548786 account-server[119244]: diff:0 diff_capped:0 empty:0 hashmatch:0 no_change:0 remote_merge:0 rsync:0 ts_repl:0
Dec 6 08:43:06 np0005548786 container-server[119657]: Beginning replication run
Dec 6 08:43:06 np0005548786 container-server[119657]: Replication run OVER
Dec 6 08:43:06 np0005548786 container-server[119657]: Attempted to replicate 0 dbs in 0.00132 seconds (0.00000/s)
Dec 6 08:43:06 np0005548786 container-server[119657]: Removed 0 dbs
Dec 6 08:43:06 np0005548786 container-server[119657]: 0 successes, 0 failures
Dec 6 08:43:06 np0005548786 container-server[119657]: diff:0 diff_capped:0 empty:0 hashmatch:0 no_change:0 remote_merge:0 rsync:0 ts_repl:0
Dec 6 08:43:22 np0005548786 account-server[119714]: 172.20.0.103 - - [06/Dec/2025:08:43:22 +0000] "HEAD /d1/291/.expiring_objects" 404 - "HEAD http://localhost/v1/.expiring_objects?format=json" "tx1f33e0b6b7bd4526a11b4-006933ecaa" "proxy-server 2" 0.0008 "-" 21 -
Dec 6 08:43:30 np0005548786 object-server[120195]: Starting object replication pass.
Dec 6 08:43:30 np0005548786 object-server[120195]: Nothing replicated for 0.0023660659790039062 seconds.
Dec 6 08:43:30 np0005548786 object-server[120195]: Object replication complete. (0.00 minutes)
Dec 6 08:43:31 np0005548786 account-server[119779]: 172.20.0.103 - - [06/Dec/2025:08:43:31 +0000] "HEAD /d1/82/AUTH_660705fe1cbe4111b6f2c99ce8d05c8c" 404 - "HEAD http://172.18.0.250:8080/v1/AUTH_660705fe1cbe4111b6f2c99ce8d05c8c?format=json" "txe63897c09a744fd2b31c2-006933ecb3" "proxy-server 20" 0.0007 "-" 23 -
Dec 6 08:43:31 np0005548786 object-server[206807]: Begin object audit "forever" mode (ZBF)
Dec 6 08:43:31 np0005548786 object-server[206807]: Object audit (ZBF) "forever" mode completed: 0.00s. Total quarantined: 0, Total errors: 0, Total files/sec: 0.00, Total bytes/sec: 0.00, Auditing time: 0.00, Rate: 0.00
Dec 6 08:43:31 np0005548786 object-server[206808]: Begin object audit "forever" mode (ALL)
Dec 6 08:43:31 np0005548786 object-server[206808]: Object audit (ALL) "forever" mode completed: 0.00s. Total quarantined: 0, Total errors: 0, Total files/sec: 0.00, Total bytes/sec: 0.00, Auditing time: 0.00, Rate: 0.00
Dec 6 08:43:32 np0005548786 object-server[120431]: 172.20.0.103 - - [06/Dec/2025:08:43:31 +0000] "GET /d1/37/AUTH_660705fe1cbe4111b6f2c99ce8d05c8c/gnocchi.dea174b3-25e4-4357-8680-6dff4b58effc/none_v3" 404 70 "GET http://172.18.0.250:8080/v1/AUTH_660705fe1cbe4111b6f2c99ce8d05c8c/gnocchi.dea174b3-25e4-4357-8680-6dff4b58effc/none_v3" "txe63897c09a744fd2b31c2-006933ecb3" "proxy-server 20" 0.0010 "-" 25 0
Dec 6 08:43:32 np0005548786 account-server[119765]: 172.20.0.104 - - [06/Dec/2025:08:43:32 +0000] "PUT /d1/82/AUTH_660705fe1cbe4111b6f2c99ce8d05c8c" 201 - "-" "txd7c99c94d8a24f85a24ed-006933ecb4" "-" 0.0127 "-" 22 -
Dec 6 08:43:32 np0005548786 proxy-server[121806]: autocreate account '/AUTH_660705fe1cbe4111b6f2c99ce8d05c8c' (txn: txd7c99c94d8a24f85a24ed-006933ecb4)
Dec 6 08:43:32 np0005548786 account-server[119779]: 172.20.0.104 - - [06/Dec/2025:08:43:32 +0000] "PUT /d1/82/AUTH_660705fe1cbe4111b6f2c99ce8d05c8c/gnocchi.dea174b3-25e4-4357-8680-6dff4b58effc" 201 - "PUT http://172.20.0.104:6001/d1/114/AUTH_660705fe1cbe4111b6f2c99ce8d05c8c/gnocchi.dea174b3-25e4-4357-8680-6dff4b58effc" "txd7c99c94d8a24f85a24ed-006933ecb4" "container-server 20" 0.0028 "-" 23 0
Dec 6 08:43:32 np0005548786 container-server[119965]: 172.20.0.104 - - [06/Dec/2025:08:43:32 +0000] "PUT /d1/114/AUTH_660705fe1cbe4111b6f2c99ce8d05c8c/gnocchi.dea174b3-25e4-4357-8680-6dff4b58effc" 201 - "PUT http://172.18.0.250:8080/v1/AUTH_660705fe1cbe4111b6f2c99ce8d05c8c/gnocchi.dea174b3-25e4-4357-8680-6dff4b58effc" "txd7c99c94d8a24f85a24ed-006933ecb4" "proxy-server 20" 0.0158 "-" 20 0
Dec 6 08:43:32 np0005548786 proxy-server[121806]: 172.18.0.105 172.18.0.104 06/Dec/2025/08/43/32 PUT /v1/AUTH_660705fe1cbe4111b6f2c99ce8d05c8c/gnocchi.dea174b3-25e4-4357-8680-6dff4b58effc HTTP/1.0 201 - python-swiftclient-3.11.1 gAAAAABpM-yzR85B... - - - txd7c99c94d8a24f85a24ed-006933ecb4 - 0.0651 - - 1765010612.011937141 1765010612.077016592 0
Dec 6 08:43:32 np0005548786 object-server[120431]: 172.20.0.103 - - [06/Dec/2025:08:43:32 +0000] "GET /d1/1002/AUTH_660705fe1cbe4111b6f2c99ce8d05c8c/gnocchi.dea174b3-25e4-4357-8680-6dff4b58effc/1764720000.0_mean_300.0_v3" 404 70 "GET http://172.18.0.250:8080/v1/AUTH_660705fe1cbe4111b6f2c99ce8d05c8c/gnocchi.dea174b3-25e4-4357-8680-6dff4b58effc/1764720000.0_mean_300.0_v3" "txa55fd46fd3f3463d8122c-006933ecb4" "proxy-server 20" 0.0003 "-" 25 0
Dec 6 08:43:32 np0005548786 container-server[119990]: 172.20.0.104 - - [06/Dec/2025:08:43:32 +0000] "PUT /d1/114/AUTH_660705fe1cbe4111b6f2c99ce8d05c8c/gnocchi.dea174b3-25e4-4357-8680-6dff4b58effc/1764720000.0_mean_300.0_v3" 201 - "PUT http://172.18.0.250:8080/d1/1002/AUTH_660705fe1cbe4111b6f2c99ce8d05c8c/gnocchi.dea174b3-25e4-4357-8680-6dff4b58effc/1764720000.0_mean_300.0_v3" "tx7cb206781f794526bbb02-006933ecb4" "object-server 25" 0.0012 "-" 23 0
Dec 6 08:43:32 np0005548786 object-server[120431]: 172.20.0.104 - - [06/Dec/2025:08:43:32 +0000] "PUT /d1/1002/AUTH_660705fe1cbe4111b6f2c99ce8d05c8c/gnocchi.dea174b3-25e4-4357-8680-6dff4b58effc/1764720000.0_mean_300.0_v3" 201 - "PUT http://172.18.0.250:8080/v1/AUTH_660705fe1cbe4111b6f2c99ce8d05c8c/gnocchi.dea174b3-25e4-4357-8680-6dff4b58effc/1764720000.0_mean_300.0_v3" "tx7cb206781f794526bbb02-006933ecb4" "proxy-server 20" 0.0306 "-" 25 0
Dec 6 08:43:32 np0005548786 proxy-server[121806]: 172.18.0.105 172.18.0.104 06/Dec/2025/08/43/32 PUT /v1/AUTH_660705fe1cbe4111b6f2c99ce8d05c8c/gnocchi.dea174b3-25e4-4357-8680-6dff4b58effc/1764720000.0_mean_300.0_v3 HTTP/1.0 201 - python-swiftclient-3.11.1 gAAAAABpM-yzR85B... 16 - - tx7cb206781f794526bbb02-006933ecb4 - 0.0541 - - 1765010612.145694494 1765010612.199786425 0
Dec 6 08:43:32 np0005548786 object-server[120431]: 172.20.0.105 - - [06/Dec/2025:08:43:32 +0000] "PUT /d1/37/AUTH_660705fe1cbe4111b6f2c99ce8d05c8c/gnocchi.dea174b3-25e4-4357-8680-6dff4b58effc/none_v3" 201 - "PUT http://172.18.0.250:8080/v1/AUTH_660705fe1cbe4111b6f2c99ce8d05c8c/gnocchi.dea174b3-25e4-4357-8680-6dff4b58effc/none_v3" "txd804bcd6fb754114999c6-006933ecb4" "proxy-server 20" 0.0201 "-" 25 0
Dec 6 08:43:32 np0005548786 container-server[119965]: 172.20.0.105 - - [06/Dec/2025:08:43:32 +0000] "PUT /d1/114/AUTH_660705fe1cbe4111b6f2c99ce8d05c8c/gnocchi.dea174b3-25e4-4357-8680-6dff4b58effc/none_v3" 201 - "PUT http://172.18.0.250:8080/d1/37/AUTH_660705fe1cbe4111b6f2c99ce8d05c8c/gnocchi.dea174b3-25e4-4357-8680-6dff4b58effc/none_v3" "txd804bcd6fb754114999c6-006933ecb4" "object-server 22" 0.0013 "-" 20 0
Dec 6 08:43:34 np0005548786 account-server[119244]: Beginning replication run
Dec 6 08:43:34 np0005548786 account-server[119244]: Replication run OVER
Dec 6 08:43:34 np0005548786 account-server[119244]: Attempted to replicate 1 dbs in 0.04909 seconds (20.37193/s)
Dec 6 08:43:34 np0005548786 account-server[119244]: Removed 0 dbs
Dec 6 08:43:34 np0005548786 account-server[119244]: 2 successes, 0 failures
Dec 6 08:43:34 np0005548786 account-server[119244]: diff:0 diff_capped:0 empty:0 hashmatch:0 no_change:2 remote_merge:0 rsync:0 ts_repl:0
Dec 6 08:43:36 np0005548786 container-server[119657]: Beginning replication run
Dec 6 08:43:36 np0005548786 container-server[119657]: Replication run OVER
Dec 6 08:43:36 np0005548786 container-server[119657]: Attempted to replicate 1 dbs in 0.11730 seconds (8.52491/s)
Dec 6 08:43:36 np0005548786 container-server[119657]: Removed 0 dbs
Dec 6 08:43:36 np0005548786 container-server[119657]: 2 successes, 0 failures
Dec 6 08:43:36 np0005548786 container-server[119657]: diff:0 diff_capped:0 empty:0 hashmatch:0 no_change:2 remote_merge:0 rsync:0 ts_repl:0
Dec 6 08:44:00 np0005548786 object-server[120195]: Starting object replication pass.
Dec 6 08:44:00 np0005548786 object-server[120195]: 2/2 (100.00%) partitions replicated in 0.05s (38.08/sec, 0s remaining)
Dec 6 08:44:00 np0005548786 object-server[120195]: 4 successes, 0 failures
Dec 6 08:44:00 np0005548786 object-server[120195]: 2 suffixes checked - 0.00% hashed, 0.00% synced
Dec 6 08:44:00 np0005548786 object-server[120195]: Partition times: max 0.0349s, min 0.0135s, med 0.0349s
Dec 6 08:44:00 np0005548786 object-server[120195]: Object replication complete. (0.00 minutes)
Dec 6 08:44:01 np0005548786 proxy-server[121806]: 172.18.0.105 172.18.0.104 06/Dec/2025/08/44/01 GET /v1/AUTH_660705fe1cbe4111b6f2c99ce8d05c8c/gnocchi.dea174b3-25e4-4357-8680-6dff4b58effc%3Fformat%3Djson%26states%3Dlisting HTTP/1.0 200 - python-swiftclient-3.11.1 gAAAAABpM-yzR85B... - 357 - txbb31c4fade2142b1a414c-006933ecd1 - 0.0157 - - 1765010641.420804501 1765010641.436466217 0
Dec 6 08:44:01 np0005548786 container-server[119965]: 172.20.0.105 - - [06/Dec/2025:08:44:01 +0000] "GET /d1/114/AUTH_660705fe1cbe4111b6f2c99ce8d05c8c/gnocchi.dea174b3-25e4-4357-8680-6dff4b58effc" 200 2 "GET http://172.18.0.250:8080/v1/AUTH_660705fe1cbe4111b6f2c99ce8d05c8c/gnocchi.dea174b3-25e4-4357-8680-6dff4b58effc?format=json&marker=none_v3&states=listing" "tx86dd83118ce94fa085854-006933ecd1" "proxy-server 20" 0.0056 "-" 20 0
Dec 6 08:44:01 np0005548786 container-server[119974]: 172.20.0.103 - - [06/Dec/2025:08:44:01 +0000] "PUT /d1/114/AUTH_660705fe1cbe4111b6f2c99ce8d05c8c/gnocchi.dea174b3-25e4-4357-8680-6dff4b58effc/1764720000.0_mean_300.0_v3" 201 - "PUT http://172.18.0.250:8080/d1/1002/AUTH_660705fe1cbe4111b6f2c99ce8d05c8c/gnocchi.dea174b3-25e4-4357-8680-6dff4b58effc/1764720000.0_mean_300.0_v3" "tx6275e03a225247ecb6c7c-006933ecd1" "object-server 25" 0.0007 "-" 21 0
Dec 6 08:44:01 np0005548786 object-server[120403]: 172.20.0.104 - - [06/Dec/2025:08:44:01 +0000] "PUT /d1/1002/AUTH_660705fe1cbe4111b6f2c99ce8d05c8c/gnocchi.dea174b3-25e4-4357-8680-6dff4b58effc/1764720000.0_mean_300.0_v3" 201 - "PUT http://172.18.0.250:8080/v1/AUTH_660705fe1cbe4111b6f2c99ce8d05c8c/gnocchi.dea174b3-25e4-4357-8680-6dff4b58effc/1764720000.0_mean_300.0_v3" "tx6275e03a225247ecb6c7c-006933ecd1" "proxy-server 20" 0.1751 "-" 22 0
Dec 6 08:44:01 np0005548786 proxy-server[121806]: 172.18.0.105 172.18.0.104 06/Dec/2025/08/44/01 PUT /v1/AUTH_660705fe1cbe4111b6f2c99ce8d05c8c/gnocchi.dea174b3-25e4-4357-8680-6dff4b58effc/1764720000.0_mean_300.0_v3 HTTP/1.0 201 - python-swiftclient-3.11.1 gAAAAABpM-yzR85B... 16 - - tx6275e03a225247ecb6c7c-006933ecd1 - 0.1878 - - 1765010641.473408699 1765010641.661181211 0
Dec 6 08:44:01 np0005548786 container-server[119983]: 172.20.0.104 - - [06/Dec/2025:08:44:01 +0000] "PUT /d1/114/AUTH_660705fe1cbe4111b6f2c99ce8d05c8c/gnocchi.dea174b3-25e4-4357-8680-6dff4b58effc/none_v3" 201 - "PUT http://172.18.0.250:8080/d1/37/AUTH_660705fe1cbe4111b6f2c99ce8d05c8c/gnocchi.dea174b3-25e4-4357-8680-6dff4b58effc/none_v3" "tx48be93c83e9446298d978-006933ecd1" "object-server 25" 0.0019 "-" 22 0
Dec 6 08:44:01 np0005548786 object-server[120431]: 172.20.0.105 - - [06/Dec/2025:08:44:01 +0000] "PUT /d1/37/AUTH_660705fe1cbe4111b6f2c99ce8d05c8c/gnocchi.dea174b3-25e4-4357-8680-6dff4b58effc/none_v3" 201 - "PUT http://172.18.0.250:8080/v1/AUTH_660705fe1cbe4111b6f2c99ce8d05c8c/gnocchi.dea174b3-25e4-4357-8680-6dff4b58effc/none_v3" "tx48be93c83e9446298d978-006933ecd1" "proxy-server 20" 0.0152 "-" 25 0
Dec 6 08:44:02 np0005548786 object-server[206809]: Begin object audit "forever" mode (ZBF)
Dec 6 08:44:02 np0005548786 object-server[206809]: Object audit (ZBF). Since Sat Dec 6 08:44:02 2025: Locally: 1 passed, 0 quarantined, 0 errors, files/sec: 562.99, bytes/sec: 0.00, Total time: 0.00, Auditing time: 0.00, Rate: 0.00
Dec 6 08:44:02 np0005548786 object-server[206809]: Object audit (ZBF) "forever" mode completed: 0.00s. Total quarantined: 0, Total errors: 0, Total files/sec: 459.60, Total bytes/sec: 0.00, Auditing time: 0.00, Rate: 0.29
Dec 6 08:44:04 np0005548786 account-server[119244]: Beginning replication run
Dec 6 08:44:04 np0005548786 account-server[119244]: Replication run OVER
Dec 6 08:44:04 np0005548786 account-server[119244]: Attempted to replicate 1 dbs in 0.02080 seconds (48.07753/s)
Dec 6 08:44:04 np0005548786 account-server[119244]: Removed 0 dbs
Dec 6 08:44:04 np0005548786 account-server[119244]: 2 successes, 0 failures
Dec 6 08:44:04 np0005548786 account-server[119244]: diff:0 diff_capped:0 empty:0 hashmatch:0 no_change:2 remote_merge:0 rsync:0 ts_repl:0
Dec 6 08:44:06 np0005548786 container-server[119657]: Beginning replication run
Dec 6 08:44:06 np0005548786 container-server[119657]: Replication run OVER
Dec 6 08:44:06 np0005548786 container-server[119657]: Attempted to replicate 1 dbs in 0.10412 seconds (9.60387/s)
Dec 6 08:44:06 np0005548786 container-server[119657]: Removed 0 dbs
Dec 6 08:44:06 np0005548786 container-server[119657]: 2 successes, 0 failures
Dec 6 08:44:06 np0005548786 container-server[119657]: diff:0 diff_capped:0 empty:0 hashmatch:0 no_change:2 remote_merge:0 rsync:0 ts_repl:0
Dec 6 08:44:13 np0005548786 account-server[119765]: 172.20.0.105 - - [06/Dec/2025:08:44:13 +0000] "PUT /d1/82/AUTH_660705fe1cbe4111b6f2c99ce8d05c8c/gnocchi.dea174b3-25e4-4357-8680-6dff4b58effc" 201 - "-" "-" "container-updater 2" 0.0015 "-" 22 0
Dec 6 08:44:26 np0005548786 account-server[119779]: 172.20.0.105 - - [06/Dec/2025:08:44:26 +0000] "HEAD /d1/291/.expiring_objects" 404 - "HEAD http://localhost/v1/.expiring_objects?format=json" "tx86d3ec4f7ec548728dc7d-006933ecea" "proxy-server 2" 0.0009 "-" 23 -
Dec 6 08:44:29 np0005548786 account-server[119700]: 172.20.0.104 - - [06/Dec/2025:08:44:29 +0000] "HEAD /d1/291/.expiring_objects" 404 - "HEAD http://localhost/v1/.expiring_objects?format=json" "tx1a553c570afe4e36a5b40-006933eced" "proxy-server 2" 0.0009 "-" 20 -
Dec 6 08:44:29 np0005548786 object-expirer[120056]: Pass completed in 0s; 0 objects expired (txn: tx1a553c570afe4e36a5b40-006933eced)
Dec 6 08:44:30 np0005548786 object-server[120195]: Starting object replication pass.
Dec 6 08:44:30 np0005548786 object-server[120195]: 2/2 (100.00%) partitions replicated in 0.02s (81.18/sec, 0s remaining)
Dec 6 08:44:30 np0005548786 object-server[120195]: 4 successes, 0 failures
Dec 6 08:44:30 np0005548786 object-server[120195]: 2 suffixes checked - 0.00% hashed, 0.00% synced
Dec 6 08:44:30 np0005548786 object-server[120195]: Partition times: max 0.0109s, min 0.0095s, med 0.0109s
Dec 6 08:44:30 np0005548786 object-server[120195]: Object replication complete. (0.00 minutes)
Dec 6 08:44:32 np0005548786 object-server[212740]: Begin object audit "forever" mode (ZBF)
Dec 6 08:44:32 np0005548786 object-server[212740]: Object audit (ZBF). Since Sat Dec 6 08:44:32 2025: Locally: 1 passed, 0 quarantined, 0 errors, files/sec: 994.38, bytes/sec: 0.00, Total time: 0.00, Auditing time: 0.00, Rate: 0.00
Dec 6 08:44:32 np0005548786 object-server[212740]: Object audit (ZBF) "forever" mode completed: 0.00s. Total quarantined: 0, Total errors: 0, Total files/sec: 774.71, Total bytes/sec: 0.00, Auditing time: 0.00, Rate: 0.28
Dec 6 08:44:32 np0005548786 object-server[212741]: Begin object audit "forever" mode (ALL)
Dec 6 08:44:32 np0005548786 object-server[212741]: Object audit (ALL). Since Sat Dec 6 08:44:32 2025: Locally: 1 passed, 0 quarantined, 0 errors, files/sec: 132.87, bytes/sec: 2125.92, Total time: 0.01, Auditing time: 0.00, Rate: 0.00
Dec 6 08:44:32 np0005548786 object-server[212741]: Object audit (ALL) "forever" mode completed: 0.01s. Total quarantined: 0, Total errors: 0, Total files/sec: 180.88, Total bytes/sec: 4341.18, Auditing time: 0.01, Rate: 0.71
Dec 6 08:44:34 np0005548786 account-server[119244]: Beginning replication run
Dec 6 08:44:34 np0005548786 account-server[119244]: Replication run OVER
Dec 6 08:44:34 np0005548786 account-server[119244]: Attempted to replicate 1 dbs in 0.02466 seconds (40.54567/s)
Dec 6 08:44:34 np0005548786 account-server[119244]: Removed 0 dbs
Dec 6 08:44:34 np0005548786 account-server[119244]: 2 successes, 0 failures
Dec 6 08:44:34 np0005548786 account-server[119244]: diff:0 diff_capped:0 empty:0 hashmatch:0 no_change:2 remote_merge:0 rsync:0 ts_repl:0
Dec 6 08:44:36 np0005548786 account-server[119714]: 172.20.0.103 - - [06/Dec/2025:08:44:36 +0000] "HEAD /d1/82/AUTH_660705fe1cbe4111b6f2c99ce8d05c8c" 204 - "HEAD http://172.18.0.250:8080/v1/AUTH_660705fe1cbe4111b6f2c99ce8d05c8c?format=json" "tx86f1780afde44df1bd192-006933ecf4" "proxy-server 20" 0.0020 "-" 21 -
Dec 6 08:44:36 np0005548786 container-server[119965]: 172.20.0.103 - - [06/Dec/2025:08:44:36 +0000] "HEAD /d1/551/AUTH_660705fe1cbe4111b6f2c99ce8d05c8c/gnocchi.cecf42dc-e7e2-4a26-94f4-26a2de5f1061" 404 - "HEAD http://172.18.0.250:8080/v1/AUTH_660705fe1cbe4111b6f2c99ce8d05c8c/gnocchi.cecf42dc-e7e2-4a26-94f4-26a2de5f1061?format=json&states=listing" "tx86f1780afde44df1bd192-006933ecf4" "proxy-server 20" 0.0009 "-" 20 0
Dec 6 08:44:36 np0005548786 object-server[120403]: 172.20.0.103 - - [06/Dec/2025:08:44:36 +0000] "GET /d1/949/AUTH_660705fe1cbe4111b6f2c99ce8d05c8c/gnocchi.cecf42dc-e7e2-4a26-94f4-26a2de5f1061/none_v3" 404 70 "GET http://172.18.0.250:8080/v1/AUTH_660705fe1cbe4111b6f2c99ce8d05c8c/gnocchi.cecf42dc-e7e2-4a26-94f4-26a2de5f1061/none_v3" "tx86f1780afde44df1bd192-006933ecf4" "proxy-server 20" 0.0012 "-" 22 0
Dec 6 08:44:36 np0005548786 account-server[119779]: 172.20.0.104 - - [06/Dec/2025:08:44:36 +0000] "PUT /d1/82/AUTH_660705fe1cbe4111b6f2c99ce8d05c8c/gnocchi.cecf42dc-e7e2-4a26-94f4-26a2de5f1061" 201 - "PUT http://172.20.0.104:6001/d1/551/AUTH_660705fe1cbe4111b6f2c99ce8d05c8c/gnocchi.cecf42dc-e7e2-4a26-94f4-26a2de5f1061" "txb33fa521537942da86916-006933ecf4" "container-server 21" 0.0028 "-" 23 0
Dec 6 08:44:36 np0005548786 container-server[119974]: 172.20.0.104 - - [06/Dec/2025:08:44:36 +0000] "PUT /d1/551/AUTH_660705fe1cbe4111b6f2c99ce8d05c8c/gnocchi.cecf42dc-e7e2-4a26-94f4-26a2de5f1061" 201 - "PUT http://172.18.0.250:8080/v1/AUTH_660705fe1cbe4111b6f2c99ce8d05c8c/gnocchi.cecf42dc-e7e2-4a26-94f4-26a2de5f1061" "txb33fa521537942da86916-006933ecf4" "proxy-server 20" 0.0237 "-" 21 0
Dec 6 08:44:36 np0005548786 proxy-server[121806]: 172.18.0.105 172.18.0.104 06/Dec/2025/08/44/36 PUT /v1/AUTH_660705fe1cbe4111b6f2c99ce8d05c8c/gnocchi.cecf42dc-e7e2-4a26-94f4-26a2de5f1061 HTTP/1.0 201 - python-swiftclient-3.11.1 gAAAAABpM-yzR85B... - - - txb33fa521537942da86916-006933ecf4 - 0.0438 - - 1765010676.420845985 1765010676.464668274 0
Dec 6 08:44:36 np0005548786 container-server[119965]: 172.20.0.105 - - [06/Dec/2025:08:44:36 +0000] "GET /d1/551/AUTH_660705fe1cbe4111b6f2c99ce8d05c8c/gnocchi.cecf42dc-e7e2-4a26-94f4-26a2de5f1061" 200 2 "GET http://172.18.0.250:8080/v1/AUTH_660705fe1cbe4111b6f2c99ce8d05c8c/gnocchi.cecf42dc-e7e2-4a26-94f4-26a2de5f1061?format=json&states=listing" "txa60220993e80404db6a67-006933ecf4" "proxy-server 20" 0.0039 "-" 20 0
Dec 6 08:44:36 np0005548786 object-server[120431]: 172.20.0.103 - - [06/Dec/2025:08:44:36 +0000] "GET /d1/505/AUTH_660705fe1cbe4111b6f2c99ce8d05c8c/gnocchi.cecf42dc-e7e2-4a26-94f4-26a2de5f1061/1764720000.0_mean_300.0_v3" 404 70 "GET http://172.18.0.250:8080/v1/AUTH_660705fe1cbe4111b6f2c99ce8d05c8c/gnocchi.cecf42dc-e7e2-4a26-94f4-26a2de5f1061/1764720000.0_mean_300.0_v3" "tx6336c19b53044633b3813-006933ecf4" "proxy-server 20" 0.0005 "-" 25 0
Dec 6 08:44:36 np0005548786 container-server[119983]: 172.20.0.104 - - [06/Dec/2025:08:44:36 +0000] "PUT /d1/551/AUTH_660705fe1cbe4111b6f2c99ce8d05c8c/gnocchi.cecf42dc-e7e2-4a26-94f4-26a2de5f1061/1764720000.0_mean_300.0_v3" 201 - "PUT http://172.18.0.250:8080/d1/505/AUTH_660705fe1cbe4111b6f2c99ce8d05c8c/gnocchi.cecf42dc-e7e2-4a26-94f4-26a2de5f1061/1764720000.0_mean_300.0_v3" "tx78da4a11966f445ea6b4d-006933ecf4" "object-server 25" 0.0009 "-" 22 0
Dec 6 08:44:36 np0005548786 object-server[120431]: 172.20.0.104 - - [06/Dec/2025:08:44:36 +0000] "PUT /d1/505/AUTH_660705fe1cbe4111b6f2c99ce8d05c8c/gnocchi.cecf42dc-e7e2-4a26-94f4-26a2de5f1061/1764720000.0_mean_300.0_v3" 201 - "PUT http://172.18.0.250:8080/v1/AUTH_660705fe1cbe4111b6f2c99ce8d05c8c/gnocchi.cecf42dc-e7e2-4a26-94f4-26a2de5f1061/1764720000.0_mean_300.0_v3" "tx78da4a11966f445ea6b4d-006933ecf4" "proxy-server 20" 0.0113 "-" 25 0
Dec 6 08:44:36 np0005548786 proxy-server[121806]: 172.18.0.105 172.18.0.104 06/Dec/2025/08/44/36 PUT /v1/AUTH_660705fe1cbe4111b6f2c99ce8d05c8c/gnocchi.cecf42dc-e7e2-4a26-94f4-26a2de5f1061/1764720000.0_mean_300.0_v3 HTTP/1.0 201 - python-swiftclient-3.11.1 gAAAAABpM-yzR85B... 16 - - tx78da4a11966f445ea6b4d-006933ecf4 - 0.0281 - - 1765010676.522180080 1765010676.550274611 0
Dec 6 08:44:36 np0005548786 object-server[120403]: 172.20.0.105 - - [06/Dec/2025:08:44:36 +0000] "PUT /d1/949/AUTH_660705fe1cbe4111b6f2c99ce8d05c8c/gnocchi.cecf42dc-e7e2-4a26-94f4-26a2de5f1061/none_v3" 201 - "PUT http://172.18.0.250:8080/v1/AUTH_660705fe1cbe4111b6f2c99ce8d05c8c/gnocchi.cecf42dc-e7e2-4a26-94f4-26a2de5f1061/none_v3" "txf313a463c78c45e0b8e27-006933ecf4" "proxy-server 20" 0.0170 "-" 22 0
Dec 6 08:44:36 np0005548786 container-server[119974]: 172.20.0.105 - - [06/Dec/2025:08:44:36 +0000] "PUT /d1/551/AUTH_660705fe1cbe4111b6f2c99ce8d05c8c/gnocchi.cecf42dc-e7e2-4a26-94f4-26a2de5f1061/none_v3" 201 - "PUT http://172.18.0.250:8080/d1/949/AUTH_660705fe1cbe4111b6f2c99ce8d05c8c/gnocchi.cecf42dc-e7e2-4a26-94f4-26a2de5f1061/none_v3" "txf313a463c78c45e0b8e27-006933ecf4" "object-server 25" 0.0008 "-" 21 0
Dec 6 08:44:36 np0005548786 container-server[119657]: Beginning replication run
Dec 6 08:44:36 np0005548786 container-server[119657]: Replication run OVER
Dec 6 08:44:36 np0005548786 container-server[119657]: Attempted to replicate 2 dbs in 0.11320 seconds (17.66765/s)
Dec 6 08:44:36 np0005548786 container-server[119657]: Removed 0 dbs
Dec 6 08:44:36 np0005548786 container-server[119657]: 4 successes, 0 failures
Dec 6 08:44:36 np0005548786 container-server[119657]: diff:0 diff_capped:0 empty:0 hashmatch:0 no_change:4 remote_merge:0 rsync:0 ts_repl:0
Dec 6 08:44:36 np0005548786 container-server[119965]: 172.20.0.103 - - [06/Dec/2025:08:44:36 +0000] "HEAD /d1/418/AUTH_660705fe1cbe4111b6f2c99ce8d05c8c/gnocchi.92989a89-d1e5-4d5d-b95b-494bc3492e89" 404 - "HEAD http://172.18.0.250:8080/v1/AUTH_660705fe1cbe4111b6f2c99ce8d05c8c/gnocchi.92989a89-d1e5-4d5d-b95b-494bc3492e89?format=json&states=listing" "tx95234f2397af4ea7b6287-006933ecf4" "proxy-server 20" 0.0008 "-" 20 0
Dec 6 08:44:36 np0005548786 object-server[120431]: 172.20.0.103 - - [06/Dec/2025:08:44:36 +0000] "GET /d1/310/AUTH_660705fe1cbe4111b6f2c99ce8d05c8c/gnocchi.92989a89-d1e5-4d5d-b95b-494bc3492e89/none_v3" 404 70 "GET http://172.18.0.250:8080/v1/AUTH_660705fe1cbe4111b6f2c99ce8d05c8c/gnocchi.92989a89-d1e5-4d5d-b95b-494bc3492e89/none_v3" "tx95234f2397af4ea7b6287-006933ecf4" "proxy-server 20" 0.0006 "-" 25 0
Dec 6 08:44:36 np0005548786 account-server[119765]: 172.20.0.105 - - [06/Dec/2025:08:44:36 +0000] "PUT /d1/82/AUTH_660705fe1cbe4111b6f2c99ce8d05c8c/gnocchi.92989a89-d1e5-4d5d-b95b-494bc3492e89" 201 - "PUT http://172.20.0.105:6001/d1/418/AUTH_660705fe1cbe4111b6f2c99ce8d05c8c/gnocchi.92989a89-d1e5-4d5d-b95b-494bc3492e89" "tx797e42304130477b94fb2-006933ecf4" "container-server 17" 0.0076 "-" 22 0
Dec 6 08:44:36 np0005548786 container-server[119983]: 172.20.0.104 - - [06/Dec/2025:08:44:36 +0000] "PUT /d1/418/AUTH_660705fe1cbe4111b6f2c99ce8d05c8c/gnocchi.92989a89-d1e5-4d5d-b95b-494bc3492e89" 201 - "PUT http://172.18.0.250:8080/v1/AUTH_660705fe1cbe4111b6f2c99ce8d05c8c/gnocchi.92989a89-d1e5-4d5d-b95b-494bc3492e89" "tx797e42304130477b94fb2-006933ecf4" "proxy-server 20" 0.0255 "-" 22 0
Dec 6 08:44:36 np0005548786 proxy-server[121806]: 172.18.0.250 172.18.0.104 06/Dec/2025/08/44/36 PUT /v1/AUTH_660705fe1cbe4111b6f2c99ce8d05c8c/gnocchi.92989a89-d1e5-4d5d-b95b-494bc3492e89 HTTP/1.0 201 - python-swiftclient-3.11.1 gAAAAABpM-z074rw... - - - tx797e42304130477b94fb2-006933ecf4 - 0.0387 - - 1765010676.919821978 1765010676.958544016 0
Dec 6 08:44:36 np0005548786 container-server[119983]: 172.20.0.105 - - [06/Dec/2025:08:44:36 +0000] "HEAD /d1/418/AUTH_660705fe1cbe4111b6f2c99ce8d05c8c/gnocchi.92989a89-d1e5-4d5d-b95b-494bc3492e89" 204 - "HEAD http://172.18.0.250:8080/v1/AUTH_660705fe1cbe4111b6f2c99ce8d05c8c/gnocchi.92989a89-d1e5-4d5d-b95b-494bc3492e89?format=json&states=listing" "tx8c6aece1924640179a817-006933ecf4" "proxy-server 20" 0.0013 "-" 22 0
Dec 6 08:44:37 np0005548786 object-server[120423]: 172.20.0.103 - - [06/Dec/2025:08:44:37 +0000] "GET /d1/598/AUTH_660705fe1cbe4111b6f2c99ce8d05c8c/gnocchi.92989a89-d1e5-4d5d-b95b-494bc3492e89/1764720000.0_mean_300.0_v3" 404 70 "GET http://172.18.0.250:8080/v1/AUTH_660705fe1cbe4111b6f2c99ce8d05c8c/gnocchi.92989a89-d1e5-4d5d-b95b-494bc3492e89/1764720000.0_mean_300.0_v3" "txdcea0ef8be6b432dad05e-006933ecf4" "proxy-server 20" 0.0008 "-" 23 0
Dec 6 08:44:37 np0005548786 container-server[119974]: 172.20.0.103 - - [06/Dec/2025:08:44:37 +0000] "PUT /d1/418/AUTH_660705fe1cbe4111b6f2c99ce8d05c8c/gnocchi.92989a89-d1e5-4d5d-b95b-494bc3492e89/1764720000.0_mean_300.0_v3" 201 - "PUT http://172.18.0.250:8080/d1/598/AUTH_660705fe1cbe4111b6f2c99ce8d05c8c/gnocchi.92989a89-d1e5-4d5d-b95b-494bc3492e89/1764720000.0_mean_300.0_v3" "tx187893036918479589edd-006933ecf5" "object-server 25" 0.0009 "-" 21 0
Dec 6 08:44:37 np0005548786 object-server[120403]: 172.20.0.104 - - [06/Dec/2025:08:44:37 +0000] "PUT /d1/598/AUTH_660705fe1cbe4111b6f2c99ce8d05c8c/gnocchi.92989a89-d1e5-4d5d-b95b-494bc3492e89/1764720000.0_mean_300.0_v3" 201 - "PUT http://172.18.0.250:8080/v1/AUTH_660705fe1cbe4111b6f2c99ce8d05c8c/gnocchi.92989a89-d1e5-4d5d-b95b-494bc3492e89/1764720000.0_mean_300.0_v3" "tx187893036918479589edd-006933ecf5" "proxy-server 20" 0.0157 "-" 22 0
Dec 6 08:44:37 np0005548786 proxy-server[121806]: 172.18.0.250 172.18.0.104 06/Dec/2025/08/44/37 PUT /v1/AUTH_660705fe1cbe4111b6f2c99ce8d05c8c/gnocchi.92989a89-d1e5-4d5d-b95b-494bc3492e89/1764720000.0_mean_300.0_v3 HTTP/1.0 201 - python-swiftclient-3.11.1 gAAAAABpM-z074rw... 16 - - tx187893036918479589edd-006933ecf5 - 0.0268 - - 1765010677.014560699 1765010677.041353226 0
Dec 6 08:44:37 np0005548786 container-server[119983]: 172.20.0.105 - - [06/Dec/2025:08:44:37 +0000] "PUT /d1/418/AUTH_660705fe1cbe4111b6f2c99ce8d05c8c/gnocchi.92989a89-d1e5-4d5d-b95b-494bc3492e89/none_v3" 201 - "PUT http://172.18.0.250:8080/d1/310/AUTH_660705fe1cbe4111b6f2c99ce8d05c8c/gnocchi.92989a89-d1e5-4d5d-b95b-494bc3492e89/none_v3" "tx4ca7ed18b5644245b0299-006933ecf5" "object-server 25" 0.0007 "-" 22 0
Dec 6 08:44:37 np0005548786 object-server[120423]: 172.20.0.105 - - [06/Dec/2025:08:44:37 +0000] "PUT /d1/310/AUTH_660705fe1cbe4111b6f2c99ce8d05c8c/gnocchi.92989a89-d1e5-4d5d-b95b-494bc3492e89/none_v3" 201 - "PUT http://172.18.0.250:8080/v1/AUTH_660705fe1cbe4111b6f2c99ce8d05c8c/gnocchi.92989a89-d1e5-4d5d-b95b-494bc3492e89/none_v3" "tx4ca7ed18b5644245b0299-006933ecf5" "proxy-server 20" 0.0265 "-" 23 0
Dec 6 08:44:44 np0005548786 container-server[119974]: 172.20.0.103 - - [06/Dec/2025:08:44:44 +0000] "HEAD /d1/755/AUTH_660705fe1cbe4111b6f2c99ce8d05c8c/gnocchi.36188fb0-01a4-4e74-adf3-5dfea471ffe3" 404 - "HEAD http://172.18.0.250:8080/v1/AUTH_660705fe1cbe4111b6f2c99ce8d05c8c/gnocchi.36188fb0-01a4-4e74-adf3-5dfea471ffe3?format=json&states=listing" "tx0d95774dd0ae459192b69-006933ecfc" "proxy-server 20" 0.0013 "-" 21 0
Dec 6 08:44:44 np0005548786 container-server[119974]: 172.20.0.104 - - [06/Dec/2025:08:44:44 +0000] "HEAD /d1/503/AUTH_660705fe1cbe4111b6f2c99ce8d05c8c/gnocchi.f3540d4a-adb1-41f8-b061-7a1198509b40" 404 - "HEAD http://172.18.0.250:8080/v1/AUTH_660705fe1cbe4111b6f2c99ce8d05c8c/gnocchi.f3540d4a-adb1-41f8-b061-7a1198509b40?format=json&states=listing" "txda142727891b4ee3b063e-006933ecfc" "proxy-server 20" 0.0004 "-" 21 0
Dec 6 08:44:44 np0005548786 object-server[120431]: 172.20.0.103 - - [06/Dec/2025:08:44:44 +0000] "GET /d1/370/AUTH_660705fe1cbe4111b6f2c99ce8d05c8c/gnocchi.36188fb0-01a4-4e74-adf3-5dfea471ffe3/none_v3" 404 70 "GET http://172.18.0.250:8080/v1/AUTH_660705fe1cbe4111b6f2c99ce8d05c8c/gnocchi.36188fb0-01a4-4e74-adf3-5dfea471ffe3/none_v3" "tx0d95774dd0ae459192b69-006933ecfc" "proxy-server 20" 0.0006 "-" 25 0
Dec 6 08:44:44 np0005548786 object-server[120425]: 172.20.0.104 - - [06/Dec/2025:08:44:44 +0000] "GET /d1/526/AUTH_660705fe1cbe4111b6f2c99ce8d05c8c/gnocchi.f3540d4a-adb1-41f8-b061-7a1198509b40/none_v3" 404 70 "GET http://172.18.0.250:8080/v1/AUTH_660705fe1cbe4111b6f2c99ce8d05c8c/gnocchi.f3540d4a-adb1-41f8-b061-7a1198509b40/none_v3" "txda142727891b4ee3b063e-006933ecfc" "proxy-server 20" 0.0006 "-" 24 0
Dec 6 08:44:44 np0005548786 proxy-server[121806]: 172.18.0.105 172.18.0.104 06/Dec/2025/08/44/44 GET /v1/AUTH_660705fe1cbe4111b6f2c99ce8d05c8c/gnocchi.f3540d4a-adb1-41f8-b061-7a1198509b40/none_v3 HTTP/1.0 404 - python-swiftclient-3.11.1 gAAAAABpM-yzR85B... - 70 - txda142727891b4ee3b063e-006933ecfc - 0.0388 - - 1765010684.841890574 1765010684.880643129 0
Dec 6 08:44:44 np0005548786 account-server[119765]: 172.20.0.105 - - [06/Dec/2025:08:44:44 +0000] "PUT /d1/82/AUTH_660705fe1cbe4111b6f2c99ce8d05c8c/gnocchi.36188fb0-01a4-4e74-adf3-5dfea471ffe3" 201 - "PUT http://172.20.0.105:6001/d1/755/AUTH_660705fe1cbe4111b6f2c99ce8d05c8c/gnocchi.36188fb0-01a4-4e74-adf3-5dfea471ffe3" "txa71063c3eb224ac28b711-006933ecfc" "container-server 16" 0.0024 "-" 22 0
Dec 6 08:44:44 np0005548786 container-server[119983]: 172.20.0.105 - - [06/Dec/2025:08:44:44 +0000] "PUT /d1/755/AUTH_660705fe1cbe4111b6f2c99ce8d05c8c/gnocchi.36188fb0-01a4-4e74-adf3-5dfea471ffe3" 201 - "PUT http://172.18.0.250:8080/v1/AUTH_660705fe1cbe4111b6f2c99ce8d05c8c/gnocchi.36188fb0-01a4-4e74-adf3-5dfea471ffe3" "txa71063c3eb224ac28b711-006933ecfc" "proxy-server 20" 0.0202 "-" 22 0
Dec 6 08:44:44 np0005548786 container-server[119990]: 172.20.0.103 - - [06/Dec/2025:08:44:44 +0000] "PUT /d1/503/AUTH_660705fe1cbe4111b6f2c99ce8d05c8c/gnocchi.f3540d4a-adb1-41f8-b061-7a1198509b40" 201 - "PUT http://172.18.0.250:8080/v1/AUTH_660705fe1cbe4111b6f2c99ce8d05c8c/gnocchi.f3540d4a-adb1-41f8-b061-7a1198509b40" "txbf83676623ea465e8fbe9-006933ecfc" "proxy-server 20" 0.0165 "-" 23 0
Dec 6 08:44:44 np0005548786 account-server[119765]: 172.20.0.105 - - [06/Dec/2025:08:44:44 +0000] "PUT /d1/82/AUTH_660705fe1cbe4111b6f2c99ce8d05c8c/gnocchi.f3540d4a-adb1-41f8-b061-7a1198509b40" 201 - "PUT http://172.20.0.105:6001/d1/503/AUTH_660705fe1cbe4111b6f2c99ce8d05c8c/gnocchi.f3540d4a-adb1-41f8-b061-7a1198509b40" "txbf83676623ea465e8fbe9-006933ecfc" "container-server 17" 0.0055 "-" 22 0
Dec 6 08:44:44 np0005548786 container-server[119983]: 172.20.0.104 - - [06/Dec/2025:08:44:44 +0000] "HEAD /d1/503/AUTH_660705fe1cbe4111b6f2c99ce8d05c8c/gnocchi.f3540d4a-adb1-41f8-b061-7a1198509b40" 204 - "HEAD http://172.18.0.250:8080/v1/AUTH_660705fe1cbe4111b6f2c99ce8d05c8c/gnocchi.f3540d4a-adb1-41f8-b061-7a1198509b40?format=json&states=listing" "txf323b7c3ffce43379c404-006933ecfc" "proxy-server 20" 0.0024 "-" 22 0
Dec 6 08:44:44 np0005548786 proxy-server[121806]: - - 06/Dec/2025/08/44/44 HEAD /v1/AUTH_660705fe1cbe4111b6f2c99ce8d05c8c/gnocchi.f3540d4a-adb1-41f8-b061-7a1198509b40%3Fformat%3Djson%26states%3Dlisting HTTP/1.0 204 - Swift - - - - txf323b7c3ffce43379c404-006933ecfc - 0.0079 RL - 1765010684.931303024 1765010684.939210892 0
Dec 6 08:44:44 np0005548786 proxy-server[121806]: 172.18.0.105 172.18.0.104 06/Dec/2025/08/44/44 GET /v1/AUTH_660705fe1cbe4111b6f2c99ce8d05c8c/gnocchi.f3540d4a-adb1-41f8-b061-7a1198509b40%3Fformat%3Djson%26states%3Dlisting HTTP/1.0 200 - python-swiftclient-3.11.1 gAAAAABpM-yzR85B... - 2 - txf323b7c3ffce43379c404-006933ecfc - 0.0232 - - 1765010684.928839684 1765010684.952078104 0
Dec 6 08:44:44 np0005548786 object-server[120423]: 172.20.0.104 - - [06/Dec/2025:08:44:44 +0000] "GET /d1/407/AUTH_660705fe1cbe4111b6f2c99ce8d05c8c/gnocchi.36188fb0-01a4-4e74-adf3-5dfea471ffe3/1764720000.0_mean_300.0_v3" 404 70 "GET http://172.18.0.250:8080/v1/AUTH_660705fe1cbe4111b6f2c99ce8d05c8c/gnocchi.36188fb0-01a4-4e74-adf3-5dfea471ffe3/1764720000.0_mean_300.0_v3" "tx1f689d223c574d3da5db5-006933ecfc" "proxy-server 20" 0.0005 "-" 23 0
Dec 6 08:44:44 np0005548786 object-server[120425]: 172.20.0.105 - - [06/Dec/2025:08:44:44 +0000] "GET /d1/182/AUTH_660705fe1cbe4111b6f2c99ce8d05c8c/gnocchi.f3540d4a-adb1-41f8-b061-7a1198509b40/1764720000.0_mean_300.0_v3" 404 70 "GET http://172.18.0.250:8080/v1/AUTH_660705fe1cbe4111b6f2c99ce8d05c8c/gnocchi.f3540d4a-adb1-41f8-b061-7a1198509b40/1764720000.0_mean_300.0_v3" "txba189a19e2914b45a8031-006933ecfc" "proxy-server 20" 0.0004 "-" 24 0
Dec 6 08:44:44 np0005548786 proxy-server[121806]: 172.18.0.250 172.18.0.104 06/Dec/2025/08/44/44 GET /v1/AUTH_660705fe1cbe4111b6f2c99ce8d05c8c/gnocchi.36188fb0-01a4-4e74-adf3-5dfea471ffe3/1764720000.0_mean_300.0_v3 HTTP/1.0 404 - python-swiftclient-3.11.1 gAAAAABpM-z074rw... - 70 - tx1f689d223c574d3da5db5-006933ecfc - 0.0183 - - 1765010684.958576441 1765010684.976880789 0
Dec 6 08:44:45 np0005548786 container-server[119965]: 172.20.0.103 - - [06/Dec/2025:08:44:45 +0000] "PUT /d1/755/AUTH_660705fe1cbe4111b6f2c99ce8d05c8c/gnocchi.36188fb0-01a4-4e74-adf3-5dfea471ffe3/1764720000.0_mean_300.0_v3" 201 - "PUT http://172.18.0.250:8080/d1/407/AUTH_660705fe1cbe4111b6f2c99ce8d05c8c/gnocchi.36188fb0-01a4-4e74-adf3-5dfea471ffe3/1764720000.0_mean_300.0_v3" "txfd91fb4649da42ae9f6d3-006933ecfc" "object-server 25" 0.0011 "-" 20 0
Dec 6 08:44:45 np0005548786 object-server[120431]: 172.20.0.105 - - [06/Dec/2025:08:44:45 +0000] "PUT /d1/407/AUTH_660705fe1cbe4111b6f2c99ce8d05c8c/gnocchi.36188fb0-01a4-4e74-adf3-5dfea471ffe3/1764720000.0_mean_300.0_v3" 201 - "PUT http://172.18.0.250:8080/v1/AUTH_660705fe1cbe4111b6f2c99ce8d05c8c/gnocchi.36188fb0-01a4-4e74-adf3-5dfea471ffe3/1764720000.0_mean_300.0_v3" "txfd91fb4649da42ae9f6d3-006933ecfc" "proxy-server 20" 0.0146 "-" 25 0
Dec 6 08:44:45 np0005548786 container-server[119974]: 172.20.0.105 - - [06/Dec/2025:08:44:45 +0000] "PUT /d1/503/AUTH_660705fe1cbe4111b6f2c99ce8d05c8c/gnocchi.f3540d4a-adb1-41f8-b061-7a1198509b40/1764720000.0_mean_300.0_v3" 201 - "PUT http://172.18.0.250:8080/d1/182/AUTH_660705fe1cbe4111b6f2c99ce8d05c8c/gnocchi.f3540d4a-adb1-41f8-b061-7a1198509b40/1764720000.0_mean_300.0_v3" "tx12b5823bc18948d597f59-006933ecfc" "object-server 22" 0.0009 "-" 21 0
Dec 6 08:44:45 np0005548786 object-server[120425]: 172.20.0.103 - - [06/Dec/2025:08:44:45 +0000] "PUT /d1/182/AUTH_660705fe1cbe4111b6f2c99ce8d05c8c/gnocchi.f3540d4a-adb1-41f8-b061-7a1198509b40/1764720000.0_mean_300.0_v3" 201 - "PUT http://172.18.0.250:8080/v1/AUTH_660705fe1cbe4111b6f2c99ce8d05c8c/gnocchi.f3540d4a-adb1-41f8-b061-7a1198509b40/1764720000.0_mean_300.0_v3" "tx12b5823bc18948d597f59-006933ecfc" "proxy-server 20" 0.0278 "-" 24 0
Dec 6 08:44:45 np0005548786 container-server[119965]: 172.20.0.103 - - [06/Dec/2025:08:44:45 +0000] "PUT /d1/755/AUTH_660705fe1cbe4111b6f2c99ce8d05c8c/gnocchi.36188fb0-01a4-4e74-adf3-5dfea471ffe3/none_v3" 201 - "PUT http://172.18.0.250:8080/d1/370/AUTH_660705fe1cbe4111b6f2c99ce8d05c8c/gnocchi.36188fb0-01a4-4e74-adf3-5dfea471ffe3/none_v3" "tx7dcf8c9642ca4532915d0-006933ecfd" "object-server 22" 0.0009 "-" 20 0
Dec 6 08:44:45 np0005548786 object-server[120431]: 172.20.0.104 - - [06/Dec/2025:08:44:45 +0000] "PUT /d1/370/AUTH_660705fe1cbe4111b6f2c99ce8d05c8c/gnocchi.36188fb0-01a4-4e74-adf3-5dfea471ffe3/none_v3" 201 - "PUT http://172.18.0.250:8080/v1/AUTH_660705fe1cbe4111b6f2c99ce8d05c8c/gnocchi.36188fb0-01a4-4e74-adf3-5dfea471ffe3/none_v3" "tx7dcf8c9642ca4532915d0-006933ecfd" "proxy-server 20" 0.0135 "-" 25 0
Dec 6 08:44:45 np0005548786 proxy-server[121806]: 172.18.0.250 172.18.0.104 06/Dec/2025/08/44/45 PUT /v1/AUTH_660705fe1cbe4111b6f2c99ce8d05c8c/gnocchi.36188fb0-01a4-4e74-adf3-5dfea471ffe3/none_v3 HTTP/1.0 201 - python-swiftclient-3.11.1 gAAAAABpM-z074rw... 22 - - tx7dcf8c9642ca4532915d0-006933ecfd - 0.0264 - - 1765010685.008869171 1765010685.035237551 0
Dec 6 08:44:45 np0005548786 container-server[119965]: 172.20.0.103 - - [06/Dec/2025:08:44:45 +0000] "PUT /d1/503/AUTH_660705fe1cbe4111b6f2c99ce8d05c8c/gnocchi.f3540d4a-adb1-41f8-b061-7a1198509b40/none_v3" 201 - "PUT http://172.18.0.250:8080/d1/526/AUTH_660705fe1cbe4111b6f2c99ce8d05c8c/gnocchi.f3540d4a-adb1-41f8-b061-7a1198509b40/none_v3" "txdcb1369d54b6454f9b99d-006933ecfd" "object-server 22" 0.0008 "-" 20 0
Dec 6 08:44:45 np0005548786 object-server[120403]: 172.20.0.105 - - [06/Dec/2025:08:44:45 +0000] "PUT /d1/526/AUTH_660705fe1cbe4111b6f2c99ce8d05c8c/gnocchi.f3540d4a-adb1-41f8-b061-7a1198509b40/none_v3" 201 - "PUT http://172.18.0.250:8080/v1/AUTH_660705fe1cbe4111b6f2c99ce8d05c8c/gnocchi.f3540d4a-adb1-41f8-b061-7a1198509b40/none_v3" "txdcb1369d54b6454f9b99d-006933ecfd" "proxy-server 20" 0.0158 "-" 22 0
Dec 6 08:44:45 np0005548786 container-server[119983]: 172.20.0.103 - - [06/Dec/2025:08:44:45 +0000] "HEAD /d1/856/AUTH_660705fe1cbe4111b6f2c99ce8d05c8c/gnocchi.3c7b8eb2-8b7c-4889-bf9c-9327d8f68525" 404 - "HEAD http://172.18.0.250:8080/v1/AUTH_660705fe1cbe4111b6f2c99ce8d05c8c/gnocchi.3c7b8eb2-8b7c-4889-bf9c-9327d8f68525?format=json&states=listing" "tx4fcca2d6575e425db4950-006933ecfd" "proxy-server 20" 0.0006 "-" 22 0
Dec 6 08:44:45 np0005548786 object-server[120403]: 172.20.0.103 - - [06/Dec/2025:08:44:45 +0000] "GET /d1/120/AUTH_660705fe1cbe4111b6f2c99ce8d05c8c/gnocchi.3c7b8eb2-8b7c-4889-bf9c-9327d8f68525/none_v3" 404 70 "GET http://172.18.0.250:8080/v1/AUTH_660705fe1cbe4111b6f2c99ce8d05c8c/gnocchi.3c7b8eb2-8b7c-4889-bf9c-9327d8f68525/none_v3" "tx4fcca2d6575e425db4950-006933ecfd" "proxy-server 20" 0.0004 "-" 22 0
Dec 6 08:44:45 np0005548786 container-server[119965]: 172.20.0.104 - - [06/Dec/2025:08:44:45 +0000] "HEAD /d1/784/AUTH_660705fe1cbe4111b6f2c99ce8d05c8c/gnocchi.1975c3b1-45b1-4cc9-90a6-04134fe65bd6" 404 - "HEAD http://172.18.0.250:8080/v1/AUTH_660705fe1cbe4111b6f2c99ce8d05c8c/gnocchi.1975c3b1-45b1-4cc9-90a6-04134fe65bd6?format=json&states=listing" "tx840a3e94a8734e4ba1d4b-006933ecfd" "proxy-server 20" 0.0005 "-" 20 0
Dec 6 08:44:45 np0005548786 object-server[120425]: 172.20.0.104 - - [06/Dec/2025:08:44:45 +0000] "GET /d1/970/AUTH_660705fe1cbe4111b6f2c99ce8d05c8c/gnocchi.1975c3b1-45b1-4cc9-90a6-04134fe65bd6/none_v3" 404 70 "GET http://172.18.0.250:8080/v1/AUTH_660705fe1cbe4111b6f2c99ce8d05c8c/gnocchi.1975c3b1-45b1-4cc9-90a6-04134fe65bd6/none_v3" "tx840a3e94a8734e4ba1d4b-006933ecfd" "proxy-server 20" 0.0005 "-" 24 0
Dec 6 08:44:45 np0005548786 account-server[119765]: 172.20.0.103 - - [06/Dec/2025:08:44:45 +0000] "PUT /d1/82/AUTH_660705fe1cbe4111b6f2c99ce8d05c8c/gnocchi.3c7b8eb2-8b7c-4889-bf9c-9327d8f68525" 201 - "PUT http://172.20.0.103:6001/d1/856/AUTH_660705fe1cbe4111b6f2c99ce8d05c8c/gnocchi.3c7b8eb2-8b7c-4889-bf9c-9327d8f68525" "tx3f8390f2cc36466fa5068-006933ecfd" "container-server 20" 0.0058 "-" 22 0
Dec 6 08:44:45 np0005548786 container-server[119983]: 172.20.0.105 - - [06/Dec/2025:08:44:45 +0000] "PUT /d1/856/AUTH_660705fe1cbe4111b6f2c99ce8d05c8c/gnocchi.3c7b8eb2-8b7c-4889-bf9c-9327d8f68525" 201 - "PUT http://172.18.0.250:8080/v1/AUTH_660705fe1cbe4111b6f2c99ce8d05c8c/gnocchi.3c7b8eb2-8b7c-4889-bf9c-9327d8f68525" "tx3f8390f2cc36466fa5068-006933ecfd" "proxy-server 20" 0.0203 "-" 22 0
Dec 6 08:44:45 np0005548786 proxy-server[121806]: 172.18.0.105 172.18.0.104 06/Dec/2025/08/44/45 GET /v1/AUTH_660705fe1cbe4111b6f2c99ce8d05c8c/gnocchi.1975c3b1-45b1-4cc9-90a6-04134fe65bd6/none_v3 HTTP/1.0 404 - python-swiftclient-3.11.1 gAAAAABpM-yzR85B... - 70 - tx840a3e94a8734e4ba1d4b-006933ecfd - 0.0400 - - 1765010685.091594219 1765010685.131572723 0
Dec 6 08:44:45 np0005548786 container-server[119990]: 172.20.0.103 - - [06/Dec/2025:08:44:45 +0000] "GET /d1/856/AUTH_660705fe1cbe4111b6f2c99ce8d05c8c/gnocchi.3c7b8eb2-8b7c-4889-bf9c-9327d8f68525" 200 2 "GET http://172.18.0.250:8080/v1/AUTH_660705fe1cbe4111b6f2c99ce8d05c8c/gnocchi.3c7b8eb2-8b7c-4889-bf9c-9327d8f68525?format=json&states=listing" "tx7f3e77279b6540daa0939-006933ecfd" "proxy-server 20" 0.0051 "-" 23 0
Dec 6 08:44:45 np0005548786 account-server[119714]: 172.20.0.103 - - [06/Dec/2025:08:44:45 +0000] "PUT /d1/82/AUTH_660705fe1cbe4111b6f2c99ce8d05c8c/gnocchi.1975c3b1-45b1-4cc9-90a6-04134fe65bd6" 201 - "PUT http://172.20.0.103:6001/d1/784/AUTH_660705fe1cbe4111b6f2c99ce8d05c8c/gnocchi.1975c3b1-45b1-4cc9-90a6-04134fe65bd6" "txbc345cbc50ea44f0b845d-006933ecfd" "container-server 21" 0.0059 "-" 21 0
Dec 6 08:44:45 np0005548786 container-server[119990]: 172.20.0.105 - - [06/Dec/2025:08:44:45 +0000] "PUT /d1/784/AUTH_660705fe1cbe4111b6f2c99ce8d05c8c/gnocchi.1975c3b1-45b1-4cc9-90a6-04134fe65bd6" 201 - "PUT http://172.18.0.250:8080/v1/AUTH_660705fe1cbe4111b6f2c99ce8d05c8c/gnocchi.1975c3b1-45b1-4cc9-90a6-04134fe65bd6" "txbc345cbc50ea44f0b845d-006933ecfd" "proxy-server 20" 0.0270 "-" 23 0
Dec 6 08:44:45 np0005548786 object-server[120425]: 172.20.0.104 - - [06/Dec/2025:08:44:45 +0000] "GET /d1/819/AUTH_660705fe1cbe4111b6f2c99ce8d05c8c/gnocchi.3c7b8eb2-8b7c-4889-bf9c-9327d8f68525/1764720000.0_mean_300.0_v3" 404 70 "GET http://172.18.0.250:8080/v1/AUTH_660705fe1cbe4111b6f2c99ce8d05c8c/gnocchi.3c7b8eb2-8b7c-4889-bf9c-9327d8f68525/1764720000.0_mean_300.0_v3" "tx167052d592074cfc9c216-006933ecfd" "proxy-server 20" 0.0004 "-" 24 0
