Dec 6 08:44:45 np0005548786 proxy-server[121806]: 172.18.0.250 172.18.0.104 06/Dec/2025/08/44/45 GET /v1/AUTH_660705fe1cbe4111b6f2c99ce8d05c8c/gnocchi.3c7b8eb2-8b7c-4889-bf9c-9327d8f68525/1764720000.0_mean_300.0_v3 HTTP/1.0 404 - python-swiftclient-3.11.1 gAAAAABpM-z074rw... - 70 - tx167052d592074cfc9c216-006933ecfd - 0.0179 - - 1765010685.174005508 1765010685.191870928 0
Dec 6 08:44:45 np0005548786 object-server[120403]: 172.20.0.104 - - [06/Dec/2025:08:44:45 +0000] "GET /d1/209/AUTH_660705fe1cbe4111b6f2c99ce8d05c8c/gnocchi.1975c3b1-45b1-4cc9-90a6-04134fe65bd6/1764720000.0_mean_300.0_v3" 404 70 "GET http://172.18.0.250:8080/v1/AUTH_660705fe1cbe4111b6f2c99ce8d05c8c/gnocchi.1975c3b1-45b1-4cc9-90a6-04134fe65bd6/1764720000.0_mean_300.0_v3" "txe67ac55bf2984aacb96d2-006933ecfd" "proxy-server 20" 0.0003 "-" 22 0
Dec 6 08:44:45 np0005548786 container-server[119965]: 172.20.0.103 - - [06/Dec/2025:08:44:45 +0000] "PUT /d1/856/AUTH_660705fe1cbe4111b6f2c99ce8d05c8c/gnocchi.3c7b8eb2-8b7c-4889-bf9c-9327d8f68525/1764720000.0_mean_300.0_v3" 201 - "PUT http://172.18.0.250:8080/d1/819/AUTH_660705fe1cbe4111b6f2c99ce8d05c8c/gnocchi.3c7b8eb2-8b7c-4889-bf9c-9327d8f68525/1764720000.0_mean_300.0_v3" "tx247335441bc9425f82d7a-006933ecfd" "object-server 22" 0.0009 "-" 20 0
Dec 6 08:44:45 np0005548786 object-server[120431]: 172.20.0.105 - - [06/Dec/2025:08:44:45 +0000] "PUT /d1/819/AUTH_660705fe1cbe4111b6f2c99ce8d05c8c/gnocchi.3c7b8eb2-8b7c-4889-bf9c-9327d8f68525/1764720000.0_mean_300.0_v3" 201 - "PUT http://172.18.0.250:8080/v1/AUTH_660705fe1cbe4111b6f2c99ce8d05c8c/gnocchi.3c7b8eb2-8b7c-4889-bf9c-9327d8f68525/1764720000.0_mean_300.0_v3" "tx247335441bc9425f82d7a-006933ecfd" "proxy-server 20" 0.0145 "-" 25 0
Dec 6 08:44:45 np0005548786 proxy-server[121806]: 172.18.0.105 172.18.0.104 06/Dec/2025/08/44/45 GET /v1/AUTH_660705fe1cbe4111b6f2c99ce8d05c8c/gnocchi.1975c3b1-45b1-4cc9-90a6-04134fe65bd6/1764720000.0_mean_300.0_v3 HTTP/1.0 404 - python-swiftclient-3.11.1 gAAAAABpM-yzR85B... - 70 - txe67ac55bf2984aacb96d2-006933ecfd - 0.0186 - - 1765010685.206029415 1765010685.224597692 0
Dec 6 08:44:45 np0005548786 container-server[119974]: 172.20.0.103 - - [06/Dec/2025:08:44:45 +0000] "PUT /d1/856/AUTH_660705fe1cbe4111b6f2c99ce8d05c8c/gnocchi.3c7b8eb2-8b7c-4889-bf9c-9327d8f68525/none_v3" 201 - "PUT http://172.18.0.250:8080/d1/120/AUTH_660705fe1cbe4111b6f2c99ce8d05c8c/gnocchi.3c7b8eb2-8b7c-4889-bf9c-9327d8f68525/none_v3" "txfd016528d22b4da6b2804-006933ecfd" "object-server 25" 0.0008 "-" 21 0
Dec 6 08:44:45 np0005548786 object-server[120425]: 172.20.0.105 - - [06/Dec/2025:08:44:45 +0000] "PUT /d1/120/AUTH_660705fe1cbe4111b6f2c99ce8d05c8c/gnocchi.3c7b8eb2-8b7c-4889-bf9c-9327d8f68525/none_v3" 201 - "PUT http://172.18.0.250:8080/v1/AUTH_660705fe1cbe4111b6f2c99ce8d05c8c/gnocchi.3c7b8eb2-8b7c-4889-bf9c-9327d8f68525/none_v3" "txfd016528d22b4da6b2804-006933ecfd" "proxy-server 20" 0.0136 "-" 24 0
Dec 6 08:44:45 np0005548786 container-server[119983]: 172.20.0.104 - - [06/Dec/2025:08:44:45 +0000] "PUT /d1/784/AUTH_660705fe1cbe4111b6f2c99ce8d05c8c/gnocchi.1975c3b1-45b1-4cc9-90a6-04134fe65bd6/1764720000.0_mean_300.0_v3" 201 - "PUT http://172.18.0.250:8080/d1/209/AUTH_660705fe1cbe4111b6f2c99ce8d05c8c/gnocchi.1975c3b1-45b1-4cc9-90a6-04134fe65bd6/1764720000.0_mean_300.0_v3" "tx58d579546cc0476abfb2f-006933ecfd" "object-server 25" 0.0009 "-" 22 0
Dec 6 08:44:45 np0005548786 object-server[120431]: 172.20.0.104 - - [06/Dec/2025:08:44:45 +0000] "PUT /d1/209/AUTH_660705fe1cbe4111b6f2c99ce8d05c8c/gnocchi.1975c3b1-45b1-4cc9-90a6-04134fe65bd6/1764720000.0_mean_300.0_v3" 201 - "PUT http://172.18.0.250:8080/v1/AUTH_660705fe1cbe4111b6f2c99ce8d05c8c/gnocchi.1975c3b1-45b1-4cc9-90a6-04134fe65bd6/1764720000.0_mean_300.0_v3" "tx58d579546cc0476abfb2f-006933ecfd" "proxy-server 20" 0.0135 "-" 25 0
Dec 6 08:44:45 np0005548786 proxy-server[121806]: 172.18.0.105 172.18.0.104 06/Dec/2025/08/44/45 PUT /v1/AUTH_660705fe1cbe4111b6f2c99ce8d05c8c/gnocchi.1975c3b1-45b1-4cc9-90a6-04134fe65bd6/1764720000.0_mean_300.0_v3 HTTP/1.0 201 - python-swiftclient-3.11.1 gAAAAABpM-yzR85B... 16 - - tx58d579546cc0476abfb2f-006933ecfd - 0.0707 - - 1765010685.227669001 1765010685.298349857 0
Dec 6 08:44:45 np0005548786 container-server[119974]: 172.20.0.103 - - [06/Dec/2025:08:44:45 +0000] "HEAD /d1/811/AUTH_660705fe1cbe4111b6f2c99ce8d05c8c/gnocchi.5a437d94-0872-42a7-af65-4e20fd031f7d" 404 - "HEAD http://172.18.0.250:8080/v1/AUTH_660705fe1cbe4111b6f2c99ce8d05c8c/gnocchi.5a437d94-0872-42a7-af65-4e20fd031f7d?format=json&states=listing" "txc82d853f124d4a628abe8-006933ecfd" "proxy-server 20" 0.0005 "-" 21 0
Dec 6 08:44:45 np0005548786 object-server[120423]: 172.20.0.103 - - [06/Dec/2025:08:44:45 +0000] "GET /d1/532/AUTH_660705fe1cbe4111b6f2c99ce8d05c8c/gnocchi.5a437d94-0872-42a7-af65-4e20fd031f7d/none_v3" 404 70 "GET http://172.18.0.250:8080/v1/AUTH_660705fe1cbe4111b6f2c99ce8d05c8c/gnocchi.5a437d94-0872-42a7-af65-4e20fd031f7d/none_v3" "txc82d853f124d4a628abe8-006933ecfd" "proxy-server 20" 0.0005 "-" 23 0
Dec 6 08:44:45 np0005548786 container-server[119983]: 172.20.0.105 - - [06/Dec/2025:08:44:45 +0000] "PUT /d1/784/AUTH_660705fe1cbe4111b6f2c99ce8d05c8c/gnocchi.1975c3b1-45b1-4cc9-90a6-04134fe65bd6/none_v3" 201 - "PUT http://172.18.0.250:8080/d1/970/AUTH_660705fe1cbe4111b6f2c99ce8d05c8c/gnocchi.1975c3b1-45b1-4cc9-90a6-04134fe65bd6/none_v3" "tx65011a9c9e6847c3ab694-006933ecfd" "object-server 22" 0.0005 "-" 22 0
Dec 6 08:44:45 np0005548786 object-server[120403]: 172.20.0.105 - - [06/Dec/2025:08:44:45 +0000] "PUT /d1/970/AUTH_660705fe1cbe4111b6f2c99ce8d05c8c/gnocchi.1975c3b1-45b1-4cc9-90a6-04134fe65bd6/none_v3" 201 - "PUT http://172.18.0.250:8080/v1/AUTH_660705fe1cbe4111b6f2c99ce8d05c8c/gnocchi.1975c3b1-45b1-4cc9-90a6-04134fe65bd6/none_v3" "tx65011a9c9e6847c3ab694-006933ecfd" "proxy-server 20" 0.0102 "-" 22 0
Dec 6 08:44:45 np0005548786 account-server[119714]: 172.20.0.105 - - [06/Dec/2025:08:44:45 +0000] "PUT /d1/82/AUTH_660705fe1cbe4111b6f2c99ce8d05c8c/gnocchi.5a437d94-0872-42a7-af65-4e20fd031f7d" 201 - "PUT http://172.20.0.105:6001/d1/811/AUTH_660705fe1cbe4111b6f2c99ce8d05c8c/gnocchi.5a437d94-0872-42a7-af65-4e20fd031f7d" "tx50403ddb21df4dab8b577-006933ecfd" "container-server 14" 0.0086 "-" 21 0
Dec 6 08:44:45 np0005548786 container-server[119965]: 172.20.0.104 - - [06/Dec/2025:08:44:45 +0000] "PUT /d1/811/AUTH_660705fe1cbe4111b6f2c99ce8d05c8c/gnocchi.5a437d94-0872-42a7-af65-4e20fd031f7d" 201 - "PUT http://172.18.0.250:8080/v1/AUTH_660705fe1cbe4111b6f2c99ce8d05c8c/gnocchi.5a437d94-0872-42a7-af65-4e20fd031f7d" "tx50403ddb21df4dab8b577-006933ecfd" "proxy-server 20" 0.0174 "-" 20 0
Dec 6 08:44:45 np0005548786 proxy-server[121806]: 172.18.0.103 172.18.0.104 06/Dec/2025/08/44/45 PUT /v1/AUTH_660705fe1cbe4111b6f2c99ce8d05c8c/gnocchi.5a437d94-0872-42a7-af65-4e20fd031f7d HTTP/1.0 201 - python-swiftclient-3.11.1 gAAAAABpM-z9-YGG... - - - tx50403ddb21df4dab8b577-006933ecfd - 0.0257 - - 1765010685.327284813 1765010685.352939844 0
Dec 6 08:44:45 np0005548786 container-server[119974]: 172.20.0.103 - - [06/Dec/2025:08:44:45 +0000] "HEAD /d1/811/AUTH_660705fe1cbe4111b6f2c99ce8d05c8c/gnocchi.5a437d94-0872-42a7-af65-4e20fd031f7d" 204 - "HEAD http://172.18.0.250:8080/v1/AUTH_660705fe1cbe4111b6f2c99ce8d05c8c/gnocchi.5a437d94-0872-42a7-af65-4e20fd031f7d?format=json&states=listing" "txacf4abf7cbf44bb9a85aa-006933ecfd" "proxy-server 20" 0.0025 "-" 21 0
Dec 6 08:44:45 np0005548786 object-server[120431]: 172.20.0.105 - - [06/Dec/2025:08:44:45 +0000] "GET /d1/789/AUTH_660705fe1cbe4111b6f2c99ce8d05c8c/gnocchi.5a437d94-0872-42a7-af65-4e20fd031f7d/1764720000.0_mean_300.0_v3" 404 70 "GET http://172.18.0.250:8080/v1/AUTH_660705fe1cbe4111b6f2c99ce8d05c8c/gnocchi.5a437d94-0872-42a7-af65-4e20fd031f7d/1764720000.0_mean_300.0_v3" "tx32f997925d1f48f7b3764-006933ecfd" "proxy-server 20" 0.0005 "-" 25 0
Dec 6 08:44:45 np0005548786 container-server[119990]: 172.20.0.105 - - [06/Dec/2025:08:44:45 +0000] "PUT /d1/811/AUTH_660705fe1cbe4111b6f2c99ce8d05c8c/gnocchi.5a437d94-0872-42a7-af65-4e20fd031f7d/1764720000.0_mean_300.0_v3" 201 - "PUT http://172.18.0.250:8080/d1/789/AUTH_660705fe1cbe4111b6f2c99ce8d05c8c/gnocchi.5a437d94-0872-42a7-af65-4e20fd031f7d/1764720000.0_mean_300.0_v3" "tx68e10d2c570f4b5a8f7fb-006933ecfd" "object-server 24" 0.0006 "-" 23 0
Dec 6 08:44:45 np0005548786 object-server[120431]: 172.20.0.104 - - [06/Dec/2025:08:44:45 +0000] "PUT /d1/789/AUTH_660705fe1cbe4111b6f2c99ce8d05c8c/gnocchi.5a437d94-0872-42a7-af65-4e20fd031f7d/1764720000.0_mean_300.0_v3" 201 - "PUT http://172.18.0.250:8080/v1/AUTH_660705fe1cbe4111b6f2c99ce8d05c8c/gnocchi.5a437d94-0872-42a7-af65-4e20fd031f7d/1764720000.0_mean_300.0_v3" "tx68e10d2c570f4b5a8f7fb-006933ecfd" "proxy-server 20" 0.0199 "-" 25 0
Dec 6 08:44:45 np0005548786 proxy-server[121806]: 172.18.0.103 172.18.0.104 06/Dec/2025/08/44/45 PUT /v1/AUTH_660705fe1cbe4111b6f2c99ce8d05c8c/gnocchi.5a437d94-0872-42a7-af65-4e20fd031f7d/1764720000.0_mean_300.0_v3 HTTP/1.0 201 - python-swiftclient-3.11.1 gAAAAABpM-z9-YGG... 16 - - tx68e10d2c570f4b5a8f7fb-006933ecfd - 0.0373 - - 1765010685.422492981 1765010685.459755182 0
Dec 6 08:44:45 np0005548786 container-server[119983]: 172.20.0.105 - - [06/Dec/2025:08:44:45 +0000] "PUT /d1/811/AUTH_660705fe1cbe4111b6f2c99ce8d05c8c/gnocchi.5a437d94-0872-42a7-af65-4e20fd031f7d/none_v3" 201 - "PUT http://172.18.0.250:8080/d1/532/AUTH_660705fe1cbe4111b6f2c99ce8d05c8c/gnocchi.5a437d94-0872-42a7-af65-4e20fd031f7d/none_v3" "tx577d41c8cdec4f55b2baa-006933ecfd" "object-server 22" 0.0008 "-" 22 0
Dec 6 08:44:45 np0005548786 object-server[120425]: 172.20.0.103 - - [06/Dec/2025:08:44:45 +0000] "PUT /d1/532/AUTH_660705fe1cbe4111b6f2c99ce8d05c8c/gnocchi.5a437d94-0872-42a7-af65-4e20fd031f7d/none_v3" 201 - "PUT http://172.18.0.250:8080/v1/AUTH_660705fe1cbe4111b6f2c99ce8d05c8c/gnocchi.5a437d94-0872-42a7-af65-4e20fd031f7d/none_v3" "tx577d41c8cdec4f55b2baa-006933ecfd" "proxy-server 20" 0.0123 "-" 24 0
Dec 6 08:45:00 np0005548786 object-server[120195]: Starting object replication pass.
Dec 6 08:45:00 np0005548786 object-server[120195]: 16/16 (100.00%) partitions replicated in 0.16s (97.06/sec, 0s remaining)
Dec 6 08:45:00 np0005548786 object-server[120195]: 32 successes, 0 failures
Dec 6 08:45:00 np0005548786 object-server[120195]: 16 suffixes checked - 0.00% hashed, 0.00% synced
Dec 6 08:45:00 np0005548786 object-server[120195]: Partition times: max 0.0162s, min 0.0081s, med 0.0093s
Dec 6 08:45:00 np0005548786 object-server[120195]: Object replication complete. (0.00 minutes)
Dec 6 08:45:02 np0005548786 object-server[212743]: Begin object audit "forever" mode (ZBF)
Dec 6 08:45:02 np0005548786 object-server[212743]: Object audit (ZBF). Since Sat Dec 6 08:45:02 2025: Locally: 1 passed, 0 quarantined, 0 errors, files/sec: 1070.25, bytes/sec: 0.00, Total time: 0.00, Auditing time: 0.00, Rate: 0.00
Dec 6 08:45:02 np0005548786 object-server[212743]: Object audit (ZBF) "forever" mode completed: 0.28s. Total quarantined: 0, Total errors: 0, Total files/sec: 56.68, Total bytes/sec: 0.00, Auditing time: 0.28, Rate: 0.98
Dec 6 08:45:04 np0005548786 account-server[119244]: Beginning replication run
Dec 6 08:45:04 np0005548786 account-server[119244]: Replication run OVER
Dec 6 08:45:04 np0005548786 account-server[119244]: Attempted to replicate 1 dbs in 0.03002 seconds (33.30890/s)
Dec 6 08:45:04 np0005548786 account-server[119244]: Removed 0 dbs
Dec 6 08:45:04 np0005548786 account-server[119244]: 2 successes, 0 failures
Dec 6 08:45:04 np0005548786 account-server[119244]: diff:0 diff_capped:0 empty:0 hashmatch:0 no_change:2 remote_merge:0 rsync:0 ts_repl:0
Dec 6 08:45:06 np0005548786 container-server[119657]: Beginning replication run
Dec 6 08:45:06 np0005548786 container-server[119657]: Replication run OVER
Dec 6 08:45:06 np0005548786 container-server[119657]: Attempted to replicate 8 dbs in 0.27580 seconds (29.00634/s)
Dec 6 08:45:06 np0005548786 container-server[119657]: Removed 0 dbs
Dec 6 08:45:06 np0005548786 container-server[119657]: 16 successes, 0 failures
Dec 6 08:45:06 np0005548786 container-server[119657]: diff:0 diff_capped:0 empty:0 hashmatch:0 no_change:16 remote_merge:0 rsync:0 ts_repl:0
Dec 6 08:45:24 np0005548786 object-server[120364]: Begin object update sweep
Dec 6 08:45:24 np0005548786 object-server[217788]: Object update sweep starting on /srv/node/d1 (pid: 14)
Dec 6 08:45:24 np0005548786 object-server[217788]: Object update sweep completed on /srv/node/d1 in 0.00s seconds:, 0 successes, 0 failures, 0 quarantines, 0 unlinks, 0 errors, 0 redirects (pid: 14)
Dec 6 08:45:24 np0005548786 object-server[217788]: Object update sweep of d1 completed: 0.00s, 0 successes, 0 failures, 0 quarantines, 0 unlinks, 0 errors, 0 redirects
Dec 6 08:45:24 np0005548786 object-server[120364]: Object update sweep completed: 0.08s
Dec 6 08:45:26 np0005548786 account-server[119700]: 172.20.0.104 - - [06/Dec/2025:08:45:26 +0000] "HEAD /d1/291/.expiring_objects" 404 - "HEAD http://localhost/v1/.expiring_objects?format=json" "tx10c52644a16e49b6a6ce4-006933ed26" "proxy-server 2" 0.0008 "-" 20 -
Dec 6 08:45:26 np0005548786 object-expirer[120056]: Pass completed in 0s; 0 objects expired (txn: tx10c52644a16e49b6a6ce4-006933ed26)
Dec 6 08:45:30 np0005548786 object-server[120195]: Starting object replication pass.
Dec 6 08:45:30 np0005548786 object-server[120195]: 16/16 (100.00%) partitions replicated in 0.12s (134.88/sec, 0s remaining)
Dec 6 08:45:30 np0005548786 object-server[120195]: 32 successes, 0 failures
Dec 6 08:45:30 np0005548786 object-server[120195]: 16 suffixes checked - 0.00% hashed, 0.00% synced
Dec 6 08:45:30 np0005548786 object-server[120195]: Partition times: max 0.0101s, min 0.0052s, med 0.0071s
Dec 6 08:45:30 np0005548786 object-server[120195]: Object replication complete. (0.00 minutes)
Dec 6 08:45:32 np0005548786 object-server[218699]: Begin object audit "forever" mode (ZBF)
Dec 6 08:45:32 np0005548786 object-server[218700]: Begin object audit "forever" mode (ALL)
Dec 6 08:45:32 np0005548786 object-server[218699]: Object audit (ZBF). Since Sat Dec 6 08:45:32 2025: Locally: 1 passed, 0 quarantined, 0 errors, files/sec: 301.86, bytes/sec: 0.00, Total time: 0.00, Auditing time: 0.00, Rate: 0.00
Dec 6 08:45:32 np0005548786 object-server[218700]: Object audit (ALL). Since Sat Dec 6 08:45:32 2025: Locally: 1 passed, 0 quarantined, 0 errors, files/sec: 26.04, bytes/sec: 416.57, Total time: 0.04, Auditing time: 0.00, Rate: 0.00
Dec 6 08:45:32 np0005548786 object-server[218699]: Object audit (ZBF) "forever" mode completed: 0.28s. Total quarantined: 0, Total errors: 0, Total files/sec: 56.17, Total bytes/sec: 0.00, Auditing time: 0.28, Rate: 0.97
Dec 6 08:45:33 np0005548786 object-server[218700]: Object audit (ALL) "forever" mode completed: 0.74s. Total quarantined: 0, Total errors: 0, Total files/sec: 21.61, Total bytes/sec: 424.17, Auditing time: 0.73, Rate: 0.99
Dec 6 08:45:34 np0005548786 account-server[119244]: Beginning replication run
Dec 6 08:45:34 np0005548786 account-server[119244]: Replication run OVER
Dec 6 08:45:34 np0005548786 account-server[119244]: Attempted to replicate 1 dbs in 0.01524 seconds (65.62273/s)
Dec 6 08:45:34 np0005548786 account-server[119244]: Removed 0 dbs
Dec 6 08:45:34 np0005548786 account-server[119244]: 2 successes, 0 failures
Dec 6 08:45:34 np0005548786 account-server[119244]: diff:0 diff_capped:0 empty:0 hashmatch:0 no_change:2 remote_merge:0 rsync:0 ts_repl:0
Dec 6 08:45:34 np0005548786 container-server[119965]: 172.20.0.105 - - [06/Dec/2025:08:45:34 +0000] "HEAD /d1/204/AUTH_660705fe1cbe4111b6f2c99ce8d05c8c/gnocchi.c27f151d-b566-42b1-87d3-0b18db94ea98" 404 - "HEAD http://172.18.0.250:8080/v1/AUTH_660705fe1cbe4111b6f2c99ce8d05c8c/gnocchi.c27f151d-b566-42b1-87d3-0b18db94ea98?format=json&states=listing" "txc0ea6b498cdb4269b6742-006933ed2e" "proxy-server 20" 0.0012 "-" 20 0
Dec 6 08:45:34 np0005548786 object-server[120431]: 172.20.0.105 - - [06/Dec/2025:08:45:34 +0000] "GET /d1/548/AUTH_660705fe1cbe4111b6f2c99ce8d05c8c/gnocchi.c27f151d-b566-42b1-87d3-0b18db94ea98/none_v3" 404 70 "GET http://172.18.0.250:8080/v1/AUTH_660705fe1cbe4111b6f2c99ce8d05c8c/gnocchi.c27f151d-b566-42b1-87d3-0b18db94ea98/none_v3" "txc0ea6b498cdb4269b6742-006933ed2e" "proxy-server 20" 0.0006 "-" 25 0
Dec 6 08:45:34 np0005548786 container-server[119990]: 172.20.0.104 - - [06/Dec/2025:08:45:34 +0000] "HEAD /d1/354/AUTH_660705fe1cbe4111b6f2c99ce8d05c8c/gnocchi.d0a4d190-ab44-486b-987d-81332aae16dd" 404 - "HEAD http://172.18.0.250:8080/v1/AUTH_660705fe1cbe4111b6f2c99ce8d05c8c/gnocchi.d0a4d190-ab44-486b-987d-81332aae16dd?format=json&states=listing" "tx9a672663f04e42d49262a-006933ed2e" "proxy-server 20" 0.0007 "-" 23 0
Dec 6 08:45:34 np0005548786 container-server[119974]: 172.20.0.103 - - [06/Dec/2025:08:45:34 +0000] "HEAD /d1/904/AUTH_660705fe1cbe4111b6f2c99ce8d05c8c/gnocchi.a1d54ab1-7b7b-4634-866b-4c1cdbc1eb0c" 404 - "HEAD http://172.18.0.250:8080/v1/AUTH_660705fe1cbe4111b6f2c99ce8d05c8c/gnocchi.a1d54ab1-7b7b-4634-866b-4c1cdbc1eb0c?format=json&states=listing" "tx257d523f1fbf4d278d29c-006933ed2e" "proxy-server 20" 0.0005 "-" 21 0
Dec 6 08:45:34 np0005548786 object-server[120423]: 172.20.0.104 - - [06/Dec/2025:08:45:34 +0000] "GET /d1/995/AUTH_660705fe1cbe4111b6f2c99ce8d05c8c/gnocchi.d0a4d190-ab44-486b-987d-81332aae16dd/none_v3" 404 70 "GET http://172.18.0.250:8080/v1/AUTH_660705fe1cbe4111b6f2c99ce8d05c8c/gnocchi.d0a4d190-ab44-486b-987d-81332aae16dd/none_v3" "tx9a672663f04e42d49262a-006933ed2e" "proxy-server 20" 0.0006 "-" 23 0
Dec 6 08:45:34 np0005548786 object-server[120403]: 172.20.0.103 - - [06/Dec/2025:08:45:34 +0000] "GET /d1/510/AUTH_660705fe1cbe4111b6f2c99ce8d05c8c/gnocchi.a1d54ab1-7b7b-4634-866b-4c1cdbc1eb0c/none_v3" 404 70 "GET http://172.18.0.250:8080/v1/AUTH_660705fe1cbe4111b6f2c99ce8d05c8c/gnocchi.a1d54ab1-7b7b-4634-866b-4c1cdbc1eb0c/none_v3" "tx257d523f1fbf4d278d29c-006933ed2e" "proxy-server 20" 0.0005 "-" 22 0
Dec 6 08:45:34 np0005548786 proxy-server[121806]: 172.18.0.103 172.18.0.104 06/Dec/2025/08/45/34 GET /v1/AUTH_660705fe1cbe4111b6f2c99ce8d05c8c/gnocchi.d0a4d190-ab44-486b-987d-81332aae16dd/none_v3 HTTP/1.0 404 - python-swiftclient-3.11.1 gAAAAABpM-z9-YGG... - 70 - tx9a672663f04e42d49262a-006933ed2e - 0.0465 - - 1765010734.731139898 1765010734.777632475 0
Dec 6 08:45:34 np0005548786 account-server[119779]: 172.20.0.105 - - [06/Dec/2025:08:45:34 +0000] "PUT /d1/82/AUTH_660705fe1cbe4111b6f2c99ce8d05c8c/gnocchi.c27f151d-b566-42b1-87d3-0b18db94ea98" 201 - "PUT http://172.20.0.105:6001/d1/204/AUTH_660705fe1cbe4111b6f2c99ce8d05c8c/gnocchi.c27f151d-b566-42b1-87d3-0b18db94ea98" "txda0ef4ca6e224e2f97ad0-006933ed2e" "container-server 16" 0.0026 "-" 23 0
Dec 6 08:45:34 np0005548786 container-server[119974]: 172.20.0.105 - - [06/Dec/2025:08:45:34 +0000] "PUT /d1/204/AUTH_660705fe1cbe4111b6f2c99ce8d05c8c/gnocchi.c27f151d-b566-42b1-87d3-0b18db94ea98" 201 - "PUT http://172.18.0.250:8080/v1/AUTH_660705fe1cbe4111b6f2c99ce8d05c8c/gnocchi.c27f151d-b566-42b1-87d3-0b18db94ea98" "txda0ef4ca6e224e2f97ad0-006933ed2e" "proxy-server 20" 0.0269 "-" 21 0
Dec 6 08:45:34 np0005548786 account-server[119779]: 172.20.0.104 - - [06/Dec/2025:08:45:34 +0000] "PUT /d1/82/AUTH_660705fe1cbe4111b6f2c99ce8d05c8c/gnocchi.d0a4d190-ab44-486b-987d-81332aae16dd" 201 - "PUT http://172.20.0.104:6001/d1/354/AUTH_660705fe1cbe4111b6f2c99ce8d05c8c/gnocchi.d0a4d190-ab44-486b-987d-81332aae16dd" "tx9f1d047f08a74727bd3f0-006933ed2e" "container-server 20" 0.0071 "-" 23 0
Dec 6 08:45:34 np0005548786 container-server[119965]: 172.20.0.104 - - [06/Dec/2025:08:45:34 +0000] "PUT /d1/354/AUTH_660705fe1cbe4111b6f2c99ce8d05c8c/gnocchi.d0a4d190-ab44-486b-987d-81332aae16dd" 201 - "PUT http://172.18.0.250:8080/v1/AUTH_660705fe1cbe4111b6f2c99ce8d05c8c/gnocchi.d0a4d190-ab44-486b-987d-81332aae16dd" "tx9f1d047f08a74727bd3f0-006933ed2e" "proxy-server 20" 0.0294 "-" 20 0
Dec 6 08:45:34 np0005548786 proxy-server[121806]: 172.18.0.103 172.18.0.104 06/Dec/2025/08/45/34 PUT /v1/AUTH_660705fe1cbe4111b6f2c99ce8d05c8c/gnocchi.d0a4d190-ab44-486b-987d-81332aae16dd HTTP/1.0 201 - python-swiftclient-3.11.1 gAAAAABpM-z9-YGG... - - - tx9f1d047f08a74727bd3f0-006933ed2e - 0.0415 - - 1765010734.783492327 1765010734.825036526 0
Dec 6 08:45:34 np0005548786 container-server[119965]: 172.20.0.103 - - [06/Dec/2025:08:45:34 +0000] "PUT /d1/904/AUTH_660705fe1cbe4111b6f2c99ce8d05c8c/gnocchi.a1d54ab1-7b7b-4634-866b-4c1cdbc1eb0c" 201 - "PUT http://172.18.0.250:8080/v1/AUTH_660705fe1cbe4111b6f2c99ce8d05c8c/gnocchi.a1d54ab1-7b7b-4634-866b-4c1cdbc1eb0c" "tx771177cb413040b189443-006933ed2e" "proxy-server 20" 0.0180 "-" 20 0
Dec 6 08:45:34 np0005548786 account-server[119700]: 172.20.0.103 - - [06/Dec/2025:08:45:34 +0000] "PUT /d1/82/AUTH_660705fe1cbe4111b6f2c99ce8d05c8c/gnocchi.a1d54ab1-7b7b-4634-866b-4c1cdbc1eb0c" 201 - "PUT http://172.20.0.103:6001/d1/904/AUTH_660705fe1cbe4111b6f2c99ce8d05c8c/gnocchi.a1d54ab1-7b7b-4634-866b-4c1cdbc1eb0c" "tx771177cb413040b189443-006933ed2e" "container-server 21" 0.0062 "-" 20 0
Dec 6 08:45:34 np0005548786 proxy-server[121806]: - - 06/Dec/2025/08/45/34 HEAD /v1/AUTH_660705fe1cbe4111b6f2c99ce8d05c8c/gnocchi.d0a4d190-ab44-486b-987d-81332aae16dd%3Fformat%3Djson%26states%3Dlisting HTTP/1.0 204 - Swift - - - - tx1cdbc3227e114b6788e0a-006933ed2e - 0.0093 RL - 1765010734.833404303 1765010734.842696190 0
Dec 6 08:45:34 np0005548786 container-server[119990]: 172.20.0.103 - - [06/Dec/2025:08:45:34 +0000] "HEAD /d1/904/AUTH_660705fe1cbe4111b6f2c99ce8d05c8c/gnocchi.a1d54ab1-7b7b-4634-866b-4c1cdbc1eb0c" 204 - "HEAD http://172.18.0.250:8080/v1/AUTH_660705fe1cbe4111b6f2c99ce8d05c8c/gnocchi.a1d54ab1-7b7b-4634-866b-4c1cdbc1eb0c?format=json&states=listing" "tx503edcc32e0d4451ab81a-006933ed2e" "proxy-server 20" 0.0015 "-" 23 0
Dec 6 08:45:34 np0005548786 container-server[119983]: 172.20.0.103 - - [06/Dec/2025:08:45:34 +0000] "GET /d1/904/AUTH_660705fe1cbe4111b6f2c99ce8d05c8c/gnocchi.a1d54ab1-7b7b-4634-866b-4c1cdbc1eb0c" 200 2 "GET http://172.18.0.250:8080/v1/AUTH_660705fe1cbe4111b6f2c99ce8d05c8c/gnocchi.a1d54ab1-7b7b-4634-866b-4c1cdbc1eb0c?format=json&states=listing" "tx503edcc32e0d4451ab81a-006933ed2e" "proxy-server 20" 0.0065 "-" 22 0
Dec 6 08:45:34 np0005548786 proxy-server[121806]: 172.18.0.103 172.18.0.104 06/Dec/2025/08/45/34 GET /v1/AUTH_660705fe1cbe4111b6f2c99ce8d05c8c/gnocchi.d0a4d190-ab44-486b-987d-81332aae16dd%3Fformat%3Djson%26states%3Dlisting HTTP/1.0 200 - python-swiftclient-3.11.1 gAAAAABpM-z9-YGG... - 2 - tx1cdbc3227e114b6788e0a-006933ed2e - 0.0292 - - 1765010734.830665827 1765010734.859912634 0
Dec 6 08:45:34 np0005548786 object-server[120403]: 172.20.0.105 - - [06/Dec/2025:08:45:34 +0000] "GET /d1/384/AUTH_660705fe1cbe4111b6f2c99ce8d05c8c/gnocchi.c27f151d-b566-42b1-87d3-0b18db94ea98/1764720000.0_mean_300.0_v3" 404 70 "GET http://172.18.0.250:8080/v1/AUTH_660705fe1cbe4111b6f2c99ce8d05c8c/gnocchi.c27f151d-b566-42b1-87d3-0b18db94ea98/1764720000.0_mean_300.0_v3" "tx4191325c1d4041c180349-006933ed2e" "proxy-server 20" 0.0005 "-" 22 0
Dec 6 08:45:34 np0005548786 object-server[120425]: 172.20.0.103 - - [06/Dec/2025:08:45:34 +0000] "GET /d1/1002/AUTH_660705fe1cbe4111b6f2c99ce8d05c8c/gnocchi.a1d54ab1-7b7b-4634-866b-4c1cdbc1eb0c/1764720000.0_mean_300.0_v3" 404 70 "GET http://172.18.0.250:8080/v1/AUTH_660705fe1cbe4111b6f2c99ce8d05c8c/gnocchi.a1d54ab1-7b7b-4634-866b-4c1cdbc1eb0c/1764720000.0_mean_300.0_v3" "txa01a14db08f74da68853d-006933ed2e" "proxy-server 20" 0.0003 "-" 24 0
Dec 6 08:45:34 np0005548786 object-server[120403]: 172.20.0.104 - - [06/Dec/2025:08:45:34 +0000] "GET /d1/786/AUTH_660705fe1cbe4111b6f2c99ce8d05c8c/gnocchi.d0a4d190-ab44-486b-987d-81332aae16dd/1764720000.0_mean_300.0_v3" 404 70 "GET http://172.18.0.250:8080/v1/AUTH_660705fe1cbe4111b6f2c99ce8d05c8c/gnocchi.d0a4d190-ab44-486b-987d-81332aae16dd/1764720000.0_mean_300.0_v3" "tx309be463e3f847f2b1347-006933ed2e" "proxy-server 20" 0.0003 "-" 22 0
Dec 6 08:45:34 np0005548786 proxy-server[121806]: 172.18.0.103 172.18.0.104 06/Dec/2025/08/45/34 GET /v1/AUTH_660705fe1cbe4111b6f2c99ce8d05c8c/gnocchi.d0a4d190-ab44-486b-987d-81332aae16dd/1764720000.0_mean_300.0_v3 HTTP/1.0 404 - python-swiftclient-3.11.1 gAAAAABpM-z9-YGG... - 70 - tx309be463e3f847f2b1347-006933ed2e - 0.0214 - - 1765010734.864466667 1765010734.885890484 0
Dec 6 08:45:34 np0005548786 container-server[119974]: 172.20.0.104 - - [06/Dec/2025:08:45:34 +0000] "PUT /d1/904/AUTH_660705fe1cbe4111b6f2c99ce8d05c8c/gnocchi.a1d54ab1-7b7b-4634-866b-4c1cdbc1eb0c/1764720000.0_mean_300.0_v3" 201 - "PUT http://172.18.0.250:8080/d1/1002/AUTH_660705fe1cbe4111b6f2c99ce8d05c8c/gnocchi.a1d54ab1-7b7b-4634-866b-4c1cdbc1eb0c/1764720000.0_mean_300.0_v3" "txf5d6210935fb428f84b48-006933ed2e" "object-server 22" 0.0010 "-" 21 0
Dec 6 08:45:34 np0005548786 object-server[120403]: 172.20.0.103 - - [06/Dec/2025:08:45:34 +0000] "PUT /d1/1002/AUTH_660705fe1cbe4111b6f2c99ce8d05c8c/gnocchi.a1d54ab1-7b7b-4634-866b-4c1cdbc1eb0c/1764720000.0_mean_300.0_v3" 201 - "PUT http://172.18.0.250:8080/v1/AUTH_660705fe1cbe4111b6f2c99ce8d05c8c/gnocchi.a1d54ab1-7b7b-4634-866b-4c1cdbc1eb0c/1764720000.0_mean_300.0_v3" "txf5d6210935fb428f84b48-006933ed2e" "proxy-server 20" 0.0130 "-" 22 0
Dec 6 08:45:34 np0005548786 container-server[119983]: 172.20.0.104 - - [06/Dec/2025:08:45:34 +0000] "PUT /d1/204/AUTH_660705fe1cbe4111b6f2c99ce8d05c8c/gnocchi.c27f151d-b566-42b1-87d3-0b18db94ea98/1764720000.0_mean_300.0_v3" 201 - "PUT http://172.18.0.250:8080/d1/384/AUTH_660705fe1cbe4111b6f2c99ce8d05c8c/gnocchi.c27f151d-b566-42b1-87d3-0b18db94ea98/1764720000.0_mean_300.0_v3" "txc5994ba0e7214ffba9a1c-006933ed2e" "object-server 22" 0.0009 "-" 22 0
Dec 6 08:45:34 np0005548786 object-server[120403]: 172.20.0.105 - - [06/Dec/2025:08:45:34 +0000] "PUT /d1/384/AUTH_660705fe1cbe4111b6f2c99ce8d05c8c/gnocchi.c27f151d-b566-42b1-87d3-0b18db94ea98/1764720000.0_mean_300.0_v3" 201 - "PUT http://172.18.0.250:8080/v1/AUTH_660705fe1cbe4111b6f2c99ce8d05c8c/gnocchi.c27f151d-b566-42b1-87d3-0b18db94ea98/1764720000.0_mean_300.0_v3" "txc5994ba0e7214ffba9a1c-006933ed2e" "proxy-server 20" 0.0188 "-" 22 0
Dec 6 08:45:34 np0005548786 container-server[119965]: 172.20.0.104 - - [06/Dec/2025:08:45:34 +0000] "PUT /d1/354/AUTH_660705fe1cbe4111b6f2c99ce8d05c8c/gnocchi.d0a4d190-ab44-486b-987d-81332aae16dd/1764720000.0_mean_300.0_v3" 201 - "PUT http://172.18.0.250:8080/d1/786/AUTH_660705fe1cbe4111b6f2c99ce8d05c8c/gnocchi.d0a4d190-ab44-486b-987d-81332aae16dd/1764720000.0_mean_300.0_v3" "txf4b5ec76b0504e1495ed3-006933ed2e" "object-server 22" 0.0009 "-" 20 0
Dec 6 08:45:34 np0005548786 object-server[120403]: 172.20.0.104 - - [06/Dec/2025:08:45:34 +0000] "PUT /d1/786/AUTH_660705fe1cbe4111b6f2c99ce8d05c8c/gnocchi.d0a4d190-ab44-486b-987d-81332aae16dd/1764720000.0_mean_300.0_v3" 201 - "PUT http://172.18.0.250:8080/v1/AUTH_660705fe1cbe4111b6f2c99ce8d05c8c/gnocchi.d0a4d190-ab44-486b-987d-81332aae16dd/1764720000.0_mean_300.0_v3" "txf4b5ec76b0504e1495ed3-006933ed2e" "proxy-server 20" 0.0170 "-" 22 0
Dec 6 08:45:34 np0005548786 proxy-server[121806]: 172.18.0.103 172.18.0.104 06/Dec/2025/08/45/34 PUT /v1/AUTH_660705fe1cbe4111b6f2c99ce8d05c8c/gnocchi.d0a4d190-ab44-486b-987d-81332aae16dd/1764720000.0_mean_300.0_v3 HTTP/1.0 201 - python-swiftclient-3.11.1 gAAAAABpM-z9-YGG... 16 - - txf4b5ec76b0504e1495ed3-006933ed2e - 0.0274 - - 1765010734.890392303 1765010734.917765617 0
Dec 6 08:45:34 np0005548786 container-server[119983]: 172.20.0.105 - - [06/Dec/2025:08:45:34 +0000] "PUT /d1/904/AUTH_660705fe1cbe4111b6f2c99ce8d05c8c/gnocchi.a1d54ab1-7b7b-4634-866b-4c1cdbc1eb0c/none_v3" 201 - "PUT http://172.18.0.250:8080/d1/510/AUTH_660705fe1cbe4111b6f2c99ce8d05c8c/gnocchi.a1d54ab1-7b7b-4634-866b-4c1cdbc1eb0c/none_v3" "txabe81a1f53c34a3e90cf6-006933ed2e" "object-server 22" 0.0007 "-" 22 0
Dec 6 08:45:34 np0005548786 object-server[120403]: 172.20.0.103 - - [06/Dec/2025:08:45:34 +0000] "PUT /d1/510/AUTH_660705fe1cbe4111b6f2c99ce8d05c8c/gnocchi.a1d54ab1-7b7b-4634-866b-4c1cdbc1eb0c/none_v3" 201 - "PUT http://172.18.0.250:8080/v1/AUTH_660705fe1cbe4111b6f2c99ce8d05c8c/gnocchi.a1d54ab1-7b7b-4634-866b-4c1cdbc1eb0c/none_v3" "txabe81a1f53c34a3e90cf6-006933ed2e" "proxy-server 20" 0.0207 "-" 22 0
Dec 6 08:45:34 np0005548786 container-server[119974]: 172.20.0.103 - - [06/Dec/2025:08:45:34 +0000] "PUT /d1/354/AUTH_660705fe1cbe4111b6f2c99ce8d05c8c/gnocchi.d0a4d190-ab44-486b-987d-81332aae16dd/none_v3" 201 - "PUT http://172.18.0.250:8080/d1/995/AUTH_660705fe1cbe4111b6f2c99ce8d05c8c/gnocchi.d0a4d190-ab44-486b-987d-81332aae16dd/none_v3" "txf204a6134b9741d98c260-006933ed2e" "object-server 24" 0.0008 "-" 21 0
Dec 6 08:45:34 np0005548786 container-server[119965]: 172.20.0.104 - - [06/Dec/2025:08:45:34 +0000] "PUT /d1/204/AUTH_660705fe1cbe4111b6f2c99ce8d05c8c/gnocchi.c27f151d-b566-42b1-87d3-0b18db94ea98/none_v3" 201 - "PUT http://172.18.0.250:8080/d1/548/AUTH_660705fe1cbe4111b6f2c99ce8d05c8c/gnocchi.c27f151d-b566-42b1-87d3-0b18db94ea98/none_v3" "tx93ce47af1d5a468b99a16-006933ed2e" "object-server 25" 0.0007 "-" 20 0
Dec 6 08:45:34 np0005548786 object-server[120431]: 172.20.0.104 - - [06/Dec/2025:08:45:34 +0000] "PUT /d1/548/AUTH_660705fe1cbe4111b6f2c99ce8d05c8c/gnocchi.c27f151d-b566-42b1-87d3-0b18db94ea98/none_v3" 201 - "PUT http://172.18.0.250:8080/v1/AUTH_660705fe1cbe4111b6f2c99ce8d05c8c/gnocchi.c27f151d-b566-42b1-87d3-0b18db94ea98/none_v3" "tx93ce47af1d5a468b99a16-006933ed2e" "proxy-server 20" 0.0161 "-" 25 0
Dec 6 08:45:34 np0005548786 object-server[120403]: 172.20.0.105 - - [06/Dec/2025:08:45:34 +0000] "PUT /d1/995/AUTH_660705fe1cbe4111b6f2c99ce8d05c8c/gnocchi.d0a4d190-ab44-486b-987d-81332aae16dd/none_v3" 201 - "PUT http://172.18.0.250:8080/v1/AUTH_660705fe1cbe4111b6f2c99ce8d05c8c/gnocchi.d0a4d190-ab44-486b-987d-81332aae16dd/none_v3" "txf204a6134b9741d98c260-006933ed2e" "proxy-server 20" 0.0163 "-" 22 0
Dec 6 08:45:34 np0005548786 proxy-server[121806]: 172.18.0.105 172.18.0.104 06/Dec/2025/08/45/34 PUT /v1/AUTH_660705fe1cbe4111b6f2c99ce8d05c8c/gnocchi.c27f151d-b566-42b1-87d3-0b18db94ea98/none_v3 HTTP/1.0 201 - python-swiftclient-3.11.1 gAAAAABpM-yzR85B... 22 - - tx93ce47af1d5a468b99a16-006933ed2e - 0.0337 - - 1765010734.923632860 1765010734.957316875 0
Dec 6 08:45:34 np0005548786 container-server[119990]: 172.20.0.103 - - [06/Dec/2025:08:45:34 +0000] "HEAD /d1/843/AUTH_660705fe1cbe4111b6f2c99ce8d05c8c/gnocchi.3eee7a32-53a2-46c9-a1cf-d4d4b8b181ea" 404 - "HEAD http://172.18.0.250:8080/v1/AUTH_660705fe1cbe4111b6f2c99ce8d05c8c/gnocchi.3eee7a32-53a2-46c9-a1cf-d4d4b8b181ea?format=json&states=listing" "tx9e9027a654eb43ada3290-006933ed2e" "proxy-server 20" 0.0004 "-" 23 0
Dec 6 08:45:34 np0005548786 object-server[120423]: 172.20.0.103 - - [06/Dec/2025:08:45:34 +0000] "GET /d1/57/AUTH_660705fe1cbe4111b6f2c99ce8d05c8c/gnocchi.3eee7a32-53a2-46c9-a1cf-d4d4b8b181ea/none_v3" 404 70 "GET http://172.18.0.250:8080/v1/AUTH_660705fe1cbe4111b6f2c99ce8d05c8c/gnocchi.3eee7a32-53a2-46c9-a1cf-d4d4b8b181ea/none_v3" "tx9e9027a654eb43ada3290-006933ed2e" "proxy-server 20" 0.0005 "-" 23 0
Dec 6 08:45:34 np0005548786 container-server[119990]: 172.20.0.105 - - [06/Dec/2025:08:45:34 +0000] "HEAD /d1/424/AUTH_660705fe1cbe4111b6f2c99ce8d05c8c/gnocchi.3049b2d9-0574-4d28-bb72-646fb8404312" 404 - "HEAD http://172.18.0.250:8080/v1/AUTH_660705fe1cbe4111b6f2c99ce8d05c8c/gnocchi.3049b2d9-0574-4d28-bb72-646fb8404312?format=json&states=listing" "tx65d865d8a20d4d35b127b-006933ed2e" "proxy-server 20" 0.0004 "-" 23 0
Dec 6 08:45:34 np0005548786 container-server[119983]: 172.20.0.104 - - [06/Dec/2025:08:45:34 +0000] "HEAD /d1/966/AUTH_660705fe1cbe4111b6f2c99ce8d05c8c/gnocchi.6de8b682-90f0-4f0f-b96a-3498607060cc" 404 - "HEAD http://172.18.0.250:8080/v1/AUTH_660705fe1cbe4111b6f2c99ce8d05c8c/gnocchi.6de8b682-90f0-4f0f-b96a-3498607060cc?format=json&states=listing" "txc05620ad1b0a473d87cf4-006933ed2e" "proxy-server 20" 0.0006 "-" 22 0
Dec 6 08:45:35 np0005548786 object-server[120425]: 172.20.0.105 - - [06/Dec/2025:08:45:35 +0000] "GET /d1/949/AUTH_660705fe1cbe4111b6f2c99ce8d05c8c/gnocchi.3049b2d9-0574-4d28-bb72-646fb8404312/none_v3" 404 70 "GET http://172.18.0.250:8080/v1/AUTH_660705fe1cbe4111b6f2c99ce8d05c8c/gnocchi.3049b2d9-0574-4d28-bb72-646fb8404312/none_v3" "tx65d865d8a20d4d35b127b-006933ed2e" "proxy-server 20" 0.0004 "-" 24 0
Dec 6 08:45:35 np0005548786 object-server[120423]: 172.20.0.104 - - [06/Dec/2025:08:45:35 +0000] "GET /d1/460/AUTH_660705fe1cbe4111b6f2c99ce8d05c8c/gnocchi.6de8b682-90f0-4f0f-b96a-3498607060cc/none_v3" 404 70 "GET http://172.18.0.250:8080/v1/AUTH_660705fe1cbe4111b6f2c99ce8d05c8c/gnocchi.6de8b682-90f0-4f0f-b96a-3498607060cc/none_v3" "txc05620ad1b0a473d87cf4-006933ed2e" "proxy-server 20" 0.0004 "-" 23 0
Dec 6 08:45:35 np0005548786 proxy-server[121806]: 172.18.0.105 172.18.0.104 06/Dec/2025/08/45/35 GET /v1/AUTH_660705fe1cbe4111b6f2c99ce8d05c8c/gnocchi.6de8b682-90f0-4f0f-b96a-3498607060cc/none_v3 HTTP/1.0 404 - python-swiftclient-3.11.1 gAAAAABpM-yzR85B... - 70 - txc05620ad1b0a473d87cf4-006933ed2e - 0.0290 - - 1765010734.983055592 1765010735.012065172 0
Dec 6 08:45:35 np0005548786 account-server[119765]: 172.20.0.103 - - [06/Dec/2025:08:45:35 +0000] "PUT /d1/82/AUTH_660705fe1cbe4111b6f2c99ce8d05c8c/gnocchi.3eee7a32-53a2-46c9-a1cf-d4d4b8b181ea" 201 - "PUT http://172.20.0.103:6001/d1/843/AUTH_660705fe1cbe4111b6f2c99ce8d05c8c/gnocchi.3eee7a32-53a2-46c9-a1cf-d4d4b8b181ea" "tx85d11f0c011c486c95a22-006933ed2e" "container-server 23" 0.0044 "-" 22 0
Dec 6 08:45:35 np0005548786 container-server[119965]: 172.20.0.103 - - [06/Dec/2025:08:45:35 +0000] "PUT /d1/843/AUTH_660705fe1cbe4111b6f2c99ce8d05c8c/gnocchi.3eee7a32-53a2-46c9-a1cf-d4d4b8b181ea" 201 - "PUT http://172.18.0.250:8080/v1/AUTH_660705fe1cbe4111b6f2c99ce8d05c8c/gnocchi.3eee7a32-53a2-46c9-a1cf-d4d4b8b181ea" "tx85d11f0c011c486c95a22-006933ed2e" "proxy-server 20" 0.0178 "-" 20 0
Dec 6 08:45:35 np0005548786 container-server[119965]: 172.20.0.105 - - [06/Dec/2025:08:45:35 +0000] "PUT /d1/424/AUTH_660705fe1cbe4111b6f2c99ce8d05c8c/gnocchi.3049b2d9-0574-4d28-bb72-646fb8404312" 201 - "PUT http://172.18.0.250:8080/v1/AUTH_660705fe1cbe4111b6f2c99ce8d05c8c/gnocchi.3049b2d9-0574-4d28-bb72-646fb8404312" "tx60528abafb9e4adab2c05-006933ed2f" "proxy-server 20" 0.0212 "-" 20 0
Dec 6 08:45:35 np0005548786 account-server[119765]: 172.20.0.103 - - [06/Dec/2025:08:45:35 +0000] "PUT /d1/82/AUTH_660705fe1cbe4111b6f2c99ce8d05c8c/gnocchi.3049b2d9-0574-4d28-bb72-646fb8404312" 201 - "PUT http://172.20.0.103:6001/d1/424/AUTH_660705fe1cbe4111b6f2c99ce8d05c8c/gnocchi.3049b2d9-0574-4d28-bb72-646fb8404312" "tx60528abafb9e4adab2c05-006933ed2f" "container-server 23" 0.0043 "-" 22 0
Dec 6 08:45:35 np0005548786 container-server[119983]: 172.20.0.104 - - [06/Dec/2025:08:45:35 +0000] "PUT /d1/966/AUTH_660705fe1cbe4111b6f2c99ce8d05c8c/gnocchi.6de8b682-90f0-4f0f-b96a-3498607060cc" 201 - "PUT http://172.18.0.250:8080/v1/AUTH_660705fe1cbe4111b6f2c99ce8d05c8c/gnocchi.6de8b682-90f0-4f0f-b96a-3498607060cc" "txb10d8cd53f3b48cc8d70a-006933ed2f" "proxy-server 20" 0.0324 "-" 22 0
Dec 6 08:45:35 np0005548786 account-server[119779]: 172.20.0.103 - - [06/Dec/2025:08:45:35 +0000] "PUT /d1/82/AUTH_660705fe1cbe4111b6f2c99ce8d05c8c/gnocchi.6de8b682-90f0-4f0f-b96a-3498607060cc" 201 - "PUT http://172.20.0.103:6001/d1/966/AUTH_660705fe1cbe4111b6f2c99ce8d05c8c/gnocchi.6de8b682-90f0-4f0f-b96a-3498607060cc" "txb10d8cd53f3b48cc8d70a-006933ed2f" "container-server 23" 0.0168 "-" 23 0
Dec 6 08:45:35 np0005548786 proxy-server[121806]: 172.18.0.105 172.18.0.104 06/Dec/2025/08/45/35 PUT /v1/AUTH_660705fe1cbe4111b6f2c99ce8d05c8c/gnocchi.6de8b682-90f0-4f0f-b96a-3498607060cc HTTP/1.0 201 - python-swiftclient-3.11.1 gAAAAABpM-yzR85B... - - - txb10d8cd53f3b48cc8d70a-006933ed2f - 0.0543 - - 1765010735.015861273 1765010735.070182085 0
Dec 6 08:45:35 np0005548786 object-server[120431]: 172.20.0.103 - - [06/Dec/2025:08:45:35 +0000] "GET /d1/533/AUTH_660705fe1cbe4111b6f2c99ce8d05c8c/gnocchi.3eee7a32-53a2-46c9-a1cf-d4d4b8b181ea/1764720000.0_mean_300.0_v3" 404 70 "GET http://172.18.0.250:8080/v1/AUTH_660705fe1cbe4111b6f2c99ce8d05c8c/gnocchi.3eee7a32-53a2-46c9-a1cf-d4d4b8b181ea/1764720000.0_mean_300.0_v3" "tx45e1d4aaa6ca42cc8f697-006933ed2f" "proxy-server 20" 0.0005 "-" 25 0
Dec 6 08:45:35 np0005548786 proxy-server[121806]: - - 06/Dec/2025/08/45/35 HEAD /v1/AUTH_660705fe1cbe4111b6f2c99ce8d05c8c/gnocchi.6de8b682-90f0-4f0f-b96a-3498607060cc%3Fformat%3Djson%26states%3Dlisting HTTP/1.0 204 - Swift - - - - tx2af09c4efa784a6b8a4fa-006933ed2f - 0.0066 RL - 1765010735.077077150 1765010735.083699226 0
Dec 6 08:45:35 np0005548786 container-server[119974]: 172.20.0.104 - - [06/Dec/2025:08:45:35 +0000] "GET /d1/966/AUTH_660705fe1cbe4111b6f2c99ce8d05c8c/gnocchi.6de8b682-90f0-4f0f-b96a-3498607060cc" 200 2 "GET http://172.18.0.250:8080/v1/AUTH_660705fe1cbe4111b6f2c99ce8d05c8c/gnocchi.6de8b682-90f0-4f0f-b96a-3498607060cc?format=json&states=listing" "tx2af09c4efa784a6b8a4fa-006933ed2f" "proxy-server 20" 0.0023 "-" 21 0
Dec 6 08:45:35 np0005548786 proxy-server[121806]: 172.18.0.105 172.18.0.104 06/Dec/2025/08/45/35 GET /v1/AUTH_660705fe1cbe4111b6f2c99ce8d05c8c/gnocchi.6de8b682-90f0-4f0f-b96a-3498607060cc%3Fformat%3Djson%26states%3Dlisting HTTP/1.0 200 - python-swiftclient-3.11.1 gAAAAABpM-yzR85B... - 2 - tx2af09c4efa784a6b8a4fa-006933ed2f - 0.0178 - - 1765010735.074562311 1765010735.092329025 0
Dec 6 08:45:35 np0005548786 container-server[119990]: 172.20.0.105 - - [06/Dec/2025:08:45:35 +0000] "PUT /d1/843/AUTH_660705fe1cbe4111b6f2c99ce8d05c8c/gnocchi.3eee7a32-53a2-46c9-a1cf-d4d4b8b181ea/1764720000.0_mean_300.0_v3" 201 - "PUT http://172.18.0.250:8080/d1/533/AUTH_660705fe1cbe4111b6f2c99ce8d05c8c/gnocchi.3eee7a32-53a2-46c9-a1cf-d4d4b8b181ea/1764720000.0_mean_300.0_v3" "tx6481ae1cf37e48c0b3613-006933ed2f" "object-server 23" 0.0006 "-" 23 0
Dec 6 08:45:35 np0005548786 object-server[120423]: 172.20.0.105 - - [06/Dec/2025:08:45:35 +0000] "GET /d1/15/AUTH_660705fe1cbe4111b6f2c99ce8d05c8c/gnocchi.3049b2d9-0574-4d28-bb72-646fb8404312/1764720000.0_mean_300.0_v3" 404 70 "GET http://172.18.0.250:8080/v1/AUTH_660705fe1cbe4111b6f2c99ce8d05c8c/gnocchi.3049b2d9-0574-4d28-bb72-646fb8404312/1764720000.0_mean_300.0_v3" "tx0e77880d765c4949a079d-006933ed2f" "proxy-server 20" 0.0004 "-" 23 0
Dec 6 08:45:35 np0005548786 object-server[120423]: 172.20.0.103 - - [06/Dec/2025:08:45:35 +0000] "PUT /d1/533/AUTH_660705fe1cbe4111b6f2c99ce8d05c8c/gnocchi.3eee7a32-53a2-46c9-a1cf-d4d4b8b181ea/1764720000.0_mean_300.0_v3" 201 - "PUT http://172.18.0.250:8080/v1/AUTH_660705fe1cbe4111b6f2c99ce8d05c8c/gnocchi.3eee7a32-53a2-46c9-a1cf-d4d4b8b181ea/1764720000.0_mean_300.0_v3" "tx6481ae1cf37e48c0b3613-006933ed2f" "proxy-server 20" 0.0172 "-" 23 0
Dec 6 08:45:35 np0005548786 object-server[120431]: 172.20.0.104 - - [06/Dec/2025:08:45:35 +0000] "GET /d1/393/AUTH_660705fe1cbe4111b6f2c99ce8d05c8c/gnocchi.6de8b682-90f0-4f0f-b96a-3498607060cc/1764720000.0_mean_300.0_v3" 404 70 "GET http://172.18.0.250:8080/v1/AUTH_660705fe1cbe4111b6f2c99ce8d05c8c/gnocchi.6de8b682-90f0-4f0f-b96a-3498607060cc/1764720000.0_mean_300.0_v3" "tx14c924555b95406387b88-006933ed2f" "proxy-server 20" 0.0004 "-" 25 0
Dec 6 08:45:35 np0005548786 proxy-server[121806]: 172.18.0.105 172.18.0.104 06/Dec/2025/08/45/35 GET /v1/AUTH_660705fe1cbe4111b6f2c99ce8d05c8c/gnocchi.6de8b682-90f0-4f0f-b96a-3498607060cc/1764720000.0_mean_300.0_v3 HTTP/1.0 404 - python-swiftclient-3.11.1 gAAAAABpM-yzR85B... - 70 - tx14c924555b95406387b88-006933ed2f - 0.0136 - - 1765010735.098032236 1765010735.111665487 0
Dec 6 08:45:35 np0005548786 object-server[120425]: 172.20.0.103 - - [06/Dec/2025:08:45:35 +0000] "PUT /d1/57/AUTH_660705fe1cbe4111b6f2c99ce8d05c8c/gnocchi.3eee7a32-53a2-46c9-a1cf-d4d4b8b181ea/none_v3" 201 - "PUT http://172.18.0.250:8080/v1/AUTH_660705fe1cbe4111b6f2c99ce8d05c8c/gnocchi.3eee7a32-53a2-46c9-a1cf-d4d4b8b181ea/none_v3" "txb132e25c485d431e8c7f0-006933ed2f" "proxy-server 20" 0.0101 "-" 24 0
Dec 6 08:45:35 np0005548786 container-server[119974]: 172.20.0.105 - - [06/Dec/2025:08:45:35 +0000] "PUT /d1/424/AUTH_660705fe1cbe4111b6f2c99ce8d05c8c/gnocchi.3049b2d9-0574-4d28-bb72-646fb8404312/1764720000.0_mean_300.0_v3" 201 - "PUT http://172.18.0.250:8080/d1/15/AUTH_660705fe1cbe4111b6f2c99ce8d05c8c/gnocchi.3049b2d9-0574-4d28-bb72-646fb8404312/1764720000.0_mean_300.0_v3" "tx9ee4c9f8e677410592631-006933ed2f" "object-server 23" 0.0005 "-" 21 0
Dec 6 08:45:35 np0005548786 object-server[120403]: 172.20.0.105 - - [06/Dec/2025:08:45:35 +0000] "PUT /d1/15/AUTH_660705fe1cbe4111b6f2c99ce8d05c8c/gnocchi.3049b2d9-0574-4d28-bb72-646fb8404312/1764720000.0_mean_300.0_v3" 201 - "PUT http://172.18.0.250:8080/v1/AUTH_660705fe1cbe4111b6f2c99ce8d05c8c/gnocchi.3049b2d9-0574-4d28-bb72-646fb8404312/1764720000.0_mean_300.0_v3" "tx9ee4c9f8e677410592631-006933ed2f" "proxy-server 20" 0.0124 "-" 22 0
Dec 6 08:45:35 np0005548786 container-server[119983]: 172.20.0.103 - - [06/Dec/2025:08:45:35 +0000] "PUT /d1/843/AUTH_660705fe1cbe4111b6f2c99ce8d05c8c/gnocchi.3eee7a32-53a2-46c9-a1cf-d4d4b8b181ea/none_v3" 201 - "PUT http://172.18.0.250:8080/d1/57/AUTH_660705fe1cbe4111b6f2c99ce8d05c8c/gnocchi.3eee7a32-53a2-46c9-a1cf-d4d4b8b181ea/none_v3" "txb132e25c485d431e8c7f0-006933ed2f" "object-server 23" 0.0004 "-" 22 0
Dec 6 08:45:35 np0005548786 container-server[119974]: 172.20.0.103 - - [06/Dec/2025:08:45:35 +0000] "PUT /d1/966/AUTH_660705fe1cbe4111b6f2c99ce8d05c8c/gnocchi.6de8b682-90f0-4f0f-b96a-3498607060cc/1764720000.0_mean_300.0_v3" 201 - "PUT http://172.18.0.250:8080/d1/393/AUTH_660705fe1cbe4111b6f2c99ce8d05c8c/gnocchi.6de8b682-90f0-4f0f-b96a-3498607060cc/1764720000.0_mean_300.0_v3" "tx16fbff7657f6404ba9be5-006933ed2f" "object-server 23" 0.0004 "-" 21 0
Dec 6 08:45:35 np0005548786 object-server[120431]: 172.20.0.104 - - [06/Dec/2025:08:45:35 +0000] "PUT /d1/393/AUTH_660705fe1cbe4111b6f2c99ce8d05c8c/gnocchi.6de8b682-90f0-4f0f-b96a-3498607060cc/1764720000.0_mean_300.0_v3" 201 - "PUT http://172.18.0.250:8080/v1/AUTH_660705fe1cbe4111b6f2c99ce8d05c8c/gnocchi.6de8b682-90f0-4f0f-b96a-3498607060cc/1764720000.0_mean_300.0_v3" "tx16fbff7657f6404ba9be5-006933ed2f" "proxy-server 20" 0.0165 "-" 25 0
Dec 6 08:45:35 np0005548786 proxy-server[121806]: 172.18.0.105 172.18.0.104 06/Dec/2025/08/45/35 PUT /v1/AUTH_660705fe1cbe4111b6f2c99ce8d05c8c/gnocchi.6de8b682-90f0-4f0f-b96a-3498607060cc/1764720000.0_mean_300.0_v3 HTTP/1.0 201 - python-swiftclient-3.11.1 gAAAAABpM-yzR85B... 16 - - tx16fbff7657f6404ba9be5-006933ed2f - 0.0249 - - 1765010735.120684624 1765010735.145611763 0
Dec 6 08:45:35 np0005548786 container-server[119983]: 172.20.0.104 - - [06/Dec/2025:08:45:35 +0000] "PUT /d1/424/AUTH_660705fe1cbe4111b6f2c99ce8d05c8c/gnocchi.3049b2d9-0574-4d28-bb72-646fb8404312/none_v3" 201 - "PUT http://172.18.0.250:8080/d1/949/AUTH_660705fe1cbe4111b6f2c99ce8d05c8c/gnocchi.3049b2d9-0574-4d28-bb72-646fb8404312/none_v3" "tx1944bf07478e4a93aeafe-006933ed2f" "object-server 23" 0.0006 "-" 22 0
Dec 6 08:45:35 np0005548786 object-server[120423]: 172.20.0.103 - - [06/Dec/2025:08:45:35 +0000] "PUT /d1/949/AUTH_660705fe1cbe4111b6f2c99ce8d05c8c/gnocchi.3049b2d9-0574-4d28-bb72-646fb8404312/none_v3" 201 - "PUT http://172.18.0.250:8080/v1/AUTH_660705fe1cbe4111b6f2c99ce8d05c8c/gnocchi.3049b2d9-0574-4d28-bb72-646fb8404312/none_v3" "tx1944bf07478e4a93aeafe-006933ed2f" "proxy-server 20" 0.0128 "-" 23 0
Dec 6 08:45:35 np0005548786 object-server[120425]: 172.20.0.105 - - [06/Dec/2025:08:45:35 +0000] "PUT /d1/460/AUTH_660705fe1cbe4111b6f2c99ce8d05c8c/gnocchi.6de8b682-90f0-4f0f-b96a-3498607060cc/none_v3" 201 - "PUT http://172.18.0.250:8080/v1/AUTH_660705fe1cbe4111b6f2c99ce8d05c8c/gnocchi.6de8b682-90f0-4f0f-b96a-3498607060cc/none_v3" "txf4fdec1ef50b4f8e813fc-006933ed2f" "proxy-server 20" 0.0118 "-" 24 0
Dec 6 08:45:35 np0005548786 container-server[119965]: 172.20.0.105 - - [06/Dec/2025:08:45:35 +0000] "PUT /d1/966/AUTH_660705fe1cbe4111b6f2c99ce8d05c8c/gnocchi.6de8b682-90f0-4f0f-b96a-3498607060cc/none_v3" 201 - "PUT http://172.18.0.250:8080/d1/460/AUTH_660705fe1cbe4111b6f2c99ce8d05c8c/gnocchi.6de8b682-90f0-4f0f-b96a-3498607060cc/none_v3" "txf4fdec1ef50b4f8e813fc-006933ed2f" "object-server 24" 0.0006 "-" 20 0
Dec 6 08:45:35 np0005548786 container-server[119974]: 172.20.0.104 - - [06/Dec/2025:08:45:35 +0000] "HEAD /d1/634/AUTH_660705fe1cbe4111b6f2c99ce8d05c8c/gnocchi.2c43ece9-797e-4ae6-bddd-ba23e3890bbb" 404 - "HEAD http://172.18.0.250:8080/v1/AUTH_660705fe1cbe4111b6f2c99ce8d05c8c/gnocchi.2c43ece9-797e-4ae6-bddd-ba23e3890bbb?format=json&states=listing" "tx5496444503a8431e8835e-006933ed2f" "proxy-server 20" 0.0004 "-" 21 0
Dec 6 08:45:35 np0005548786 object-server[120425]: 172.20.0.104 - - [06/Dec/2025:08:45:35 +0000] "GET /d1/540/AUTH_660705fe1cbe4111b6f2c99ce8d05c8c/gnocchi.2c43ece9-797e-4ae6-bddd-ba23e3890bbb/none_v3" 404 70 "GET http://172.18.0.250:8080/v1/AUTH_660705fe1cbe4111b6f2c99ce8d05c8c/gnocchi.2c43ece9-797e-4ae6-bddd-ba23e3890bbb/none_v3" "tx5496444503a8431e8835e-006933ed2f" "proxy-server 20" 0.0004 "-" 24 0
Dec 6 08:45:35 np0005548786 proxy-server[121806]: 172.18.0.250 172.18.0.104 06/Dec/2025/08/45/35 GET /v1/AUTH_660705fe1cbe4111b6f2c99ce8d05c8c/gnocchi.2c43ece9-797e-4ae6-bddd-ba23e3890bbb/none_v3 HTTP/1.0 404 - python-swiftclient-3.11.1 gAAAAABpM-z074rw... - 70 - tx5496444503a8431e8835e-006933ed2f - 0.0306 - - 1765010735.161263466 1765010735.191891432 0
Dec 6 08:45:35 np0005548786 container-server[119974]: 172.20.0.105 - - [06/Dec/2025:08:45:35 +0000] "HEAD /d1/416/AUTH_660705fe1cbe4111b6f2c99ce8d05c8c/gnocchi.d400a804-56de-4531-910f-f2cfab3cebbf" 404 - "HEAD http://172.18.0.250:8080/v1/AUTH_660705fe1cbe4111b6f2c99ce8d05c8c/gnocchi.d400a804-56de-4531-910f-f2cfab3cebbf?format=json&states=listing" "txf4f6ef9dabe245378518f-006933ed2f" "proxy-server 20" 0.0005 "-" 21 0
Dec 6 08:45:35 np0005548786 container-server[119974]: 172.20.0.104 - - [06/Dec/2025:08:45:35 +0000] "HEAD /d1/534/AUTH_660705fe1cbe4111b6f2c99ce8d05c8c/gnocchi.dd1c1d8e-44fb-47a2-a3f8-097ad581941f" 404 - "HEAD http://172.18.0.250:8080/v1/AUTH_660705fe1cbe4111b6f2c99ce8d05c8c/gnocchi.dd1c1d8e-44fb-47a2-a3f8-097ad581941f?format=json&states=listing" "tx19ca39047aa34be3a7baf-006933ed2f" "proxy-server 20" 0.0004 "-" 21 0
Dec 6 08:45:35 np0005548786 account-server[119700]: 172.20.0.105 - - [06/Dec/2025:08:45:35 +0000] "PUT /d1/82/AUTH_660705fe1cbe4111b6f2c99ce8d05c8c/gnocchi.2c43ece9-797e-4ae6-bddd-ba23e3890bbb" 201 - "PUT http://172.20.0.105:6001/d1/634/AUTH_660705fe1cbe4111b6f2c99ce8d05c8c/gnocchi.2c43ece9-797e-4ae6-bddd-ba23e3890bbb" "txb310cda00d8a418aabbbb-006933ed2f" "container-server 16" 0.0040 "-" 20 0
Dec 6 08:45:35 np0005548786 container-server[119974]: 172.20.0.103 - - [06/Dec/2025:08:45:35 +0000] "PUT /d1/634/AUTH_660705fe1cbe4111b6f2c99ce8d05c8c/gnocchi.2c43ece9-797e-4ae6-bddd-ba23e3890bbb" 201 - "PUT http://172.18.0.250:8080/v1/AUTH_660705fe1cbe4111b6f2c99ce8d05c8c/gnocchi.2c43ece9-797e-4ae6-bddd-ba23e3890bbb" "txb310cda00d8a418aabbbb-006933ed2f" "proxy-server 20" 0.0160 "-" 21 0
Dec 6 08:45:35 np0005548786 object-server[120431]: 172.20.0.104 - - [06/Dec/2025:08:45:35 +0000] "GET /d1/734/AUTH_660705fe1cbe4111b6f2c99ce8d05c8c/gnocchi.dd1c1d8e-44fb-47a2-a3f8-097ad581941f/none_v3" 404 70 "GET http://172.18.0.250:8080/v1/AUTH_660705fe1cbe4111b6f2c99ce8d05c8c/gnocchi.dd1c1d8e-44fb-47a2-a3f8-097ad581941f/none_v3" "tx19ca39047aa34be3a7baf-006933ed2f" "proxy-server 20" 0.0004 "-" 25 0
Dec 6 08:45:35 np0005548786 object-server[120431]: 172.20.0.105 - - [06/Dec/2025:08:45:35 +0000] "GET /d1/761/AUTH_660705fe1cbe4111b6f2c99ce8d05c8c/gnocchi.d400a804-56de-4531-910f-f2cfab3cebbf/none_v3" 404 70 "GET http://172.18.0.250:8080/v1/AUTH_660705fe1cbe4111b6f2c99ce8d05c8c/gnocchi.d400a804-56de-4531-910f-f2cfab3cebbf/none_v3" "txf4f6ef9dabe245378518f-006933ed2f" "proxy-server 20" 0.0004 "-" 25 0
Dec 6 08:45:35 np0005548786 proxy-server[121806]: 172.18.0.103 172.18.0.104 06/Dec/2025/08/45/35 GET /v1/AUTH_660705fe1cbe4111b6f2c99ce8d05c8c/gnocchi.dd1c1d8e-44fb-47a2-a3f8-097ad581941f/none_v3 HTTP/1.0 404 - python-swiftclient-3.11.1 gAAAAABpM-z9-YGG... - 70 - tx19ca39047aa34be3a7baf-006933ed2f - 0.0304 - - 1765010735.205890894 1765010735.236327410 0
Dec 6 08:45:35 np0005548786 container-server[119990]: 172.20.0.103 - - [06/Dec/2025:08:45:35 +0000] "HEAD /d1/634/AUTH_660705fe1cbe4111b6f2c99ce8d05c8c/gnocchi.2c43ece9-797e-4ae6-bddd-ba23e3890bbb" 204 - "HEAD http://172.18.0.250:8080/v1/AUTH_660705fe1cbe4111b6f2c99ce8d05c8c/gnocchi.2c43ece9-797e-4ae6-bddd-ba23e3890bbb?format=json&states=listing" "txb5329e8ee8a14604bffba-006933ed2f" "proxy-server 20" 0.0027 "-" 23 0
Dec 6 08:45:35 np0005548786 container-server[119974]: 172.20.0.105 - - [06/Dec/2025:08:45:35 +0000] "PUT /d1/416/AUTH_660705fe1cbe4111b6f2c99ce8d05c8c/gnocchi.d400a804-56de-4531-910f-f2cfab3cebbf" 201 - "PUT http://172.18.0.250:8080/v1/AUTH_660705fe1cbe4111b6f2c99ce8d05c8c/gnocchi.d400a804-56de-4531-910f-f2cfab3cebbf" "txf75ba1527af0431198c1c-006933ed2f" "proxy-server 20" 0.0178 "-" 21 0
Dec 6 08:45:35 np0005548786 account-server[119779]: 172.20.0.104 - - [06/Dec/2025:08:45:35 +0000] "PUT /d1/82/AUTH_660705fe1cbe4111b6f2c99ce8d05c8c/gnocchi.dd1c1d8e-44fb-47a2-a3f8-097ad581941f" 201 - "PUT http://172.20.0.104:6001/d1/534/AUTH_660705fe1cbe4111b6f2c99ce8d05c8c/gnocchi.dd1c1d8e-44fb-47a2-a3f8-097ad581941f" "tx0f162cd568cb46f0a8d24-006933ed2f" "container-server 20" 0.0070 "-" 23 0
Dec 6 08:45:35 np0005548786 container-server[119965]: 172.20.0.104 - - [06/Dec/2025:08:45:35 +0000] "PUT /d1/534/AUTH_660705fe1cbe4111b6f2c99ce8d05c8c/gnocchi.dd1c1d8e-44fb-47a2-a3f8-097ad581941f" 201 - "PUT http://172.18.0.250:8080/v1/AUTH_660705fe1cbe4111b6f2c99ce8d05c8c/gnocchi.dd1c1d8e-44fb-47a2-a3f8-097ad581941f" "tx0f162cd568cb46f0a8d24-006933ed2f" "proxy-server 20" 0.0195 "-" 20 0
Dec 6 08:45:35 np0005548786 object-server[120423]: 172.20.0.103 - - [06/Dec/2025:08:45:35 +0000] "GET /d1/932/AUTH_660705fe1cbe4111b6f2c99ce8d05c8c/gnocchi.2c43ece9-797e-4ae6-bddd-ba23e3890bbb/1764720000.0_mean_300.0_v3" 404 70 "GET http://172.18.0.250:8080/v1/AUTH_660705fe1cbe4111b6f2c99ce8d05c8c/gnocchi.2c43ece9-797e-4ae6-bddd-ba23e3890bbb/1764720000.0_mean_300.0_v3" "tx918998eae7484e8aaa1b8-006933ed2f" "proxy-server 20" 0.0007 "-" 23 0
