Dec 6 08:45:35 np0005548786 account-server[119700]: 172.20.0.103 - - [06/Dec/2025:08:45:35 +0000] "PUT /d1/82/AUTH_660705fe1cbe4111b6f2c99ce8d05c8c/gnocchi.d400a804-56de-4531-910f-f2cfab3cebbf" 201 - "PUT http://172.20.0.103:6001/d1/416/AUTH_660705fe1cbe4111b6f2c99ce8d05c8c/gnocchi.d400a804-56de-4531-910f-f2cfab3cebbf" "txf75ba1527af0431198c1c-006933ed2f" "container-server 20" 0.0063 "-" 20 0
Dec 6 08:45:35 np0005548786 proxy-server[121806]: 172.18.0.103 172.18.0.104 06/Dec/2025/08/45/35 PUT /v1/AUTH_660705fe1cbe4111b6f2c99ce8d05c8c/gnocchi.dd1c1d8e-44fb-47a2-a3f8-097ad581941f HTTP/1.0 201 - python-swiftclient-3.11.1 gAAAAABpM-z9-YGG... - - - tx0f162cd568cb46f0a8d24-006933ed2f - 0.0404 - - 1765010735.241381168 1765010735.281800747 0
Dec 6 08:45:35 np0005548786 proxy-server[121806]: - - 06/Dec/2025/08/45/35 HEAD /v1/AUTH_660705fe1cbe4111b6f2c99ce8d05c8c/gnocchi.dd1c1d8e-44fb-47a2-a3f8-097ad581941f%3Fformat%3Djson%26states%3Dlisting HTTP/1.0 204 - Swift - - - - txf5940ab6817c4ea58a712-006933ed2f - 0.0089 RL - 1765010735.290482998 1765010735.299414635 0
Dec 6 08:45:35 np0005548786 container-server[119974]: 172.20.0.105 - - [06/Dec/2025:08:45:35 +0000] "PUT /d1/634/AUTH_660705fe1cbe4111b6f2c99ce8d05c8c/gnocchi.2c43ece9-797e-4ae6-bddd-ba23e3890bbb/1764720000.0_mean_300.0_v3" 201 - "PUT http://172.18.0.250:8080/d1/932/AUTH_660705fe1cbe4111b6f2c99ce8d05c8c/gnocchi.2c43ece9-797e-4ae6-bddd-ba23e3890bbb/1764720000.0_mean_300.0_v3" "tx0d17e6e7a96a452790ce3-006933ed2f" "object-server 25" 0.0005 "-" 21 0
Dec 6 08:45:35 np0005548786 object-server[120403]: 172.20.0.105 - - [06/Dec/2025:08:45:35 +0000] "PUT /d1/932/AUTH_660705fe1cbe4111b6f2c99ce8d05c8c/gnocchi.2c43ece9-797e-4ae6-bddd-ba23e3890bbb/1764720000.0_mean_300.0_v3" 201 - "PUT http://172.18.0.250:8080/v1/AUTH_660705fe1cbe4111b6f2c99ce8d05c8c/gnocchi.2c43ece9-797e-4ae6-bddd-ba23e3890bbb/1764720000.0_mean_300.0_v3" "tx0d17e6e7a96a452790ce3-006933ed2f" "proxy-server 20" 0.0121 "-" 22 0
Dec 6 08:45:35 np0005548786 proxy-server[121806]: 172.18.0.103 172.18.0.104 06/Dec/2025/08/45/35 GET /v1/AUTH_660705fe1cbe4111b6f2c99ce8d05c8c/gnocchi.dd1c1d8e-44fb-47a2-a3f8-097ad581941f%3Fformat%3Djson%26states%3Dlisting HTTP/1.0 200 - python-swiftclient-3.11.1 gAAAAABpM-z9-YGG... - 2 - txf5940ab6817c4ea58a712-006933ed2f - 0.0268 - - 1765010735.288200378 1765010735.314972401 0
Dec 6 08:45:35 np0005548786 object-server[120431]: 172.20.0.103 - - [06/Dec/2025:08:45:35 +0000] "GET /d1/454/AUTH_660705fe1cbe4111b6f2c99ce8d05c8c/gnocchi.d400a804-56de-4531-910f-f2cfab3cebbf/1764720000.0_mean_300.0_v3" 404 70 "GET http://172.18.0.250:8080/v1/AUTH_660705fe1cbe4111b6f2c99ce8d05c8c/gnocchi.d400a804-56de-4531-910f-f2cfab3cebbf/1764720000.0_mean_300.0_v3" "txcad86add19eb460f847dc-006933ed2f" "proxy-server 20" 0.0004 "-" 25 0
Dec 6 08:45:35 np0005548786 container-server[119983]: 172.20.0.104 - - [06/Dec/2025:08:45:35 +0000] "PUT /d1/634/AUTH_660705fe1cbe4111b6f2c99ce8d05c8c/gnocchi.2c43ece9-797e-4ae6-bddd-ba23e3890bbb/none_v3" 201 - "PUT http://172.18.0.250:8080/d1/540/AUTH_660705fe1cbe4111b6f2c99ce8d05c8c/gnocchi.2c43ece9-797e-4ae6-bddd-ba23e3890bbb/none_v3" "tx8438b96fd00946c79959e-006933ed2f" "object-server 25" 0.0006 "-" 22 0
Dec 6 08:45:35 np0005548786 object-server[120425]: 172.20.0.104 - - [06/Dec/2025:08:45:35 +0000] "GET /d1/913/AUTH_660705fe1cbe4111b6f2c99ce8d05c8c/gnocchi.dd1c1d8e-44fb-47a2-a3f8-097ad581941f/1764720000.0_mean_300.0_v3" 404 70 "GET http://172.18.0.250:8080/v1/AUTH_660705fe1cbe4111b6f2c99ce8d05c8c/gnocchi.dd1c1d8e-44fb-47a2-a3f8-097ad581941f/1764720000.0_mean_300.0_v3" "txa3fe1a0591fb447fa76f1-006933ed2f" "proxy-server 20" 0.0003 "-" 24 0
Dec 6 08:45:35 np0005548786 object-server[120431]: 172.20.0.105 - - [06/Dec/2025:08:45:35 +0000] "PUT /d1/540/AUTH_660705fe1cbe4111b6f2c99ce8d05c8c/gnocchi.2c43ece9-797e-4ae6-bddd-ba23e3890bbb/none_v3" 201 - "PUT http://172.18.0.250:8080/v1/AUTH_660705fe1cbe4111b6f2c99ce8d05c8c/gnocchi.2c43ece9-797e-4ae6-bddd-ba23e3890bbb/none_v3" "tx8438b96fd00946c79959e-006933ed2f" "proxy-server 20" 0.0128 "-" 25 0
Dec 6 08:45:35 np0005548786 proxy-server[121806]: 172.18.0.103 172.18.0.104 06/Dec/2025/08/45/35 GET /v1/AUTH_660705fe1cbe4111b6f2c99ce8d05c8c/gnocchi.dd1c1d8e-44fb-47a2-a3f8-097ad581941f/1764720000.0_mean_300.0_v3 HTTP/1.0 404 - python-swiftclient-3.11.1 gAAAAABpM-z9-YGG... - 70 - txa3fe1a0591fb447fa76f1-006933ed2f - 0.0209 - - 1765010735.319798231 1765010735.340685606 0
Dec 6 08:45:35 np0005548786 container-server[119965]: 172.20.0.104 - - [06/Dec/2025:08:45:35 +0000] "PUT /d1/416/AUTH_660705fe1cbe4111b6f2c99ce8d05c8c/gnocchi.d400a804-56de-4531-910f-f2cfab3cebbf/1764720000.0_mean_300.0_v3" 201 - "PUT http://172.18.0.250:8080/d1/454/AUTH_660705fe1cbe4111b6f2c99ce8d05c8c/gnocchi.d400a804-56de-4531-910f-f2cfab3cebbf/1764720000.0_mean_300.0_v3" "tx0fb1607eee5b4063821b0-006933ed2f" "object-server 25" 0.0009 "-" 20 0
Dec 6 08:45:35 np0005548786 object-server[120431]: 172.20.0.103 - - [06/Dec/2025:08:45:35 +0000] "PUT /d1/454/AUTH_660705fe1cbe4111b6f2c99ce8d05c8c/gnocchi.d400a804-56de-4531-910f-f2cfab3cebbf/1764720000.0_mean_300.0_v3" 201 - "PUT http://172.18.0.250:8080/v1/AUTH_660705fe1cbe4111b6f2c99ce8d05c8c/gnocchi.d400a804-56de-4531-910f-f2cfab3cebbf/1764720000.0_mean_300.0_v3" "tx0fb1607eee5b4063821b0-006933ed2f" "proxy-server 20" 0.0142 "-" 25 0
Dec 6 08:45:35 np0005548786 container-server[119974]: 172.20.0.104 - - [06/Dec/2025:08:45:35 +0000] "PUT /d1/534/AUTH_660705fe1cbe4111b6f2c99ce8d05c8c/gnocchi.dd1c1d8e-44fb-47a2-a3f8-097ad581941f/1764720000.0_mean_300.0_v3" 201 - "PUT http://172.18.0.250:8080/d1/913/AUTH_660705fe1cbe4111b6f2c99ce8d05c8c/gnocchi.dd1c1d8e-44fb-47a2-a3f8-097ad581941f/1764720000.0_mean_300.0_v3" "tx88985dc27a314117a7aed-006933ed2f" "object-server 24" 0.0006 "-" 21 0
Dec 6 08:45:35 np0005548786 object-server[120425]: 172.20.0.105 - - [06/Dec/2025:08:45:35 +0000] "PUT /d1/913/AUTH_660705fe1cbe4111b6f2c99ce8d05c8c/gnocchi.dd1c1d8e-44fb-47a2-a3f8-097ad581941f/1764720000.0_mean_300.0_v3" 201 - "PUT http://172.18.0.250:8080/v1/AUTH_660705fe1cbe4111b6f2c99ce8d05c8c/gnocchi.dd1c1d8e-44fb-47a2-a3f8-097ad581941f/1764720000.0_mean_300.0_v3" "tx88985dc27a314117a7aed-006933ed2f" "proxy-server 20" 0.0113 "-" 24 0
Dec 6 08:45:35 np0005548786 container-server[119990]: 172.20.0.104 - - [06/Dec/2025:08:45:35 +0000] "HEAD /d1/385/AUTH_660705fe1cbe4111b6f2c99ce8d05c8c/gnocchi.0519cf7f-c3e9-4ba0-a8df-4ca7944a08f0" 404 - "HEAD http://172.18.0.250:8080/v1/AUTH_660705fe1cbe4111b6f2c99ce8d05c8c/gnocchi.0519cf7f-c3e9-4ba0-a8df-4ca7944a08f0?format=json&states=listing" "tx8551336c1bf248d593205-006933ed2f" "proxy-server 20" 0.0005 "-" 23 0
Dec 6 08:45:35 np0005548786 container-server[119983]: 172.20.0.105 - - [06/Dec/2025:08:45:35 +0000] "PUT /d1/534/AUTH_660705fe1cbe4111b6f2c99ce8d05c8c/gnocchi.dd1c1d8e-44fb-47a2-a3f8-097ad581941f/none_v3" 201 - "PUT http://172.18.0.250:8080/d1/734/AUTH_660705fe1cbe4111b6f2c99ce8d05c8c/gnocchi.dd1c1d8e-44fb-47a2-a3f8-097ad581941f/none_v3" "txc738bd9b2ba042d0b9cdb-006933ed2f" "object-server 24" 0.0007 "-" 22 0
Dec 6 08:45:35 np0005548786 object-server[120423]: 172.20.0.104 - - [06/Dec/2025:08:45:35 +0000] "GET /d1/908/AUTH_660705fe1cbe4111b6f2c99ce8d05c8c/gnocchi.0519cf7f-c3e9-4ba0-a8df-4ca7944a08f0/none_v3" 404 70 "GET http://172.18.0.250:8080/v1/AUTH_660705fe1cbe4111b6f2c99ce8d05c8c/gnocchi.0519cf7f-c3e9-4ba0-a8df-4ca7944a08f0/none_v3" "tx8551336c1bf248d593205-006933ed2f" "proxy-server 20" 0.0008 "-" 23 0
Dec 6 08:45:35 np0005548786 proxy-server[121806]: 172.18.0.250 172.18.0.104 06/Dec/2025/08/45/35 GET /v1/AUTH_660705fe1cbe4111b6f2c99ce8d05c8c/gnocchi.0519cf7f-c3e9-4ba0-a8df-4ca7944a08f0/none_v3 HTTP/1.0 404 - python-swiftclient-3.11.1 gAAAAABpM-z074rw... - 70 - tx8551336c1bf248d593205-006933ed2f - 0.0365 - - 1765010735.355495453 1765010735.392011881 0
Dec 6 08:45:35 np0005548786 container-server[119990]: 172.20.0.104 - - [06/Dec/2025:08:45:35 +0000] "PUT /d1/416/AUTH_660705fe1cbe4111b6f2c99ce8d05c8c/gnocchi.d400a804-56de-4531-910f-f2cfab3cebbf/none_v3" 201 - "PUT http://172.18.0.250:8080/d1/761/AUTH_660705fe1cbe4111b6f2c99ce8d05c8c/gnocchi.d400a804-56de-4531-910f-f2cfab3cebbf/none_v3" "txd5e44370feea4127932ac-006933ed2f" "object-server 23" 0.0009 "-" 23 0
Dec 6 08:45:35 np0005548786 object-server[120423]: 172.20.0.103 - - [06/Dec/2025:08:45:35 +0000] "PUT /d1/761/AUTH_660705fe1cbe4111b6f2c99ce8d05c8c/gnocchi.d400a804-56de-4531-910f-f2cfab3cebbf/none_v3" 201 - "PUT http://172.18.0.250:8080/v1/AUTH_660705fe1cbe4111b6f2c99ce8d05c8c/gnocchi.d400a804-56de-4531-910f-f2cfab3cebbf/none_v3" "txd5e44370feea4127932ac-006933ed2f" "proxy-server 20" 0.0249 "-" 23 0
Dec 6 08:45:35 np0005548786 object-server[120423]: 172.20.0.105 - - [06/Dec/2025:08:45:35 +0000] "PUT /d1/734/AUTH_660705fe1cbe4111b6f2c99ce8d05c8c/gnocchi.dd1c1d8e-44fb-47a2-a3f8-097ad581941f/none_v3" 201 - "PUT http://172.18.0.250:8080/v1/AUTH_660705fe1cbe4111b6f2c99ce8d05c8c/gnocchi.dd1c1d8e-44fb-47a2-a3f8-097ad581941f/none_v3" "txc738bd9b2ba042d0b9cdb-006933ed2f" "proxy-server 20" 0.0282 "-" 23 0
Dec 6 08:45:35 np0005548786 container-server[119974]: 172.20.0.104 - - [06/Dec/2025:08:45:35 +0000] "PUT /d1/385/AUTH_660705fe1cbe4111b6f2c99ce8d05c8c/gnocchi.0519cf7f-c3e9-4ba0-a8df-4ca7944a08f0" 201 - "PUT http://172.18.0.250:8080/v1/AUTH_660705fe1cbe4111b6f2c99ce8d05c8c/gnocchi.0519cf7f-c3e9-4ba0-a8df-4ca7944a08f0" "tx046aefb1eecd4e1e8c332-006933ed2f" "proxy-server 20" 0.0188 "-" 21 0
Dec 6 08:45:35 np0005548786 account-server[119700]: 172.20.0.105 - - [06/Dec/2025:08:45:35 +0000] "PUT /d1/82/AUTH_660705fe1cbe4111b6f2c99ce8d05c8c/gnocchi.0519cf7f-c3e9-4ba0-a8df-4ca7944a08f0" 201 - "PUT http://172.20.0.105:6001/d1/385/AUTH_660705fe1cbe4111b6f2c99ce8d05c8c/gnocchi.0519cf7f-c3e9-4ba0-a8df-4ca7944a08f0" "tx046aefb1eecd4e1e8c332-006933ed2f" "container-server 14" 0.0069 "-" 20 0
Dec 6 08:45:35 np0005548786 container-server[119974]: 172.20.0.103 - - [06/Dec/2025:08:45:35 +0000] "HEAD /d1/749/AUTH_660705fe1cbe4111b6f2c99ce8d05c8c/gnocchi.4b6439be-9db9-41d6-bbee-110acb6b0c29" 404 - "HEAD http://172.18.0.250:8080/v1/AUTH_660705fe1cbe4111b6f2c99ce8d05c8c/gnocchi.4b6439be-9db9-41d6-bbee-110acb6b0c29?format=json&states=listing" "tx14b6f1d453f14060af245-006933ed2f" "proxy-server 20" 0.0003 "-" 21 0
Dec 6 08:45:35 np0005548786 proxy-server[121806]: 172.18.0.250 172.18.0.104 06/Dec/2025/08/45/35 PUT /v1/AUTH_660705fe1cbe4111b6f2c99ce8d05c8c/gnocchi.0519cf7f-c3e9-4ba0-a8df-4ca7944a08f0 HTTP/1.0 201 - python-swiftclient-3.11.1 gAAAAABpM-z074rw... - - - tx046aefb1eecd4e1e8c332-006933ed2f - 0.0325 - - 1765010735.398444891 1765010735.430938721 0
Dec 6 08:45:35 np0005548786 container-server[119990]: 172.20.0.105 - - [06/Dec/2025:08:45:35 +0000] "HEAD /d1/511/AUTH_660705fe1cbe4111b6f2c99ce8d05c8c/gnocchi.97ff4fdb-49f5-4882-a59e-2ce2f572c718" 404 - "HEAD http://172.18.0.250:8080/v1/AUTH_660705fe1cbe4111b6f2c99ce8d05c8c/gnocchi.97ff4fdb-49f5-4882-a59e-2ce2f572c718?format=json&states=listing" "tx911f6e13ae524355908e7-006933ed2f" "proxy-server 20" 0.0005 "-" 23 0
Dec 6 08:45:35 np0005548786 container-server[119990]: 172.20.0.104 - - [06/Dec/2025:08:45:35 +0000] "HEAD /d1/385/AUTH_660705fe1cbe4111b6f2c99ce8d05c8c/gnocchi.0519cf7f-c3e9-4ba0-a8df-4ca7944a08f0" 204 - "HEAD http://172.18.0.250:8080/v1/AUTH_660705fe1cbe4111b6f2c99ce8d05c8c/gnocchi.0519cf7f-c3e9-4ba0-a8df-4ca7944a08f0?format=json&states=listing" "txb68c9d3f24774c9aa01db-006933ed2f" "proxy-server 20" 0.0021 "-" 23 0
Dec 6 08:45:35 np0005548786 proxy-server[121806]: - - 06/Dec/2025/08/45/35 HEAD /v1/AUTH_660705fe1cbe4111b6f2c99ce8d05c8c/gnocchi.0519cf7f-c3e9-4ba0-a8df-4ca7944a08f0%3Fformat%3Djson%26states%3Dlisting HTTP/1.0 204 - Swift - - - - txb68c9d3f24774c9aa01db-006933ed2f - 0.0068 RL - 1765010735.438519001 1765010735.445318937 0
Dec 6 08:45:35 np0005548786 object-server[120423]: 172.20.0.103 - - [06/Dec/2025:08:45:35 +0000] "GET /d1/385/AUTH_660705fe1cbe4111b6f2c99ce8d05c8c/gnocchi.4b6439be-9db9-41d6-bbee-110acb6b0c29/none_v3" 404 70 "GET http://172.18.0.250:8080/v1/AUTH_660705fe1cbe4111b6f2c99ce8d05c8c/gnocchi.4b6439be-9db9-41d6-bbee-110acb6b0c29/none_v3" "tx14b6f1d453f14060af245-006933ed2f" "proxy-server 20" 0.0005 "-" 23 0
Dec 6 08:45:35 np0005548786 object-server[120431]: 172.20.0.105 - - [06/Dec/2025:08:45:35 +0000] "GET /d1/550/AUTH_660705fe1cbe4111b6f2c99ce8d05c8c/gnocchi.97ff4fdb-49f5-4882-a59e-2ce2f572c718/none_v3" 404 70 "GET http://172.18.0.250:8080/v1/AUTH_660705fe1cbe4111b6f2c99ce8d05c8c/gnocchi.97ff4fdb-49f5-4882-a59e-2ce2f572c718/none_v3" "tx911f6e13ae524355908e7-006933ed2f" "proxy-server 20" 0.0006 "-" 25 0
Dec 6 08:45:35 np0005548786 proxy-server[121806]: 172.18.0.250 172.18.0.104 06/Dec/2025/08/45/35 GET /v1/AUTH_660705fe1cbe4111b6f2c99ce8d05c8c/gnocchi.0519cf7f-c3e9-4ba0-a8df-4ca7944a08f0%3Fformat%3Djson%26states%3Dlisting HTTP/1.0 200 - python-swiftclient-3.11.1 gAAAAABpM-z074rw... - 2 - txb68c9d3f24774c9aa01db-006933ed2f - 0.0207 - - 1765010735.436390162 1765010735.457087278 0
Dec 6 08:45:35 np0005548786 object-server[120425]: 172.20.0.104 - - [06/Dec/2025:08:45:35 +0000] "GET /d1/282/AUTH_660705fe1cbe4111b6f2c99ce8d05c8c/gnocchi.0519cf7f-c3e9-4ba0-a8df-4ca7944a08f0/1764720000.0_mean_300.0_v3" 404 70 "GET http://172.18.0.250:8080/v1/AUTH_660705fe1cbe4111b6f2c99ce8d05c8c/gnocchi.0519cf7f-c3e9-4ba0-a8df-4ca7944a08f0/1764720000.0_mean_300.0_v3" "tx67629d0f438346d2a7f46-006933ed2f" "proxy-server 20" 0.0003 "-" 24 0
Dec 6 08:45:35 np0005548786 proxy-server[121806]: 172.18.0.250 172.18.0.104 06/Dec/2025/08/45/35 GET /v1/AUTH_660705fe1cbe4111b6f2c99ce8d05c8c/gnocchi.0519cf7f-c3e9-4ba0-a8df-4ca7944a08f0/1764720000.0_mean_300.0_v3 HTTP/1.0 404 - python-swiftclient-3.11.1 gAAAAABpM-z074rw... - 70 - tx67629d0f438346d2a7f46-006933ed2f - 0.0145 - - 1765010735.461828709 1765010735.476295710 0
Dec 6 08:45:35 np0005548786 account-server[119700]: 172.20.0.105 - - [06/Dec/2025:08:45:35 +0000] "PUT /d1/82/AUTH_660705fe1cbe4111b6f2c99ce8d05c8c/gnocchi.97ff4fdb-49f5-4882-a59e-2ce2f572c718" 201 - "PUT http://172.20.0.105:6001/d1/511/AUTH_660705fe1cbe4111b6f2c99ce8d05c8c/gnocchi.97ff4fdb-49f5-4882-a59e-2ce2f572c718" "txc2585a71ffbf47f2a3233-006933ed2f" "container-server 14" 0.0069 "-" 20 0
Dec 6 08:45:35 np0005548786 container-server[119983]: 172.20.0.103 - - [06/Dec/2025:08:45:35 +0000] "PUT /d1/749/AUTH_660705fe1cbe4111b6f2c99ce8d05c8c/gnocchi.4b6439be-9db9-41d6-bbee-110acb6b0c29" 201 - "PUT http://172.18.0.250:8080/v1/AUTH_660705fe1cbe4111b6f2c99ce8d05c8c/gnocchi.4b6439be-9db9-41d6-bbee-110acb6b0c29" "tx4080d20156e04014834d1-006933ed2f" "proxy-server 20" 0.0243 "-" 22 0
Dec 6 08:45:35 np0005548786 account-server[119779]: 172.20.0.103 - - [06/Dec/2025:08:45:35 +0000] "PUT /d1/82/AUTH_660705fe1cbe4111b6f2c99ce8d05c8c/gnocchi.4b6439be-9db9-41d6-bbee-110acb6b0c29" 201 - "PUT http://172.20.0.103:6001/d1/749/AUTH_660705fe1cbe4111b6f2c99ce8d05c8c/gnocchi.4b6439be-9db9-41d6-bbee-110acb6b0c29" "tx4080d20156e04014834d1-006933ed2f" "container-server 21" 0.0067 "-" 23 0
Dec 6 08:45:35 np0005548786 container-server[119965]: 172.20.0.105 - - [06/Dec/2025:08:45:35 +0000] "PUT /d1/511/AUTH_660705fe1cbe4111b6f2c99ce8d05c8c/gnocchi.97ff4fdb-49f5-4882-a59e-2ce2f572c718" 201 - "PUT http://172.18.0.250:8080/v1/AUTH_660705fe1cbe4111b6f2c99ce8d05c8c/gnocchi.97ff4fdb-49f5-4882-a59e-2ce2f572c718" "txc2585a71ffbf47f2a3233-006933ed2f" "proxy-server 20" 0.0285 "-" 20 0
Dec 6 08:45:35 np0005548786 container-server[119974]: 172.20.0.104 - - [06/Dec/2025:08:45:35 +0000] "PUT /d1/385/AUTH_660705fe1cbe4111b6f2c99ce8d05c8c/gnocchi.0519cf7f-c3e9-4ba0-a8df-4ca7944a08f0/1764720000.0_mean_300.0_v3" 201 - "PUT http://172.18.0.250:8080/d1/282/AUTH_660705fe1cbe4111b6f2c99ce8d05c8c/gnocchi.0519cf7f-c3e9-4ba0-a8df-4ca7944a08f0/1764720000.0_mean_300.0_v3" "tx41ad8b3a46cd40578dde7-006933ed2f" "object-server 24" 0.0005 "-" 21 0
Dec 6 08:45:35 np0005548786 object-server[120425]: 172.20.0.104 - - [06/Dec/2025:08:45:35 +0000] "PUT /d1/282/AUTH_660705fe1cbe4111b6f2c99ce8d05c8c/gnocchi.0519cf7f-c3e9-4ba0-a8df-4ca7944a08f0/1764720000.0_mean_300.0_v3" 201 - "PUT http://172.18.0.250:8080/v1/AUTH_660705fe1cbe4111b6f2c99ce8d05c8c/gnocchi.0519cf7f-c3e9-4ba0-a8df-4ca7944a08f0/1764720000.0_mean_300.0_v3" "tx41ad8b3a46cd40578dde7-006933ed2f" "proxy-server 20" 0.0139 "-" 24 0
Dec 6 08:45:35 np0005548786 proxy-server[121806]: 172.18.0.250 172.18.0.104 06/Dec/2025/08/45/35 PUT /v1/AUTH_660705fe1cbe4111b6f2c99ce8d05c8c/gnocchi.0519cf7f-c3e9-4ba0-a8df-4ca7944a08f0/1764720000.0_mean_300.0_v3 HTTP/1.0 201 - python-swiftclient-3.11.1 gAAAAABpM-z074rw... 16 - - tx41ad8b3a46cd40578dde7-006933ed2f - 0.0224 - - 1765010735.480590343 1765010735.502969742 0
Dec 6 08:45:35 np0005548786 container-server[119990]: 172.20.0.103 - - [06/Dec/2025:08:45:35 +0000] "HEAD /d1/511/AUTH_660705fe1cbe4111b6f2c99ce8d05c8c/gnocchi.97ff4fdb-49f5-4882-a59e-2ce2f572c718" 204 - "HEAD http://172.18.0.250:8080/v1/AUTH_660705fe1cbe4111b6f2c99ce8d05c8c/gnocchi.97ff4fdb-49f5-4882-a59e-2ce2f572c718?format=json&states=listing" "tx51ecad53cd214f02b8b60-006933ed2f" "proxy-server 20" 0.0024 "-" 23 0
Dec 6 08:45:35 np0005548786 container-server[119974]: 172.20.0.104 - - [06/Dec/2025:08:45:35 +0000] "PUT /d1/385/AUTH_660705fe1cbe4111b6f2c99ce8d05c8c/gnocchi.0519cf7f-c3e9-4ba0-a8df-4ca7944a08f0/none_v3" 201 - "PUT http://172.18.0.250:8080/d1/908/AUTH_660705fe1cbe4111b6f2c99ce8d05c8c/gnocchi.0519cf7f-c3e9-4ba0-a8df-4ca7944a08f0/none_v3" "tx4a954046047443f48646f-006933ed2f" "object-server 22" 0.0005 "-" 21 0
Dec 6 08:45:35 np0005548786 object-server[120403]: 172.20.0.104 - - [06/Dec/2025:08:45:35 +0000] "PUT /d1/908/AUTH_660705fe1cbe4111b6f2c99ce8d05c8c/gnocchi.0519cf7f-c3e9-4ba0-a8df-4ca7944a08f0/none_v3" 201 - "PUT http://172.18.0.250:8080/v1/AUTH_660705fe1cbe4111b6f2c99ce8d05c8c/gnocchi.0519cf7f-c3e9-4ba0-a8df-4ca7944a08f0/none_v3" "tx4a954046047443f48646f-006933ed2f" "proxy-server 20" 0.0122 "-" 22 0
Dec 6 08:45:35 np0005548786 proxy-server[121806]: 172.18.0.250 172.18.0.104 06/Dec/2025/08/45/35 PUT /v1/AUTH_660705fe1cbe4111b6f2c99ce8d05c8c/gnocchi.0519cf7f-c3e9-4ba0-a8df-4ca7944a08f0/none_v3 HTTP/1.0 201 - python-swiftclient-3.11.1 gAAAAABpM-z074rw... 22 - - tx4a954046047443f48646f-006933ed2f - 0.0199 - - 1765010735.507689476 1765010735.527589083 0
Dec 6 08:45:35 np0005548786 object-server[120431]: 172.20.0.105 - - [06/Dec/2025:08:45:35 +0000] "GET /d1/74/AUTH_660705fe1cbe4111b6f2c99ce8d05c8c/gnocchi.4b6439be-9db9-41d6-bbee-110acb6b0c29/1764720000.0_mean_300.0_v3" 404 70 "GET http://172.18.0.250:8080/v1/AUTH_660705fe1cbe4111b6f2c99ce8d05c8c/gnocchi.4b6439be-9db9-41d6-bbee-110acb6b0c29/1764720000.0_mean_300.0_v3" "txcd6337a72cb5472195319-006933ed2f" "proxy-server 20" 0.0006 "-" 25 0
Dec 6 08:45:35 np0005548786 object-server[120403]: 172.20.0.104 - - [06/Dec/2025:08:45:35 +0000] "GET /d1/73/AUTH_660705fe1cbe4111b6f2c99ce8d05c8c/gnocchi.97ff4fdb-49f5-4882-a59e-2ce2f572c718/1764720000.0_mean_300.0_v3" 404 70 "GET http://172.18.0.250:8080/v1/AUTH_660705fe1cbe4111b6f2c99ce8d05c8c/gnocchi.97ff4fdb-49f5-4882-a59e-2ce2f572c718/1764720000.0_mean_300.0_v3" "tx12bdf3f1289e45fbab47e-006933ed2f" "proxy-server 20" 0.0004 "-" 22 0
Dec 6 08:45:35 np0005548786 proxy-server[121806]: 172.18.0.103 172.18.0.104 06/Dec/2025/08/45/35 GET /v1/AUTH_660705fe1cbe4111b6f2c99ce8d05c8c/gnocchi.97ff4fdb-49f5-4882-a59e-2ce2f572c718/1764720000.0_mean_300.0_v3 HTTP/1.0 404 - python-swiftclient-3.11.1 gAAAAABpM-z9-YGG... - 70 - tx12bdf3f1289e45fbab47e-006933ed2f - 0.0146 - - 1765010735.536752462 1765010735.551357031 0
Dec 6 08:45:35 np0005548786 container-server[119990]: 172.20.0.103 - - [06/Dec/2025:08:45:35 +0000] "HEAD /d1/921/AUTH_660705fe1cbe4111b6f2c99ce8d05c8c/gnocchi.58ebac5b-b343-4694-9941-8d2cfd000578" 404 - "HEAD http://172.18.0.250:8080/v1/AUTH_660705fe1cbe4111b6f2c99ce8d05c8c/gnocchi.58ebac5b-b343-4694-9941-8d2cfd000578?format=json&states=listing" "tx2eb208a470434c1eb334a-006933ed2f" "proxy-server 20" 0.0006 "-" 23 0
Dec 6 08:45:35 np0005548786 container-server[119983]: 172.20.0.104 - - [06/Dec/2025:08:45:35 +0000] "PUT /d1/511/AUTH_660705fe1cbe4111b6f2c99ce8d05c8c/gnocchi.97ff4fdb-49f5-4882-a59e-2ce2f572c718/1764720000.0_mean_300.0_v3" 201 - "PUT http://172.18.0.250:8080/d1/73/AUTH_660705fe1cbe4111b6f2c99ce8d05c8c/gnocchi.97ff4fdb-49f5-4882-a59e-2ce2f572c718/1764720000.0_mean_300.0_v3" "tx6712baf72b864964b19e2-006933ed2f" "object-server 22" 0.0008 "-" 22 0
Dec 6 08:45:35 np0005548786 object-server[120403]: 172.20.0.104 - - [06/Dec/2025:08:45:35 +0000] "PUT /d1/73/AUTH_660705fe1cbe4111b6f2c99ce8d05c8c/gnocchi.97ff4fdb-49f5-4882-a59e-2ce2f572c718/1764720000.0_mean_300.0_v3" 201 - "PUT http://172.18.0.250:8080/v1/AUTH_660705fe1cbe4111b6f2c99ce8d05c8c/gnocchi.97ff4fdb-49f5-4882-a59e-2ce2f572c718/1764720000.0_mean_300.0_v3" "tx6712baf72b864964b19e2-006933ed2f" "proxy-server 20" 0.0135 "-" 22 0
Dec 6 08:45:35 np0005548786 object-server[120403]: 172.20.0.103 - - [06/Dec/2025:08:45:35 +0000] "GET /d1/857/AUTH_660705fe1cbe4111b6f2c99ce8d05c8c/gnocchi.58ebac5b-b343-4694-9941-8d2cfd000578/none_v3" 404 70 "GET http://172.18.0.250:8080/v1/AUTH_660705fe1cbe4111b6f2c99ce8d05c8c/gnocchi.58ebac5b-b343-4694-9941-8d2cfd000578/none_v3" "tx2eb208a470434c1eb334a-006933ed2f" "proxy-server 20" 0.0004 "-" 22 0
Dec 6 08:45:35 np0005548786 proxy-server[121806]: 172.18.0.103 172.18.0.104 06/Dec/2025/08/45/35 PUT /v1/AUTH_660705fe1cbe4111b6f2c99ce8d05c8c/gnocchi.97ff4fdb-49f5-4882-a59e-2ce2f572c718/1764720000.0_mean_300.0_v3 HTTP/1.0 201 - python-swiftclient-3.11.1 gAAAAABpM-z9-YGG... 16 - - tx6712baf72b864964b19e2-006933ed2f - 0.0232 - - 1765010735.555891275 1765010735.579126358 0
Dec 6 08:45:35 np0005548786 object-server[120423]: 172.20.0.105 - - [06/Dec/2025:08:45:35 +0000] "PUT /d1/74/AUTH_660705fe1cbe4111b6f2c99ce8d05c8c/gnocchi.4b6439be-9db9-41d6-bbee-110acb6b0c29/1764720000.0_mean_300.0_v3" 201 - "PUT http://172.18.0.250:8080/v1/AUTH_660705fe1cbe4111b6f2c99ce8d05c8c/gnocchi.4b6439be-9db9-41d6-bbee-110acb6b0c29/1764720000.0_mean_300.0_v3" "tx52560e9afb7545f9b7d4c-006933ed2f" "proxy-server 20" 0.0126 "-" 23 0
Dec 6 08:45:35 np0005548786 container-server[119974]: 172.20.0.103 - - [06/Dec/2025:08:45:35 +0000] "PUT /d1/749/AUTH_660705fe1cbe4111b6f2c99ce8d05c8c/gnocchi.4b6439be-9db9-41d6-bbee-110acb6b0c29/1764720000.0_mean_300.0_v3" 201 - "PUT http://172.18.0.250:8080/d1/74/AUTH_660705fe1cbe4111b6f2c99ce8d05c8c/gnocchi.4b6439be-9db9-41d6-bbee-110acb6b0c29/1764720000.0_mean_300.0_v3" "tx52560e9afb7545f9b7d4c-006933ed2f" "object-server 24" 0.0010 "-" 21 0
Dec 6 08:45:35 np0005548786 container-server[119990]: 172.20.0.104 - - [06/Dec/2025:08:45:35 +0000] "PUT /d1/511/AUTH_660705fe1cbe4111b6f2c99ce8d05c8c/gnocchi.97ff4fdb-49f5-4882-a59e-2ce2f572c718/none_v3" 201 - "PUT http://172.18.0.250:8080/d1/550/AUTH_660705fe1cbe4111b6f2c99ce8d05c8c/gnocchi.97ff4fdb-49f5-4882-a59e-2ce2f572c718/none_v3" "tx40f5cebb11ad42b0b7229-006933ed2f" "object-server 25" 0.0009 "-" 23 0
Dec 6 08:45:35 np0005548786 object-server[120431]: 172.20.0.104 - - [06/Dec/2025:08:45:35 +0000] "PUT /d1/550/AUTH_660705fe1cbe4111b6f2c99ce8d05c8c/gnocchi.97ff4fdb-49f5-4882-a59e-2ce2f572c718/none_v3" 201 - "PUT http://172.18.0.250:8080/v1/AUTH_660705fe1cbe4111b6f2c99ce8d05c8c/gnocchi.97ff4fdb-49f5-4882-a59e-2ce2f572c718/none_v3" "tx40f5cebb11ad42b0b7229-006933ed2f" "proxy-server 20" 0.0118 "-" 25 0
Dec 6 08:45:35 np0005548786 proxy-server[121806]: 172.18.0.103 172.18.0.104 06/Dec/2025/08/45/35 PUT /v1/AUTH_660705fe1cbe4111b6f2c99ce8d05c8c/gnocchi.97ff4fdb-49f5-4882-a59e-2ce2f572c718/none_v3 HTTP/1.0 201 - python-swiftclient-3.11.1 gAAAAABpM-z9-YGG... 22 - - tx40f5cebb11ad42b0b7229-006933ed2f - 0.0245 - - 1765010735.585835457 1765010735.610362530 0
Dec 6 08:45:35 np0005548786 container-server[119983]: 172.20.0.105 - - [06/Dec/2025:08:45:35 +0000] "PUT /d1/749/AUTH_660705fe1cbe4111b6f2c99ce8d05c8c/gnocchi.4b6439be-9db9-41d6-bbee-110acb6b0c29/none_v3" 201 - "PUT http://172.18.0.250:8080/d1/385/AUTH_660705fe1cbe4111b6f2c99ce8d05c8c/gnocchi.4b6439be-9db9-41d6-bbee-110acb6b0c29/none_v3" "txa1424a79a81d44a3b7eb7-006933ed2f" "object-server 25" 0.0009 "-" 22 0
Dec 6 08:45:35 np0005548786 object-server[120425]: 172.20.0.105 - - [06/Dec/2025:08:45:35 +0000] "PUT /d1/385/AUTH_660705fe1cbe4111b6f2c99ce8d05c8c/gnocchi.4b6439be-9db9-41d6-bbee-110acb6b0c29/none_v3" 201 - "PUT http://172.18.0.250:8080/v1/AUTH_660705fe1cbe4111b6f2c99ce8d05c8c/gnocchi.4b6439be-9db9-41d6-bbee-110acb6b0c29/none_v3" "txa1424a79a81d44a3b7eb7-006933ed2f" "proxy-server 20" 0.0173 "-" 24 0
Dec 6 08:45:35 np0005548786 account-server[119714]: 172.20.0.104 - - [06/Dec/2025:08:45:35 +0000] "PUT /d1/82/AUTH_660705fe1cbe4111b6f2c99ce8d05c8c/gnocchi.58ebac5b-b343-4694-9941-8d2cfd000578" 201 - "PUT http://172.20.0.104:6001/d1/921/AUTH_660705fe1cbe4111b6f2c99ce8d05c8c/gnocchi.58ebac5b-b343-4694-9941-8d2cfd000578" "tx62246117508f4a06aa8ef-006933ed2f" "container-server 20" 0.0061 "-" 21 0
Dec 6 08:45:35 np0005548786 container-server[119965]: 172.20.0.103 - - [06/Dec/2025:08:45:35 +0000] "PUT /d1/921/AUTH_660705fe1cbe4111b6f2c99ce8d05c8c/gnocchi.58ebac5b-b343-4694-9941-8d2cfd000578" 201 - "PUT http://172.18.0.250:8080/v1/AUTH_660705fe1cbe4111b6f2c99ce8d05c8c/gnocchi.58ebac5b-b343-4694-9941-8d2cfd000578" "tx62246117508f4a06aa8ef-006933ed2f" "proxy-server 20" 0.0201 "-" 20 0
Dec 6 08:45:35 np0005548786 container-server[119990]: 172.20.0.104 - - [06/Dec/2025:08:45:35 +0000] "HEAD /d1/401/AUTH_660705fe1cbe4111b6f2c99ce8d05c8c/gnocchi.74f6c26b-5012-42b2-bcea-2b4ab9c47e5a" 404 - "HEAD http://172.18.0.250:8080/v1/AUTH_660705fe1cbe4111b6f2c99ce8d05c8c/gnocchi.74f6c26b-5012-42b2-bcea-2b4ab9c47e5a?format=json&states=listing" "txb9e817e179f84d22a1458-006933ed2f" "proxy-server 20" 0.0006 "-" 23 0
Dec 6 08:45:35 np0005548786 object-server[120431]: 172.20.0.104 - - [06/Dec/2025:08:45:35 +0000] "GET /d1/370/AUTH_660705fe1cbe4111b6f2c99ce8d05c8c/gnocchi.74f6c26b-5012-42b2-bcea-2b4ab9c47e5a/none_v3" 404 70 "GET http://172.18.0.250:8080/v1/AUTH_660705fe1cbe4111b6f2c99ce8d05c8c/gnocchi.74f6c26b-5012-42b2-bcea-2b4ab9c47e5a/none_v3" "txb9e817e179f84d22a1458-006933ed2f" "proxy-server 20" 0.0006 "-" 25 0
Dec 6 08:45:35 np0005548786 proxy-server[121806]: 172.18.0.103 172.18.0.104 06/Dec/2025/08/45/35 GET /v1/AUTH_660705fe1cbe4111b6f2c99ce8d05c8c/gnocchi.74f6c26b-5012-42b2-bcea-2b4ab9c47e5a/none_v3 HTTP/1.0 404 - python-swiftclient-3.11.1 gAAAAABpM-z9-YGG... - 70 - txb9e817e179f84d22a1458-006933ed2f - 0.0327 - - 1765010735.631266117 1765010735.663959980 0
Dec 6 08:45:35 np0005548786 object-server[120431]: 172.20.0.103 - - [06/Dec/2025:08:45:35 +0000] "GET /d1/529/AUTH_660705fe1cbe4111b6f2c99ce8d05c8c/gnocchi.58ebac5b-b343-4694-9941-8d2cfd000578/1764720000.0_mean_300.0_v3" 404 70 "GET http://172.18.0.250:8080/v1/AUTH_660705fe1cbe4111b6f2c99ce8d05c8c/gnocchi.58ebac5b-b343-4694-9941-8d2cfd000578/1764720000.0_mean_300.0_v3" "txd1fcb4303f5d4d90acd10-006933ed2f" "proxy-server 20" 0.0004 "-" 25 0
Dec 6 08:45:35 np0005548786 container-server[119983]: 172.20.0.105 - - [06/Dec/2025:08:45:35 +0000] "PUT /d1/401/AUTH_660705fe1cbe4111b6f2c99ce8d05c8c/gnocchi.74f6c26b-5012-42b2-bcea-2b4ab9c47e5a" 201 - "PUT http://172.18.0.250:8080/v1/AUTH_660705fe1cbe4111b6f2c99ce8d05c8c/gnocchi.74f6c26b-5012-42b2-bcea-2b4ab9c47e5a" "tx31efa7cf1d82496f9ca8a-006933ed2f" "proxy-server 20" 0.0167 "-" 22 0
Dec 6 08:45:35 np0005548786 account-server[119779]: 172.20.0.103 - - [06/Dec/2025:08:45:35 +0000] "PUT /d1/82/AUTH_660705fe1cbe4111b6f2c99ce8d05c8c/gnocchi.74f6c26b-5012-42b2-bcea-2b4ab9c47e5a" 201 - "PUT http://172.20.0.103:6001/d1/401/AUTH_660705fe1cbe4111b6f2c99ce8d05c8c/gnocchi.74f6c26b-5012-42b2-bcea-2b4ab9c47e5a" "tx31efa7cf1d82496f9ca8a-006933ed2f" "container-server 23" 0.0063 "-" 23 0
Dec 6 08:45:35 np0005548786 container-server[119983]: 172.20.0.105 - - [06/Dec/2025:08:45:35 +0000] "PUT /d1/921/AUTH_660705fe1cbe4111b6f2c99ce8d05c8c/gnocchi.58ebac5b-b343-4694-9941-8d2cfd000578/1764720000.0_mean_300.0_v3" 201 - "PUT http://172.18.0.250:8080/d1/529/AUTH_660705fe1cbe4111b6f2c99ce8d05c8c/gnocchi.58ebac5b-b343-4694-9941-8d2cfd000578/1764720000.0_mean_300.0_v3" "txfd4917c4c08d481fbc77c-006933ed2f" "object-server 24" 0.0008 "-" 22 0
Dec 6 08:45:35 np0005548786 object-server[120403]: 172.20.0.104 - - [06/Dec/2025:08:45:35 +0000] "PUT /d1/529/AUTH_660705fe1cbe4111b6f2c99ce8d05c8c/gnocchi.58ebac5b-b343-4694-9941-8d2cfd000578/1764720000.0_mean_300.0_v3" 201 - "PUT http://172.18.0.250:8080/v1/AUTH_660705fe1cbe4111b6f2c99ce8d05c8c/gnocchi.58ebac5b-b343-4694-9941-8d2cfd000578/1764720000.0_mean_300.0_v3" "txfd4917c4c08d481fbc77c-006933ed2f" "proxy-server 20" 0.0136 "-" 22 0
Dec 6 08:45:35 np0005548786 proxy-server[121806]: 172.18.0.250 172.18.0.104 06/Dec/2025/08/45/35 PUT /v1/AUTH_660705fe1cbe4111b6f2c99ce8d05c8c/gnocchi.58ebac5b-b343-4694-9941-8d2cfd000578/1764720000.0_mean_300.0_v3 HTTP/1.0 201 - python-swiftclient-3.11.1 gAAAAABpM-z074rw... 16 - - txfd4917c4c08d481fbc77c-006933ed2f - 0.0344 - - 1765010735.681118488 1765010735.715553522 0
Dec 6 08:45:35 np0005548786 container-server[119983]: 172.20.0.105 - - [06/Dec/2025:08:45:35 +0000] "PUT /d1/921/AUTH_660705fe1cbe4111b6f2c99ce8d05c8c/gnocchi.58ebac5b-b343-4694-9941-8d2cfd000578/none_v3" 201 - "PUT http://172.18.0.250:8080/d1/857/AUTH_660705fe1cbe4111b6f2c99ce8d05c8c/gnocchi.58ebac5b-b343-4694-9941-8d2cfd000578/none_v3" "tx4fbef827dea6441ba8864-006933ed2f" "object-server 24" 0.0011 "-" 22 0
Dec 6 08:45:35 np0005548786 object-server[120403]: 172.20.0.105 - - [06/Dec/2025:08:45:35 +0000] "PUT /d1/857/AUTH_660705fe1cbe4111b6f2c99ce8d05c8c/gnocchi.58ebac5b-b343-4694-9941-8d2cfd000578/none_v3" 201 - "PUT http://172.18.0.250:8080/v1/AUTH_660705fe1cbe4111b6f2c99ce8d05c8c/gnocchi.58ebac5b-b343-4694-9941-8d2cfd000578/none_v3" "tx4fbef827dea6441ba8864-006933ed2f" "proxy-server 20" 0.0136 "-" 22 0
Dec 6 08:45:35 np0005548786 object-server[120425]: 172.20.0.104 - - [06/Dec/2025:08:45:35 +0000] "GET /d1/909/AUTH_660705fe1cbe4111b6f2c99ce8d05c8c/gnocchi.74f6c26b-5012-42b2-bcea-2b4ab9c47e5a/1764720000.0_mean_300.0_v3" 404 70 "GET http://172.18.0.250:8080/v1/AUTH_660705fe1cbe4111b6f2c99ce8d05c8c/gnocchi.74f6c26b-5012-42b2-bcea-2b4ab9c47e5a/1764720000.0_mean_300.0_v3" "txce72edecbab642abbe020-006933ed2f" "proxy-server 20" 0.0005 "-" 24 0
Dec 6 08:45:35 np0005548786 proxy-server[121806]: 172.18.0.103 172.18.0.104 06/Dec/2025/08/45/35 GET /v1/AUTH_660705fe1cbe4111b6f2c99ce8d05c8c/gnocchi.74f6c26b-5012-42b2-bcea-2b4ab9c47e5a/1764720000.0_mean_300.0_v3 HTTP/1.0 404 - python-swiftclient-3.11.1 gAAAAABpM-z9-YGG... - 70 - txce72edecbab642abbe020-006933ed2f - 0.0190 - - 1765010735.741487265 1765010735.760441780 0
Dec 6 08:45:35 np0005548786 container-server[119990]: 172.20.0.103 - - [06/Dec/2025:08:45:35 +0000] "PUT /d1/401/AUTH_660705fe1cbe4111b6f2c99ce8d05c8c/gnocchi.74f6c26b-5012-42b2-bcea-2b4ab9c47e5a/1764720000.0_mean_300.0_v3" 201 - "PUT http://172.18.0.250:8080/d1/909/AUTH_660705fe1cbe4111b6f2c99ce8d05c8c/gnocchi.74f6c26b-5012-42b2-bcea-2b4ab9c47e5a/1764720000.0_mean_300.0_v3" "txe7e5a8bdb69046539c6f6-006933ed2f" "object-server 23" 0.0006 "-" 23 0
Dec 6 08:45:35 np0005548786 object-server[120403]: 172.20.0.103 - - [06/Dec/2025:08:45:35 +0000] "PUT /d1/909/AUTH_660705fe1cbe4111b6f2c99ce8d05c8c/gnocchi.74f6c26b-5012-42b2-bcea-2b4ab9c47e5a/1764720000.0_mean_300.0_v3" 201 - "PUT http://172.18.0.250:8080/v1/AUTH_660705fe1cbe4111b6f2c99ce8d05c8c/gnocchi.74f6c26b-5012-42b2-bcea-2b4ab9c47e5a/1764720000.0_mean_300.0_v3" "txe7e5a8bdb69046539c6f6-006933ed2f" "proxy-server 20" 0.0178 "-" 22 0
Dec 6 08:45:35 np0005548786 container-server[119965]: 172.20.0.103 - - [06/Dec/2025:08:45:35 +0000] "PUT /d1/401/AUTH_660705fe1cbe4111b6f2c99ce8d05c8c/gnocchi.74f6c26b-5012-42b2-bcea-2b4ab9c47e5a/none_v3" 201 - "PUT http://172.18.0.250:8080/d1/370/AUTH_660705fe1cbe4111b6f2c99ce8d05c8c/gnocchi.74f6c26b-5012-42b2-bcea-2b4ab9c47e5a/none_v3" "tx04bd9cce38854d93a8a6a-006933ed2f" "object-server 22" 0.0009 "-" 20 0
Dec 6 08:45:35 np0005548786 object-server[120431]: 172.20.0.105 - - [06/Dec/2025:08:45:35 +0000] "PUT /d1/370/AUTH_660705fe1cbe4111b6f2c99ce8d05c8c/gnocchi.74f6c26b-5012-42b2-bcea-2b4ab9c47e5a/none_v3" 201 - "PUT http://172.18.0.250:8080/v1/AUTH_660705fe1cbe4111b6f2c99ce8d05c8c/gnocchi.74f6c26b-5012-42b2-bcea-2b4ab9c47e5a/none_v3" "tx04bd9cce38854d93a8a6a-006933ed2f" "proxy-server 20" 0.0124 "-" 25 0
Dec 6 08:45:36 np0005548786 container-server[119657]: Beginning replication run
Dec 6 08:45:37 np0005548786 container-server[119657]: Replication run OVER
Dec 6 08:45:37 np0005548786 container-server[119657]: Attempted to replicate 22 dbs in 0.98817 seconds (22.26345/s)
Dec 6 08:45:37 np0005548786 container-server[119657]: Removed 0 dbs
Dec 6 08:45:37 np0005548786 container-server[119657]: 44 successes, 0 failures
Dec 6 08:45:37 np0005548786 container-server[119657]: diff:0 diff_capped:0 empty:0 hashmatch:0 no_change:44 remote_merge:0 rsync:0 ts_repl:0
Dec 6 08:46:00 np0005548786 object-server[120195]: Starting object replication pass.
Dec 6 08:46:01 np0005548786 object-server[120195]: 41/41 (100.00%) partitions replicated in 0.39s (106.26/sec, 0s remaining)
Dec 6 08:46:01 np0005548786 object-server[120195]: 82 successes, 0 failures
Dec 6 08:46:01 np0005548786 object-server[120195]: 44 suffixes checked - 0.00% hashed, 0.00% synced
Dec 6 08:46:01 np0005548786 object-server[120195]: Partition times: max 0.0148s, min 0.0063s, med 0.0086s
Dec 6 08:46:01 np0005548786 object-server[120195]: Object replication complete. (0.01 minutes)
Dec 6 08:46:02 np0005548786 object-server[218706]: Begin object audit "forever" mode (ZBF)
Dec 6 08:46:02 np0005548786 object-server[218706]: Object audit (ZBF). Since Sat Dec 6 08:46:02 2025: Locally: 1 passed, 0 quarantined, 0 errors, files/sec: 550.14, bytes/sec: 0.00, Total time: 0.00, Auditing time: 0.00, Rate: 0.00
Dec 6 08:46:03 np0005548786 object-server[218706]: Object audit (ZBF) "forever" mode completed: 0.84s. Total quarantined: 0, Total errors: 0, Total files/sec: 52.21, Total bytes/sec: 0.00, Auditing time: 0.83, Rate: 0.99
Dec 6 08:46:04 np0005548786 account-server[119244]: Beginning replication run
Dec 6 08:46:04 np0005548786 account-server[119244]: Replication run OVER
Dec 6 08:46:04 np0005548786 account-server[119244]: Attempted to replicate 1 dbs in 0.13569 seconds (7.36984/s)
Dec 6 08:46:04 np0005548786 account-server[119244]: Removed 0 dbs
Dec 6 08:46:04 np0005548786 account-server[119244]: 2 successes, 0 failures
Dec 6 08:46:04 np0005548786 account-server[119244]: diff:0 diff_capped:0 empty:0 hashmatch:0 no_change:2 remote_merge:0 rsync:0 ts_repl:0
Dec 6 08:46:06 np0005548786 container-server[119657]: Beginning replication run
Dec 6 08:46:07 np0005548786 container-server[119657]: Replication run OVER
Dec 6 08:46:07 np0005548786 container-server[119657]: Attempted to replicate 22 dbs in 0.48748 seconds (45.12961/s)
Dec 6 08:46:07 np0005548786 container-server[119657]: Removed 0 dbs
Dec 6 08:46:07 np0005548786 container-server[119657]: 44 successes, 0 failures
Dec 6 08:46:07 np0005548786 container-server[119657]: diff:0 diff_capped:0 empty:0 hashmatch:0 no_change:44 remote_merge:0 rsync:0 ts_repl:0
Dec 6 08:46:31 np0005548786 object-server[120195]: Starting object replication pass.
Dec 6 08:46:31 np0005548786 object-server[120195]: 41/41 (100.00%) partitions replicated in 0.41s (98.82/sec, 0s remaining)
Dec 6 08:46:31 np0005548786 object-server[120195]: 82 successes, 0 failures
Dec 6 08:46:31 np0005548786 object-server[120195]: 44 suffixes checked - 0.00% hashed, 0.00% synced
Dec 6 08:46:31 np0005548786 object-server[120195]: Partition times: max 0.0376s, min 0.0063s, med 0.0084s
Dec 6 08:46:31 np0005548786 object-server[120195]: Object replication complete. (0.01 minutes)
Dec 6 08:46:33 np0005548786 object-server[224616]: Begin object audit "forever" mode (ALL)
Dec 6 08:46:33 np0005548786 object-server[224615]: Begin object audit "forever" mode (ZBF)
Dec 6 08:46:33 np0005548786 object-server[224615]: Object audit (ZBF). Since Sat Dec 6 08:46:33 2025: Locally: 1 passed, 0 quarantined, 0 errors, files/sec: 453.39, bytes/sec: 0.00, Total time: 0.00, Auditing time: 0.00, Rate: 0.00
Dec 6 08:46:33 np0005548786 object-server[224616]: Object audit (ALL). Since Sat Dec 6 08:46:33 2025: Locally: 1 passed, 0 quarantined, 0 errors, files/sec: 120.93, bytes/sec: 1934.81, Total time: 0.01, Auditing time: 0.00, Rate: 0.00
Dec 6 08:46:34 np0005548786 account-server[119244]: Beginning replication run
Dec 6 08:46:34 np0005548786 account-server[119244]: Replication run OVER
Dec 6 08:46:34 np0005548786 account-server[119244]: Attempted to replicate 1 dbs in 0.04928 seconds (20.29200/s)
Dec 6 08:46:34 np0005548786 account-server[119244]: Removed 0 dbs
Dec 6 08:46:34 np0005548786 account-server[119244]: 2 successes, 0 failures
Dec 6 08:46:34 np0005548786 account-server[119244]: diff:0 diff_capped:0 empty:0 hashmatch:0 no_change:2 remote_merge:0 rsync:0 ts_repl:0
Dec 6 08:46:34 np0005548786 object-server[224615]: Object audit (ZBF) "forever" mode completed: 0.84s. Total quarantined: 0, Total errors: 0, Total files/sec: 52.17, Total bytes/sec: 0.00, Auditing time: 0.83, Rate: 0.99
Dec 6 08:46:36 np0005548786 object-server[224616]: Object audit (ALL) "forever" mode completed: 2.11s. Total quarantined: 0, Total errors: 0, Total files/sec: 20.85, Total bytes/sec: 400.90, Auditing time: 2.10, Rate: 1.00
Dec 6 08:46:36 np0005548786 container-server[119657]: Beginning replication run
Dec 6 08:46:37 np0005548786 container-server[119657]: Replication run OVER
Dec 6 08:46:37 np0005548786 container-server[119657]: Attempted to replicate 22 dbs in 0.43126 seconds (51.01317/s)
Dec 6 08:46:37 np0005548786 container-server[119657]: Removed 0 dbs
Dec 6 08:46:37 np0005548786 container-server[119657]: 44 successes, 0 failures
Dec 6 08:46:37 np0005548786 container-server[119657]: diff:0 diff_capped:0 empty:0 hashmatch:0 no_change:44 remote_merge:0 rsync:0 ts_repl:0
Dec 6 08:47:01 np0005548786 object-server[120195]: Starting object replication pass.
Dec 6 08:47:01 np0005548786 object-server[120195]: 41/41 (100.00%) partitions replicated in 0.39s (105.08/sec, 0s remaining)
Dec 6 08:47:01 np0005548786 object-server[120195]: 82 successes, 0 failures
Dec 6 08:47:01 np0005548786 object-server[120195]: 44 suffixes checked - 0.00% hashed, 0.00% synced
Dec 6 08:47:01 np0005548786 object-server[120195]: Partition times: max 0.0168s, min 0.0060s, med 0.0085s
Dec 6 08:47:01 np0005548786 object-server[120195]: Object replication complete. (0.01 minutes)
Dec 6 08:47:04 np0005548786 account-server[119244]: Beginning replication run
Dec 6 08:47:04 np0005548786 account-server[119244]: Replication run OVER
Dec 6 08:47:04 np0005548786 account-server[119244]: Attempted to replicate 1 dbs in 0.01646 seconds (60.74703/s)
Dec 6 08:47:04 np0005548786 account-server[119244]: Removed 0 dbs
Dec 6 08:47:04 np0005548786 account-server[119244]: 2 successes, 0 failures
Dec 6 08:47:04 np0005548786 account-server[119244]: diff:0 diff_capped:0 empty:0 hashmatch:0 no_change:2 remote_merge:0 rsync:0 ts_repl:0
Dec 6 08:47:04 np0005548786 object-server[224691]: Begin object audit "forever" mode (ZBF)
Dec 6 08:47:04 np0005548786 object-server[224691]: Object audit (ZBF). Since Sat Dec 6 08:47:04 2025: Locally: 1 passed, 0 quarantined, 0 errors, files/sec: 512.31, bytes/sec: 0.00, Total time: 0.00, Auditing time: 0.00, Rate: 0.00
Dec 6 08:47:05 np0005548786 object-server[224691]: Object audit (ZBF) "forever" mode completed: 0.84s. Total quarantined: 0, Total errors: 0, Total files/sec: 52.18, Total bytes/sec: 0.00, Auditing time: 0.83, Rate: 0.99
Dec 6 08:47:06 np0005548786 container-server[119657]: Beginning replication run
Dec 6 08:47:07 np0005548786 container-server[119657]: Replication run OVER
Dec 6 08:47:07 np0005548786 container-server[119657]: Attempted to replicate 22 dbs in 0.43049 seconds (51.10400/s)
Dec 6 08:47:07 np0005548786 container-server[119657]: Removed 0 dbs
Dec 6 08:47:07 np0005548786 container-server[119657]: 44 successes, 0 failures
Dec 6 08:47:07 np0005548786 container-server[119657]: diff:0 diff_capped:0 empty:0 hashmatch:0 no_change:44 remote_merge:0 rsync:0 ts_repl:0
Dec 6 08:47:10 np0005548786 account-server[119779]: 172.20.0.103 - - [06/Dec/2025:08:47:10 +0000] "PUT /d1/82/AUTH_660705fe1cbe4111b6f2c99ce8d05c8c/gnocchi.dd1c1d8e-44fb-47a2-a3f8-097ad581941f" 201 - "-" "-" "container-updater 2" 0.0008 "-" 23 0
Dec 6 08:47:10 np0005548786 account-server[119714]: 172.20.0.103 - - [06/Dec/2025:08:47:10 +0000] "PUT /d1/82/AUTH_660705fe1cbe4111b6f2c99ce8d05c8c/gnocchi.58ebac5b-b343-4694-9941-8d2cfd000578" 201 - "-" "-" "container-updater 2" 0.0037 "-" 21 0
Dec 6 08:47:10 np0005548786 account-server[119714]: 172.20.0.103 - - [06/Dec/2025:08:47:10 +0000] "PUT /d1/82/AUTH_660705fe1cbe4111b6f2c99ce8d05c8c/gnocchi.6de8b682-90f0-4f0f-b96a-3498607060cc" 201 - "-" "-" "container-updater 2" 0.0007 "-" 21 0
Dec 6 08:47:10 np0005548786 account-server[119700]: 172.20.0.103 - - [06/Dec/2025:08:47:10 +0000] "PUT /d1/82/AUTH_660705fe1cbe4111b6f2c99ce8d05c8c/gnocchi.0519cf7f-c3e9-4ba0-a8df-4ca7944a08f0" 201 - "-" "-" "container-updater 2" 0.0007 "-" 20 0
Dec 6 08:47:10 np0005548786 account-server[119765]: 172.20.0.103 - - [06/Dec/2025:08:47:10 +0000] "PUT /d1/82/AUTH_660705fe1cbe4111b6f2c99ce8d05c8c/gnocchi.4b6439be-9db9-41d6-bbee-110acb6b0c29" 201 - "-" "-" "container-updater 2" 0.0006 "-" 22 0
Dec 6 08:47:10 np0005548786 account-server[119714]: 172.20.0.103 - - [06/Dec/2025:08:47:10 +0000] "PUT /d1/82/AUTH_660705fe1cbe4111b6f2c99ce8d05c8c/gnocchi.1975c3b1-45b1-4cc9-90a6-04134fe65bd6" 201 - "-" "-" "container-updater 2" 0.0007 "-" 21 0
Dec 6 08:47:10 np0005548786 account-server[119765]: 172.20.0.103 - - [06/Dec/2025:08:47:10 +0000] "PUT /d1/82/AUTH_660705fe1cbe4111b6f2c99ce8d05c8c/gnocchi.92989a89-d1e5-4d5d-b95b-494bc3492e89" 201 - "-" "-" "container-updater 2" 0.0007 "-" 22 0
Dec 6 08:47:10 np0005548786 account-server[119779]: 172.20.0.103 - - [06/Dec/2025:08:47:10 +0000] "PUT /d1/82/AUTH_660705fe1cbe4111b6f2c99ce8d05c8c/gnocchi.97ff4fdb-49f5-4882-a59e-2ce2f572c718" 201 - "-" "-" "container-updater 2" 0.0008 "-" 23 0
Dec 6 08:47:10 np0005548786 account-server[119700]: 172.20.0.103 - - [06/Dec/2025:08:47:10 +0000] "PUT /d1/82/AUTH_660705fe1cbe4111b6f2c99ce8d05c8c/gnocchi.d400a804-56de-4531-910f-f2cfab3cebbf" 201 - "-" "-" "container-updater 2" 0.0007 "-" 20 0
Dec 6 08:47:10 np0005548786 account-server[119700]: 172.20.0.103 - - [06/Dec/2025:08:47:10 +0000] "PUT /d1/82/AUTH_660705fe1cbe4111b6f2c99ce8d05c8c/gnocchi.3049b2d9-0574-4d28-bb72-646fb8404312" 201 - "-" "-" "container-updater 2" 0.0007 "-" 20 0
Dec 6 08:47:10 np0005548786 account-server[119765]: 172.20.0.103 - - [06/Dec/2025:08:47:10 +0000] "PUT /d1/82/AUTH_660705fe1cbe4111b6f2c99ce8d05c8c/gnocchi.2c43ece9-797e-4ae6-bddd-ba23e3890bbb" 201 - "-" "-" "container-updater 2" 0.0006 "-" 22 0
Dec 6 08:47:11 np0005548786 account-server[119779]: 172.20.0.103 - - [06/Dec/2025:08:47:11 +0000] "PUT /d1/82/AUTH_660705fe1cbe4111b6f2c99ce8d05c8c/gnocchi.5a437d94-0872-42a7-af65-4e20fd031f7d" 201 - "-" "-" "container-updater 2" 0.0007 "-" 23 0
Dec 6 08:47:11 np0005548786 account-server[119779]: 172.20.0.103 - - [06/Dec/2025:08:47:11 +0000] "PUT /d1/82/AUTH_660705fe1cbe4111b6f2c99ce8d05c8c/gnocchi.3c7b8eb2-8b7c-4889-bf9c-9327d8f68525" 201 - "-" "-" "container-updater 2" 0.0007 "-" 23 0
Dec 6 08:47:11 np0005548786 account-server[119714]: 172.20.0.103 - - [06/Dec/2025:08:47:11 +0000] "PUT /d1/82/AUTH_660705fe1cbe4111b6f2c99ce8d05c8c/gnocchi.c27f151d-b566-42b1-87d3-0b18db94ea98" 201 - "-" "-" "container-updater 2" 0.0007 "-" 21 0
Dec 6 08:47:11 np0005548786 account-server[119765]: 172.20.0.103 - - [06/Dec/2025:08:47:11 +0000] "PUT /d1/82/AUTH_660705fe1cbe4111b6f2c99ce8d05c8c/gnocchi.f3540d4a-adb1-41f8-b061-7a1198509b40" 201 - "-" "-" "container-updater 2" 0.0007 "-" 22 0
Dec 6 08:47:11 np0005548786 account-server[119714]: 172.20.0.103 - - [06/Dec/2025:08:47:11 +0000] "PUT /d1/82/AUTH_660705fe1cbe4111b6f2c99ce8d05c8c/gnocchi.d0a4d190-ab44-486b-987d-81332aae16dd" 201 - "-" "-" "container-updater 2" 0.0007 "-" 21 0
Dec 6 08:47:11 np0005548786 account-server[119765]: 172.20.0.103 - - [06/Dec/2025:08:47:11 +0000] "PUT /d1/82/AUTH_660705fe1cbe4111b6f2c99ce8d05c8c/gnocchi.dea174b3-25e4-4357-8680-6dff4b58effc" 201 - "-" "-" "container-updater 2" 0.0006 "-" 22 0
Dec 6 08:47:11 np0005548786 account-server[119765]: 172.20.0.103 - - [06/Dec/2025:08:47:11 +0000] "PUT /d1/82/AUTH_660705fe1cbe4111b6f2c99ce8d05c8c/gnocchi.cecf42dc-e7e2-4a26-94f4-26a2de5f1061" 201 - "-" "-" "container-updater 2" 0.0006 "-" 22 0
Dec 6 08:47:11 np0005548786 account-server[119765]: 172.20.0.103 - - [06/Dec/2025:08:47:11 +0000] "PUT /d1/82/AUTH_660705fe1cbe4111b6f2c99ce8d05c8c/gnocchi.3eee7a32-53a2-46c9-a1cf-d4d4b8b181ea" 201 - "-" "-" "container-updater 2" 0.0004 "-" 22 0
Dec 6 08:47:11 np0005548786 account-server[119779]: 172.20.0.103 - - [06/Dec/2025:08:47:11 +0000] "PUT /d1/82/AUTH_660705fe1cbe4111b6f2c99ce8d05c8c/gnocchi.74f6c26b-5012-42b2-bcea-2b4ab9c47e5a" 201 - "-" "-" "container-updater 2" 0.0009 "-" 23 0
Dec 6 08:47:11 np0005548786 account-server[119700]: 172.20.0.103 - - [06/Dec/2025:08:47:11 +0000] "PUT /d1/82/AUTH_660705fe1cbe4111b6f2c99ce8d05c8c/gnocchi.36188fb0-01a4-4e74-adf3-5dfea471ffe3" 201 - "-" "-" "container-updater 2" 0.0006 "-" 20 0
Dec 6 08:47:12 np0005548786 account-server[119779]: 172.20.0.103 - - [06/Dec/2025:08:47:12 +0000] "PUT /d1/82/AUTH_660705fe1cbe4111b6f2c99ce8d05c8c/gnocchi.a1d54ab1-7b7b-4634-866b-4c1cdbc1eb0c" 201 - "-" "-" "container-updater 2" 0.0005 "-" 23 0
Dec 6 08:47:31 np0005548786 object-server[120195]: Starting object replication pass.
Dec 6 08:47:32 np0005548786 object-server[120195]: 41/41 (100.00%) partitions replicated in 0.39s (104.46/sec, 0s remaining)
Dec 6 08:47:32 np0005548786 object-server[120195]: 82 successes, 0 failures
Dec 6 08:47:32 np0005548786 object-server[120195]: 44 suffixes checked - 0.00% hashed, 0.00% synced
Dec 6 08:47:32 np0005548786 object-server[120195]: Partition times: max 0.0141s, min 0.0063s, med 0.0086s
Dec 6 08:47:32 np0005548786 object-server[120195]: Object replication complete. (0.01 minutes)
Dec 6 08:47:33 np0005548786 account-server[119765]: 172.20.0.103 - - [06/Dec/2025:08:47:33 +0000] "HEAD /d1/291/.expiring_objects" 404 - "HEAD http://localhost/v1/.expiring_objects?format=json" "txcd5c4f14eaa14e4681c2d-006933eda5" "proxy-server 2" 0.0005 "-" 22 -
Dec 6 08:47:33 np0005548786 container-server[119809]: Begin container update sweep
Dec 6 08:47:33 np0005548786 account-server[119765]: 172.20.0.104 - - [06/Dec/2025:08:47:33 +0000] "PUT /d1/82/AUTH_660705fe1cbe4111b6f2c99ce8d05c8c/gnocchi.dd1c1d8e-44fb-47a2-a3f8-097ad581941f" 201 - "-" "-" "container-updater 2" 0.0007 "-" 22 0
Dec 6 08:47:33 np0005548786 account-server[119714]: 172.20.0.104 - - [06/Dec/2025:08:47:33 +0000] "PUT /d1/82/AUTH_660705fe1cbe4111b6f2c99ce8d05c8c/gnocchi.97ff4fdb-49f5-4882-a59e-2ce2f572c718" 201 - "-" "-" "container-updater 2" 0.0004 "-" 21 0
Dec 6 08:47:33 np0005548786 account-server[119779]: 172.20.0.104 - - [06/Dec/2025:08:47:33 +0000] "PUT /d1/82/AUTH_660705fe1cbe4111b6f2c99ce8d05c8c/gnocchi.cecf42dc-e7e2-4a26-94f4-26a2de5f1061" 201 - "-" "-" "container-updater 2" 0.0009 "-" 23 0
Dec 6 08:47:33 np0005548786 account-server[119700]: 172.20.0.104 - - [06/Dec/2025:08:47:33 +0000] "PUT /d1/82/AUTH_660705fe1cbe4111b6f2c99ce8d05c8c/gnocchi.c27f151d-b566-42b1-87d3-0b18db94ea98" 201 - "-" "-" "container-updater 2" 0.0006 "-" 20 0
Dec 6 08:47:33 np0005548786 account-server[119779]: 172.20.0.104 - - [06/Dec/2025:08:47:33 +0000] "PUT /d1/82/AUTH_660705fe1cbe4111b6f2c99ce8d05c8c/gnocchi.92989a89-d1e5-4d5d-b95b-494bc3492e89" 201 - "-" "-" "container-updater 2" 0.0007 "-" 23 0
Dec 6 08:47:33 np0005548786 account-server[119779]: 172.20.0.104 - - [06/Dec/2025:08:47:33 +0000] "PUT /d1/82/AUTH_660705fe1cbe4111b6f2c99ce8d05c8c/gnocchi.6de8b682-90f0-4f0f-b96a-3498607060cc" 201 - "-" "-" "container-updater 2" 0.0006 "-" 23 0
Dec 6 08:47:33 np0005548786 account-server[119700]: 172.20.0.104 - - [06/Dec/2025:08:47:33 +0000] "PUT /d1/82/AUTH_660705fe1cbe4111b6f2c99ce8d05c8c/gnocchi.74f6c26b-5012-42b2-bcea-2b4ab9c47e5a" 201 - "-" "-" "container-updater 2" 0.0004 "-" 20 0
Dec 6 08:47:33 np0005548786 account-server[119765]: 172.20.0.104 - - [06/Dec/2025:08:47:33 +0000] "PUT /d1/82/AUTH_660705fe1cbe4111b6f2c99ce8d05c8c/gnocchi.1975c3b1-45b1-4cc9-90a6-04134fe65bd6" 201 - "-" "-" "container-updater 2" 0.0006 "-" 22 0
Dec 6 08:47:33 np0005548786 account-server[119700]: 172.20.0.104 - - [06/Dec/2025:08:47:33 +0000] "PUT /d1/82/AUTH_660705fe1cbe4111b6f2c99ce8d05c8c/gnocchi.3049b2d9-0574-4d28-bb72-646fb8404312" 201 - "-" "-" "container-updater 2" 0.0004 "-" 20 0
Dec 6 08:47:34 np0005548786 account-server[119700]: 172.20.0.104 - - [06/Dec/2025:08:47:34 +0000] "PUT /d1/82/AUTH_660705fe1cbe4111b6f2c99ce8d05c8c/gnocchi.a1d54ab1-7b7b-4634-866b-4c1cdbc1eb0c" 201 - "-" "-" "container-updater 2" 0.0004 "-" 20 0
Dec 6 08:47:34 np0005548786 account-server[119765]: 172.20.0.104 - - [06/Dec/2025:08:47:34 +0000] "PUT /d1/82/AUTH_660705fe1cbe4111b6f2c99ce8d05c8c/gnocchi.d0a4d190-ab44-486b-987d-81332aae16dd" 201 - "-" "-" "container-updater 2" 0.0006 "-" 22 0
Dec 6 08:47:34 np0005548786 account-server[119779]: 172.20.0.104 - - [06/Dec/2025:08:47:34 +0000] "PUT /d1/82/AUTH_660705fe1cbe4111b6f2c99ce8d05c8c/gnocchi.f3540d4a-adb1-41f8-b061-7a1198509b40" 201 - "-" "-" "container-updater 2" 0.0005 "-" 23 0
Dec 6 08:47:34 np0005548786 account-server[119714]: 172.20.0.104 - - [06/Dec/2025:08:47:34 +0000] "PUT /d1/82/AUTH_660705fe1cbe4111b6f2c99ce8d05c8c/gnocchi.3c7b8eb2-8b7c-4889-bf9c-9327d8f68525" 201 - "-" "-" "container-updater 2" 0.0009 "-" 21 0
Dec 6 08:47:34 np0005548786 account-server[119765]: 172.20.0.104 - - [06/Dec/2025:08:47:34 +0000] "PUT /d1/82/AUTH_660705fe1cbe4111b6f2c99ce8d05c8c/gnocchi.5a437d94-0872-42a7-af65-4e20fd031f7d" 201 - "-" "-" "container-updater 2" 0.0005 "-" 22 0
