2025-12-06 08:31:03.546 2 DEBUG oslo_service.service [-] keystone_authtoken.auth_version = None log_opt_values /usr/lib/python3.9/site-packages/oslo_config/cfg.py:2613
2025-12-06 08:31:03.546 2 DEBUG oslo_service.service [-] keystone_authtoken.cache = None log_opt_values /usr/lib/python3.9/site-packages/oslo_config/cfg.py:2613
2025-12-06 08:31:03.546 2 DEBUG oslo_service.service [-] keystone_authtoken.cafile = None log_opt_values /usr/lib/python3.9/site-packages/oslo_config/cfg.py:2613
2025-12-06 08:31:03.546 2 DEBUG oslo_service.service [-] keystone_authtoken.certfile = None log_opt_values /usr/lib/python3.9/site-packages/oslo_config/cfg.py:2613
2025-12-06 08:31:03.547 2 DEBUG oslo_service.service [-] keystone_authtoken.default_domain_id = None log_opt_values /usr/lib/python3.9/site-packages/oslo_config/cfg.py:2613
2025-12-06 08:31:03.547 2 DEBUG oslo_service.service [-] keystone_authtoken.default_domain_name = None log_opt_values /usr/lib/python3.9/site-packages/oslo_config/cfg.py:2613
2025-12-06 08:31:03.547 2 DEBUG oslo_service.service [-] keystone_authtoken.delay_auth_decision = False log_opt_values /usr/lib/python3.9/site-packages/oslo_config/cfg.py:2613
2025-12-06 08:31:03.547 2 DEBUG oslo_service.service [-] keystone_authtoken.domain_id = None log_opt_values /usr/lib/python3.9/site-packages/oslo_config/cfg.py:2613
2025-12-06 08:31:03.547 2 DEBUG oslo_service.service [-] keystone_authtoken.domain_name = None log_opt_values /usr/lib/python3.9/site-packages/oslo_config/cfg.py:2613
2025-12-06 08:31:03.547 2 DEBUG oslo_service.service [-] keystone_authtoken.enforce_token_bind = permissive log_opt_values /usr/lib/python3.9/site-packages/oslo_config/cfg.py:2613
2025-12-06 08:31:03.546 17 DEBUG ovsdbapp.backend.ovs_idl [req-8f87451b-432c-4b41-b051-c89946a86e04 - - - - -] Created schema index Logical_Router_Port.name autocreate_indices /usr/lib/python3.9/site-packages/ovsdbapp/backend/ovs_idl/__init__.py:128
2025-12-06 08:31:03.547 17 DEBUG ovsdbapp.backend.ovs_idl [req-8f87451b-432c-4b41-b051-c89946a86e04 - - - - -] Created schema index HA_Chassis_Group.name autocreate_indices /usr/lib/python3.9/site-packages/ovsdbapp/backend/ovs_idl/__init__.py:128
2025-12-06 08:31:03.547 17 DEBUG ovsdbapp.backend.ovs_idl [req-8f87451b-432c-4b41-b051-c89946a86e04 - - - - -] Created schema index Mirror.name autocreate_indices /usr/lib/python3.9/site-packages/ovsdbapp/backend/ovs_idl/__init__.py:128
2025-12-06 08:31:03.548 17 DEBUG ovsdbapp.backend.ovs_idl [req-8f87451b-432c-4b41-b051-c89946a86e04 - - - - -] Created schema index Address_Set.name autocreate_indices /usr/lib/python3.9/site-packages/ovsdbapp/backend/ovs_idl/__init__.py:128
2025-12-06 08:31:03.548 17 DEBUG ovsdbapp.backend.ovs_idl [req-8f87451b-432c-4b41-b051-c89946a86e04 - - - - -] Created schema index Load_Balancer_Group.name autocreate_indices /usr/lib/python3.9/site-packages/ovsdbapp/backend/ovs_idl/__init__.py:128
2025-12-06 08:31:03.548 17 INFO ovsdbapp.backend.ovs_idl.vlog [req-8f87451b-432c-4b41-b051-c89946a86e04 - - - - -] tcp:172.17.0.105:6641: connecting...
2025-12-06 08:31:03.549 17 INFO ovsdbapp.backend.ovs_idl.vlog [req-8f87451b-432c-4b41-b051-c89946a86e04 - - - - -] tcp:172.17.0.105:6641: connected
2025-12-06 08:31:03.547 2 DEBUG oslo_service.service [-] keystone_authtoken.http_connect_timeout = None log_opt_values /usr/lib/python3.9/site-packages/oslo_config/cfg.py:2613
2025-12-06 08:31:03.553 2 DEBUG oslo_service.service [-] keystone_authtoken.http_request_max_retries = 3 log_opt_values /usr/lib/python3.9/site-packages/oslo_config/cfg.py:2613
2025-12-06 08:31:03.553 2 DEBUG oslo_service.service [-] keystone_authtoken.identity_uri = None log_opt_values /usr/lib/python3.9/site-packages/oslo_config/cfg.py:2613
2025-12-06 08:31:03.554 2 DEBUG oslo_service.service [-] keystone_authtoken.include_service_catalog = True log_opt_values /usr/lib/python3.9/site-packages/oslo_config/cfg.py:2613
2025-12-06 08:31:03.554 2 DEBUG oslo_service.service [-] keystone_authtoken.insecure = False log_opt_values /usr/lib/python3.9/site-packages/oslo_config/cfg.py:2613
2025-12-06 08:31:03.554 2 DEBUG oslo_service.service [-] keystone_authtoken.interface = internal log_opt_values /usr/lib/python3.9/site-packages/oslo_config/cfg.py:2613
2025-12-06 08:31:03.554 2 DEBUG oslo_service.service [-] keystone_authtoken.keyfile = None log_opt_values /usr/lib/python3.9/site-packages/oslo_config/cfg.py:2613
2025-12-06 08:31:03.554 2 DEBUG oslo_service.service [-] keystone_authtoken.memcache_pool_conn_get_timeout = 10 log_opt_values /usr/lib/python3.9/site-packages/oslo_config/cfg.py:2613
2025-12-06 08:31:03.554 2 DEBUG oslo_service.service [-] keystone_authtoken.memcache_pool_dead_retry = 300 log_opt_values /usr/lib/python3.9/site-packages/oslo_config/cfg.py:2613
2025-12-06 08:31:03.554 2 DEBUG oslo_service.service [-] keystone_authtoken.memcache_pool_maxsize = 10 log_opt_values /usr/lib/python3.9/site-packages/oslo_config/cfg.py:2613
2025-12-06 08:31:03.554 2 DEBUG oslo_service.service [-] keystone_authtoken.memcache_pool_socket_timeout = 3 log_opt_values /usr/lib/python3.9/site-packages/oslo_config/cfg.py:2613
2025-12-06 08:31:03.554 15 DEBUG neutron.common.ovn.hash_ring_manager [req-a23d0f0d-8961-4368-9ecf-cb5c602161da - - - - -] Hash Ring loaded. 2 active nodes. 0 offline nodes _load_hash_ring /usr/lib/python3.9/site-packages/neutron/common/ovn/hash_ring_manager.py:99
2025-12-06 08:31:03.554 2 DEBUG oslo_service.service [-] keystone_authtoken.memcache_pool_unused_timeout = 60 log_opt_values /usr/lib/python3.9/site-packages/oslo_config/cfg.py:2613
2025-12-06 08:31:03.554 2 DEBUG oslo_service.service [-] keystone_authtoken.memcache_secret_key = **** log_opt_values /usr/lib/python3.9/site-packages/oslo_config/cfg.py:2613
2025-12-06 08:31:03.554 2 DEBUG oslo_service.service [-] keystone_authtoken.memcache_security_strategy = None log_opt_values /usr/lib/python3.9/site-packages/oslo_config/cfg.py:2613
2025-12-06 08:31:03.555 2 DEBUG oslo_service.service [-] keystone_authtoken.memcache_use_advanced_pool = True log_opt_values /usr/lib/python3.9/site-packages/oslo_config/cfg.py:2613
2025-12-06 08:31:03.555 2 DEBUG oslo_service.service [-] keystone_authtoken.memcached_servers = ['np0005548785.internalapi.localdomain:11211', 'np0005548786.internalapi.localdomain:11211', 'np0005548787.internalapi.localdomain:11211'] log_opt_values /usr/lib/python3.9/site-packages/oslo_config/cfg.py:2613
2025-12-06 08:31:03.555 2 DEBUG oslo_service.service [-] keystone_authtoken.password = **** log_opt_values /usr/lib/python3.9/site-packages/oslo_config/cfg.py:2613
2025-12-06 08:31:03.555 2 DEBUG oslo_service.service [-] keystone_authtoken.project_domain_id = None log_opt_values /usr/lib/python3.9/site-packages/oslo_config/cfg.py:2613
2025-12-06 08:31:03.555 2 DEBUG oslo_service.service [-] keystone_authtoken.project_domain_name = Default log_opt_values /usr/lib/python3.9/site-packages/oslo_config/cfg.py:2613
2025-12-06 08:31:03.555 2 DEBUG oslo_service.service [-] keystone_authtoken.project_id = None log_opt_values /usr/lib/python3.9/site-packages/oslo_config/cfg.py:2613
2025-12-06 08:31:03.555 2 DEBUG oslo_service.service [-] keystone_authtoken.project_name = service log_opt_values /usr/lib/python3.9/site-packages/oslo_config/cfg.py:2613
2025-12-06 08:31:03.555 17 INFO ovsdbapp.backend.ovs_idl.vlog [req-8f87451b-432c-4b41-b051-c89946a86e04 - - - - -] tcp:172.17.0.105:6641: clustered database server is not cluster leader; trying another server
2025-12-06 08:31:03.555 2 DEBUG oslo_service.service [-] keystone_authtoken.region_name = regionOne log_opt_values /usr/lib/python3.9/site-packages/oslo_config/cfg.py:2613
2025-12-06 08:31:03.555 2 DEBUG oslo_service.service [-] keystone_authtoken.service_token_roles = ['service'] log_opt_values /usr/lib/python3.9/site-packages/oslo_config/cfg.py:2613
2025-12-06 08:31:03.556 2 DEBUG oslo_service.service [-] keystone_authtoken.service_token_roles_required = False log_opt_values /usr/lib/python3.9/site-packages/oslo_config/cfg.py:2613
2025-12-06 08:31:03.556 2 DEBUG oslo_service.service [-] keystone_authtoken.service_type = None log_opt_values /usr/lib/python3.9/site-packages/oslo_config/cfg.py:2613
2025-12-06 08:31:03.556 2 DEBUG oslo_service.service [-] keystone_authtoken.system_scope = None log_opt_values /usr/lib/python3.9/site-packages/oslo_config/cfg.py:2613
2025-12-06 08:31:03.556 2 DEBUG oslo_service.service [-] keystone_authtoken.token_cache_time = 300 log_opt_values /usr/lib/python3.9/site-packages/oslo_config/cfg.py:2613
2025-12-06 08:31:03.556 2 DEBUG oslo_service.service [-] keystone_authtoken.trust_id = None log_opt_values /usr/lib/python3.9/site-packages/oslo_config/cfg.py:2613
2025-12-06 08:31:03.556 2 DEBUG oslo_service.service [-] keystone_authtoken.user_domain_id = None log_opt_values /usr/lib/python3.9/site-packages/oslo_config/cfg.py:2613
2025-12-06 08:31:03.556 2 DEBUG oslo_service.service [-] keystone_authtoken.user_domain_name = Default log_opt_values /usr/lib/python3.9/site-packages/oslo_config/cfg.py:2613
2025-12-06 08:31:03.556 2 DEBUG oslo_service.service [-] keystone_authtoken.user_id = None log_opt_values /usr/lib/python3.9/site-packages/oslo_config/cfg.py:2613
2025-12-06 08:31:03.557 17 INFO ovsdbapp.backend.ovs_idl.vlog [req-8f87451b-432c-4b41-b051-c89946a86e04 - - - - -] tcp:172.17.0.105:6641: connection closed by client
2025-12-06 08:31:03.538 19 DEBUG ovsdbapp.backend.ovs_idl [-] Created schema index Meter.name autocreate_indices /usr/lib/python3.9/site-packages/ovsdbapp/backend/ovs_idl/__init__.py:128
2025-12-06 08:31:03.557 19 DEBUG ovsdbapp.backend.ovs_idl [-] Created schema index Copp.name autocreate_indices /usr/lib/python3.9/site-packages/ovsdbapp/backend/ovs_idl/__init__.py:128
2025-12-06 08:31:03.557 19 DEBUG ovsdbapp.backend.ovs_idl [-] Created schema index Logical_Switch_Port.name autocreate_indices /usr/lib/python3.9/site-packages/ovsdbapp/backend/ovs_idl/__init__.py:128
2025-12-06 08:31:03.557 19 DEBUG ovsdbapp.backend.ovs_idl [-] Created schema index Chassis_Template_Var.chassis autocreate_indices /usr/lib/python3.9/site-packages/ovsdbapp/backend/ovs_idl/__init__.py:128
2025-12-06 08:31:03.557 19 DEBUG ovsdbapp.backend.ovs_idl [-] Created schema index Gateway_Chassis.name autocreate_indices /usr/lib/python3.9/site-packages/ovsdbapp/backend/ovs_idl/__init__.py:128
2025-12-06 08:31:03.557 19 DEBUG ovsdbapp.backend.ovs_idl [-] Created schema index Connection.target autocreate_indices /usr/lib/python3.9/site-packages/ovsdbapp/backend/ovs_idl/__init__.py:128
2025-12-06 08:31:03.557 19 DEBUG ovsdbapp.backend.ovs_idl [-] Created schema index Port_Group.name autocreate_indices /usr/lib/python3.9/site-packages/ovsdbapp/backend/ovs_idl/__init__.py:128
2025-12-06 08:31:03.557 19 DEBUG ovsdbapp.backend.ovs_idl [-] Created schema index Logical_Router_Port.name autocreate_indices /usr/lib/python3.9/site-packages/ovsdbapp/backend/ovs_idl/__init__.py:128
2025-12-06 08:31:03.557 19 DEBUG ovsdbapp.backend.ovs_idl [-] Created schema index HA_Chassis_Group.name autocreate_indices /usr/lib/python3.9/site-packages/ovsdbapp/backend/ovs_idl/__init__.py:128
2025-12-06 08:31:03.558 19 DEBUG ovsdbapp.backend.ovs_idl [-] Created schema index Mirror.name autocreate_indices /usr/lib/python3.9/site-packages/ovsdbapp/backend/ovs_idl/__init__.py:128
2025-12-06 08:31:03.558 19 DEBUG ovsdbapp.backend.ovs_idl [-] Created schema index Address_Set.name autocreate_indices /usr/lib/python3.9/site-packages/ovsdbapp/backend/ovs_idl/__init__.py:128
2025-12-06 08:31:03.558 19 DEBUG ovsdbapp.backend.ovs_idl [-] Created schema index Load_Balancer_Group.name autocreate_indices /usr/lib/python3.9/site-packages/ovsdbapp/backend/ovs_idl/__init__.py:128
2025-12-06 08:31:03.558 17 INFO ovsdbapp.backend.ovs_idl.vlog [req-8f87451b-432c-4b41-b051-c89946a86e04 - - - - -] tcp:172.17.0.104:6641: connecting...
2025-12-06 08:31:03.558 19 INFO ovsdbapp.backend.ovs_idl.vlog [-] tcp:172.17.0.105:6641: connecting...
2025-12-06 08:31:03.558 17 INFO ovsdbapp.backend.ovs_idl.vlog [req-8f87451b-432c-4b41-b051-c89946a86e04 - - - - -] tcp:172.17.0.104:6641: connected
2025-12-06 08:31:03.565 15 DEBUG neutron.plugins.ml2.drivers.ovn.mech_driver.ovsdb.ovsdb_monitor [req-a23d0f0d-8961-4368-9ecf-cb5c602161da - - - - -] Hash Ring: Node 29873550-46af-4f3f-9ff1-84983475b2b4 (host: np0005548786.localdomain) handling event "create" for row de7a7403-ed73-495b-bdfb-c5b74bd049a4 (table: Port_Group) notify /usr/lib/python3.9/site-packages/neutron/plugins/ml2/drivers/ovn/mech_driver/ovsdb/ovsdb_monitor.py:791
2025-12-06 08:31:03.565 2 DEBUG oslo_service.service [-] keystone_authtoken.username = neutron log_opt_values /usr/lib/python3.9/site-packages/oslo_config/cfg.py:2613
2025-12-06 08:31:03.565 2 DEBUG oslo_service.service [-] keystone_authtoken.www_authenticate_uri = http://172.21.0.196:5000 log_opt_values /usr/lib/python3.9/site-packages/oslo_config/cfg.py:2613
2025-12-06 08:31:03.565 2 DEBUG oslo_service.service [-] cache.backend = dogpile.cache.null log_opt_values /usr/lib/python3.9/site-packages/oslo_config/cfg.py:2613
2025-12-06 08:31:03.565 2 DEBUG oslo_service.service [-] cache.backend_argument = **** log_opt_values /usr/lib/python3.9/site-packages/oslo_config/cfg.py:2613
2025-12-06 08:31:03.565 2 DEBUG oslo_service.service [-] cache.config_prefix = cache.oslo log_opt_values /usr/lib/python3.9/site-packages/oslo_config/cfg.py:2613
2025-12-06 08:31:03.565 2 DEBUG oslo_service.service [-] cache.dead_timeout = 60.0 log_opt_values /usr/lib/python3.9/site-packages/oslo_config/cfg.py:2613
2025-12-06 08:31:03.566 2 DEBUG oslo_service.service [-] cache.debug_cache_backend = False log_opt_values /usr/lib/python3.9/site-packages/oslo_config/cfg.py:2613
2025-12-06 08:31:03.566 2 DEBUG oslo_service.service [-] cache.enable_retry_client = False log_opt_values /usr/lib/python3.9/site-packages/oslo_config/cfg.py:2613
2025-12-06 08:31:03.566 2 DEBUG oslo_service.service [-] cache.enable_socket_keepalive = False log_opt_values /usr/lib/python3.9/site-packages/oslo_config/cfg.py:2613
2025-12-06 08:31:03.566 2 DEBUG oslo_service.service [-] cache.enabled = False log_opt_values /usr/lib/python3.9/site-packages/oslo_config/cfg.py:2613
2025-12-06 08:31:03.566 2 DEBUG oslo_service.service [-] cache.expiration_time = 600 log_opt_values /usr/lib/python3.9/site-packages/oslo_config/cfg.py:2613
2025-12-06 08:31:03.566 15 INFO neutron.plugins.ml2.drivers.ovn.mech_driver.ovsdb.impl_idl_ovn [req-a23d0f0d-8961-4368-9ecf-cb5c602161da - - - - -] Getting OvsdbSbOvnIdl for WorkerService with retry
2025-12-06 08:31:03.566 2 DEBUG oslo_service.service [-] cache.hashclient_retry_attempts = 2 log_opt_values /usr/lib/python3.9/site-packages/oslo_config/cfg.py:2613
2025-12-06 08:31:03.566 2 DEBUG oslo_service.service [-] cache.hashclient_retry_delay = 1.0 log_opt_values /usr/lib/python3.9/site-packages/oslo_config/cfg.py:2613
2025-12-06 08:31:03.566 2 DEBUG oslo_service.service [-] cache.memcache_dead_retry = 300 log_opt_values /usr/lib/python3.9/site-packages/oslo_config/cfg.py:2613
2025-12-06 08:31:03.566 2 DEBUG oslo_service.service [-] cache.memcache_pool_connection_get_timeout = 10 log_opt_values /usr/lib/python3.9/site-packages/oslo_config/cfg.py:2613
2025-12-06 08:31:03.566 2 DEBUG oslo_service.service [-] cache.memcache_pool_flush_on_reconnect = False log_opt_values /usr/lib/python3.9/site-packages/oslo_config/cfg.py:2613
2025-12-06 08:31:03.566 2 DEBUG oslo_service.service [-] cache.memcache_pool_maxsize = 10 log_opt_values /usr/lib/python3.9/site-packages/oslo_config/cfg.py:2613
2025-12-06 08:31:03.566 17 INFO ovsdbapp.backend.ovs_idl.vlog [req-8f87451b-432c-4b41-b051-c89946a86e04 - - - - -] tcp:172.17.0.104:6641: clustered database server is not cluster leader; trying another server
2025-12-06 08:31:03.566 2 DEBUG oslo_service.service [-] cache.memcache_pool_unused_timeout = 60 log_opt_values /usr/lib/python3.9/site-packages/oslo_config/cfg.py:2613
2025-12-06 08:31:03.567 2 DEBUG oslo_service.service [-] cache.memcache_servers = ['localhost:11211'] log_opt_values /usr/lib/python3.9/site-packages/oslo_config/cfg.py:2613
2025-12-06 08:31:03.567 2 DEBUG oslo_service.service [-] cache.memcache_socket_timeout = 1.0 log_opt_values /usr/lib/python3.9/site-packages/oslo_config/cfg.py:2613
2025-12-06 08:31:03.567 2 DEBUG oslo_service.service [-] cache.proxies = [] log_opt_values /usr/lib/python3.9/site-packages/oslo_config/cfg.py:2613
2025-12-06 08:31:03.567 2 DEBUG oslo_service.service [-] cache.retry_attempts = 2 log_opt_values /usr/lib/python3.9/site-packages/oslo_config/cfg.py:2613
2025-12-06 08:31:03.567 2 DEBUG oslo_service.service [-] cache.retry_delay = 0.0 log_opt_values /usr/lib/python3.9/site-packages/oslo_config/cfg.py:2613
2025-12-06 08:31:03.567 2 DEBUG oslo_service.service [-] cache.socket_keepalive_count = 1 log_opt_values /usr/lib/python3.9/site-packages/oslo_config/cfg.py:2613
2025-12-06 08:31:03.567 2 DEBUG oslo_service.service [-] cache.socket_keepalive_idle = 1 log_opt_values /usr/lib/python3.9/site-packages/oslo_config/cfg.py:2613
2025-12-06 08:31:03.567 2 DEBUG oslo_service.service [-] cache.socket_keepalive_interval = 1 log_opt_values /usr/lib/python3.9/site-packages/oslo_config/cfg.py:2613
2025-12-06 08:31:03.567 2 DEBUG oslo_service.service [-] cache.tls_allowed_ciphers = None log_opt_values /usr/lib/python3.9/site-packages/oslo_config/cfg.py:2613
2025-12-06 08:31:03.567 2 DEBUG oslo_service.service [-] cache.tls_cafile = None log_opt_values /usr/lib/python3.9/site-packages/oslo_config/cfg.py:2613
2025-12-06 08:31:03.567 2 DEBUG oslo_service.service [-] cache.tls_certfile = None log_opt_values /usr/lib/python3.9/site-packages/oslo_config/cfg.py:2613
2025-12-06 08:31:03.568 2 DEBUG oslo_service.service [-] cache.tls_enabled = False log_opt_values /usr/lib/python3.9/site-packages/oslo_config/cfg.py:2613
2025-12-06 08:31:03.568 2 DEBUG oslo_service.service [-] cache.tls_keyfile = None log_opt_values /usr/lib/python3.9/site-packages/oslo_config/cfg.py:2613
2025-12-06 08:31:03.568 2 DEBUG oslo_service.service [-] privsep.capabilities = [21, 12, 1, 2, 19] log_opt_values /usr/lib/python3.9/site-packages/oslo_config/cfg.py:2613
2025-12-06 08:31:03.568 2 DEBUG oslo_service.service [-] privsep.group = None log_opt_values /usr/lib/python3.9/site-packages/oslo_config/cfg.py:2613
2025-12-06 08:31:03.568 2 DEBUG oslo_service.service [-] privsep.helper_command = None log_opt_values /usr/lib/python3.9/site-packages/oslo_config/cfg.py:2613
2025-12-06 08:31:03.568 2 DEBUG oslo_service.service [-] privsep.logger_name = oslo_privsep.daemon log_opt_values /usr/lib/python3.9/site-packages/oslo_config/cfg.py:2613
2025-12-06 08:31:03.568 2 DEBUG oslo_service.service [-] privsep.thread_pool_size = 8 log_opt_values /usr/lib/python3.9/site-packages/oslo_config/cfg.py:2613
2025-12-06 08:31:03.570 17 INFO ovsdbapp.backend.ovs_idl.vlog [req-8f87451b-432c-4b41-b051-c89946a86e04 - - - - -] tcp:172.17.0.104:6641: connection closed by client
2025-12-06 08:31:03.572 15 DEBUG ovsdbapp.backend.ovs_idl [req-a23d0f0d-8961-4368-9ecf-cb5c602161da - - - - -] Created lookup_table index Chassis.name autocreate_indices /usr/lib/python3.9/site-packages/ovsdbapp/backend/ovs_idl/__init__.py:109
2025-12-06 08:31:03.572 17 INFO ovsdbapp.backend.ovs_idl.vlog [req-8f87451b-432c-4b41-b051-c89946a86e04 - - - - -] tcp:172.17.0.103:6641: connecting...
2025-12-06 08:31:03.572 15 DEBUG ovsdbapp.backend.ovs_idl [req-a23d0f0d-8961-4368-9ecf-cb5c602161da - - - - -] Created schema index Chassis_Private.name autocreate_indices /usr/lib/python3.9/site-packages/ovsdbapp/backend/ovs_idl/__init__.py:128
2025-12-06 08:31:03.572 15 DEBUG ovsdbapp.backend.ovs_idl [req-a23d0f0d-8961-4368-9ecf-cb5c602161da - - - - -] Created schema index Datapath_Binding.tunnel_key autocreate_indices /usr/lib/python3.9/site-packages/ovsdbapp/backend/ovs_idl/__init__.py:128
2025-12-06 08:31:03.572 17 INFO ovsdbapp.backend.ovs_idl.vlog [req-8f87451b-432c-4b41-b051-c89946a86e04 - - - - -] tcp:172.17.0.103:6641: connected
2025-12-06 08:31:03.572 15 INFO ovsdbapp.backend.ovs_idl.vlog [req-a23d0f0d-8961-4368-9ecf-cb5c602161da - - - - -] tcp:172.17.0.104:6642: connecting...
2025-12-06 08:31:03.573 15 INFO ovsdbapp.backend.ovs_idl.vlog [req-a23d0f0d-8961-4368-9ecf-cb5c602161da - - - - -] tcp:172.17.0.104:6642: connected
2025-12-06 08:31:03.579 19 INFO ovsdbapp.backend.ovs_idl.vlog [-] tcp:172.17.0.105:6641: connected
2025-12-06 08:31:03.584 15 DEBUG neutron.common.ovn.hash_ring_manager [req-a23d0f0d-8961-4368-9ecf-cb5c602161da - - - - -] Allow caching, nodes 1>=1 _wait_startup_before_caching /usr/lib/python3.9/site-packages/neutron/common/ovn/hash_ring_manager.py:64
2025-12-06 08:31:03.588 17 DEBUG neutron.common.ovn.hash_ring_manager [req-8f87451b-432c-4b41-b051-c89946a86e04 - - - - -] Allow caching, nodes 1>=1 _wait_startup_before_caching /usr/lib/python3.9/site-packages/neutron/common/ovn/hash_ring_manager.py:64
2025-12-06 08:31:03.591 15 DEBUG neutron.common.ovn.hash_ring_manager [req-a23d0f0d-8961-4368-9ecf-cb5c602161da - - - - -] Hash Ring loaded. 2 active nodes. 0 offline nodes _load_hash_ring /usr/lib/python3.9/site-packages/neutron/common/ovn/hash_ring_manager.py:99
2025-12-06 08:31:03.568 2 DEBUG oslo_service.service [-] privsep.user = None log_opt_values /usr/lib/python3.9/site-packages/oslo_config/cfg.py:2613
2025-12-06 08:31:03.592 2 DEBUG oslo_service.service [-] privsep_dhcp_release.capabilities = [21, 12] log_opt_values /usr/lib/python3.9/site-packages/oslo_config/cfg.py:2613
2025-12-06 08:31:03.593 2 DEBUG oslo_service.service [-] privsep_dhcp_release.group = None log_opt_values /usr/lib/python3.9/site-packages/oslo_config/cfg.py:2613
2025-12-06 08:31:03.593 2 DEBUG oslo_service.service [-] privsep_dhcp_release.helper_command = None log_opt_values /usr/lib/python3.9/site-packages/oslo_config/cfg.py:2613
2025-12-06 08:31:03.593 2 DEBUG oslo_service.service [-] privsep_dhcp_release.logger_name = oslo_privsep.daemon log_opt_values /usr/lib/python3.9/site-packages/oslo_config/cfg.py:2613
2025-12-06 08:31:03.593 2 DEBUG oslo_service.service [-] privsep_dhcp_release.thread_pool_size = 8 log_opt_values /usr/lib/python3.9/site-packages/oslo_config/cfg.py:2613
2025-12-06 08:31:03.593 2 DEBUG oslo_service.service [-] privsep_dhcp_release.user = None log_opt_values /usr/lib/python3.9/site-packages/oslo_config/cfg.py:2613
2025-12-06 08:31:03.593 2 DEBUG oslo_service.service [-] privsep_ovs_vsctl.capabilities = [21, 12] log_opt_values /usr/lib/python3.9/site-packages/oslo_config/cfg.py:2613
2025-12-06 08:31:03.593 2 DEBUG oslo_service.service [-] privsep_ovs_vsctl.group = None log_opt_values /usr/lib/python3.9/site-packages/oslo_config/cfg.py:2613
2025-12-06 08:31:03.593 2 DEBUG oslo_service.service [-] privsep_ovs_vsctl.helper_command = None log_opt_values /usr/lib/python3.9/site-packages/oslo_config/cfg.py:2613
2025-12-06 08:31:03.593 2 DEBUG oslo_service.service [-] privsep_ovs_vsctl.logger_name = oslo_privsep.daemon log_opt_values /usr/lib/python3.9/site-packages/oslo_config/cfg.py:2613
2025-12-06 08:31:03.593 2 DEBUG oslo_service.service [-] privsep_ovs_vsctl.thread_pool_size = 8 log_opt_values /usr/lib/python3.9/site-packages/oslo_config/cfg.py:2613
2025-12-06 08:31:03.594 2 DEBUG oslo_service.service [-] privsep_ovs_vsctl.user = None log_opt_values /usr/lib/python3.9/site-packages/oslo_config/cfg.py:2613
2025-12-06 08:31:03.594 2 DEBUG oslo_service.service [-] AGENT.root_helper = sudo neutron-rootwrap /etc/neutron/rootwrap.conf log_opt_values /usr/lib/python3.9/site-packages/oslo_config/cfg.py:2613
2025-12-06 08:31:03.594 2 DEBUG oslo_service.service [-] AGENT.root_helper_daemon = sudo neutron-rootwrap-daemon /etc/neutron/rootwrap.conf log_opt_values /usr/lib/python3.9/site-packages/oslo_config/cfg.py:2613
2025-12-06 08:31:03.594 2 DEBUG oslo_service.service [-] AGENT.use_helper_for_ns_read = True log_opt_values /usr/lib/python3.9/site-packages/oslo_config/cfg.py:2613
2025-12-06 08:31:03.594 2 DEBUG oslo_service.service [-] SECURITYGROUP.enable_ipset = True log_opt_values /usr/lib/python3.9/site-packages/oslo_config/cfg.py:2613
2025-12-06 08:31:03.594 2 DEBUG oslo_service.service [-] SECURITYGROUP.enable_security_group = True log_opt_values /usr/lib/python3.9/site-packages/oslo_config/cfg.py:2613
2025-12-06 08:31:03.594 2 DEBUG oslo_service.service [-] SECURITYGROUP.firewall_driver = None log_opt_values /usr/lib/python3.9/site-packages/oslo_config/cfg.py:2613
2025-12-06 08:31:03.594 2 DEBUG oslo_service.service [-] SECURITYGROUP.permitted_ethertypes = [] log_opt_values /usr/lib/python3.9/site-packages/oslo_config/cfg.py:2613
2025-12-06 08:31:03.594 2 DEBUG oslo_service.service [-] ml2.extension_drivers = ['qos', 'port_security', 'dns_domain_ports'] log_opt_values /usr/lib/python3.9/site-packages/oslo_config/cfg.py:2613
2025-12-06 08:31:03.594 2 DEBUG oslo_service.service [-] ml2.external_network_type = None log_opt_values /usr/lib/python3.9/site-packages/oslo_config/cfg.py:2613
2025-12-06 08:31:03.595 2 DEBUG oslo_service.service [-] ml2.mechanism_drivers = ['ovn'] log_opt_values /usr/lib/python3.9/site-packages/oslo_config/cfg.py:2613
2025-12-06 08:31:03.595 2 DEBUG oslo_service.service [-] ml2.overlay_ip_version = 4 log_opt_values /usr/lib/python3.9/site-packages/oslo_config/cfg.py:2613
2025-12-06 08:31:03.595 2 DEBUG oslo_service.service [-] ml2.path_mtu = 0 log_opt_values /usr/lib/python3.9/site-packages/oslo_config/cfg.py:2613
2025-12-06 08:31:03.595 2 DEBUG oslo_service.service [-] ml2.physical_network_mtus = [] log_opt_values /usr/lib/python3.9/site-packages/oslo_config/cfg.py:2613
2025-12-06 08:31:03.595 2 DEBUG oslo_service.service [-] ml2.tenant_network_types = ['geneve'] log_opt_values /usr/lib/python3.9/site-packages/oslo_config/cfg.py:2613
2025-12-06 08:31:03.595 2 DEBUG oslo_service.service [-] ml2.type_drivers = ['geneve', 'vxlan', 'vlan', 'flat'] log_opt_values /usr/lib/python3.9/site-packages/oslo_config/cfg.py:2613
2025-12-06 08:31:03.596 17 DEBUG neutron.common.ovn.hash_ring_manager [req-8f87451b-432c-4b41-b051-c89946a86e04 - - - - -] Hash Ring loaded. 2 active nodes. 0 offline nodes _load_hash_ring /usr/lib/python3.9/site-packages/neutron/common/ovn/hash_ring_manager.py:99
2025-12-06 08:31:03.597 17 INFO neutron.plugins.ml2.drivers.ovn.mech_driver.ovsdb.impl_idl_ovn [req-8f87451b-432c-4b41-b051-c89946a86e04 - - - - -] Getting OvsdbSbOvnIdl for RpcWorker with retry
2025-12-06 08:31:03.600 15 DEBUG neutron.plugins.ml2.drivers.ovn.mech_driver.ovsdb.ovsdb_monitor [req-a23d0f0d-8961-4368-9ecf-cb5c602161da - - - - -] Hash Ring: Node 29873550-46af-4f3f-9ff1-84983475b2b4 (host: np0005548786.localdomain) handling event "create" for row b93ec1d9-efc2-4e40-b3fd-2c5f6aed0d63 (table: Chassis) notify /usr/lib/python3.9/site-packages/neutron/plugins/ml2/drivers/ovn/mech_driver/ovsdb/ovsdb_monitor.py:791
2025-12-06 08:31:03.601 15 DEBUG neutron.plugins.ml2.drivers.ovn.mech_driver.ovsdb.ovsdb_monitor [req-a23d0f0d-8961-4368-9ecf-cb5c602161da - - - - -] Hash Ring: Node 29873550-46af-4f3f-9ff1-84983475b2b4 (host: np0005548786.localdomain) handling event "create" for row 583c2c9e-883b-4144-a70a-a0eff03f83e3 (table: Chassis) notify /usr/lib/python3.9/site-packages/neutron/plugins/ml2/drivers/ovn/mech_driver/ovsdb/ovsdb_monitor.py:791
2025-12-06 08:31:03.602 15 DEBUG neutron.plugins.ml2.drivers.ovn.mech_driver.ovsdb.ovsdb_monitor [req-a23d0f0d-8961-4368-9ecf-cb5c602161da - - - - -] ChassisAgentWriteEvent : Matched Chassis_Private, create, None None matches /usr/lib/python3.9/site-packages/neutron/plugins/ml2/drivers/ovn/mech_driver/ovsdb/ovsdb_monitor.py:61
2025-12-06 08:31:03.602 15 DEBUG neutron.plugins.ml2.drivers.ovn.mech_driver.ovsdb.ovsdb_monitor [req-a23d0f0d-8961-4368-9ecf-cb5c602161da - - - - -] ChassisAgentWriteEvent : Matched Chassis_Private, create, None None matches /usr/lib/python3.9/site-packages/neutron/plugins/ml2/drivers/ovn/mech_driver/ovsdb/ovsdb_monitor.py:61
2025-12-06 08:31:03.602 15 DEBUG neutron.plugins.ml2.drivers.ovn.mech_driver.ovsdb.ovsdb_monitor [req-a23d0f0d-8961-4368-9ecf-cb5c602161da - - - - -] Hash Ring: Node 29873550-46af-4f3f-9ff1-84983475b2b4 (host: np0005548786.localdomain) handling event "create" for row f9436c4c-b634-4258-944b-ded12f3f1a0e (table: Chassis_Private) notify /usr/lib/python3.9/site-packages/neutron/plugins/ml2/drivers/ovn/mech_driver/ovsdb/ovsdb_monitor.py:791
2025-12-06 08:31:03.603 17 DEBUG ovsdbapp.backend.ovs_idl [req-8f87451b-432c-4b41-b051-c89946a86e04 - - - - -] Created lookup_table index Chassis.name autocreate_indices /usr/lib/python3.9/site-packages/ovsdbapp/backend/ovs_idl/__init__.py:109
2025-12-06 08:31:03.602 15 DEBUG neutron.plugins.ml2.drivers.ovn.mech_driver.ovsdb.ovsdb_monitor [req-a23d0f0d-8961-4368-9ecf-cb5c602161da - - - - -] ChassisAgentWriteEvent : Matched Chassis_Private, create, None None matches /usr/lib/python3.9/site-packages/neutron/plugins/ml2/drivers/ovn/mech_driver/ovsdb/ovsdb_monitor.py:61
2025-12-06 08:31:03.603 17 DEBUG ovsdbapp.backend.ovs_idl [req-8f87451b-432c-4b41-b051-c89946a86e04 - - - - -] Created schema index Chassis_Private.name autocreate_indices /usr/lib/python3.9/site-packages/ovsdbapp/backend/ovs_idl/__init__.py:128
2025-12-06 08:31:03.603 15 DEBUG neutron.plugins.ml2.drivers.ovn.mech_driver.ovsdb.ovsdb_monitor [req-a23d0f0d-8961-4368-9ecf-cb5c602161da - - - - -] ChassisMetadataAgentWriteEvent : Matched Chassis_Private, create, None None matches /usr/lib/python3.9/site-packages/neutron/plugins/ml2/drivers/ovn/mech_driver/ovsdb/ovsdb_monitor.py:61
2025-12-06 08:31:03.603 17 DEBUG ovsdbapp.backend.ovs_idl [req-8f87451b-432c-4b41-b051-c89946a86e04 - - - - -] Created schema index Datapath_Binding.tunnel_key autocreate_indices /usr/lib/python3.9/site-packages/ovsdbapp/backend/ovs_idl/__init__.py:128
2025-12-06 08:31:03.603 15 DEBUG neutron.plugins.ml2.drivers.ovn.mech_driver.ovsdb.ovsdb_monitor [req-a23d0f0d-8961-4368-9ecf-cb5c602161da - - - - -] Hash Ring: Node 29873550-46af-4f3f-9ff1-84983475b2b4 (host: np0005548786.localdomain) handling event "create" for row f1d22508-56ce-4fba-826e-779f62f7eb8c (table: Chassis_Private) notify /usr/lib/python3.9/site-packages/neutron/plugins/ml2/drivers/ovn/mech_driver/ovsdb/ovsdb_monitor.py:791
2025-12-06 08:31:03.603 15 DEBUG neutron.plugins.ml2.drivers.ovn.mech_driver.ovsdb.ovsdb_monitor [req-a23d0f0d-8961-4368-9ecf-cb5c602161da - - - - -] ChassisAgentWriteEvent : Matched Chassis_Private, create, None None matches /usr/lib/python3.9/site-packages/neutron/plugins/ml2/drivers/ovn/mech_driver/ovsdb/ovsdb_monitor.py:61
2025-12-06 08:31:03.603 17 INFO ovsdbapp.backend.ovs_idl.vlog [req-8f87451b-432c-4b41-b051-c89946a86e04 - - - - -] tcp:172.17.0.105:6642: connecting...
2025-12-06 08:31:03.604 15 DEBUG neutron.plugins.ml2.drivers.ovn.mech_driver.ovsdb.ovsdb_monitor [req-a23d0f0d-8961-4368-9ecf-cb5c602161da - - - - -] ChassisAgentWriteEvent : Matched Chassis_Private, create, None None matches /usr/lib/python3.9/site-packages/neutron/plugins/ml2/drivers/ovn/mech_driver/ovsdb/ovsdb_monitor.py:61
2025-12-06 08:31:03.604 15 DEBUG neutron.plugins.ml2.drivers.ovn.mech_driver.ovsdb.ovsdb_monitor [req-a23d0f0d-8961-4368-9ecf-cb5c602161da - - - - -] ChassisMetadataAgentWriteEvent : Matched Chassis_Private, create, None None matches /usr/lib/python3.9/site-packages/neutron/plugins/ml2/drivers/ovn/mech_driver/ovsdb/ovsdb_monitor.py:61
2025-12-06 08:31:03.604 15 DEBUG neutron.plugins.ml2.drivers.ovn.mech_driver.ovsdb.ovsdb_monitor [req-a23d0f0d-8961-4368-9ecf-cb5c602161da - - - - -] ChassisAgentWriteEvent : Matched Chassis_Private, create, None None matches /usr/lib/python3.9/site-packages/neutron/plugins/ml2/drivers/ovn/mech_driver/ovsdb/ovsdb_monitor.py:61
2025-12-06 08:31:03.604 15 DEBUG neutron.plugins.ml2.drivers.ovn.mech_driver.ovsdb.ovsdb_monitor [req-a23d0f0d-8961-4368-9ecf-cb5c602161da - - - - -] ChassisMetadataAgentWriteEvent : Matched Chassis_Private, create, None None matches /usr/lib/python3.9/site-packages/neutron/plugins/ml2/drivers/ovn/mech_driver/ovsdb/ovsdb_monitor.py:61
2025-12-06 08:31:03.604 15 DEBUG neutron.plugins.ml2.drivers.ovn.mech_driver.ovsdb.ovsdb_monitor [req-a23d0f0d-8961-4368-9ecf-cb5c602161da - - - - -] Hash Ring: Node 29873550-46af-4f3f-9ff1-84983475b2b4 (host: np0005548786.localdomain) handling event "create" for row e9ab80cf-6cff-4b11-9253-d3ae60e5d389 (table: Encap) notify /usr/lib/python3.9/site-packages/neutron/plugins/ml2/drivers/ovn/mech_driver/ovsdb/ovsdb_monitor.py:791
2025-12-06 08:31:03.605 15 DEBUG neutron.plugins.ml2.drivers.ovn.mech_driver.ovsdb.ovsdb_monitor [req-a23d0f0d-8961-4368-9ecf-cb5c602161da - - - - -] Hash Ring: Node 29873550-46af-4f3f-9ff1-84983475b2b4 (host: np0005548786.localdomain) handling event "create" for row 988bd765-f11e-4252-b7b5-4aedfa3c98dd (table: Encap) notify /usr/lib/python3.9/site-packages/neutron/plugins/ml2/drivers/ovn/mech_driver/ovsdb/ovsdb_monitor.py:791
2025-12-06 08:31:03.605 15 DEBUG neutron.plugins.ml2.drivers.ovn.mech_driver.ovsdb.ovsdb_monitor [req-a23d0f0d-8961-4368-9ecf-cb5c602161da - - - - -] Hash Ring: Node 29873550-46af-4f3f-9ff1-84983475b2b4 (host: np0005548786.localdomain) handling event "create" for row 3fc2cbc5-b6e6-4536-add2-adb0935acd41 (table: Encap) notify /usr/lib/python3.9/site-packages/neutron/plugins/ml2/drivers/ovn/mech_driver/ovsdb/ovsdb_monitor.py:791
2025-12-06 08:31:03.605 15 DEBUG neutron.plugins.ml2.drivers.ovn.mech_driver.ovsdb.ovsdb_monitor [req-a23d0f0d-8961-4368-9ecf-cb5c602161da - - - - -] Hash Ring: Node 29873550-46af-4f3f-9ff1-84983475b2b4 (host: np0005548786.localdomain) handling event "create" for row 518083b7-dcfa-41f1-83ac-94daa4a8b6f2 (table: Encap) notify /usr/lib/python3.9/site-packages/neutron/plugins/ml2/drivers/ovn/mech_driver/ovsdb/ovsdb_monitor.py:791
2025-12-06 08:31:03.607 19 INFO ovsdbapp.backend.ovs_idl.vlog [-] tcp:172.17.0.105:6641: clustered database server is not cluster leader; trying another server
2025-12-06 08:31:03.610 17 INFO ovsdbapp.backend.ovs_idl.vlog [req-8f87451b-432c-4b41-b051-c89946a86e04 - - - - -] tcp:172.17.0.105:6642: connected
2025-12-06 08:31:03.613 19 INFO ovsdbapp.backend.ovs_idl.vlog [-] tcp:172.17.0.105:6641: connection closed by client
2025-12-06 08:31:03.615 15 INFO neutron.plugins.ml2.drivers.ovn.mech_driver.mech_driver [req-a23d0f0d-8961-4368-9ecf-cb5c602161da - - - - -] WorkerService process has finished the post initialization
2025-12-06 08:31:03.616 15 INFO neutron.wsgi [-] (15) wsgi starting up on http://172.17.0.104:9696
2025-12-06 08:31:03.595 2 DEBUG oslo_service.service [-] ml2_type_flat.flat_networks = ['datacentre'] log_opt_values /usr/lib/python3.9/site-packages/oslo_config/cfg.py:2613
2025-12-06 08:31:03.617 2 DEBUG oslo_service.service [-] ml2_type_geneve.max_header_size = 38 log_opt_values /usr/lib/python3.9/site-packages/oslo_config/cfg.py:2613
2025-12-06 08:31:03.617 2 DEBUG oslo_service.service [-] ml2_type_geneve.vni_ranges = ['1:65536'] log_opt_values /usr/lib/python3.9/site-packages/oslo_config/cfg.py:2613
2025-12-06 08:31:03.617 2 DEBUG oslo_service.service [-] ml2_type_vlan.network_vlan_ranges = ['datacentre:1:1000'] log_opt_values /usr/lib/python3.9/site-packages/oslo_config/cfg.py:2613
2025-12-06 08:31:03.617 2 DEBUG oslo_service.service [-] ml2_type_vxlan.vni_ranges = ['1:65536'] log_opt_values /usr/lib/python3.9/site-packages/oslo_config/cfg.py:2613
2025-12-06 08:31:03.617 2 DEBUG oslo_service.service [-] ml2_type_vxlan.vxlan_group = 224.0.0.1 log_opt_values /usr/lib/python3.9/site-packages/oslo_config/cfg.py:2613
2025-12-06 08:31:03.617 2 DEBUG oslo_service.service [-] network_log.burst_limit = 25 log_opt_values /usr/lib/python3.9/site-packages/oslo_config/cfg.py:2613
2025-12-06 08:31:03.617 2 DEBUG oslo_service.service [-] network_log.local_output_log_base = None log_opt_values /usr/lib/python3.9/site-packages/oslo_config/cfg.py:2613
2025-12-06 08:31:03.617 2 DEBUG oslo_service.service [-] network_log.rate_limit = 100 log_opt_values /usr/lib/python3.9/site-packages/oslo_config/cfg.py:2613
2025-12-06 08:31:03.617 2 DEBUG oslo_service.service [-] database.backend = sqlalchemy log_opt_values /usr/lib/python3.9/site-packages/oslo_config/cfg.py:2613
2025-12-06 08:31:03.618 2 DEBUG oslo_service.service [-] database.connection = **** log_opt_values /usr/lib/python3.9/site-packages/oslo_config/cfg.py:2613
2025-12-06 08:31:03.618 2 DEBUG oslo_service.service [-] database.connection_debug = 0 log_opt_values /usr/lib/python3.9/site-packages/oslo_config/cfg.py:2613
2025-12-06 08:31:03.618 2 DEBUG oslo_service.service [-] database.connection_parameters = log_opt_values /usr/lib/python3.9/site-packages/oslo_config/cfg.py:2613
2025-12-06 08:31:03.618 2 DEBUG oslo_service.service [-] database.connection_recycle_time = 3600 log_opt_values /usr/lib/python3.9/site-packages/oslo_config/cfg.py:2613
2025-12-06 08:31:03.618 2 DEBUG oslo_service.service [-] database.connection_trace = False log_opt_values /usr/lib/python3.9/site-packages/oslo_config/cfg.py:2613
2025-12-06 08:31:03.618 2 DEBUG oslo_service.service [-] database.db_inc_retry_interval = True log_opt_values /usr/lib/python3.9/site-packages/oslo_config/cfg.py:2613
2025-12-06 08:31:03.618 2 DEBUG oslo_service.service [-] database.db_max_retries = -1 log_opt_values /usr/lib/python3.9/site-packages/oslo_config/cfg.py:2613
2025-12-06 08:31:03.618 2 DEBUG oslo_service.service [-] database.db_max_retry_interval = 10 log_opt_values /usr/lib/python3.9/site-packages/oslo_config/cfg.py:2613
2025-12-06 08:31:03.618 2 DEBUG oslo_service.service [-] database.db_retry_interval = 1 log_opt_values /usr/lib/python3.9/site-packages/oslo_config/cfg.py:2613
2025-12-06 08:31:03.618 2 DEBUG oslo_service.service [-] database.max_overflow = 50 log_opt_values /usr/lib/python3.9/site-packages/oslo_config/cfg.py:2613
2025-12-06 08:31:03.619 2 DEBUG oslo_service.service [-] database.max_pool_size = 5 log_opt_values /usr/lib/python3.9/site-packages/oslo_config/cfg.py:2613
2025-12-06 08:31:03.619 2 DEBUG oslo_service.service [-] database.max_retries = -1 log_opt_values /usr/lib/python3.9/site-packages/oslo_config/cfg.py:2613
2025-12-06 08:31:03.619 2 DEBUG oslo_service.service [-] database.mysql_enable_ndb = False log_opt_values /usr/lib/python3.9/site-packages/oslo_config/cfg.py:2613
2025-12-06 08:31:03.619 2 DEBUG oslo_service.service [-] database.mysql_sql_mode = TRADITIONAL log_opt_values /usr/lib/python3.9/site-packages/oslo_config/cfg.py:2613
2025-12-06 08:31:03.619 2 DEBUG oslo_service.service [-] database.pool_timeout = None log_opt_values /usr/lib/python3.9/site-packages/oslo_config/cfg.py:2613
2025-12-06 08:31:03.619 2 DEBUG oslo_service.service [-] database.retry_interval = 10 log_opt_values /usr/lib/python3.9/site-packages/oslo_config/cfg.py:2613
2025-12-06 08:31:03.619 2 DEBUG oslo_service.service [-] database.slave_connection = **** log_opt_values /usr/lib/python3.9/site-packages/oslo_config/cfg.py:2613
2025-12-06 08:31:03.619 2 DEBUG oslo_service.service [-] database.sqlite_synchronous = True log_opt_values /usr/lib/python3.9/site-packages/oslo_config/cfg.py:2613
2025-12-06 08:31:03.619 2 DEBUG oslo_service.service [-] database.use_db_reconnect = False log_opt_values /usr/lib/python3.9/site-packages/oslo_config/cfg.py:2613
2025-12-06 08:31:03.619 2 DEBUG oslo_service.service [-] ovn.broadcast_arps_to_all_routers = True log_opt_values /usr/lib/python3.9/site-packages/oslo_config/cfg.py:2613
2025-12-06 08:31:03.620 2 DEBUG oslo_service.service [-] ovn.dhcp_default_lease_time = 43200 log_opt_values /usr/lib/python3.9/site-packages/oslo_config/cfg.py:2613
2025-12-06 08:31:03.620 19 INFO ovsdbapp.backend.ovs_idl.vlog [-] tcp:172.17.0.104:6641: connecting...
2025-12-06 08:31:03.620 2 DEBUG oslo_service.service [-] ovn.disable_ovn_dhcp_for_baremetal_ports = False log_opt_values /usr/lib/python3.9/site-packages/oslo_config/cfg.py:2613
2025-12-06 08:31:03.620 19 INFO ovsdbapp.backend.ovs_idl.vlog [-] tcp:172.17.0.104:6641: connected
2025-12-06 08:31:03.620 2 DEBUG oslo_service.service [-] ovn.dns_servers = [] log_opt_values /usr/lib/python3.9/site-packages/oslo_config/cfg.py:2613
2025-12-06 08:31:03.620 2 DEBUG oslo_service.service [-] ovn.enable_distributed_floating_ip = True log_opt_values /usr/lib/python3.9/site-packages/oslo_config/cfg.py:2613
2025-12-06 08:31:03.620 2 DEBUG oslo_service.service [-] ovn.fdb_age_threshold = 0 log_opt_values /usr/lib/python3.9/site-packages/oslo_config/cfg.py:2613
2025-12-06 08:31:03.620 2 DEBUG oslo_service.service [-] ovn.localnet_learn_fdb = False log_opt_values /usr/lib/python3.9/site-packages/oslo_config/cfg.py:2613
2025-12-06 08:31:03.620 2 DEBUG oslo_service.service [-] ovn.mac_binding_age_threshold = 0 log_opt_values /usr/lib/python3.9/site-packages/oslo_config/cfg.py:2613
2025-12-06 08:31:03.620 2 DEBUG oslo_service.service [-] ovn.neutron_sync_mode = log log_opt_values /usr/lib/python3.9/site-packages/oslo_config/cfg.py:2613
2025-12-06 08:31:03.620 2 DEBUG oslo_service.service [-] ovn.ovn_dhcp4_global_options = {} log_opt_values /usr/lib/python3.9/site-packages/oslo_config/cfg.py:2613
2025-12-06 08:31:03.620 2 DEBUG oslo_service.service [-] ovn.ovn_dhcp6_global_options = {} log_opt_values /usr/lib/python3.9/site-packages/oslo_config/cfg.py:2613
2025-12-06 08:31:03.620 2 DEBUG oslo_service.service [-] ovn.ovn_emit_need_to_frag = True log_opt_values /usr/lib/python3.9/site-packages/oslo_config/cfg.py:2613
2025-12-06 08:31:03.621 2 DEBUG oslo_service.service [-] ovn.ovn_l3_mode = True log_opt_values /usr/lib/python3.9/site-packages/oslo_config/cfg.py:2613
2025-12-06 08:31:03.621 2 DEBUG oslo_service.service [-] ovn.ovn_l3_scheduler = leastloaded log_opt_values /usr/lib/python3.9/site-packages/oslo_config/cfg.py:2613
2025-12-06 08:31:03.621 2 DEBUG oslo_service.service [-] ovn.ovn_metadata_enabled = True log_opt_values /usr/lib/python3.9/site-packages/oslo_config/cfg.py:2613
2025-12-06 08:31:03.621 2 DEBUG oslo_service.service [-] ovn.ovn_nb_ca_cert = log_opt_values /usr/lib/python3.9/site-packages/oslo_config/cfg.py:2613
2025-12-06 08:31:03.621 2 DEBUG oslo_service.service [-] ovn.ovn_nb_certificate = log_opt_values /usr/lib/python3.9/site-packages/oslo_config/cfg.py:2613
2025-12-06 08:31:03.621 2 DEBUG oslo_service.service [-] ovn.ovn_nb_connection = tcp:172.17.0.103:6641,tcp:172.17.0.104:6641,tcp:172.17.0.105:6641 log_opt_values /usr/lib/python3.9/site-packages/oslo_config/cfg.py:2613
2025-12-06 08:31:03.621 2 DEBUG oslo_service.service [-] ovn.ovn_nb_private_key = log_opt_values /usr/lib/python3.9/site-packages/oslo_config/cfg.py:2613
2025-12-06 08:31:03.629 19 INFO ovsdbapp.backend.ovs_idl.vlog [-] tcp:172.17.0.104:6641: clustered database server is not cluster leader; trying another server
2025-12-06 08:31:03.635 19 INFO ovsdbapp.backend.ovs_idl.vlog [-] tcp:172.17.0.104:6641: connection closed by client
2025-12-06 08:31:03.621 2 DEBUG oslo_service.service [-] ovn.ovn_router_indirect_snat = False log_opt_values /usr/lib/python3.9/site-packages/oslo_config/cfg.py:2613
2025-12-06 08:31:03.635 2 DEBUG oslo_service.service [-] ovn.ovn_sb_ca_cert = log_opt_values /usr/lib/python3.9/site-packages/oslo_config/cfg.py:2613
2025-12-06 08:31:03.636 2 DEBUG oslo_service.service [-] ovn.ovn_sb_certificate = log_opt_values /usr/lib/python3.9/site-packages/oslo_config/cfg.py:2613
2025-12-06 08:31:03.636 2 DEBUG oslo_service.service [-] ovn.ovn_sb_connection = tcp:172.17.0.103:6642,tcp:172.17.0.104:6642,tcp:172.17.0.105:6642 log_opt_values /usr/lib/python3.9/site-packages/oslo_config/cfg.py:2613
2025-12-06 08:31:03.636 2 DEBUG oslo_service.service [-] ovn.ovn_sb_private_key = log_opt_values /usr/lib/python3.9/site-packages/oslo_config/cfg.py:2613
2025-12-06 08:31:03.636 2 DEBUG oslo_service.service [-] ovn.ovsdb_connection_timeout = 180 log_opt_values /usr/lib/python3.9/site-packages/oslo_config/cfg.py:2613
2025-12-06 08:31:03.636 2 DEBUG oslo_service.service [-] ovn.ovsdb_log_level = INFO log_opt_values /usr/lib/python3.9/site-packages/oslo_config/cfg.py:2613
2025-12-06 08:31:03.636 2 DEBUG oslo_service.service [-] ovn.ovsdb_probe_interval = 60000 log_opt_values /usr/lib/python3.9/site-packages/oslo_config/cfg.py:2613
2025-12-06 08:31:03.636 2 DEBUG oslo_service.service [-] ovn.ovsdb_retry_max_interval = 180 log_opt_values /usr/lib/python3.9/site-packages/oslo_config/cfg.py:2613
2025-12-06 08:31:03.636 2 DEBUG oslo_service.service [-] ovn.vhost_sock_dir = /var/run/openvswitch log_opt_values /usr/lib/python3.9/site-packages/oslo_config/cfg.py:2613
2025-12-06 08:31:03.636 2 DEBUG oslo_service.service [-] ovn.vif_type = ovs log_opt_values /usr/lib/python3.9/site-packages/oslo_config/cfg.py:2613
2025-12-06 08:31:03.636 2 DEBUG oslo_service.service [-] OVS.bridge_mac_table_size = 50000 log_opt_values /usr/lib/python3.9/site-packages/oslo_config/cfg.py:2613
2025-12-06 08:31:03.637 2 DEBUG oslo_service.service [-] OVS.igmp_snooping_enable = False log_opt_values /usr/lib/python3.9/site-packages/oslo_config/cfg.py:2613
2025-12-06 08:31:03.637 2 DEBUG oslo_service.service [-] OVS.ovsdb_timeout = 10 log_opt_values /usr/lib/python3.9/site-packages/oslo_config/cfg.py:2613
2025-12-06 08:31:03.637 2 DEBUG oslo_service.service [-] ovn_nb_global.fdb_removal_limit = 0 log_opt_values /usr/lib/python3.9/site-packages/oslo_config/cfg.py:2613
2025-12-06 08:31:03.637 2 DEBUG oslo_service.service [-] ovn_nb_global.ignore_lsp_down = False log_opt_values /usr/lib/python3.9/site-packages/oslo_config/cfg.py:2613
2025-12-06 08:31:03.637 2 DEBUG oslo_service.service [-] ovn_nb_global.mac_binding_removal_limit = 0 log_opt_values /usr/lib/python3.9/site-packages/oslo_config/cfg.py:2613
2025-12-06 08:31:03.637 2 DEBUG oslo_service.service [-] ******************************************************************************** log_opt_values /usr/lib/python3.9/site-packages/oslo_config/cfg.py:2617
2025-12-06 08:31:03.637 2 DEBUG oslo_service.service [-] Full set of CONF: wait /usr/lib/python3.9/site-packages/oslo_service/service.py:650
2025-12-06 08:31:03.637 2 DEBUG oslo_service.service [-] ******************************************************************************** log_opt_values /usr/lib/python3.9/site-packages/oslo_config/cfg.py:2593
2025-12-06 08:31:03.637 2 DEBUG oslo_service.service [-] Configuration options gathered from: log_opt_values /usr/lib/python3.9/site-packages/oslo_config/cfg.py:2594
2025-12-06 08:31:03.637 2 DEBUG oslo_service.service [-] command line args: ['--config-file', '/usr/share/neutron/neutron-dist.conf', '--config-dir', '/usr/share/neutron/server', '--config-file', '/etc/neutron/neutron.conf', '--config-file', '/etc/neutron/plugin.ini', '--config-dir', '/etc/neutron/conf.d/common', '--config-dir', '/etc/neutron/conf.d/neutron-server', '--log-file=/var/log/neutron/server.log'] log_opt_values /usr/lib/python3.9/site-packages/oslo_config/cfg.py:2595
2025-12-06 08:31:03.638 2 DEBUG oslo_service.service [-] config files: ['/usr/share/neutron/neutron-dist.conf', '/etc/neutron/neutron.conf', '/etc/neutron/plugin.ini'] log_opt_values /usr/lib/python3.9/site-packages/oslo_config/cfg.py:2596
2025-12-06 08:31:03.638 2 DEBUG oslo_service.service [-] ================================================================================ log_opt_values /usr/lib/python3.9/site-packages/oslo_config/cfg.py:2598
2025-12-06 08:31:03.638 2 DEBUG oslo_service.service [-] agent_down_time = 600 log_opt_values /usr/lib/python3.9/site-packages/oslo_config/cfg.py:2606
2025-12-06 08:31:03.638 2 DEBUG oslo_service.service [-] allow_automatic_dhcp_failover = True log_opt_values /usr/lib/python3.9/site-packages/oslo_config/cfg.py:2606
2025-12-06 08:31:03.638 2 DEBUG oslo_service.service [-] allow_bulk = True log_opt_values /usr/lib/python3.9/site-packages/oslo_config/cfg.py:2606
2025-12-06 08:31:03.638 2 DEBUG oslo_service.service [-] allow_overlapping_ips = True log_opt_values /usr/lib/python3.9/site-packages/oslo_config/cfg.py:2606
2025-12-06 08:31:03.638 2 DEBUG oslo_service.service [-] allowed_conntrack_helpers = [{'amanda': 'tcp'}, {'ftp': 'tcp'}, {'h323': 'udp'}, {'h323': 'tcp'}, {'irc': 'tcp'}, {'netbios-ns': 'udp'}, {'pptp': 'tcp'}, {'sane': 'tcp'}, {'sip': 'udp'}, {'sip': 'tcp'}, {'snmp': 'udp'}, {'tftp': 'udp'}] log_opt_values /usr/lib/python3.9/site-packages/oslo_config/cfg.py:2606
2025-12-06 08:31:03.638 2 DEBUG oslo_service.service [-] api_extensions_path = log_opt_values /usr/lib/python3.9/site-packages/oslo_config/cfg.py:2606
2025-12-06 08:31:03.638 2 DEBUG oslo_service.service [-] api_paste_config = /usr/share/neutron/api-paste.ini log_opt_values /usr/lib/python3.9/site-packages/oslo_config/cfg.py:2606
2025-12-06 08:31:03.638 2 DEBUG oslo_service.service [-] api_workers = 1 log_opt_values /usr/lib/python3.9/site-packages/oslo_config/cfg.py:2606
2025-12-06 08:31:03.638 2 DEBUG oslo_service.service [-] auth_strategy = keystone log_opt_values /usr/lib/python3.9/site-packages/oslo_config/cfg.py:2606
2025-12-06 08:31:03.638 2 DEBUG oslo_service.service [-] backdoor_port = None log_opt_values /usr/lib/python3.9/site-packages/oslo_config/cfg.py:2606
2025-12-06 08:31:03.638 2 DEBUG oslo_service.service [-] backdoor_socket = None log_opt_values /usr/lib/python3.9/site-packages/oslo_config/cfg.py:2606
2025-12-06 08:31:03.638 2 DEBUG oslo_service.service [-] backlog = 4096 log_opt_values /usr/lib/python3.9/site-packages/oslo_config/cfg.py:2606
2025-12-06 08:31:03.638 2 DEBUG oslo_service.service [-] base_mac = fa:16:3e:00:00:00 log_opt_values /usr/lib/python3.9/site-packages/oslo_config/cfg.py:2606
2025-12-06 08:31:03.638 2 DEBUG oslo_service.service [-] bind_host = 172.17.0.104 log_opt_values /usr/lib/python3.9/site-packages/oslo_config/cfg.py:2606
2025-12-06 08:31:03.639 2 DEBUG oslo_service.service [-] bind_port = 9696 log_opt_values /usr/lib/python3.9/site-packages/oslo_config/cfg.py:2606
2025-12-06 08:31:03.639 2 DEBUG oslo_service.service [-] client_socket_timeout = 900 log_opt_values /usr/lib/python3.9/site-packages/oslo_config/cfg.py:2606
