Dec 6 08:44:45 np0005548785 proxy-server[125190]: 172.18.0.250 172.18.0.104 06/Dec/2025/08/44/45 GET /v1/AUTH_660705fe1cbe4111b6f2c99ce8d05c8c/gnocchi.3c7b8eb2-8b7c-4889-bf9c-9327d8f68525%3Fformat%3Djson%26states%3Dlisting HTTP/1.0 200 - python-swiftclient-3.11.1 gAAAAABpM-z074rw... - 2 - tx7f3e77279b6540daa0939-006933ecfd - 0.0314 - - 1765010685.134112835 1765010685.165540457 0
Dec 6 08:44:45 np0005548785 account-server[123228]: 172.20.0.104 - - [06/Dec/2025:08:44:45 +0000] "PUT /d1/82/AUTH_660705fe1cbe4111b6f2c99ce8d05c8c/gnocchi.1975c3b1-45b1-4cc9-90a6-04134fe65bd6" 201 - "PUT http://172.20.0.104:6001/d1/784/AUTH_660705fe1cbe4111b6f2c99ce8d05c8c/gnocchi.1975c3b1-45b1-4cc9-90a6-04134fe65bd6" "txbc345cbc50ea44f0b845d-006933ecfd" "container-server 23" 0.0063 "-" 23 0
Dec 6 08:44:45 np0005548785 object-server[123722]: 172.20.0.104 - - [06/Dec/2025:08:44:45 +0000] "GET /d1/819/AUTH_660705fe1cbe4111b6f2c99ce8d05c8c/gnocchi.3c7b8eb2-8b7c-4889-bf9c-9327d8f68525/1764720000.0_mean_300.0_v3" 404 70 "GET http://172.18.0.250:8080/v1/AUTH_660705fe1cbe4111b6f2c99ce8d05c8c/gnocchi.3c7b8eb2-8b7c-4889-bf9c-9327d8f68525/1764720000.0_mean_300.0_v3" "tx167052d592074cfc9c216-006933ecfd" "proxy-server 20" 0.0005 "-" 23 0
Dec 6 08:44:45 np0005548785 proxy-server[125190]: - - 06/Dec/2025/08/44/45 HEAD /v1/AUTH_660705fe1cbe4111b6f2c99ce8d05c8c/gnocchi.1975c3b1-45b1-4cc9-90a6-04134fe65bd6%3Fformat%3Djson%26states%3Dlisting HTTP/1.0 204 - Swift - - - - tx6c570515f0b44766a3c35-006933ecfd - 0.0088 RL - 1765010685.178537846 1765010685.187349081 0
Dec 6 08:44:45 np0005548785 container-server[123320]: 172.20.0.103 - - [06/Dec/2025:08:44:45 +0000] "GET /d1/784/AUTH_660705fe1cbe4111b6f2c99ce8d05c8c/gnocchi.1975c3b1-45b1-4cc9-90a6-04134fe65bd6" 200 2 "GET http://172.18.0.250:8080/v1/AUTH_660705fe1cbe4111b6f2c99ce8d05c8c/gnocchi.1975c3b1-45b1-4cc9-90a6-04134fe65bd6?format=json&states=listing" "tx6c570515f0b44766a3c35-006933ecfd" "proxy-server 20" 0.0041 "-" 23 0
Dec 6 08:44:45 np0005548785 proxy-server[125190]: 172.18.0.105 172.18.0.104 06/Dec/2025/08/44/45 GET /v1/AUTH_660705fe1cbe4111b6f2c99ce8d05c8c/gnocchi.1975c3b1-45b1-4cc9-90a6-04134fe65bd6%3Fformat%3Djson%26states%3Dlisting HTTP/1.0 200 - python-swiftclient-3.11.1 gAAAAABpM-yzR85B... - 2 - tx6c570515f0b44766a3c35-006933ecfd - 0.0254 - - 1765010685.176418304 1765010685.201792002 0
Dec 6 08:44:45 np0005548785 container-server[123304]: 172.20.0.104 - - [06/Dec/2025:08:44:45 +0000] "PUT /d1/856/AUTH_660705fe1cbe4111b6f2c99ce8d05c8c/gnocchi.3c7b8eb2-8b7c-4889-bf9c-9327d8f68525/1764720000.0_mean_300.0_v3" 201 - "PUT http://172.18.0.250:8080/d1/819/AUTH_660705fe1cbe4111b6f2c99ce8d05c8c/gnocchi.3c7b8eb2-8b7c-4889-bf9c-9327d8f68525/1764720000.0_mean_300.0_v3" "tx247335441bc9425f82d7a-006933ecfd" "object-server 25" 0.0009 "-" 21 0
Dec 6 08:44:45 np0005548785 object-server[123735]: 172.20.0.104 - - [06/Dec/2025:08:44:45 +0000] "GET /d1/209/AUTH_660705fe1cbe4111b6f2c99ce8d05c8c/gnocchi.1975c3b1-45b1-4cc9-90a6-04134fe65bd6/1764720000.0_mean_300.0_v3" 404 70 "GET http://172.18.0.250:8080/v1/AUTH_660705fe1cbe4111b6f2c99ce8d05c8c/gnocchi.1975c3b1-45b1-4cc9-90a6-04134fe65bd6/1764720000.0_mean_300.0_v3" "txe67ac55bf2984aacb96d2-006933ecfd" "proxy-server 20" 0.0006 "-" 25 0
Dec 6 08:44:45 np0005548785 object-server[123720]: 172.20.0.105 - - [06/Dec/2025:08:44:45 +0000] "PUT /d1/819/AUTH_660705fe1cbe4111b6f2c99ce8d05c8c/gnocchi.3c7b8eb2-8b7c-4889-bf9c-9327d8f68525/1764720000.0_mean_300.0_v3" 201 - "PUT http://172.18.0.250:8080/v1/AUTH_660705fe1cbe4111b6f2c99ce8d05c8c/gnocchi.3c7b8eb2-8b7c-4889-bf9c-9327d8f68525/1764720000.0_mean_300.0_v3" "tx247335441bc9425f82d7a-006933ecfd" "proxy-server 20" 0.0148 "-" 22 0
Dec 6 08:44:45 np0005548785 container-server[123308]: 172.20.0.105 - - [06/Dec/2025:08:44:45 +0000] "PUT /d1/856/AUTH_660705fe1cbe4111b6f2c99ce8d05c8c/gnocchi.3c7b8eb2-8b7c-4889-bf9c-9327d8f68525/none_v3" 201 - "PUT http://172.18.0.250:8080/d1/120/AUTH_660705fe1cbe4111b6f2c99ce8d05c8c/gnocchi.3c7b8eb2-8b7c-4889-bf9c-9327d8f68525/none_v3" "txfd016528d22b4da6b2804-006933ecfd" "object-server 24" 0.0007 "-" 22 0
Dec 6 08:44:45 np0005548785 object-server[123735]: 172.20.0.105 - - [06/Dec/2025:08:44:45 +0000] "PUT /d1/120/AUTH_660705fe1cbe4111b6f2c99ce8d05c8c/gnocchi.3c7b8eb2-8b7c-4889-bf9c-9327d8f68525/none_v3" 201 - "PUT http://172.18.0.250:8080/v1/AUTH_660705fe1cbe4111b6f2c99ce8d05c8c/gnocchi.3c7b8eb2-8b7c-4889-bf9c-9327d8f68525/none_v3" "txfd016528d22b4da6b2804-006933ecfd" "proxy-server 20" 0.0127 "-" 25 0
Dec 6 08:44:45 np0005548785 object-server[123722]: 172.20.0.104 - - [06/Dec/2025:08:44:45 +0000] "PUT /d1/209/AUTH_660705fe1cbe4111b6f2c99ce8d05c8c/gnocchi.1975c3b1-45b1-4cc9-90a6-04134fe65bd6/1764720000.0_mean_300.0_v3" 201 - "PUT http://172.18.0.250:8080/v1/AUTH_660705fe1cbe4111b6f2c99ce8d05c8c/gnocchi.1975c3b1-45b1-4cc9-90a6-04134fe65bd6/1764720000.0_mean_300.0_v3" "tx58d579546cc0476abfb2f-006933ecfd" "proxy-server 20" 0.0109 "-" 23 0
Dec 6 08:44:45 np0005548785 container-server[123308]: 172.20.0.105 - - [06/Dec/2025:08:44:45 +0000] "PUT /d1/784/AUTH_660705fe1cbe4111b6f2c99ce8d05c8c/gnocchi.1975c3b1-45b1-4cc9-90a6-04134fe65bd6/1764720000.0_mean_300.0_v3" 201 - "PUT http://172.18.0.250:8080/d1/209/AUTH_660705fe1cbe4111b6f2c99ce8d05c8c/gnocchi.1975c3b1-45b1-4cc9-90a6-04134fe65bd6/1764720000.0_mean_300.0_v3" "tx58d579546cc0476abfb2f-006933ecfd" "object-server 25" 0.0010 "-" 22 0
Dec 6 08:44:45 np0005548785 container-server[123290]: 172.20.0.103 - - [06/Dec/2025:08:44:45 +0000] "HEAD /d1/811/AUTH_660705fe1cbe4111b6f2c99ce8d05c8c/gnocchi.5a437d94-0872-42a7-af65-4e20fd031f7d" 404 - "HEAD http://172.18.0.250:8080/v1/AUTH_660705fe1cbe4111b6f2c99ce8d05c8c/gnocchi.5a437d94-0872-42a7-af65-4e20fd031f7d?format=json&states=listing" "txc82d853f124d4a628abe8-006933ecfd" "proxy-server 20" 0.0003 "-" 20 0
Dec 6 08:44:45 np0005548785 object-server[123724]: 172.20.0.103 - - [06/Dec/2025:08:44:45 +0000] "GET /d1/532/AUTH_660705fe1cbe4111b6f2c99ce8d05c8c/gnocchi.5a437d94-0872-42a7-af65-4e20fd031f7d/none_v3" 404 70 "GET http://172.18.0.250:8080/v1/AUTH_660705fe1cbe4111b6f2c99ce8d05c8c/gnocchi.5a437d94-0872-42a7-af65-4e20fd031f7d/none_v3" "txc82d853f124d4a628abe8-006933ecfd" "proxy-server 20" 0.0002 "-" 24 0
Dec 6 08:44:45 np0005548785 proxy-server[125190]: 172.18.0.103 172.18.0.104 06/Dec/2025/08/44/45 GET /v1/AUTH_660705fe1cbe4111b6f2c99ce8d05c8c/gnocchi.5a437d94-0872-42a7-af65-4e20fd031f7d/none_v3 HTTP/1.0 404 - python-swiftclient-3.11.1 gAAAAABpM-z9-YGG... - 70 - txc82d853f124d4a628abe8-006933ecfd - 0.0974 - - 1765010685.224519253 1765010685.321931601 0
Dec 6 08:44:45 np0005548785 container-server[123308]: 172.20.0.103 - - [06/Dec/2025:08:44:45 +0000] "PUT /d1/784/AUTH_660705fe1cbe4111b6f2c99ce8d05c8c/gnocchi.1975c3b1-45b1-4cc9-90a6-04134fe65bd6/none_v3" 201 - "PUT http://172.18.0.250:8080/d1/970/AUTH_660705fe1cbe4111b6f2c99ce8d05c8c/gnocchi.1975c3b1-45b1-4cc9-90a6-04134fe65bd6/none_v3" "tx65011a9c9e6847c3ab694-006933ecfd" "object-server 23" 0.0010 "-" 22 0
Dec 6 08:44:45 np0005548785 object-server[123722]: 172.20.0.105 - - [06/Dec/2025:08:44:45 +0000] "PUT /d1/970/AUTH_660705fe1cbe4111b6f2c99ce8d05c8c/gnocchi.1975c3b1-45b1-4cc9-90a6-04134fe65bd6/none_v3" 201 - "PUT http://172.18.0.250:8080/v1/AUTH_660705fe1cbe4111b6f2c99ce8d05c8c/gnocchi.1975c3b1-45b1-4cc9-90a6-04134fe65bd6/none_v3" "tx65011a9c9e6847c3ab694-006933ecfd" "proxy-server 20" 0.0145 "-" 23 0
Dec 6 08:44:45 np0005548785 account-server[123202]: 172.20.0.103 - - [06/Dec/2025:08:44:45 +0000] "PUT /d1/82/AUTH_660705fe1cbe4111b6f2c99ce8d05c8c/gnocchi.5a437d94-0872-42a7-af65-4e20fd031f7d" 201 - "PUT http://172.20.0.103:6001/d1/811/AUTH_660705fe1cbe4111b6f2c99ce8d05c8c/gnocchi.5a437d94-0872-42a7-af65-4e20fd031f7d" "tx50403ddb21df4dab8b577-006933ecfd" "container-server 22" 0.0051 "-" 20 0
Dec 6 08:44:45 np0005548785 container-server[123308]: 172.20.0.104 - - [06/Dec/2025:08:44:45 +0000] "PUT /d1/811/AUTH_660705fe1cbe4111b6f2c99ce8d05c8c/gnocchi.5a437d94-0872-42a7-af65-4e20fd031f7d" 201 - "PUT http://172.18.0.250:8080/v1/AUTH_660705fe1cbe4111b6f2c99ce8d05c8c/gnocchi.5a437d94-0872-42a7-af65-4e20fd031f7d" "tx50403ddb21df4dab8b577-006933ecfd" "proxy-server 20" 0.0158 "-" 22 0
Dec 6 08:44:45 np0005548785 proxy-server[125190]: - - 06/Dec/2025/08/44/45 HEAD /v1/AUTH_660705fe1cbe4111b6f2c99ce8d05c8c/gnocchi.5a437d94-0872-42a7-af65-4e20fd031f7d%3Fformat%3Djson%26states%3Dlisting HTTP/1.0 204 - Swift - - - - txacf4abf7cbf44bb9a85aa-006933ecfd - 0.0126 RL - 1765010685.358997345 1765010685.371572733 0
Dec 6 08:44:45 np0005548785 proxy-server[125190]: 172.18.0.103 172.18.0.104 06/Dec/2025/08/44/45 GET /v1/AUTH_660705fe1cbe4111b6f2c99ce8d05c8c/gnocchi.5a437d94-0872-42a7-af65-4e20fd031f7d%3Fformat%3Djson%26states%3Dlisting HTTP/1.0 200 - python-swiftclient-3.11.1 gAAAAABpM-z9-YGG... - 2 - txacf4abf7cbf44bb9a85aa-006933ecfd - 0.0308 - - 1765010685.357339144 1765010685.388145208 0
Dec 6 08:44:45 np0005548785 object-server[123724]: 172.20.0.105 - - [06/Dec/2025:08:44:45 +0000] "GET /d1/789/AUTH_660705fe1cbe4111b6f2c99ce8d05c8c/gnocchi.5a437d94-0872-42a7-af65-4e20fd031f7d/1764720000.0_mean_300.0_v3" 404 70 "GET http://172.18.0.250:8080/v1/AUTH_660705fe1cbe4111b6f2c99ce8d05c8c/gnocchi.5a437d94-0872-42a7-af65-4e20fd031f7d/1764720000.0_mean_300.0_v3" "tx32f997925d1f48f7b3764-006933ecfd" "proxy-server 20" 0.0005 "-" 24 0
Dec 6 08:44:45 np0005548785 container-server[123308]: 172.20.0.103 - - [06/Dec/2025:08:44:45 +0000] "PUT /d1/811/AUTH_660705fe1cbe4111b6f2c99ce8d05c8c/gnocchi.5a437d94-0872-42a7-af65-4e20fd031f7d/1764720000.0_mean_300.0_v3" 201 - "PUT http://172.18.0.250:8080/d1/789/AUTH_660705fe1cbe4111b6f2c99ce8d05c8c/gnocchi.5a437d94-0872-42a7-af65-4e20fd031f7d/1764720000.0_mean_300.0_v3" "tx68e10d2c570f4b5a8f7fb-006933ecfd" "object-server 24" 0.0011 "-" 22 0
Dec 6 08:44:45 np0005548785 object-server[123724]: 172.20.0.104 - - [06/Dec/2025:08:44:45 +0000] "PUT /d1/789/AUTH_660705fe1cbe4111b6f2c99ce8d05c8c/gnocchi.5a437d94-0872-42a7-af65-4e20fd031f7d/1764720000.0_mean_300.0_v3" 201 - "PUT http://172.18.0.250:8080/v1/AUTH_660705fe1cbe4111b6f2c99ce8d05c8c/gnocchi.5a437d94-0872-42a7-af65-4e20fd031f7d/1764720000.0_mean_300.0_v3" "tx68e10d2c570f4b5a8f7fb-006933ecfd" "proxy-server 20" 0.0259 "-" 24 0
Dec 6 08:44:45 np0005548785 container-server[123320]: 172.20.0.104 - - [06/Dec/2025:08:44:45 +0000] "PUT /d1/811/AUTH_660705fe1cbe4111b6f2c99ce8d05c8c/gnocchi.5a437d94-0872-42a7-af65-4e20fd031f7d/none_v3" 201 - "PUT http://172.18.0.250:8080/d1/532/AUTH_660705fe1cbe4111b6f2c99ce8d05c8c/gnocchi.5a437d94-0872-42a7-af65-4e20fd031f7d/none_v3" "tx577d41c8cdec4f55b2baa-006933ecfd" "object-server 24" 0.0008 "-" 23 0
Dec 6 08:44:45 np0005548785 object-server[123724]: 172.20.0.103 - - [06/Dec/2025:08:44:45 +0000] "PUT /d1/532/AUTH_660705fe1cbe4111b6f2c99ce8d05c8c/gnocchi.5a437d94-0872-42a7-af65-4e20fd031f7d/none_v3" 201 - "PUT http://172.18.0.250:8080/v1/AUTH_660705fe1cbe4111b6f2c99ce8d05c8c/gnocchi.5a437d94-0872-42a7-af65-4e20fd031f7d/none_v3" "tx577d41c8cdec4f55b2baa-006933ecfd" "proxy-server 20" 0.0116 "-" 24 0
Dec 6 08:44:45 np0005548785 proxy-server[125190]: 172.18.0.103 172.18.0.104 06/Dec/2025/08/44/45 PUT /v1/AUTH_660705fe1cbe4111b6f2c99ce8d05c8c/gnocchi.5a437d94-0872-42a7-af65-4e20fd031f7d/none_v3 HTTP/1.0 201 - python-swiftclient-3.11.1 gAAAAABpM-z9-YGG... 22 - - tx577d41c8cdec4f55b2baa-006933ecfd - 0.0213 - - 1765010685.464999676 1765010685.486346722 0
Dec 6 08:44:45 np0005548785 container-server[123044]: Beginning replication run
Dec 6 08:44:46 np0005548785 object-server[123570]: Starting object replication pass.
Dec 6 08:44:46 np0005548785 container-server[123044]: Replication run OVER
Dec 6 08:44:46 np0005548785 container-server[123044]: Attempted to replicate 8 dbs in 0.50057 seconds (15.98192/s)
Dec 6 08:44:46 np0005548785 container-server[123044]: Removed 0 dbs
Dec 6 08:44:46 np0005548785 container-server[123044]: 16 successes, 0 failures
Dec 6 08:44:46 np0005548785 container-server[123044]: diff:0 diff_capped:0 empty:0 hashmatch:0 no_change:16 remote_merge:0 rsync:0 ts_repl:0
Dec 6 08:44:46 np0005548785 object-server[123570]: 16/16 (100.00%) partitions replicated in 0.49s (32.52/sec, 0s remaining)
Dec 6 08:44:46 np0005548785 object-server[123570]: 32 successes, 0 failures
Dec 6 08:44:46 np0005548785 object-server[123570]: 16 suffixes checked - 87.50% hashed, 0.00% synced
Dec 6 08:44:46 np0005548785 object-server[123570]: Partition times: max 0.0360s, min 0.0085s, med 0.0328s
Dec 6 08:44:46 np0005548785 object-server[123570]: Object replication complete. (0.01 minutes)
Dec 6 08:44:48 np0005548785 object-server[219650]: Begin object audit "forever" mode (ALL)
Dec 6 08:44:48 np0005548785 object-server[219649]: Begin object audit "forever" mode (ZBF)
Dec 6 08:44:48 np0005548785 object-server[219649]: Object audit (ZBF). Since Sat Dec 6 08:44:48 2025: Locally: 1 passed, 0 quarantined, 0 errors, files/sec: 488.51, bytes/sec: 0.00, Total time: 0.00, Auditing time: 0.00, Rate: 0.00
Dec 6 08:44:48 np0005548785 object-server[219650]: Object audit (ALL). Since Sat Dec 6 08:44:48 2025: Locally: 1 passed, 0 quarantined, 0 errors, files/sec: 149.73, bytes/sec: 2395.63, Total time: 0.01, Auditing time: 0.00, Rate: 0.00
Dec 6 08:44:48 np0005548785 object-server[219649]: Object audit (ZBF) "forever" mode completed: 0.29s. Total quarantined: 0, Total errors: 0, Total files/sec: 56.06, Total bytes/sec: 0.00, Auditing time: 0.28, Rate: 0.98
Dec 6 08:44:49 np0005548785 object-server[219650]: Object audit (ALL) "forever" mode completed: 0.71s. Total quarantined: 0, Total errors: 0, Total files/sec: 22.56, Total bytes/sec: 442.67, Auditing time: 0.70, Rate: 0.99
Dec 6 08:44:57 np0005548785 account-server[122865]: Beginning replication run
Dec 6 08:44:57 np0005548785 account-server[122865]: Replication run OVER
Dec 6 08:44:57 np0005548785 account-server[122865]: Attempted to replicate 1 dbs in 0.04515 seconds (22.14961/s)
Dec 6 08:44:57 np0005548785 account-server[122865]: Removed 0 dbs
Dec 6 08:44:57 np0005548785 account-server[122865]: 2 successes, 0 failures
Dec 6 08:44:57 np0005548785 account-server[122865]: diff:0 diff_capped:0 empty:0 hashmatch:0 no_change:2 remote_merge:0 rsync:0 ts_repl:0
Dec 6 08:45:15 np0005548785 container-server[123044]: Beginning replication run
Dec 6 08:45:16 np0005548785 container-server[123044]: Replication run OVER
Dec 6 08:45:16 np0005548785 container-server[123044]: Attempted to replicate 8 dbs in 0.15329 seconds (52.18886/s)
Dec 6 08:45:16 np0005548785 container-server[123044]: Removed 0 dbs
Dec 6 08:45:16 np0005548785 container-server[123044]: 16 successes, 0 failures
Dec 6 08:45:16 np0005548785 container-server[123044]: diff:0 diff_capped:0 empty:0 hashmatch:0 no_change:16 remote_merge:0 rsync:0 ts_repl:0
Dec 6 08:45:16 np0005548785 object-server[123570]: Starting object replication pass.
Dec 6 08:45:16 np0005548785 object-server[123570]: 16/16 (100.00%) partitions replicated in 0.15s (108.08/sec, 0s remaining)
Dec 6 08:45:16 np0005548785 object-server[123570]: 32 successes, 0 failures
Dec 6 08:45:16 np0005548785 object-server[123570]: 16 suffixes checked - 0.00% hashed, 0.00% synced
Dec 6 08:45:16 np0005548785 object-server[123570]: Partition times: max 0.0134s, min 0.0064s, med 0.0088s
Dec 6 08:45:16 np0005548785 object-server[123570]: Object replication complete. (0.00 minutes)
Dec 6 08:45:18 np0005548785 object-server[219687]: Begin object audit "forever" mode (ZBF)
Dec 6 08:45:18 np0005548785 object-server[219687]: Object audit (ZBF). Since Sat Dec 6 08:45:18 2025: Locally: 1 passed, 0 quarantined, 0 errors, files/sec: 488.22, bytes/sec: 0.00, Total time: 0.00, Auditing time: 0.00, Rate: 0.00
Dec 6 08:45:19 np0005548785 object-server[219687]: Object audit (ZBF) "forever" mode completed: 0.28s. Total quarantined: 0, Total errors: 0, Total files/sec: 56.43, Total bytes/sec: 0.00, Auditing time: 0.28, Rate: 0.98
Dec 6 08:45:26 np0005548785 account-server[123216]: 172.20.0.104 - - [06/Dec/2025:08:45:26 +0000] "HEAD /d1/291/.expiring_objects" 404 - "HEAD http://localhost/v1/.expiring_objects?format=json" "tx10c52644a16e49b6a6ce4-006933ed26" "proxy-server 2" 0.0007 "-" 21 -
Dec 6 08:45:27 np0005548785 account-server[122865]: Beginning replication run
Dec 6 08:45:27 np0005548785 account-server[122865]: Replication run OVER
Dec 6 08:45:27 np0005548785 account-server[122865]: Attempted to replicate 1 dbs in 0.01814 seconds (55.13350/s)
Dec 6 08:45:27 np0005548785 account-server[122865]: Removed 0 dbs
Dec 6 08:45:27 np0005548785 account-server[122865]: 2 successes, 0 failures
Dec 6 08:45:27 np0005548785 account-server[122865]: diff:0 diff_capped:0 empty:0 hashmatch:0 no_change:2 remote_merge:0 rsync:0 ts_repl:0
Dec 6 08:45:34 np0005548785 container-server[123304]: 172.20.0.105 - - [06/Dec/2025:08:45:34 +0000] "HEAD /d1/204/AUTH_660705fe1cbe4111b6f2c99ce8d05c8c/gnocchi.c27f151d-b566-42b1-87d3-0b18db94ea98" 404 - "HEAD http://172.18.0.250:8080/v1/AUTH_660705fe1cbe4111b6f2c99ce8d05c8c/gnocchi.c27f151d-b566-42b1-87d3-0b18db94ea98?format=json&states=listing" "txc0ea6b498cdb4269b6742-006933ed2e" "proxy-server 20" 0.0011 "-" 21 0
Dec 6 08:45:34 np0005548785 object-server[123720]: 172.20.0.105 - - [06/Dec/2025:08:45:34 +0000] "GET /d1/548/AUTH_660705fe1cbe4111b6f2c99ce8d05c8c/gnocchi.c27f151d-b566-42b1-87d3-0b18db94ea98/none_v3" 404 70 "GET http://172.18.0.250:8080/v1/AUTH_660705fe1cbe4111b6f2c99ce8d05c8c/gnocchi.c27f151d-b566-42b1-87d3-0b18db94ea98/none_v3" "txc0ea6b498cdb4269b6742-006933ed2e" "proxy-server 20" 0.0006 "-" 22 0
Dec 6 08:45:34 np0005548785 container-server[123304]: 172.20.0.104 - - [06/Dec/2025:08:45:34 +0000] "HEAD /d1/354/AUTH_660705fe1cbe4111b6f2c99ce8d05c8c/gnocchi.d0a4d190-ab44-486b-987d-81332aae16dd" 404 - "HEAD http://172.18.0.250:8080/v1/AUTH_660705fe1cbe4111b6f2c99ce8d05c8c/gnocchi.d0a4d190-ab44-486b-987d-81332aae16dd?format=json&states=listing" "tx9a672663f04e42d49262a-006933ed2e" "proxy-server 20" 0.0006 "-" 21 0
Dec 6 08:45:34 np0005548785 object-server[123720]: 172.20.0.104 - - [06/Dec/2025:08:45:34 +0000] "GET /d1/995/AUTH_660705fe1cbe4111b6f2c99ce8d05c8c/gnocchi.d0a4d190-ab44-486b-987d-81332aae16dd/none_v3" 404 70 "GET http://172.18.0.250:8080/v1/AUTH_660705fe1cbe4111b6f2c99ce8d05c8c/gnocchi.d0a4d190-ab44-486b-987d-81332aae16dd/none_v3" "tx9a672663f04e42d49262a-006933ed2e" "proxy-server 20" 0.0006 "-" 22 0
Dec 6 08:45:34 np0005548785 container-server[123290]: 172.20.0.103 - - [06/Dec/2025:08:45:34 +0000] "HEAD /d1/904/AUTH_660705fe1cbe4111b6f2c99ce8d05c8c/gnocchi.a1d54ab1-7b7b-4634-866b-4c1cdbc1eb0c" 404 - "HEAD http://172.18.0.250:8080/v1/AUTH_660705fe1cbe4111b6f2c99ce8d05c8c/gnocchi.a1d54ab1-7b7b-4634-866b-4c1cdbc1eb0c?format=json&states=listing" "tx257d523f1fbf4d278d29c-006933ed2e" "proxy-server 20" 0.0006 "-" 20 0
Dec 6 08:45:34 np0005548785 object-server[123724]: 172.20.0.103 - - [06/Dec/2025:08:45:34 +0000] "GET /d1/510/AUTH_660705fe1cbe4111b6f2c99ce8d05c8c/gnocchi.a1d54ab1-7b7b-4634-866b-4c1cdbc1eb0c/none_v3" 404 70 "GET http://172.18.0.250:8080/v1/AUTH_660705fe1cbe4111b6f2c99ce8d05c8c/gnocchi.a1d54ab1-7b7b-4634-866b-4c1cdbc1eb0c/none_v3" "tx257d523f1fbf4d278d29c-006933ed2e" "proxy-server 20" 0.0005 "-" 24 0
Dec 6 08:45:34 np0005548785 proxy-server[125190]: 172.18.0.250 172.18.0.104 06/Dec/2025/08/45/34 GET /v1/AUTH_660705fe1cbe4111b6f2c99ce8d05c8c/gnocchi.a1d54ab1-7b7b-4634-866b-4c1cdbc1eb0c/none_v3 HTTP/1.0 404 - python-swiftclient-3.11.1 gAAAAABpM-z074rw... - 70 - tx257d523f1fbf4d278d29c-006933ed2e - 0.0405 - - 1765010734.742991686 1765010734.783525229 0
Dec 6 08:45:34 np0005548785 container-server[123320]: 172.20.0.105 - - [06/Dec/2025:08:45:34 +0000] "PUT /d1/204/AUTH_660705fe1cbe4111b6f2c99ce8d05c8c/gnocchi.c27f151d-b566-42b1-87d3-0b18db94ea98" 201 - "PUT http://172.18.0.250:8080/v1/AUTH_660705fe1cbe4111b6f2c99ce8d05c8c/gnocchi.c27f151d-b566-42b1-87d3-0b18db94ea98" "txda0ef4ca6e224e2f97ad0-006933ed2e" "proxy-server 20" 0.0211 "-" 23 0
Dec 6 08:45:34 np0005548785 account-server[123228]: 172.20.0.104 - - [06/Dec/2025:08:45:34 +0000] "PUT /d1/82/AUTH_660705fe1cbe4111b6f2c99ce8d05c8c/gnocchi.c27f151d-b566-42b1-87d3-0b18db94ea98" 201 - "PUT http://172.20.0.104:6001/d1/204/AUTH_660705fe1cbe4111b6f2c99ce8d05c8c/gnocchi.c27f151d-b566-42b1-87d3-0b18db94ea98" "txda0ef4ca6e224e2f97ad0-006933ed2e" "container-server 21" 0.0012 "-" 23 0
Dec 6 08:45:34 np0005548785 account-server[123216]: 172.20.0.103 - - [06/Dec/2025:08:45:34 +0000] "PUT /d1/82/AUTH_660705fe1cbe4111b6f2c99ce8d05c8c/gnocchi.d0a4d190-ab44-486b-987d-81332aae16dd" 201 - "PUT http://172.20.0.103:6001/d1/354/AUTH_660705fe1cbe4111b6f2c99ce8d05c8c/gnocchi.d0a4d190-ab44-486b-987d-81332aae16dd" "tx9f1d047f08a74727bd3f0-006933ed2e" "container-server 20" 0.0072 "-" 21 0
Dec 6 08:45:34 np0005548785 container-server[123290]: 172.20.0.104 - - [06/Dec/2025:08:45:34 +0000] "PUT /d1/354/AUTH_660705fe1cbe4111b6f2c99ce8d05c8c/gnocchi.d0a4d190-ab44-486b-987d-81332aae16dd" 201 - "PUT http://172.18.0.250:8080/v1/AUTH_660705fe1cbe4111b6f2c99ce8d05c8c/gnocchi.d0a4d190-ab44-486b-987d-81332aae16dd" "tx9f1d047f08a74727bd3f0-006933ed2e" "proxy-server 20" 0.0225 "-" 20 0
Dec 6 08:45:34 np0005548785 container-server[123304]: 172.20.0.105 - - [06/Dec/2025:08:45:34 +0000] "HEAD /d1/204/AUTH_660705fe1cbe4111b6f2c99ce8d05c8c/gnocchi.c27f151d-b566-42b1-87d3-0b18db94ea98" 204 - "HEAD http://172.18.0.250:8080/v1/AUTH_660705fe1cbe4111b6f2c99ce8d05c8c/gnocchi.c27f151d-b566-42b1-87d3-0b18db94ea98?format=json&states=listing" "tx598cfc237bd0461885c1b-006933ed2e" "proxy-server 20" 0.0015 "-" 21 0
Dec 6 08:45:34 np0005548785 account-server[123228]: 172.20.0.104 - - [06/Dec/2025:08:45:34 +0000] "PUT /d1/82/AUTH_660705fe1cbe4111b6f2c99ce8d05c8c/gnocchi.a1d54ab1-7b7b-4634-866b-4c1cdbc1eb0c" 201 - "PUT http://172.20.0.104:6001/d1/904/AUTH_660705fe1cbe4111b6f2c99ce8d05c8c/gnocchi.a1d54ab1-7b7b-4634-866b-4c1cdbc1eb0c" "tx771177cb413040b189443-006933ed2e" "container-server 20" 0.0043 "-" 23 0
Dec 6 08:45:34 np0005548785 container-server[123304]: 172.20.0.103 - - [06/Dec/2025:08:45:34 +0000] "PUT /d1/904/AUTH_660705fe1cbe4111b6f2c99ce8d05c8c/gnocchi.a1d54ab1-7b7b-4634-866b-4c1cdbc1eb0c" 201 - "PUT http://172.18.0.250:8080/v1/AUTH_660705fe1cbe4111b6f2c99ce8d05c8c/gnocchi.a1d54ab1-7b7b-4634-866b-4c1cdbc1eb0c" "tx771177cb413040b189443-006933ed2e" "proxy-server 20" 0.0234 "-" 21 0
Dec 6 08:45:34 np0005548785 proxy-server[125190]: 172.18.0.250 172.18.0.104 06/Dec/2025/08/45/34 PUT /v1/AUTH_660705fe1cbe4111b6f2c99ce8d05c8c/gnocchi.a1d54ab1-7b7b-4634-866b-4c1cdbc1eb0c HTTP/1.0 201 - python-swiftclient-3.11.1 gAAAAABpM-z074rw... - - - tx771177cb413040b189443-006933ed2e - 0.0346 - - 1765010734.799323797 1765010734.833885431 0
Dec 6 08:45:34 np0005548785 proxy-server[125190]: - - 06/Dec/2025/08/45/34 HEAD /v1/AUTH_660705fe1cbe4111b6f2c99ce8d05c8c/gnocchi.a1d54ab1-7b7b-4634-866b-4c1cdbc1eb0c%3Fformat%3Djson%26states%3Dlisting HTTP/1.0 204 - Swift - - - - tx503edcc32e0d4451ab81a-006933ed2e - 0.0058 RL - 1765010734.840786934 1765010734.846548557 0
Dec 6 08:45:34 np0005548785 proxy-server[125190]: 172.18.0.250 172.18.0.104 06/Dec/2025/08/45/34 GET /v1/AUTH_660705fe1cbe4111b6f2c99ce8d05c8c/gnocchi.a1d54ab1-7b7b-4634-866b-4c1cdbc1eb0c%3Fformat%3Djson%26states%3Dlisting HTTP/1.0 200 - python-swiftclient-3.11.1 gAAAAABpM-z074rw... - 2 - tx503edcc32e0d4451ab81a-006933ed2e - 0.0234 - - 1765010734.839284658 1765010734.862667322 0
Dec 6 08:45:34 np0005548785 object-server[123724]: 172.20.0.105 - - [06/Dec/2025:08:45:34 +0000] "GET /d1/384/AUTH_660705fe1cbe4111b6f2c99ce8d05c8c/gnocchi.c27f151d-b566-42b1-87d3-0b18db94ea98/1764720000.0_mean_300.0_v3" 404 70 "GET http://172.18.0.250:8080/v1/AUTH_660705fe1cbe4111b6f2c99ce8d05c8c/gnocchi.c27f151d-b566-42b1-87d3-0b18db94ea98/1764720000.0_mean_300.0_v3" "tx4191325c1d4041c180349-006933ed2e" "proxy-server 20" 0.0007 "-" 24 0
Dec 6 08:45:34 np0005548785 object-server[123735]: 172.20.0.103 - - [06/Dec/2025:08:45:34 +0000] "GET /d1/1002/AUTH_660705fe1cbe4111b6f2c99ce8d05c8c/gnocchi.a1d54ab1-7b7b-4634-866b-4c1cdbc1eb0c/1764720000.0_mean_300.0_v3" 404 70 "GET http://172.18.0.250:8080/v1/AUTH_660705fe1cbe4111b6f2c99ce8d05c8c/gnocchi.a1d54ab1-7b7b-4634-866b-4c1cdbc1eb0c/1764720000.0_mean_300.0_v3" "txa01a14db08f74da68853d-006933ed2e" "proxy-server 20" 0.0004 "-" 25 0
Dec 6 08:45:34 np0005548785 object-server[123724]: 172.20.0.104 - - [06/Dec/2025:08:45:34 +0000] "GET /d1/786/AUTH_660705fe1cbe4111b6f2c99ce8d05c8c/gnocchi.d0a4d190-ab44-486b-987d-81332aae16dd/1764720000.0_mean_300.0_v3" 404 70 "GET http://172.18.0.250:8080/v1/AUTH_660705fe1cbe4111b6f2c99ce8d05c8c/gnocchi.d0a4d190-ab44-486b-987d-81332aae16dd/1764720000.0_mean_300.0_v3" "tx309be463e3f847f2b1347-006933ed2e" "proxy-server 20" 0.0005 "-" 24 0
Dec 6 08:45:34 np0005548785 proxy-server[125190]: 172.18.0.250 172.18.0.104 06/Dec/2025/08/45/34 GET /v1/AUTH_660705fe1cbe4111b6f2c99ce8d05c8c/gnocchi.a1d54ab1-7b7b-4634-866b-4c1cdbc1eb0c/1764720000.0_mean_300.0_v3 HTTP/1.0 404 - python-swiftclient-3.11.1 gAAAAABpM-z074rw... - 70 - txa01a14db08f74da68853d-006933ed2e - 0.0143 - - 1765010734.867989063 1765010734.882308245 0
Dec 6 08:45:34 np0005548785 container-server[123320]: 172.20.0.103 - - [06/Dec/2025:08:45:34 +0000] "PUT /d1/904/AUTH_660705fe1cbe4111b6f2c99ce8d05c8c/gnocchi.a1d54ab1-7b7b-4634-866b-4c1cdbc1eb0c/1764720000.0_mean_300.0_v3" 201 - "PUT http://172.18.0.250:8080/d1/1002/AUTH_660705fe1cbe4111b6f2c99ce8d05c8c/gnocchi.a1d54ab1-7b7b-4634-866b-4c1cdbc1eb0c/1764720000.0_mean_300.0_v3" "txf5d6210935fb428f84b48-006933ed2e" "object-server 23" 0.0009 "-" 23 0
Dec 6 08:45:34 np0005548785 container-server[123308]: 172.20.0.105 - - [06/Dec/2025:08:45:34 +0000] "PUT /d1/354/AUTH_660705fe1cbe4111b6f2c99ce8d05c8c/gnocchi.d0a4d190-ab44-486b-987d-81332aae16dd/1764720000.0_mean_300.0_v3" 201 - "PUT http://172.18.0.250:8080/d1/786/AUTH_660705fe1cbe4111b6f2c99ce8d05c8c/gnocchi.d0a4d190-ab44-486b-987d-81332aae16dd/1764720000.0_mean_300.0_v3" "txf4b5ec76b0504e1495ed3-006933ed2e" "object-server 24" 0.0006 "-" 22 0
Dec 6 08:45:34 np0005548785 object-server[123722]: 172.20.0.103 - - [06/Dec/2025:08:45:34 +0000] "PUT /d1/1002/AUTH_660705fe1cbe4111b6f2c99ce8d05c8c/gnocchi.a1d54ab1-7b7b-4634-866b-4c1cdbc1eb0c/1764720000.0_mean_300.0_v3" 201 - "PUT http://172.18.0.250:8080/v1/AUTH_660705fe1cbe4111b6f2c99ce8d05c8c/gnocchi.a1d54ab1-7b7b-4634-866b-4c1cdbc1eb0c/1764720000.0_mean_300.0_v3" "txf5d6210935fb428f84b48-006933ed2e" "proxy-server 20" 0.0150 "-" 23 0
Dec 6 08:45:34 np0005548785 object-server[123720]: 172.20.0.104 - - [06/Dec/2025:08:45:34 +0000] "PUT /d1/786/AUTH_660705fe1cbe4111b6f2c99ce8d05c8c/gnocchi.d0a4d190-ab44-486b-987d-81332aae16dd/1764720000.0_mean_300.0_v3" 201 - "PUT http://172.18.0.250:8080/v1/AUTH_660705fe1cbe4111b6f2c99ce8d05c8c/gnocchi.d0a4d190-ab44-486b-987d-81332aae16dd/1764720000.0_mean_300.0_v3" "txf4b5ec76b0504e1495ed3-006933ed2e" "proxy-server 20" 0.0121 "-" 22 0
Dec 6 08:45:34 np0005548785 proxy-server[125190]: 172.18.0.250 172.18.0.104 06/Dec/2025/08/45/34 PUT /v1/AUTH_660705fe1cbe4111b6f2c99ce8d05c8c/gnocchi.a1d54ab1-7b7b-4634-866b-4c1cdbc1eb0c/1764720000.0_mean_300.0_v3 HTTP/1.0 201 - python-swiftclient-3.11.1 gAAAAABpM-z074rw... 16 - - txf5d6210935fb428f84b48-006933ed2e - 0.0237 - - 1765010734.888213873 1765010734.911876678 0
Dec 6 08:45:34 np0005548785 container-server[123290]: 172.20.0.105 - - [06/Dec/2025:08:45:34 +0000] "PUT /d1/204/AUTH_660705fe1cbe4111b6f2c99ce8d05c8c/gnocchi.c27f151d-b566-42b1-87d3-0b18db94ea98/1764720000.0_mean_300.0_v3" 201 - "PUT http://172.18.0.250:8080/d1/384/AUTH_660705fe1cbe4111b6f2c99ce8d05c8c/gnocchi.c27f151d-b566-42b1-87d3-0b18db94ea98/1764720000.0_mean_300.0_v3" "txc5994ba0e7214ffba9a1c-006933ed2e" "object-server 23" 0.0006 "-" 20 0
Dec 6 08:45:34 np0005548785 object-server[123735]: 172.20.0.105 - - [06/Dec/2025:08:45:34 +0000] "PUT /d1/384/AUTH_660705fe1cbe4111b6f2c99ce8d05c8c/gnocchi.c27f151d-b566-42b1-87d3-0b18db94ea98/1764720000.0_mean_300.0_v3" 201 - "PUT http://172.18.0.250:8080/v1/AUTH_660705fe1cbe4111b6f2c99ce8d05c8c/gnocchi.c27f151d-b566-42b1-87d3-0b18db94ea98/1764720000.0_mean_300.0_v3" "txc5994ba0e7214ffba9a1c-006933ed2e" "proxy-server 20" 0.0155 "-" 25 0
Dec 6 08:45:34 np0005548785 container-server[123308]: 172.20.0.103 - - [06/Dec/2025:08:45:34 +0000] "PUT /d1/904/AUTH_660705fe1cbe4111b6f2c99ce8d05c8c/gnocchi.a1d54ab1-7b7b-4634-866b-4c1cdbc1eb0c/none_v3" 201 - "PUT http://172.18.0.250:8080/d1/510/AUTH_660705fe1cbe4111b6f2c99ce8d05c8c/gnocchi.a1d54ab1-7b7b-4634-866b-4c1cdbc1eb0c/none_v3" "txabe81a1f53c34a3e90cf6-006933ed2e" "object-server 23" 0.0005 "-" 22 0
Dec 6 08:45:34 np0005548785 object-server[123722]: 172.20.0.103 - - [06/Dec/2025:08:45:34 +0000] "PUT /d1/510/AUTH_660705fe1cbe4111b6f2c99ce8d05c8c/gnocchi.a1d54ab1-7b7b-4634-866b-4c1cdbc1eb0c/none_v3" 201 - "PUT http://172.18.0.250:8080/v1/AUTH_660705fe1cbe4111b6f2c99ce8d05c8c/gnocchi.a1d54ab1-7b7b-4634-866b-4c1cdbc1eb0c/none_v3" "txabe81a1f53c34a3e90cf6-006933ed2e" "proxy-server 20" 0.0147 "-" 23 0
Dec 6 08:45:34 np0005548785 proxy-server[125190]: 172.18.0.250 172.18.0.104 06/Dec/2025/08/45/34 PUT /v1/AUTH_660705fe1cbe4111b6f2c99ce8d05c8c/gnocchi.a1d54ab1-7b7b-4634-866b-4c1cdbc1eb0c/none_v3 HTTP/1.0 201 - python-swiftclient-3.11.1 gAAAAABpM-z074rw... 22 - - txabe81a1f53c34a3e90cf6-006933ed2e - 0.0293 - - 1765010734.915519476 1765010734.944791079 0
Dec 6 08:45:34 np0005548785 container-server[123290]: 172.20.0.103 - - [06/Dec/2025:08:45:34 +0000] "PUT /d1/204/AUTH_660705fe1cbe4111b6f2c99ce8d05c8c/gnocchi.c27f151d-b566-42b1-87d3-0b18db94ea98/none_v3" 201 - "PUT http://172.18.0.250:8080/d1/548/AUTH_660705fe1cbe4111b6f2c99ce8d05c8c/gnocchi.c27f151d-b566-42b1-87d3-0b18db94ea98/none_v3" "tx93ce47af1d5a468b99a16-006933ed2e" "object-server 22" 0.0006 "-" 20 0
Dec 6 08:45:34 np0005548785 object-server[123720]: 172.20.0.104 - - [06/Dec/2025:08:45:34 +0000] "PUT /d1/548/AUTH_660705fe1cbe4111b6f2c99ce8d05c8c/gnocchi.c27f151d-b566-42b1-87d3-0b18db94ea98/none_v3" 201 - "PUT http://172.18.0.250:8080/v1/AUTH_660705fe1cbe4111b6f2c99ce8d05c8c/gnocchi.c27f151d-b566-42b1-87d3-0b18db94ea98/none_v3" "tx93ce47af1d5a468b99a16-006933ed2e" "proxy-server 20" 0.0139 "-" 22 0
Dec 6 08:45:34 np0005548785 object-server[123724]: 172.20.0.105 - - [06/Dec/2025:08:45:34 +0000] "PUT /d1/995/AUTH_660705fe1cbe4111b6f2c99ce8d05c8c/gnocchi.d0a4d190-ab44-486b-987d-81332aae16dd/none_v3" 201 - "PUT http://172.18.0.250:8080/v1/AUTH_660705fe1cbe4111b6f2c99ce8d05c8c/gnocchi.d0a4d190-ab44-486b-987d-81332aae16dd/none_v3" "txf204a6134b9741d98c260-006933ed2e" "proxy-server 20" 0.0143 "-" 24 0
Dec 6 08:45:34 np0005548785 container-server[123290]: 172.20.0.104 - - [06/Dec/2025:08:45:34 +0000] "PUT /d1/354/AUTH_660705fe1cbe4111b6f2c99ce8d05c8c/gnocchi.d0a4d190-ab44-486b-987d-81332aae16dd/none_v3" 201 - "PUT http://172.18.0.250:8080/d1/995/AUTH_660705fe1cbe4111b6f2c99ce8d05c8c/gnocchi.d0a4d190-ab44-486b-987d-81332aae16dd/none_v3" "txf204a6134b9741d98c260-006933ed2e" "object-server 22" 0.0004 "-" 20 0
Dec 6 08:45:34 np0005548785 container-server[123290]: 172.20.0.103 - - [06/Dec/2025:08:45:34 +0000] "HEAD /d1/843/AUTH_660705fe1cbe4111b6f2c99ce8d05c8c/gnocchi.3eee7a32-53a2-46c9-a1cf-d4d4b8b181ea" 404 - "HEAD http://172.18.0.250:8080/v1/AUTH_660705fe1cbe4111b6f2c99ce8d05c8c/gnocchi.3eee7a32-53a2-46c9-a1cf-d4d4b8b181ea?format=json&states=listing" "tx9e9027a654eb43ada3290-006933ed2e" "proxy-server 20" 0.0006 "-" 20 0
Dec 6 08:45:34 np0005548785 container-server[123308]: 172.20.0.105 - - [06/Dec/2025:08:45:34 +0000] "HEAD /d1/424/AUTH_660705fe1cbe4111b6f2c99ce8d05c8c/gnocchi.3049b2d9-0574-4d28-bb72-646fb8404312" 404 - "HEAD http://172.18.0.250:8080/v1/AUTH_660705fe1cbe4111b6f2c99ce8d05c8c/gnocchi.3049b2d9-0574-4d28-bb72-646fb8404312?format=json&states=listing" "tx65d865d8a20d4d35b127b-006933ed2e" "proxy-server 20" 0.0004 "-" 22 0
Dec 6 08:45:34 np0005548785 container-server[123304]: 172.20.0.104 - - [06/Dec/2025:08:45:34 +0000] "HEAD /d1/966/AUTH_660705fe1cbe4111b6f2c99ce8d05c8c/gnocchi.6de8b682-90f0-4f0f-b96a-3498607060cc" 404 - "HEAD http://172.18.0.250:8080/v1/AUTH_660705fe1cbe4111b6f2c99ce8d05c8c/gnocchi.6de8b682-90f0-4f0f-b96a-3498607060cc?format=json&states=listing" "txc05620ad1b0a473d87cf4-006933ed2e" "proxy-server 20" 0.0004 "-" 21 0
Dec 6 08:45:34 np0005548785 object-server[123724]: 172.20.0.103 - - [06/Dec/2025:08:45:34 +0000] "GET /d1/57/AUTH_660705fe1cbe4111b6f2c99ce8d05c8c/gnocchi.3eee7a32-53a2-46c9-a1cf-d4d4b8b181ea/none_v3" 404 70 "GET http://172.18.0.250:8080/v1/AUTH_660705fe1cbe4111b6f2c99ce8d05c8c/gnocchi.3eee7a32-53a2-46c9-a1cf-d4d4b8b181ea/none_v3" "tx9e9027a654eb43ada3290-006933ed2e" "proxy-server 20" 0.0004 "-" 24 0
Dec 6 08:45:34 np0005548785 proxy-server[125190]: 172.18.0.250 172.18.0.104 06/Dec/2025/08/45/34 GET /v1/AUTH_660705fe1cbe4111b6f2c99ce8d05c8c/gnocchi.3eee7a32-53a2-46c9-a1cf-d4d4b8b181ea/none_v3 HTTP/1.0 404 - python-swiftclient-3.11.1 gAAAAABpM-z074rw... - 70 - tx9e9027a654eb43ada3290-006933ed2e - 0.0284 - - 1765010734.965847492 1765010734.994255781 0
Dec 6 08:45:35 np0005548785 object-server[123735]: 172.20.0.105 - - [06/Dec/2025:08:45:35 +0000] "GET /d1/949/AUTH_660705fe1cbe4111b6f2c99ce8d05c8c/gnocchi.3049b2d9-0574-4d28-bb72-646fb8404312/none_v3" 404 70 "GET http://172.18.0.250:8080/v1/AUTH_660705fe1cbe4111b6f2c99ce8d05c8c/gnocchi.3049b2d9-0574-4d28-bb72-646fb8404312/none_v3" "tx65d865d8a20d4d35b127b-006933ed2e" "proxy-server 20" 0.0005 "-" 25 0
Dec 6 08:45:35 np0005548785 object-server[123722]: 172.20.0.104 - - [06/Dec/2025:08:45:35 +0000] "GET /d1/460/AUTH_660705fe1cbe4111b6f2c99ce8d05c8c/gnocchi.6de8b682-90f0-4f0f-b96a-3498607060cc/none_v3" 404 70 "GET http://172.18.0.250:8080/v1/AUTH_660705fe1cbe4111b6f2c99ce8d05c8c/gnocchi.6de8b682-90f0-4f0f-b96a-3498607060cc/none_v3" "txc05620ad1b0a473d87cf4-006933ed2e" "proxy-server 20" 0.0007 "-" 23 0
Dec 6 08:45:35 np0005548785 account-server[123202]: 172.20.0.104 - - [06/Dec/2025:08:45:35 +0000] "PUT /d1/82/AUTH_660705fe1cbe4111b6f2c99ce8d05c8c/gnocchi.3eee7a32-53a2-46c9-a1cf-d4d4b8b181ea" 201 - "PUT http://172.20.0.104:6001/d1/843/AUTH_660705fe1cbe4111b6f2c99ce8d05c8c/gnocchi.3eee7a32-53a2-46c9-a1cf-d4d4b8b181ea" "tx85d11f0c011c486c95a22-006933ed2e" "container-server 20" 0.0044 "-" 20 0
Dec 6 08:45:35 np0005548785 container-server[123320]: 172.20.0.103 - - [06/Dec/2025:08:45:35 +0000] "PUT /d1/843/AUTH_660705fe1cbe4111b6f2c99ce8d05c8c/gnocchi.3eee7a32-53a2-46c9-a1cf-d4d4b8b181ea" 201 - "PUT http://172.18.0.250:8080/v1/AUTH_660705fe1cbe4111b6f2c99ce8d05c8c/gnocchi.3eee7a32-53a2-46c9-a1cf-d4d4b8b181ea" "tx85d11f0c011c486c95a22-006933ed2e" "proxy-server 20" 0.0189 "-" 23 0
Dec 6 08:45:35 np0005548785 proxy-server[125190]: 172.18.0.250 172.18.0.104 06/Dec/2025/08/45/35 PUT /v1/AUTH_660705fe1cbe4111b6f2c99ce8d05c8c/gnocchi.3eee7a32-53a2-46c9-a1cf-d4d4b8b181ea HTTP/1.0 201 - python-swiftclient-3.11.1 gAAAAABpM-z074rw... - - - tx85d11f0c011c486c95a22-006933ed2e - 0.0291 - - 1765010734.997940063 1765010735.027073622 0
Dec 6 08:45:35 np0005548785 account-server[123202]: 172.20.0.105 - - [06/Dec/2025:08:45:35 +0000] "PUT /d1/82/AUTH_660705fe1cbe4111b6f2c99ce8d05c8c/gnocchi.6de8b682-90f0-4f0f-b96a-3498607060cc" 201 - "PUT http://172.20.0.105:6001/d1/966/AUTH_660705fe1cbe4111b6f2c99ce8d05c8c/gnocchi.6de8b682-90f0-4f0f-b96a-3498607060cc" "txb10d8cd53f3b48cc8d70a-006933ed2f" "container-server 16" 0.0047 "-" 20 0
Dec 6 08:45:35 np0005548785 proxy-server[125190]: - - 06/Dec/2025/08/45/35 HEAD /v1/AUTH_660705fe1cbe4111b6f2c99ce8d05c8c/gnocchi.3eee7a32-53a2-46c9-a1cf-d4d4b8b181ea%3Fformat%3Djson%26states%3Dlisting HTTP/1.0 204 - Swift - - - - txf023a34b61344775bc114-006933ed2f - 0.0064 RL - 1765010735.033715248 1765010735.040108919 0
Dec 6 08:45:35 np0005548785 container-server[123308]: 172.20.0.103 - - [06/Dec/2025:08:45:35 +0000] "GET /d1/843/AUTH_660705fe1cbe4111b6f2c99ce8d05c8c/gnocchi.3eee7a32-53a2-46c9-a1cf-d4d4b8b181ea" 200 2 "GET http://172.18.0.250:8080/v1/AUTH_660705fe1cbe4111b6f2c99ce8d05c8c/gnocchi.3eee7a32-53a2-46c9-a1cf-d4d4b8b181ea?format=json&states=listing" "txf023a34b61344775bc114-006933ed2f" "proxy-server 20" 0.0026 "-" 22 0
Dec 6 08:45:35 np0005548785 proxy-server[125190]: 172.18.0.250 172.18.0.104 06/Dec/2025/08/45/35 GET /v1/AUTH_660705fe1cbe4111b6f2c99ce8d05c8c/gnocchi.3eee7a32-53a2-46c9-a1cf-d4d4b8b181ea%3Fformat%3Djson%26states%3Dlisting HTTP/1.0 200 - python-swiftclient-3.11.1 gAAAAABpM-z074rw... - 2 - txf023a34b61344775bc114-006933ed2f - 0.0194 - - 1765010735.031620502 1765010735.051062107 0
Dec 6 08:45:35 np0005548785 account-server[123216]: 172.20.0.105 - - [06/Dec/2025:08:45:35 +0000] "PUT /d1/82/AUTH_660705fe1cbe4111b6f2c99ce8d05c8c/gnocchi.3049b2d9-0574-4d28-bb72-646fb8404312" 201 - "PUT http://172.20.0.105:6001/d1/424/AUTH_660705fe1cbe4111b6f2c99ce8d05c8c/gnocchi.3049b2d9-0574-4d28-bb72-646fb8404312" "tx60528abafb9e4adab2c05-006933ed2f" "container-server 15" 0.0171 "-" 21 0
Dec 6 08:45:35 np0005548785 container-server[123320]: 172.20.0.105 - - [06/Dec/2025:08:45:35 +0000] "PUT /d1/424/AUTH_660705fe1cbe4111b6f2c99ce8d05c8c/gnocchi.3049b2d9-0574-4d28-bb72-646fb8404312" 201 - "PUT http://172.18.0.250:8080/v1/AUTH_660705fe1cbe4111b6f2c99ce8d05c8c/gnocchi.3049b2d9-0574-4d28-bb72-646fb8404312" "tx60528abafb9e4adab2c05-006933ed2f" "proxy-server 20" 0.0281 "-" 23 0
Dec 6 08:45:35 np0005548785 object-server[123720]: 172.20.0.103 - - [06/Dec/2025:08:45:35 +0000] "GET /d1/533/AUTH_660705fe1cbe4111b6f2c99ce8d05c8c/gnocchi.3eee7a32-53a2-46c9-a1cf-d4d4b8b181ea/1764720000.0_mean_300.0_v3" 404 70 "GET http://172.18.0.250:8080/v1/AUTH_660705fe1cbe4111b6f2c99ce8d05c8c/gnocchi.3eee7a32-53a2-46c9-a1cf-d4d4b8b181ea/1764720000.0_mean_300.0_v3" "tx45e1d4aaa6ca42cc8f697-006933ed2f" "proxy-server 20" 0.0006 "-" 22 0
Dec 6 08:45:35 np0005548785 container-server[123320]: 172.20.0.104 - - [06/Dec/2025:08:45:35 +0000] "PUT /d1/966/AUTH_660705fe1cbe4111b6f2c99ce8d05c8c/gnocchi.6de8b682-90f0-4f0f-b96a-3498607060cc" 201 - "PUT http://172.18.0.250:8080/v1/AUTH_660705fe1cbe4111b6f2c99ce8d05c8c/gnocchi.6de8b682-90f0-4f0f-b96a-3498607060cc" "txb10d8cd53f3b48cc8d70a-006933ed2f" "proxy-server 20" 0.0307 "-" 23 0
Dec 6 08:45:35 np0005548785 proxy-server[125190]: 172.18.0.250 172.18.0.104 06/Dec/2025/08/45/35 GET /v1/AUTH_660705fe1cbe4111b6f2c99ce8d05c8c/gnocchi.3eee7a32-53a2-46c9-a1cf-d4d4b8b181ea/1764720000.0_mean_300.0_v3 HTTP/1.0 404 - python-swiftclient-3.11.1 gAAAAABpM-z074rw... - 70 - tx45e1d4aaa6ca42cc8f697-006933ed2f - 0.0178 - - 1765010735.055161715 1765010735.072945595 0
Dec 6 08:45:35 np0005548785 container-server[123304]: 172.20.0.105 - - [06/Dec/2025:08:45:35 +0000] "HEAD /d1/424/AUTH_660705fe1cbe4111b6f2c99ce8d05c8c/gnocchi.3049b2d9-0574-4d28-bb72-646fb8404312" 204 - "HEAD http://172.18.0.250:8080/v1/AUTH_660705fe1cbe4111b6f2c99ce8d05c8c/gnocchi.3049b2d9-0574-4d28-bb72-646fb8404312?format=json&states=listing" "txa8657385568a45b0968f3-006933ed2f" "proxy-server 20" 0.0027 "-" 21 0
Dec 6 08:45:35 np0005548785 container-server[123304]: 172.20.0.104 - - [06/Dec/2025:08:45:35 +0000] "HEAD /d1/966/AUTH_660705fe1cbe4111b6f2c99ce8d05c8c/gnocchi.6de8b682-90f0-4f0f-b96a-3498607060cc" 204 - "HEAD http://172.18.0.250:8080/v1/AUTH_660705fe1cbe4111b6f2c99ce8d05c8c/gnocchi.6de8b682-90f0-4f0f-b96a-3498607060cc?format=json&states=listing" "tx2af09c4efa784a6b8a4fa-006933ed2f" "proxy-server 20" 0.0020 "-" 21 0
Dec 6 08:45:35 np0005548785 container-server[123320]: 172.20.0.105 - - [06/Dec/2025:08:45:35 +0000] "GET /d1/424/AUTH_660705fe1cbe4111b6f2c99ce8d05c8c/gnocchi.3049b2d9-0574-4d28-bb72-646fb8404312" 200 2 "GET http://172.18.0.250:8080/v1/AUTH_660705fe1cbe4111b6f2c99ce8d05c8c/gnocchi.3049b2d9-0574-4d28-bb72-646fb8404312?format=json&states=listing" "txa8657385568a45b0968f3-006933ed2f" "proxy-server 20" 0.0036 "-" 23 0
Dec 6 08:45:35 np0005548785 container-server[123290]: 172.20.0.104 - - [06/Dec/2025:08:45:35 +0000] "PUT /d1/843/AUTH_660705fe1cbe4111b6f2c99ce8d05c8c/gnocchi.3eee7a32-53a2-46c9-a1cf-d4d4b8b181ea/1764720000.0_mean_300.0_v3" 201 - "PUT http://172.18.0.250:8080/d1/533/AUTH_660705fe1cbe4111b6f2c99ce8d05c8c/gnocchi.3eee7a32-53a2-46c9-a1cf-d4d4b8b181ea/1764720000.0_mean_300.0_v3" "tx6481ae1cf37e48c0b3613-006933ed2f" "object-server 23" 0.0009 "-" 20 0
Dec 6 08:45:35 np0005548785 object-server[123735]: 172.20.0.103 - - [06/Dec/2025:08:45:35 +0000] "PUT /d1/533/AUTH_660705fe1cbe4111b6f2c99ce8d05c8c/gnocchi.3eee7a32-53a2-46c9-a1cf-d4d4b8b181ea/1764720000.0_mean_300.0_v3" 201 - "PUT http://172.18.0.250:8080/v1/AUTH_660705fe1cbe4111b6f2c99ce8d05c8c/gnocchi.3eee7a32-53a2-46c9-a1cf-d4d4b8b181ea/1764720000.0_mean_300.0_v3" "tx6481ae1cf37e48c0b3613-006933ed2f" "proxy-server 20" 0.0129 "-" 25 0
Dec 6 08:45:35 np0005548785 object-server[123720]: 172.20.0.104 - - [06/Dec/2025:08:45:35 +0000] "GET /d1/393/AUTH_660705fe1cbe4111b6f2c99ce8d05c8c/gnocchi.6de8b682-90f0-4f0f-b96a-3498607060cc/1764720000.0_mean_300.0_v3" 404 70 "GET http://172.18.0.250:8080/v1/AUTH_660705fe1cbe4111b6f2c99ce8d05c8c/gnocchi.6de8b682-90f0-4f0f-b96a-3498607060cc/1764720000.0_mean_300.0_v3" "tx14c924555b95406387b88-006933ed2f" "proxy-server 20" 0.0006 "-" 22 0
Dec 6 08:45:35 np0005548785 proxy-server[125190]: 172.18.0.250 172.18.0.104 06/Dec/2025/08/45/35 PUT /v1/AUTH_660705fe1cbe4111b6f2c99ce8d05c8c/gnocchi.3eee7a32-53a2-46c9-a1cf-d4d4b8b181ea/1764720000.0_mean_300.0_v3 HTTP/1.0 201 - python-swiftclient-3.11.1 gAAAAABpM-z074rw... 16 - - tx6481ae1cf37e48c0b3613-006933ed2f - 0.0274 - - 1765010735.076870918 1765010735.104310989 0
Dec 6 08:45:35 np0005548785 object-server[123724]: 172.20.0.105 - - [06/Dec/2025:08:45:35 +0000] "GET /d1/15/AUTH_660705fe1cbe4111b6f2c99ce8d05c8c/gnocchi.3049b2d9-0574-4d28-bb72-646fb8404312/1764720000.0_mean_300.0_v3" 404 70 "GET http://172.18.0.250:8080/v1/AUTH_660705fe1cbe4111b6f2c99ce8d05c8c/gnocchi.3049b2d9-0574-4d28-bb72-646fb8404312/1764720000.0_mean_300.0_v3" "tx0e77880d765c4949a079d-006933ed2f" "proxy-server 20" 0.0003 "-" 24 0
Dec 6 08:45:35 np0005548785 container-server[123290]: 172.20.0.104 - - [06/Dec/2025:08:45:35 +0000] "PUT /d1/424/AUTH_660705fe1cbe4111b6f2c99ce8d05c8c/gnocchi.3049b2d9-0574-4d28-bb72-646fb8404312/1764720000.0_mean_300.0_v3" 201 - "PUT http://172.18.0.250:8080/d1/15/AUTH_660705fe1cbe4111b6f2c99ce8d05c8c/gnocchi.3049b2d9-0574-4d28-bb72-646fb8404312/1764720000.0_mean_300.0_v3" "tx9ee4c9f8e677410592631-006933ed2f" "object-server 22" 0.0008 "-" 20 0
Dec 6 08:45:35 np0005548785 container-server[123290]: 172.20.0.105 - - [06/Dec/2025:08:45:35 +0000] "PUT /d1/843/AUTH_660705fe1cbe4111b6f2c99ce8d05c8c/gnocchi.3eee7a32-53a2-46c9-a1cf-d4d4b8b181ea/none_v3" 201 - "PUT http://172.18.0.250:8080/d1/57/AUTH_660705fe1cbe4111b6f2c99ce8d05c8c/gnocchi.3eee7a32-53a2-46c9-a1cf-d4d4b8b181ea/none_v3" "txb132e25c485d431e8c7f0-006933ed2f" "object-server 25" 0.0007 "-" 20 0
Dec 6 08:45:35 np0005548785 object-server[123722]: 172.20.0.103 - - [06/Dec/2025:08:45:35 +0000] "PUT /d1/57/AUTH_660705fe1cbe4111b6f2c99ce8d05c8c/gnocchi.3eee7a32-53a2-46c9-a1cf-d4d4b8b181ea/none_v3" 201 - "PUT http://172.18.0.250:8080/v1/AUTH_660705fe1cbe4111b6f2c99ce8d05c8c/gnocchi.3eee7a32-53a2-46c9-a1cf-d4d4b8b181ea/none_v3" "txb132e25c485d431e8c7f0-006933ed2f" "proxy-server 20" 0.0224 "-" 23 0
Dec 6 08:45:35 np0005548785 proxy-server[125190]: 172.18.0.250 172.18.0.104 06/Dec/2025/08/45/35 PUT /v1/AUTH_660705fe1cbe4111b6f2c99ce8d05c8c/gnocchi.3eee7a32-53a2-46c9-a1cf-d4d4b8b181ea/none_v3 HTTP/1.0 201 - python-swiftclient-3.11.1 gAAAAABpM-z074rw... 22 - - txb132e25c485d431e8c7f0-006933ed2f - 0.0329 - - 1765010735.107933521 1765010735.140784025 0
Dec 6 08:45:35 np0005548785 object-server[123720]: 172.20.0.105 - - [06/Dec/2025:08:45:35 +0000] "PUT /d1/15/AUTH_660705fe1cbe4111b6f2c99ce8d05c8c/gnocchi.3049b2d9-0574-4d28-bb72-646fb8404312/1764720000.0_mean_300.0_v3" 201 - "PUT http://172.18.0.250:8080/v1/AUTH_660705fe1cbe4111b6f2c99ce8d05c8c/gnocchi.3049b2d9-0574-4d28-bb72-646fb8404312/1764720000.0_mean_300.0_v3" "tx9ee4c9f8e677410592631-006933ed2f" "proxy-server 20" 0.0181 "-" 22 0
Dec 6 08:45:35 np0005548785 container-server[123320]: 172.20.0.104 - - [06/Dec/2025:08:45:35 +0000] "PUT /d1/966/AUTH_660705fe1cbe4111b6f2c99ce8d05c8c/gnocchi.6de8b682-90f0-4f0f-b96a-3498607060cc/1764720000.0_mean_300.0_v3" 201 - "PUT http://172.18.0.250:8080/d1/393/AUTH_660705fe1cbe4111b6f2c99ce8d05c8c/gnocchi.6de8b682-90f0-4f0f-b96a-3498607060cc/1764720000.0_mean_300.0_v3" "tx16fbff7657f6404ba9be5-006933ed2f" "object-server 25" 0.0009 "-" 23 0
Dec 6 08:45:35 np0005548785 object-server[123722]: 172.20.0.104 - - [06/Dec/2025:08:45:35 +0000] "PUT /d1/393/AUTH_660705fe1cbe4111b6f2c99ce8d05c8c/gnocchi.6de8b682-90f0-4f0f-b96a-3498607060cc/1764720000.0_mean_300.0_v3" 201 - "PUT http://172.18.0.250:8080/v1/AUTH_660705fe1cbe4111b6f2c99ce8d05c8c/gnocchi.6de8b682-90f0-4f0f-b96a-3498607060cc/1764720000.0_mean_300.0_v3" "tx16fbff7657f6404ba9be5-006933ed2f" "proxy-server 20" 0.0148 "-" 23 0
Dec 6 08:45:35 np0005548785 container-server[123320]: 172.20.0.103 - - [06/Dec/2025:08:45:35 +0000] "PUT /d1/424/AUTH_660705fe1cbe4111b6f2c99ce8d05c8c/gnocchi.3049b2d9-0574-4d28-bb72-646fb8404312/none_v3" 201 - "PUT http://172.18.0.250:8080/d1/949/AUTH_660705fe1cbe4111b6f2c99ce8d05c8c/gnocchi.3049b2d9-0574-4d28-bb72-646fb8404312/none_v3" "tx1944bf07478e4a93aeafe-006933ed2f" "object-server 24" 0.0008 "-" 23 0
Dec 6 08:45:35 np0005548785 container-server[123290]: 172.20.0.103 - - [06/Dec/2025:08:45:35 +0000] "PUT /d1/966/AUTH_660705fe1cbe4111b6f2c99ce8d05c8c/gnocchi.6de8b682-90f0-4f0f-b96a-3498607060cc/none_v3" 201 - "PUT http://172.18.0.250:8080/d1/460/AUTH_660705fe1cbe4111b6f2c99ce8d05c8c/gnocchi.6de8b682-90f0-4f0f-b96a-3498607060cc/none_v3" "txf4fdec1ef50b4f8e813fc-006933ed2f" "object-server 24" 0.0007 "-" 20 0
Dec 6 08:45:35 np0005548785 object-server[123724]: 172.20.0.103 - - [06/Dec/2025:08:45:35 +0000] "PUT /d1/949/AUTH_660705fe1cbe4111b6f2c99ce8d05c8c/gnocchi.3049b2d9-0574-4d28-bb72-646fb8404312/none_v3" 201 - "PUT http://172.18.0.250:8080/v1/AUTH_660705fe1cbe4111b6f2c99ce8d05c8c/gnocchi.3049b2d9-0574-4d28-bb72-646fb8404312/none_v3" "tx1944bf07478e4a93aeafe-006933ed2f" "proxy-server 20" 0.0124 "-" 24 0
Dec 6 08:45:35 np0005548785 object-server[123724]: 172.20.0.105 - - [06/Dec/2025:08:45:35 +0000] "PUT /d1/460/AUTH_660705fe1cbe4111b6f2c99ce8d05c8c/gnocchi.6de8b682-90f0-4f0f-b96a-3498607060cc/none_v3" 201 - "PUT http://172.18.0.250:8080/v1/AUTH_660705fe1cbe4111b6f2c99ce8d05c8c/gnocchi.6de8b682-90f0-4f0f-b96a-3498607060cc/none_v3" "txf4fdec1ef50b4f8e813fc-006933ed2f" "proxy-server 20" 0.0118 "-" 24 0
Dec 6 08:45:35 np0005548785 proxy-server[125190]: 172.18.0.103 172.18.0.104 06/Dec/2025/08/45/35 PUT /v1/AUTH_660705fe1cbe4111b6f2c99ce8d05c8c/gnocchi.3049b2d9-0574-4d28-bb72-646fb8404312/none_v3 HTTP/1.0 201 - python-swiftclient-3.11.1 gAAAAABpM-z9-YGG... 22 - - tx1944bf07478e4a93aeafe-006933ed2f - 0.0280 - - 1765010735.147247314 1765010735.175210953 0
Dec 6 08:45:35 np0005548785 container-server[123320]: 172.20.0.104 - - [06/Dec/2025:08:45:35 +0000] "HEAD /d1/634/AUTH_660705fe1cbe4111b6f2c99ce8d05c8c/gnocchi.2c43ece9-797e-4ae6-bddd-ba23e3890bbb" 404 - "HEAD http://172.18.0.250:8080/v1/AUTH_660705fe1cbe4111b6f2c99ce8d05c8c/gnocchi.2c43ece9-797e-4ae6-bddd-ba23e3890bbb?format=json&states=listing" "tx5496444503a8431e8835e-006933ed2f" "proxy-server 20" 0.0005 "-" 23 0
Dec 6 08:45:35 np0005548785 object-server[123735]: 172.20.0.104 - - [06/Dec/2025:08:45:35 +0000] "GET /d1/540/AUTH_660705fe1cbe4111b6f2c99ce8d05c8c/gnocchi.2c43ece9-797e-4ae6-bddd-ba23e3890bbb/none_v3" 404 70 "GET http://172.18.0.250:8080/v1/AUTH_660705fe1cbe4111b6f2c99ce8d05c8c/gnocchi.2c43ece9-797e-4ae6-bddd-ba23e3890bbb/none_v3" "tx5496444503a8431e8835e-006933ed2f" "proxy-server 20" 0.0006 "-" 25 0
Dec 6 08:45:35 np0005548785 container-server[123320]: 172.20.0.104 - - [06/Dec/2025:08:45:35 +0000] "HEAD /d1/534/AUTH_660705fe1cbe4111b6f2c99ce8d05c8c/gnocchi.dd1c1d8e-44fb-47a2-a3f8-097ad581941f" 404 - "HEAD http://172.18.0.250:8080/v1/AUTH_660705fe1cbe4111b6f2c99ce8d05c8c/gnocchi.dd1c1d8e-44fb-47a2-a3f8-097ad581941f?format=json&states=listing" "tx19ca39047aa34be3a7baf-006933ed2f" "proxy-server 20" 0.0004 "-" 23 0
Dec 6 08:45:35 np0005548785 container-server[123290]: 172.20.0.105 - - [06/Dec/2025:08:45:35 +0000] "HEAD /d1/416/AUTH_660705fe1cbe4111b6f2c99ce8d05c8c/gnocchi.d400a804-56de-4531-910f-f2cfab3cebbf" 404 - "HEAD http://172.18.0.250:8080/v1/AUTH_660705fe1cbe4111b6f2c99ce8d05c8c/gnocchi.d400a804-56de-4531-910f-f2cfab3cebbf?format=json&states=listing" "txf4f6ef9dabe245378518f-006933ed2f" "proxy-server 20" 0.0006 "-" 20 0
Dec 6 08:45:35 np0005548785 object-server[123724]: 172.20.0.105 - - [06/Dec/2025:08:45:35 +0000] "GET /d1/761/AUTH_660705fe1cbe4111b6f2c99ce8d05c8c/gnocchi.d400a804-56de-4531-910f-f2cfab3cebbf/none_v3" 404 70 "GET http://172.18.0.250:8080/v1/AUTH_660705fe1cbe4111b6f2c99ce8d05c8c/gnocchi.d400a804-56de-4531-910f-f2cfab3cebbf/none_v3" "txf4f6ef9dabe245378518f-006933ed2f" "proxy-server 20" 0.0003 "-" 24 0
Dec 6 08:45:35 np0005548785 account-server[123228]: 172.20.0.103 - - [06/Dec/2025:08:45:35 +0000] "PUT /d1/82/AUTH_660705fe1cbe4111b6f2c99ce8d05c8c/gnocchi.2c43ece9-797e-4ae6-bddd-ba23e3890bbb" 201 - "PUT http://172.20.0.103:6001/d1/634/AUTH_660705fe1cbe4111b6f2c99ce8d05c8c/gnocchi.2c43ece9-797e-4ae6-bddd-ba23e3890bbb" "txb310cda00d8a418aabbbb-006933ed2f" "container-server 20" 0.0065 "-" 23 0
Dec 6 08:45:35 np0005548785 container-server[123290]: 172.20.0.103 - - [06/Dec/2025:08:45:35 +0000] "PUT /d1/634/AUTH_660705fe1cbe4111b6f2c99ce8d05c8c/gnocchi.2c43ece9-797e-4ae6-bddd-ba23e3890bbb" 201 - "PUT http://172.18.0.250:8080/v1/AUTH_660705fe1cbe4111b6f2c99ce8d05c8c/gnocchi.2c43ece9-797e-4ae6-bddd-ba23e3890bbb" "txb310cda00d8a418aabbbb-006933ed2f" "proxy-server 20" 0.0215 "-" 20 0
Dec 6 08:45:35 np0005548785 proxy-server[125190]: 172.18.0.250 172.18.0.104 06/Dec/2025/08/45/35 PUT /v1/AUTH_660705fe1cbe4111b6f2c99ce8d05c8c/gnocchi.2c43ece9-797e-4ae6-bddd-ba23e3890bbb HTTP/1.0 201 - python-swiftclient-3.11.1 gAAAAABpM-z074rw... - - - txb310cda00d8a418aabbbb-006933ed2f - 0.0295 - - 1765010735.196478367 1765010735.225941181 0
