Dec 6 08:45:35 np0005548785 object-server[123720]: 172.20.0.104 - - [06/Dec/2025:08:45:35 +0000] "GET /d1/734/AUTH_660705fe1cbe4111b6f2c99ce8d05c8c/gnocchi.dd1c1d8e-44fb-47a2-a3f8-097ad581941f/none_v3" 404 70 "GET http://172.18.0.250:8080/v1/AUTH_660705fe1cbe4111b6f2c99ce8d05c8c/gnocchi.dd1c1d8e-44fb-47a2-a3f8-097ad581941f/none_v3" "tx19ca39047aa34be3a7baf-006933ed2f" "proxy-server 20" 0.0006 "-" 22 0
Dec 6 08:45:35 np0005548785 proxy-server[125190]: - - 06/Dec/2025/08/45/35 HEAD /v1/AUTH_660705fe1cbe4111b6f2c99ce8d05c8c/gnocchi.2c43ece9-797e-4ae6-bddd-ba23e3890bbb%3Fformat%3Djson%26states%3Dlisting HTTP/1.0 204 - Swift - - - - txb5329e8ee8a14604bffba-006933ed2f - 0.0082 RL - 1765010735.232002974 1765010735.240203381 0
Dec 6 08:45:35 np0005548785 proxy-server[125190]: 172.18.0.250 172.18.0.104 06/Dec/2025/08/45/35 GET /v1/AUTH_660705fe1cbe4111b6f2c99ce8d05c8c/gnocchi.2c43ece9-797e-4ae6-bddd-ba23e3890bbb%3Fformat%3Djson%26states%3Dlisting HTTP/1.0 200 - python-swiftclient-3.11.1 gAAAAABpM-z074rw... - 2 - txb5329e8ee8a14604bffba-006933ed2f - 0.0251 - - 1765010735.230859756 1765010735.255968094 0
Dec 6 08:45:35 np0005548785 account-server[123221]: 172.20.0.104 - - [06/Dec/2025:08:45:35 +0000] "PUT /d1/82/AUTH_660705fe1cbe4111b6f2c99ce8d05c8c/gnocchi.d400a804-56de-4531-910f-f2cfab3cebbf" 201 - "PUT http://172.20.0.104:6001/d1/416/AUTH_660705fe1cbe4111b6f2c99ce8d05c8c/gnocchi.d400a804-56de-4531-910f-f2cfab3cebbf" "txf75ba1527af0431198c1c-006933ed2f" "container-server 21" 0.0058 "-" 22 0
Dec 6 08:45:35 np0005548785 account-server[123228]: 172.20.0.105 - - [06/Dec/2025:08:45:35 +0000] "PUT /d1/82/AUTH_660705fe1cbe4111b6f2c99ce8d05c8c/gnocchi.dd1c1d8e-44fb-47a2-a3f8-097ad581941f" 201 - "PUT http://172.20.0.105:6001/d1/534/AUTH_660705fe1cbe4111b6f2c99ce8d05c8c/gnocchi.dd1c1d8e-44fb-47a2-a3f8-097ad581941f" "tx0f162cd568cb46f0a8d24-006933ed2f" "container-server 17" 0.0055 "-" 23 0
Dec 6 08:45:35 np0005548785 object-server[123735]: 172.20.0.103 - - [06/Dec/2025:08:45:35 +0000] "GET /d1/932/AUTH_660705fe1cbe4111b6f2c99ce8d05c8c/gnocchi.2c43ece9-797e-4ae6-bddd-ba23e3890bbb/1764720000.0_mean_300.0_v3" 404 70 "GET http://172.18.0.250:8080/v1/AUTH_660705fe1cbe4111b6f2c99ce8d05c8c/gnocchi.2c43ece9-797e-4ae6-bddd-ba23e3890bbb/1764720000.0_mean_300.0_v3" "tx918998eae7484e8aaa1b8-006933ed2f" "proxy-server 20" 0.0006 "-" 25 0
Dec 6 08:45:35 np0005548785 container-server[123290]: 172.20.0.105 - - [06/Dec/2025:08:45:35 +0000] "PUT /d1/416/AUTH_660705fe1cbe4111b6f2c99ce8d05c8c/gnocchi.d400a804-56de-4531-910f-f2cfab3cebbf" 201 - "PUT http://172.18.0.250:8080/v1/AUTH_660705fe1cbe4111b6f2c99ce8d05c8c/gnocchi.d400a804-56de-4531-910f-f2cfab3cebbf" "txf75ba1527af0431198c1c-006933ed2f" "proxy-server 20" 0.0350 "-" 20 0
Dec 6 08:45:35 np0005548785 container-server[123290]: 172.20.0.104 - - [06/Dec/2025:08:45:35 +0000] "PUT /d1/534/AUTH_660705fe1cbe4111b6f2c99ce8d05c8c/gnocchi.dd1c1d8e-44fb-47a2-a3f8-097ad581941f" 201 - "PUT http://172.18.0.250:8080/v1/AUTH_660705fe1cbe4111b6f2c99ce8d05c8c/gnocchi.dd1c1d8e-44fb-47a2-a3f8-097ad581941f" "tx0f162cd568cb46f0a8d24-006933ed2f" "proxy-server 20" 0.0215 "-" 20 0
Dec 6 08:45:35 np0005548785 proxy-server[125190]: 172.18.0.250 172.18.0.104 06/Dec/2025/08/45/35 GET /v1/AUTH_660705fe1cbe4111b6f2c99ce8d05c8c/gnocchi.2c43ece9-797e-4ae6-bddd-ba23e3890bbb/1764720000.0_mean_300.0_v3 HTTP/1.0 404 - python-swiftclient-3.11.1 gAAAAABpM-z074rw... - 70 - tx918998eae7484e8aaa1b8-006933ed2f - 0.0167 - - 1765010735.263328791 1765010735.280060053 0
Dec 6 08:45:35 np0005548785 proxy-server[125190]: - - 06/Dec/2025/08/45/35 HEAD /v1/AUTH_660705fe1cbe4111b6f2c99ce8d05c8c/gnocchi.d400a804-56de-4531-910f-f2cfab3cebbf%3Fformat%3Djson%26states%3Dlisting HTTP/1.0 204 - Swift - - - - txec32037b12034cc6b2618-006933ed2f - 0.0065 RL - 1765010735.286689281 1765010735.293222189 0
Dec 6 08:45:35 np0005548785 container-server[123308]: 172.20.0.103 - - [06/Dec/2025:08:45:35 +0000] "GET /d1/416/AUTH_660705fe1cbe4111b6f2c99ce8d05c8c/gnocchi.d400a804-56de-4531-910f-f2cfab3cebbf" 200 2 "GET http://172.18.0.250:8080/v1/AUTH_660705fe1cbe4111b6f2c99ce8d05c8c/gnocchi.d400a804-56de-4531-910f-f2cfab3cebbf?format=json&states=listing" "txec32037b12034cc6b2618-006933ed2f" "proxy-server 20" 0.0036 "-" 22 0
Dec 6 08:45:35 np0005548785 proxy-server[125190]: 172.18.0.105 172.18.0.104 06/Dec/2025/08/45/35 GET /v1/AUTH_660705fe1cbe4111b6f2c99ce8d05c8c/gnocchi.d400a804-56de-4531-910f-f2cfab3cebbf%3Fformat%3Djson%26states%3Dlisting HTTP/1.0 200 - python-swiftclient-3.11.1 gAAAAABpM-yzR85B... - 2 - txec32037b12034cc6b2618-006933ed2f - 0.0184 - - 1765010735.285206795 1765010735.303653479 0
Dec 6 08:45:35 np0005548785 container-server[123290]: 172.20.0.104 - - [06/Dec/2025:08:45:35 +0000] "PUT /d1/634/AUTH_660705fe1cbe4111b6f2c99ce8d05c8c/gnocchi.2c43ece9-797e-4ae6-bddd-ba23e3890bbb/1764720000.0_mean_300.0_v3" 201 - "PUT http://172.18.0.250:8080/d1/932/AUTH_660705fe1cbe4111b6f2c99ce8d05c8c/gnocchi.2c43ece9-797e-4ae6-bddd-ba23e3890bbb/1764720000.0_mean_300.0_v3" "tx0d17e6e7a96a452790ce3-006933ed2f" "object-server 22" 0.0009 "-" 20 0
Dec 6 08:45:35 np0005548785 object-server[123720]: 172.20.0.105 - - [06/Dec/2025:08:45:35 +0000] "PUT /d1/932/AUTH_660705fe1cbe4111b6f2c99ce8d05c8c/gnocchi.2c43ece9-797e-4ae6-bddd-ba23e3890bbb/1764720000.0_mean_300.0_v3" 201 - "PUT http://172.18.0.250:8080/v1/AUTH_660705fe1cbe4111b6f2c99ce8d05c8c/gnocchi.2c43ece9-797e-4ae6-bddd-ba23e3890bbb/1764720000.0_mean_300.0_v3" "tx0d17e6e7a96a452790ce3-006933ed2f" "proxy-server 20" 0.0154 "-" 22 0
Dec 6 08:45:35 np0005548785 container-server[123320]: 172.20.0.104 - - [06/Dec/2025:08:45:35 +0000] "GET /d1/534/AUTH_660705fe1cbe4111b6f2c99ce8d05c8c/gnocchi.dd1c1d8e-44fb-47a2-a3f8-097ad581941f" 200 2 "GET http://172.18.0.250:8080/v1/AUTH_660705fe1cbe4111b6f2c99ce8d05c8c/gnocchi.dd1c1d8e-44fb-47a2-a3f8-097ad581941f?format=json&states=listing" "txf5940ab6817c4ea58a712-006933ed2f" "proxy-server 20" 0.0041 "-" 23 0
Dec 6 08:45:35 np0005548785 object-server[123724]: 172.20.0.103 - - [06/Dec/2025:08:45:35 +0000] "GET /d1/454/AUTH_660705fe1cbe4111b6f2c99ce8d05c8c/gnocchi.d400a804-56de-4531-910f-f2cfab3cebbf/1764720000.0_mean_300.0_v3" 404 70 "GET http://172.18.0.250:8080/v1/AUTH_660705fe1cbe4111b6f2c99ce8d05c8c/gnocchi.d400a804-56de-4531-910f-f2cfab3cebbf/1764720000.0_mean_300.0_v3" "txcad86add19eb460f847dc-006933ed2f" "proxy-server 20" 0.0006 "-" 24 0
Dec 6 08:45:35 np0005548785 object-server[123722]: 172.20.0.104 - - [06/Dec/2025:08:45:35 +0000] "GET /d1/913/AUTH_660705fe1cbe4111b6f2c99ce8d05c8c/gnocchi.dd1c1d8e-44fb-47a2-a3f8-097ad581941f/1764720000.0_mean_300.0_v3" 404 70 "GET http://172.18.0.250:8080/v1/AUTH_660705fe1cbe4111b6f2c99ce8d05c8c/gnocchi.dd1c1d8e-44fb-47a2-a3f8-097ad581941f/1764720000.0_mean_300.0_v3" "txa3fe1a0591fb447fa76f1-006933ed2f" "proxy-server 20" 0.0005 "-" 23 0
Dec 6 08:45:35 np0005548785 proxy-server[125190]: 172.18.0.105 172.18.0.104 06/Dec/2025/08/45/35 GET /v1/AUTH_660705fe1cbe4111b6f2c99ce8d05c8c/gnocchi.d400a804-56de-4531-910f-f2cfab3cebbf/1764720000.0_mean_300.0_v3 HTTP/1.0 404 - python-swiftclient-3.11.1 gAAAAABpM-yzR85B... - 70 - txcad86add19eb460f847dc-006933ed2f - 0.0215 - - 1765010735.308917522 1765010735.330423355 0
Dec 6 08:45:35 np0005548785 object-server[123720]: 172.20.0.105 - - [06/Dec/2025:08:45:35 +0000] "PUT /d1/540/AUTH_660705fe1cbe4111b6f2c99ce8d05c8c/gnocchi.2c43ece9-797e-4ae6-bddd-ba23e3890bbb/none_v3" 201 - "PUT http://172.18.0.250:8080/v1/AUTH_660705fe1cbe4111b6f2c99ce8d05c8c/gnocchi.2c43ece9-797e-4ae6-bddd-ba23e3890bbb/none_v3" "tx8438b96fd00946c79959e-006933ed2f" "proxy-server 20" 0.0124 "-" 22 0
Dec 6 08:45:35 np0005548785 container-server[123290]: 172.20.0.105 - - [06/Dec/2025:08:45:35 +0000] "PUT /d1/634/AUTH_660705fe1cbe4111b6f2c99ce8d05c8c/gnocchi.2c43ece9-797e-4ae6-bddd-ba23e3890bbb/none_v3" 201 - "PUT http://172.18.0.250:8080/d1/540/AUTH_660705fe1cbe4111b6f2c99ce8d05c8c/gnocchi.2c43ece9-797e-4ae6-bddd-ba23e3890bbb/none_v3" "tx8438b96fd00946c79959e-006933ed2f" "object-server 22" 0.0008 "-" 20 0
Dec 6 08:45:35 np0005548785 container-server[123290]: 172.20.0.103 - - [06/Dec/2025:08:45:35 +0000] "PUT /d1/416/AUTH_660705fe1cbe4111b6f2c99ce8d05c8c/gnocchi.d400a804-56de-4531-910f-f2cfab3cebbf/1764720000.0_mean_300.0_v3" 201 - "PUT http://172.18.0.250:8080/d1/454/AUTH_660705fe1cbe4111b6f2c99ce8d05c8c/gnocchi.d400a804-56de-4531-910f-f2cfab3cebbf/1764720000.0_mean_300.0_v3" "tx0fb1607eee5b4063821b0-006933ed2f" "object-server 22" 0.0009 "-" 20 0
Dec 6 08:45:35 np0005548785 object-server[123720]: 172.20.0.103 - - [06/Dec/2025:08:45:35 +0000] "PUT /d1/454/AUTH_660705fe1cbe4111b6f2c99ce8d05c8c/gnocchi.d400a804-56de-4531-910f-f2cfab3cebbf/1764720000.0_mean_300.0_v3" 201 - "PUT http://172.18.0.250:8080/v1/AUTH_660705fe1cbe4111b6f2c99ce8d05c8c/gnocchi.d400a804-56de-4531-910f-f2cfab3cebbf/1764720000.0_mean_300.0_v3" "tx0fb1607eee5b4063821b0-006933ed2f" "proxy-server 20" 0.0120 "-" 22 0
Dec 6 08:45:35 np0005548785 container-server[123320]: 172.20.0.103 - - [06/Dec/2025:08:45:35 +0000] "PUT /d1/534/AUTH_660705fe1cbe4111b6f2c99ce8d05c8c/gnocchi.dd1c1d8e-44fb-47a2-a3f8-097ad581941f/1764720000.0_mean_300.0_v3" 201 - "PUT http://172.18.0.250:8080/d1/913/AUTH_660705fe1cbe4111b6f2c99ce8d05c8c/gnocchi.dd1c1d8e-44fb-47a2-a3f8-097ad581941f/1764720000.0_mean_300.0_v3" "tx88985dc27a314117a7aed-006933ed2f" "object-server 23" 0.0010 "-" 23 0
Dec 6 08:45:35 np0005548785 object-server[123722]: 172.20.0.105 - - [06/Dec/2025:08:45:35 +0000] "PUT /d1/913/AUTH_660705fe1cbe4111b6f2c99ce8d05c8c/gnocchi.dd1c1d8e-44fb-47a2-a3f8-097ad581941f/1764720000.0_mean_300.0_v3" 201 - "PUT http://172.18.0.250:8080/v1/AUTH_660705fe1cbe4111b6f2c99ce8d05c8c/gnocchi.dd1c1d8e-44fb-47a2-a3f8-097ad581941f/1764720000.0_mean_300.0_v3" "tx88985dc27a314117a7aed-006933ed2f" "proxy-server 20" 0.0124 "-" 23 0
Dec 6 08:45:35 np0005548785 proxy-server[125190]: 172.18.0.105 172.18.0.104 06/Dec/2025/08/45/35 PUT /v1/AUTH_660705fe1cbe4111b6f2c99ce8d05c8c/gnocchi.d400a804-56de-4531-910f-f2cfab3cebbf/1764720000.0_mean_300.0_v3 HTTP/1.0 201 - python-swiftclient-3.11.1 gAAAAABpM-yzR85B... 16 - - tx0fb1607eee5b4063821b0-006933ed2f - 0.0281 - - 1765010735.335390091 1765010735.363470078 0
Dec 6 08:45:35 np0005548785 container-server[123308]: 172.20.0.104 - - [06/Dec/2025:08:45:35 +0000] "HEAD /d1/385/AUTH_660705fe1cbe4111b6f2c99ce8d05c8c/gnocchi.0519cf7f-c3e9-4ba0-a8df-4ca7944a08f0" 404 - "HEAD http://172.18.0.250:8080/v1/AUTH_660705fe1cbe4111b6f2c99ce8d05c8c/gnocchi.0519cf7f-c3e9-4ba0-a8df-4ca7944a08f0?format=json&states=listing" "tx8551336c1bf248d593205-006933ed2f" "proxy-server 20" 0.0006 "-" 22 0
Dec 6 08:45:35 np0005548785 object-server[123722]: 172.20.0.104 - - [06/Dec/2025:08:45:35 +0000] "GET /d1/908/AUTH_660705fe1cbe4111b6f2c99ce8d05c8c/gnocchi.0519cf7f-c3e9-4ba0-a8df-4ca7944a08f0/none_v3" 404 70 "GET http://172.18.0.250:8080/v1/AUTH_660705fe1cbe4111b6f2c99ce8d05c8c/gnocchi.0519cf7f-c3e9-4ba0-a8df-4ca7944a08f0/none_v3" "tx8551336c1bf248d593205-006933ed2f" "proxy-server 20" 0.0005 "-" 23 0
Dec 6 08:45:35 np0005548785 container-server[123308]: 172.20.0.103 - - [06/Dec/2025:08:45:35 +0000] "PUT /d1/416/AUTH_660705fe1cbe4111b6f2c99ce8d05c8c/gnocchi.d400a804-56de-4531-910f-f2cfab3cebbf/none_v3" 201 - "PUT http://172.18.0.250:8080/d1/761/AUTH_660705fe1cbe4111b6f2c99ce8d05c8c/gnocchi.d400a804-56de-4531-910f-f2cfab3cebbf/none_v3" "txd5e44370feea4127932ac-006933ed2f" "object-server 25" 0.0009 "-" 22 0
Dec 6 08:45:35 np0005548785 container-server[123320]: 172.20.0.103 - - [06/Dec/2025:08:45:35 +0000] "PUT /d1/534/AUTH_660705fe1cbe4111b6f2c99ce8d05c8c/gnocchi.dd1c1d8e-44fb-47a2-a3f8-097ad581941f/none_v3" 201 - "PUT http://172.18.0.250:8080/d1/734/AUTH_660705fe1cbe4111b6f2c99ce8d05c8c/gnocchi.dd1c1d8e-44fb-47a2-a3f8-097ad581941f/none_v3" "txc738bd9b2ba042d0b9cdb-006933ed2f" "object-server 22" 0.0012 "-" 23 0
Dec 6 08:45:35 np0005548785 object-server[123735]: 172.20.0.103 - - [06/Dec/2025:08:45:35 +0000] "PUT /d1/761/AUTH_660705fe1cbe4111b6f2c99ce8d05c8c/gnocchi.d400a804-56de-4531-910f-f2cfab3cebbf/none_v3" 201 - "PUT http://172.18.0.250:8080/v1/AUTH_660705fe1cbe4111b6f2c99ce8d05c8c/gnocchi.d400a804-56de-4531-910f-f2cfab3cebbf/none_v3" "txd5e44370feea4127932ac-006933ed2f" "proxy-server 20" 0.0139 "-" 25 0
Dec 6 08:45:35 np0005548785 object-server[123720]: 172.20.0.105 - - [06/Dec/2025:08:45:35 +0000] "PUT /d1/734/AUTH_660705fe1cbe4111b6f2c99ce8d05c8c/gnocchi.dd1c1d8e-44fb-47a2-a3f8-097ad581941f/none_v3" 201 - "PUT http://172.18.0.250:8080/v1/AUTH_660705fe1cbe4111b6f2c99ce8d05c8c/gnocchi.dd1c1d8e-44fb-47a2-a3f8-097ad581941f/none_v3" "txc738bd9b2ba042d0b9cdb-006933ed2f" "proxy-server 20" 0.0136 "-" 22 0
Dec 6 08:45:35 np0005548785 proxy-server[125190]: 172.18.0.105 172.18.0.104 06/Dec/2025/08/45/35 PUT /v1/AUTH_660705fe1cbe4111b6f2c99ce8d05c8c/gnocchi.d400a804-56de-4531-910f-f2cfab3cebbf/none_v3 HTTP/1.0 201 - python-swiftclient-3.11.1 gAAAAABpM-yzR85B... 22 - - txd5e44370feea4127932ac-006933ed2f - 0.0353 - - 1765010735.368074894 1765010735.403326988 0
Dec 6 08:45:35 np0005548785 account-server[123202]: 172.20.0.104 - - [06/Dec/2025:08:45:35 +0000] "PUT /d1/82/AUTH_660705fe1cbe4111b6f2c99ce8d05c8c/gnocchi.0519cf7f-c3e9-4ba0-a8df-4ca7944a08f0" 201 - "PUT http://172.20.0.104:6001/d1/385/AUTH_660705fe1cbe4111b6f2c99ce8d05c8c/gnocchi.0519cf7f-c3e9-4ba0-a8df-4ca7944a08f0" "tx046aefb1eecd4e1e8c332-006933ed2f" "container-server 21" 0.0062 "-" 20 0
Dec 6 08:45:35 np0005548785 container-server[123308]: 172.20.0.104 - - [06/Dec/2025:08:45:35 +0000] "PUT /d1/385/AUTH_660705fe1cbe4111b6f2c99ce8d05c8c/gnocchi.0519cf7f-c3e9-4ba0-a8df-4ca7944a08f0" 201 - "PUT http://172.18.0.250:8080/v1/AUTH_660705fe1cbe4111b6f2c99ce8d05c8c/gnocchi.0519cf7f-c3e9-4ba0-a8df-4ca7944a08f0" "tx046aefb1eecd4e1e8c332-006933ed2f" "proxy-server 20" 0.0220 "-" 22 0
Dec 6 08:45:35 np0005548785 container-server[123308]: 172.20.0.105 - - [06/Dec/2025:08:45:35 +0000] "HEAD /d1/511/AUTH_660705fe1cbe4111b6f2c99ce8d05c8c/gnocchi.97ff4fdb-49f5-4882-a59e-2ce2f572c718" 404 - "HEAD http://172.18.0.250:8080/v1/AUTH_660705fe1cbe4111b6f2c99ce8d05c8c/gnocchi.97ff4fdb-49f5-4882-a59e-2ce2f572c718?format=json&states=listing" "tx911f6e13ae524355908e7-006933ed2f" "proxy-server 20" 0.0005 "-" 22 0
Dec 6 08:45:35 np0005548785 container-server[123320]: 172.20.0.103 - - [06/Dec/2025:08:45:35 +0000] "HEAD /d1/749/AUTH_660705fe1cbe4111b6f2c99ce8d05c8c/gnocchi.4b6439be-9db9-41d6-bbee-110acb6b0c29" 404 - "HEAD http://172.18.0.250:8080/v1/AUTH_660705fe1cbe4111b6f2c99ce8d05c8c/gnocchi.4b6439be-9db9-41d6-bbee-110acb6b0c29?format=json&states=listing" "tx14b6f1d453f14060af245-006933ed2f" "proxy-server 20" 0.0004 "-" 23 0
Dec 6 08:45:35 np0005548785 object-server[123724]: 172.20.0.103 - - [06/Dec/2025:08:45:35 +0000] "GET /d1/385/AUTH_660705fe1cbe4111b6f2c99ce8d05c8c/gnocchi.4b6439be-9db9-41d6-bbee-110acb6b0c29/none_v3" 404 70 "GET http://172.18.0.250:8080/v1/AUTH_660705fe1cbe4111b6f2c99ce8d05c8c/gnocchi.4b6439be-9db9-41d6-bbee-110acb6b0c29/none_v3" "tx14b6f1d453f14060af245-006933ed2f" "proxy-server 20" 0.0003 "-" 24 0
Dec 6 08:45:35 np0005548785 container-server[123290]: 172.20.0.104 - - [06/Dec/2025:08:45:35 +0000] "GET /d1/385/AUTH_660705fe1cbe4111b6f2c99ce8d05c8c/gnocchi.0519cf7f-c3e9-4ba0-a8df-4ca7944a08f0" 200 2 "GET http://172.18.0.250:8080/v1/AUTH_660705fe1cbe4111b6f2c99ce8d05c8c/gnocchi.0519cf7f-c3e9-4ba0-a8df-4ca7944a08f0?format=json&states=listing" "txb68c9d3f24774c9aa01db-006933ed2f" "proxy-server 20" 0.0035 "-" 20 0
Dec 6 08:45:35 np0005548785 proxy-server[125190]: 172.18.0.105 172.18.0.104 06/Dec/2025/08/45/35 GET /v1/AUTH_660705fe1cbe4111b6f2c99ce8d05c8c/gnocchi.4b6439be-9db9-41d6-bbee-110acb6b0c29/none_v3 HTTP/1.0 404 - python-swiftclient-3.11.1 gAAAAABpM-yzR85B... - 70 - tx14b6f1d453f14060af245-006933ed2f - 0.0315 - - 1765010735.422749043 1765010735.454211950 0
Dec 6 08:45:35 np0005548785 object-server[123720]: 172.20.0.105 - - [06/Dec/2025:08:45:35 +0000] "GET /d1/550/AUTH_660705fe1cbe4111b6f2c99ce8d05c8c/gnocchi.97ff4fdb-49f5-4882-a59e-2ce2f572c718/none_v3" 404 70 "GET http://172.18.0.250:8080/v1/AUTH_660705fe1cbe4111b6f2c99ce8d05c8c/gnocchi.97ff4fdb-49f5-4882-a59e-2ce2f572c718/none_v3" "tx911f6e13ae524355908e7-006933ed2f" "proxy-server 20" 0.0005 "-" 22 0
Dec 6 08:45:35 np0005548785 object-server[123722]: 172.20.0.104 - - [06/Dec/2025:08:45:35 +0000] "GET /d1/282/AUTH_660705fe1cbe4111b6f2c99ce8d05c8c/gnocchi.0519cf7f-c3e9-4ba0-a8df-4ca7944a08f0/1764720000.0_mean_300.0_v3" 404 70 "GET http://172.18.0.250:8080/v1/AUTH_660705fe1cbe4111b6f2c99ce8d05c8c/gnocchi.0519cf7f-c3e9-4ba0-a8df-4ca7944a08f0/1764720000.0_mean_300.0_v3" "tx67629d0f438346d2a7f46-006933ed2f" "proxy-server 20" 0.0004 "-" 23 0
Dec 6 08:45:35 np0005548785 account-server[123202]: 172.20.0.105 - - [06/Dec/2025:08:45:35 +0000] "PUT /d1/82/AUTH_660705fe1cbe4111b6f2c99ce8d05c8c/gnocchi.4b6439be-9db9-41d6-bbee-110acb6b0c29" 201 - "PUT http://172.20.0.105:6001/d1/749/AUTH_660705fe1cbe4111b6f2c99ce8d05c8c/gnocchi.4b6439be-9db9-41d6-bbee-110acb6b0c29" "tx4080d20156e04014834d1-006933ed2f" "container-server 17" 0.0062 "-" 20 0
Dec 6 08:45:35 np0005548785 container-server[123304]: 172.20.0.105 - - [06/Dec/2025:08:45:35 +0000] "PUT /d1/511/AUTH_660705fe1cbe4111b6f2c99ce8d05c8c/gnocchi.97ff4fdb-49f5-4882-a59e-2ce2f572c718" 201 - "PUT http://172.18.0.250:8080/v1/AUTH_660705fe1cbe4111b6f2c99ce8d05c8c/gnocchi.97ff4fdb-49f5-4882-a59e-2ce2f572c718" "txc2585a71ffbf47f2a3233-006933ed2f" "proxy-server 20" 0.0156 "-" 21 0
Dec 6 08:45:35 np0005548785 account-server[123202]: 172.20.0.104 - - [06/Dec/2025:08:45:35 +0000] "PUT /d1/82/AUTH_660705fe1cbe4111b6f2c99ce8d05c8c/gnocchi.97ff4fdb-49f5-4882-a59e-2ce2f572c718" 201 - "PUT http://172.20.0.104:6001/d1/511/AUTH_660705fe1cbe4111b6f2c99ce8d05c8c/gnocchi.97ff4fdb-49f5-4882-a59e-2ce2f572c718" "txc2585a71ffbf47f2a3233-006933ed2f" "container-server 20" 0.0064 "-" 20 0
Dec 6 08:45:35 np0005548785 container-server[123304]: 172.20.0.103 - - [06/Dec/2025:08:45:35 +0000] "PUT /d1/749/AUTH_660705fe1cbe4111b6f2c99ce8d05c8c/gnocchi.4b6439be-9db9-41d6-bbee-110acb6b0c29" 201 - "PUT http://172.18.0.250:8080/v1/AUTH_660705fe1cbe4111b6f2c99ce8d05c8c/gnocchi.4b6439be-9db9-41d6-bbee-110acb6b0c29" "tx4080d20156e04014834d1-006933ed2f" "proxy-server 20" 0.0310 "-" 21 0
Dec 6 08:45:35 np0005548785 container-server[123320]: 172.20.0.103 - - [06/Dec/2025:08:45:35 +0000] "PUT /d1/385/AUTH_660705fe1cbe4111b6f2c99ce8d05c8c/gnocchi.0519cf7f-c3e9-4ba0-a8df-4ca7944a08f0/1764720000.0_mean_300.0_v3" 201 - "PUT http://172.18.0.250:8080/d1/282/AUTH_660705fe1cbe4111b6f2c99ce8d05c8c/gnocchi.0519cf7f-c3e9-4ba0-a8df-4ca7944a08f0/1764720000.0_mean_300.0_v3" "tx41ad8b3a46cd40578dde7-006933ed2f" "object-server 25" 0.0007 "-" 23 0
Dec 6 08:45:35 np0005548785 object-server[123735]: 172.20.0.104 - - [06/Dec/2025:08:45:35 +0000] "PUT /d1/282/AUTH_660705fe1cbe4111b6f2c99ce8d05c8c/gnocchi.0519cf7f-c3e9-4ba0-a8df-4ca7944a08f0/1764720000.0_mean_300.0_v3" 201 - "PUT http://172.18.0.250:8080/v1/AUTH_660705fe1cbe4111b6f2c99ce8d05c8c/gnocchi.0519cf7f-c3e9-4ba0-a8df-4ca7944a08f0/1764720000.0_mean_300.0_v3" "tx41ad8b3a46cd40578dde7-006933ed2f" "proxy-server 20" 0.0121 "-" 25 0
Dec 6 08:45:35 np0005548785 proxy-server[125190]: 172.18.0.105 172.18.0.104 06/Dec/2025/08/45/35 PUT /v1/AUTH_660705fe1cbe4111b6f2c99ce8d05c8c/gnocchi.4b6439be-9db9-41d6-bbee-110acb6b0c29 HTTP/1.0 201 - python-swiftclient-3.11.1 gAAAAABpM-yzR85B... - - - tx4080d20156e04014834d1-006933ed2f - 0.0415 - - 1765010735.459288359 1765010735.500758171 0
Dec 6 08:45:35 np0005548785 proxy-server[125190]: - - 06/Dec/2025/08/45/35 HEAD /v1/AUTH_660705fe1cbe4111b6f2c99ce8d05c8c/gnocchi.97ff4fdb-49f5-4882-a59e-2ce2f572c718%3Fformat%3Djson%26states%3Dlisting HTTP/1.0 204 - Swift - - - - tx51ecad53cd214f02b8b60-006933ed2f - 0.0089 RL - 1765010735.508620262 1765010735.517566442 0
Dec 6 08:45:35 np0005548785 container-server[123320]: 172.20.0.105 - - [06/Dec/2025:08:45:35 +0000] "GET /d1/749/AUTH_660705fe1cbe4111b6f2c99ce8d05c8c/gnocchi.4b6439be-9db9-41d6-bbee-110acb6b0c29" 200 2 "GET http://172.18.0.250:8080/v1/AUTH_660705fe1cbe4111b6f2c99ce8d05c8c/gnocchi.4b6439be-9db9-41d6-bbee-110acb6b0c29?format=json&states=listing" "tx53f520c1ee8948919dcf2-006933ed2f" "proxy-server 20" 0.0031 "-" 23 0
Dec 6 08:45:35 np0005548785 container-server[123320]: 172.20.0.103 - - [06/Dec/2025:08:45:35 +0000] "PUT /d1/385/AUTH_660705fe1cbe4111b6f2c99ce8d05c8c/gnocchi.0519cf7f-c3e9-4ba0-a8df-4ca7944a08f0/none_v3" 201 - "PUT http://172.18.0.250:8080/d1/908/AUTH_660705fe1cbe4111b6f2c99ce8d05c8c/gnocchi.0519cf7f-c3e9-4ba0-a8df-4ca7944a08f0/none_v3" "tx4a954046047443f48646f-006933ed2f" "object-server 25" 0.0004 "-" 23 0
Dec 6 08:45:35 np0005548785 object-server[123735]: 172.20.0.104 - - [06/Dec/2025:08:45:35 +0000] "PUT /d1/908/AUTH_660705fe1cbe4111b6f2c99ce8d05c8c/gnocchi.0519cf7f-c3e9-4ba0-a8df-4ca7944a08f0/none_v3" 201 - "PUT http://172.18.0.250:8080/v1/AUTH_660705fe1cbe4111b6f2c99ce8d05c8c/gnocchi.0519cf7f-c3e9-4ba0-a8df-4ca7944a08f0/none_v3" "tx4a954046047443f48646f-006933ed2f" "proxy-server 20" 0.0116 "-" 25 0
Dec 6 08:45:35 np0005548785 container-server[123290]: 172.20.0.103 - - [06/Dec/2025:08:45:35 +0000] "GET /d1/511/AUTH_660705fe1cbe4111b6f2c99ce8d05c8c/gnocchi.97ff4fdb-49f5-4882-a59e-2ce2f572c718" 200 2 "GET http://172.18.0.250:8080/v1/AUTH_660705fe1cbe4111b6f2c99ce8d05c8c/gnocchi.97ff4fdb-49f5-4882-a59e-2ce2f572c718?format=json&states=listing" "tx51ecad53cd214f02b8b60-006933ed2f" "proxy-server 20" 0.0037 "-" 20 0
Dec 6 08:45:35 np0005548785 proxy-server[125190]: 172.18.0.103 172.18.0.104 06/Dec/2025/08/45/35 GET /v1/AUTH_660705fe1cbe4111b6f2c99ce8d05c8c/gnocchi.97ff4fdb-49f5-4882-a59e-2ce2f572c718%3Fformat%3Djson%26states%3Dlisting HTTP/1.0 200 - python-swiftclient-3.11.1 gAAAAABpM-z9-YGG... - 2 - tx51ecad53cd214f02b8b60-006933ed2f - 0.0258 - - 1765010735.506171703 1765010735.531930685 0
Dec 6 08:45:35 np0005548785 object-server[123722]: 172.20.0.104 - - [06/Dec/2025:08:45:35 +0000] "GET /d1/73/AUTH_660705fe1cbe4111b6f2c99ce8d05c8c/gnocchi.97ff4fdb-49f5-4882-a59e-2ce2f572c718/1764720000.0_mean_300.0_v3" 404 70 "GET http://172.18.0.250:8080/v1/AUTH_660705fe1cbe4111b6f2c99ce8d05c8c/gnocchi.97ff4fdb-49f5-4882-a59e-2ce2f572c718/1764720000.0_mean_300.0_v3" "tx12bdf3f1289e45fbab47e-006933ed2f" "proxy-server 20" 0.0005 "-" 23 0
Dec 6 08:45:35 np0005548785 object-server[123722]: 172.20.0.105 - - [06/Dec/2025:08:45:35 +0000] "GET /d1/74/AUTH_660705fe1cbe4111b6f2c99ce8d05c8c/gnocchi.4b6439be-9db9-41d6-bbee-110acb6b0c29/1764720000.0_mean_300.0_v3" 404 70 "GET http://172.18.0.250:8080/v1/AUTH_660705fe1cbe4111b6f2c99ce8d05c8c/gnocchi.4b6439be-9db9-41d6-bbee-110acb6b0c29/1764720000.0_mean_300.0_v3" "txcd6337a72cb5472195319-006933ed2f" "proxy-server 20" 0.0004 "-" 23 0
Dec 6 08:45:35 np0005548785 container-server[123304]: 172.20.0.103 - - [06/Dec/2025:08:45:35 +0000] "HEAD /d1/921/AUTH_660705fe1cbe4111b6f2c99ce8d05c8c/gnocchi.58ebac5b-b343-4694-9941-8d2cfd000578" 404 - "HEAD http://172.18.0.250:8080/v1/AUTH_660705fe1cbe4111b6f2c99ce8d05c8c/gnocchi.58ebac5b-b343-4694-9941-8d2cfd000578?format=json&states=listing" "tx2eb208a470434c1eb334a-006933ed2f" "proxy-server 20" 0.0007 "-" 21 0
Dec 6 08:45:35 np0005548785 container-server[123304]: 172.20.0.105 - - [06/Dec/2025:08:45:35 +0000] "PUT /d1/511/AUTH_660705fe1cbe4111b6f2c99ce8d05c8c/gnocchi.97ff4fdb-49f5-4882-a59e-2ce2f572c718/1764720000.0_mean_300.0_v3" 201 - "PUT http://172.18.0.250:8080/d1/73/AUTH_660705fe1cbe4111b6f2c99ce8d05c8c/gnocchi.97ff4fdb-49f5-4882-a59e-2ce2f572c718/1764720000.0_mean_300.0_v3" "tx6712baf72b864964b19e2-006933ed2f" "object-server 23" 0.0013 "-" 21 0
Dec 6 08:45:35 np0005548785 object-server[123735]: 172.20.0.104 - - [06/Dec/2025:08:45:35 +0000] "PUT /d1/73/AUTH_660705fe1cbe4111b6f2c99ce8d05c8c/gnocchi.97ff4fdb-49f5-4882-a59e-2ce2f572c718/1764720000.0_mean_300.0_v3" 201 - "PUT http://172.18.0.250:8080/v1/AUTH_660705fe1cbe4111b6f2c99ce8d05c8c/gnocchi.97ff4fdb-49f5-4882-a59e-2ce2f572c718/1764720000.0_mean_300.0_v3" "tx6712baf72b864964b19e2-006933ed2f" "proxy-server 20" 0.0126 "-" 25 0
Dec 6 08:45:35 np0005548785 container-server[123304]: 172.20.0.105 - - [06/Dec/2025:08:45:35 +0000] "PUT /d1/749/AUTH_660705fe1cbe4111b6f2c99ce8d05c8c/gnocchi.4b6439be-9db9-41d6-bbee-110acb6b0c29/1764720000.0_mean_300.0_v3" 201 - "PUT http://172.18.0.250:8080/d1/74/AUTH_660705fe1cbe4111b6f2c99ce8d05c8c/gnocchi.4b6439be-9db9-41d6-bbee-110acb6b0c29/1764720000.0_mean_300.0_v3" "tx52560e9afb7545f9b7d4c-006933ed2f" "object-server 25" 0.0008 "-" 21 0
Dec 6 08:45:35 np0005548785 object-server[123735]: 172.20.0.103 - - [06/Dec/2025:08:45:35 +0000] "GET /d1/857/AUTH_660705fe1cbe4111b6f2c99ce8d05c8c/gnocchi.58ebac5b-b343-4694-9941-8d2cfd000578/none_v3" 404 70 "GET http://172.18.0.250:8080/v1/AUTH_660705fe1cbe4111b6f2c99ce8d05c8c/gnocchi.58ebac5b-b343-4694-9941-8d2cfd000578/none_v3" "tx2eb208a470434c1eb334a-006933ed2f" "proxy-server 20" 0.0006 "-" 25 0
Dec 6 08:45:35 np0005548785 object-server[123724]: 172.20.0.105 - - [06/Dec/2025:08:45:35 +0000] "PUT /d1/74/AUTH_660705fe1cbe4111b6f2c99ce8d05c8c/gnocchi.4b6439be-9db9-41d6-bbee-110acb6b0c29/1764720000.0_mean_300.0_v3" 201 - "PUT http://172.18.0.250:8080/v1/AUTH_660705fe1cbe4111b6f2c99ce8d05c8c/gnocchi.4b6439be-9db9-41d6-bbee-110acb6b0c29/1764720000.0_mean_300.0_v3" "tx52560e9afb7545f9b7d4c-006933ed2f" "proxy-server 20" 0.0171 "-" 24 0
Dec 6 08:45:35 np0005548785 proxy-server[125190]: 172.18.0.250 172.18.0.104 06/Dec/2025/08/45/35 GET /v1/AUTH_660705fe1cbe4111b6f2c99ce8d05c8c/gnocchi.58ebac5b-b343-4694-9941-8d2cfd000578/none_v3 HTTP/1.0 404 - python-swiftclient-3.11.1 gAAAAABpM-z074rw... - 70 - tx2eb208a470434c1eb334a-006933ed2f - 0.0406 - - 1765010735.551576376 1765010735.592201710 0
Dec 6 08:45:35 np0005548785 container-server[123304]: 172.20.0.103 - - [06/Dec/2025:08:45:35 +0000] "PUT /d1/511/AUTH_660705fe1cbe4111b6f2c99ce8d05c8c/gnocchi.97ff4fdb-49f5-4882-a59e-2ce2f572c718/none_v3" 201 - "PUT http://172.18.0.250:8080/d1/550/AUTH_660705fe1cbe4111b6f2c99ce8d05c8c/gnocchi.97ff4fdb-49f5-4882-a59e-2ce2f572c718/none_v3" "tx40f5cebb11ad42b0b7229-006933ed2f" "object-server 24" 0.0012 "-" 21 0
Dec 6 08:45:35 np0005548785 object-server[123724]: 172.20.0.104 - - [06/Dec/2025:08:45:35 +0000] "PUT /d1/550/AUTH_660705fe1cbe4111b6f2c99ce8d05c8c/gnocchi.97ff4fdb-49f5-4882-a59e-2ce2f572c718/none_v3" 201 - "PUT http://172.18.0.250:8080/v1/AUTH_660705fe1cbe4111b6f2c99ce8d05c8c/gnocchi.97ff4fdb-49f5-4882-a59e-2ce2f572c718/none_v3" "tx40f5cebb11ad42b0b7229-006933ed2f" "proxy-server 20" 0.0123 "-" 24 0
Dec 6 08:45:35 np0005548785 object-server[123720]: 172.20.0.105 - - [06/Dec/2025:08:45:35 +0000] "PUT /d1/385/AUTH_660705fe1cbe4111b6f2c99ce8d05c8c/gnocchi.4b6439be-9db9-41d6-bbee-110acb6b0c29/none_v3" 201 - "PUT http://172.18.0.250:8080/v1/AUTH_660705fe1cbe4111b6f2c99ce8d05c8c/gnocchi.4b6439be-9db9-41d6-bbee-110acb6b0c29/none_v3" "txa1424a79a81d44a3b7eb7-006933ed2f" "proxy-server 20" 0.0132 "-" 22 0
Dec 6 08:45:35 np0005548785 container-server[123290]: 172.20.0.104 - - [06/Dec/2025:08:45:35 +0000] "PUT /d1/749/AUTH_660705fe1cbe4111b6f2c99ce8d05c8c/gnocchi.4b6439be-9db9-41d6-bbee-110acb6b0c29/none_v3" 201 - "PUT http://172.18.0.250:8080/d1/385/AUTH_660705fe1cbe4111b6f2c99ce8d05c8c/gnocchi.4b6439be-9db9-41d6-bbee-110acb6b0c29/none_v3" "txa1424a79a81d44a3b7eb7-006933ed2f" "object-server 24" 0.0006 "-" 20 0
Dec 6 08:45:35 np0005548785 account-server[123216]: 172.20.0.105 - - [06/Dec/2025:08:45:35 +0000] "PUT /d1/82/AUTH_660705fe1cbe4111b6f2c99ce8d05c8c/gnocchi.58ebac5b-b343-4694-9941-8d2cfd000578" 201 - "PUT http://172.20.0.105:6001/d1/921/AUTH_660705fe1cbe4111b6f2c99ce8d05c8c/gnocchi.58ebac5b-b343-4694-9941-8d2cfd000578" "tx62246117508f4a06aa8ef-006933ed2f" "container-server 16" 0.0045 "-" 21 0
Dec 6 08:45:35 np0005548785 container-server[123320]: 172.20.0.103 - - [06/Dec/2025:08:45:35 +0000] "PUT /d1/921/AUTH_660705fe1cbe4111b6f2c99ce8d05c8c/gnocchi.58ebac5b-b343-4694-9941-8d2cfd000578" 201 - "PUT http://172.18.0.250:8080/v1/AUTH_660705fe1cbe4111b6f2c99ce8d05c8c/gnocchi.58ebac5b-b343-4694-9941-8d2cfd000578" "tx62246117508f4a06aa8ef-006933ed2f" "proxy-server 20" 0.0224 "-" 23 0
Dec 6 08:45:35 np0005548785 proxy-server[125190]: 172.18.0.250 172.18.0.104 06/Dec/2025/08/45/35 PUT /v1/AUTH_660705fe1cbe4111b6f2c99ce8d05c8c/gnocchi.58ebac5b-b343-4694-9941-8d2cfd000578 HTTP/1.0 201 - python-swiftclient-3.11.1 gAAAAABpM-z074rw... - - - tx62246117508f4a06aa8ef-006933ed2f - 0.0313 - - 1765010735.596102476 1765010735.627424955 0
Dec 6 08:45:35 np0005548785 container-server[123304]: 172.20.0.104 - - [06/Dec/2025:08:45:35 +0000] "HEAD /d1/401/AUTH_660705fe1cbe4111b6f2c99ce8d05c8c/gnocchi.74f6c26b-5012-42b2-bcea-2b4ab9c47e5a" 404 - "HEAD http://172.18.0.250:8080/v1/AUTH_660705fe1cbe4111b6f2c99ce8d05c8c/gnocchi.74f6c26b-5012-42b2-bcea-2b4ab9c47e5a?format=json&states=listing" "txb9e817e179f84d22a1458-006933ed2f" "proxy-server 20" 0.0010 "-" 21 0
Dec 6 08:45:35 np0005548785 container-server[123320]: 172.20.0.105 - - [06/Dec/2025:08:45:35 +0000] "HEAD /d1/921/AUTH_660705fe1cbe4111b6f2c99ce8d05c8c/gnocchi.58ebac5b-b343-4694-9941-8d2cfd000578" 204 - "HEAD http://172.18.0.250:8080/v1/AUTH_660705fe1cbe4111b6f2c99ce8d05c8c/gnocchi.58ebac5b-b343-4694-9941-8d2cfd000578?format=json&states=listing" "tx38a95109ee64401889a3a-006933ed2f" "proxy-server 20" 0.0024 "-" 23 0
Dec 6 08:45:35 np0005548785 object-server[123735]: 172.20.0.104 - - [06/Dec/2025:08:45:35 +0000] "GET /d1/370/AUTH_660705fe1cbe4111b6f2c99ce8d05c8c/gnocchi.74f6c26b-5012-42b2-bcea-2b4ab9c47e5a/none_v3" 404 70 "GET http://172.18.0.250:8080/v1/AUTH_660705fe1cbe4111b6f2c99ce8d05c8c/gnocchi.74f6c26b-5012-42b2-bcea-2b4ab9c47e5a/none_v3" "txb9e817e179f84d22a1458-006933ed2f" "proxy-server 20" 0.0005 "-" 25 0
Dec 6 08:45:35 np0005548785 object-server[123735]: 172.20.0.103 - - [06/Dec/2025:08:45:35 +0000] "GET /d1/529/AUTH_660705fe1cbe4111b6f2c99ce8d05c8c/gnocchi.58ebac5b-b343-4694-9941-8d2cfd000578/1764720000.0_mean_300.0_v3" 404 70 "GET http://172.18.0.250:8080/v1/AUTH_660705fe1cbe4111b6f2c99ce8d05c8c/gnocchi.58ebac5b-b343-4694-9941-8d2cfd000578/1764720000.0_mean_300.0_v3" "txd1fcb4303f5d4d90acd10-006933ed2f" "proxy-server 20" 0.0003 "-" 25 0
Dec 6 08:45:35 np0005548785 proxy-server[125190]: 172.18.0.250 172.18.0.104 06/Dec/2025/08/45/35 GET /v1/AUTH_660705fe1cbe4111b6f2c99ce8d05c8c/gnocchi.58ebac5b-b343-4694-9941-8d2cfd000578/1764720000.0_mean_300.0_v3 HTTP/1.0 404 - python-swiftclient-3.11.1 gAAAAABpM-z074rw... - 70 - txd1fcb4303f5d4d90acd10-006933ed2f - 0.0140 - - 1765010735.662638426 1765010735.676639795 0
Dec 6 08:45:35 np0005548785 account-server[123216]: 172.20.0.104 - - [06/Dec/2025:08:45:35 +0000] "PUT /d1/82/AUTH_660705fe1cbe4111b6f2c99ce8d05c8c/gnocchi.74f6c26b-5012-42b2-bcea-2b4ab9c47e5a" 201 - "PUT http://172.20.0.104:6001/d1/401/AUTH_660705fe1cbe4111b6f2c99ce8d05c8c/gnocchi.74f6c26b-5012-42b2-bcea-2b4ab9c47e5a" "tx31efa7cf1d82496f9ca8a-006933ed2f" "container-server 22" 0.0047 "-" 21 0
Dec 6 08:45:35 np0005548785 container-server[123320]: 172.20.0.105 - - [06/Dec/2025:08:45:35 +0000] "PUT /d1/401/AUTH_660705fe1cbe4111b6f2c99ce8d05c8c/gnocchi.74f6c26b-5012-42b2-bcea-2b4ab9c47e5a" 201 - "PUT http://172.18.0.250:8080/v1/AUTH_660705fe1cbe4111b6f2c99ce8d05c8c/gnocchi.74f6c26b-5012-42b2-bcea-2b4ab9c47e5a" "tx31efa7cf1d82496f9ca8a-006933ed2f" "proxy-server 20" 0.0225 "-" 23 0
Dec 6 08:45:35 np0005548785 container-server[123290]: 172.20.0.103 - - [06/Dec/2025:08:45:35 +0000] "PUT /d1/921/AUTH_660705fe1cbe4111b6f2c99ce8d05c8c/gnocchi.58ebac5b-b343-4694-9941-8d2cfd000578/1764720000.0_mean_300.0_v3" 201 - "PUT http://172.18.0.250:8080/d1/529/AUTH_660705fe1cbe4111b6f2c99ce8d05c8c/gnocchi.58ebac5b-b343-4694-9941-8d2cfd000578/1764720000.0_mean_300.0_v3" "txfd4917c4c08d481fbc77c-006933ed2f" "object-server 25" 0.0007 "-" 20 0
Dec 6 08:45:35 np0005548785 object-server[123735]: 172.20.0.104 - - [06/Dec/2025:08:45:35 +0000] "PUT /d1/529/AUTH_660705fe1cbe4111b6f2c99ce8d05c8c/gnocchi.58ebac5b-b343-4694-9941-8d2cfd000578/1764720000.0_mean_300.0_v3" 201 - "PUT http://172.18.0.250:8080/v1/AUTH_660705fe1cbe4111b6f2c99ce8d05c8c/gnocchi.58ebac5b-b343-4694-9941-8d2cfd000578/1764720000.0_mean_300.0_v3" "txfd4917c4c08d481fbc77c-006933ed2f" "proxy-server 20" 0.0204 "-" 25 0
Dec 6 08:45:35 np0005548785 proxy-server[125190]: - - 06/Dec/2025/08/45/35 HEAD /v1/AUTH_660705fe1cbe4111b6f2c99ce8d05c8c/gnocchi.74f6c26b-5012-42b2-bcea-2b4ab9c47e5a%3Fformat%3Djson%26states%3Dlisting HTTP/1.0 204 - Swift - - - - tx99af27ef2d0544d985827-006933ed2f - 0.0098 RL - 1765010735.710295916 1765010735.720077753 0
Dec 6 08:45:35 np0005548785 container-server[123304]: 172.20.0.103 - - [06/Dec/2025:08:45:35 +0000] "GET /d1/401/AUTH_660705fe1cbe4111b6f2c99ce8d05c8c/gnocchi.74f6c26b-5012-42b2-bcea-2b4ab9c47e5a" 200 2 "GET http://172.18.0.250:8080/v1/AUTH_660705fe1cbe4111b6f2c99ce8d05c8c/gnocchi.74f6c26b-5012-42b2-bcea-2b4ab9c47e5a?format=json&states=listing" "tx99af27ef2d0544d985827-006933ed2f" "proxy-server 20" 0.0054 "-" 21 0
Dec 6 08:45:35 np0005548785 proxy-server[125190]: 172.18.0.103 172.18.0.104 06/Dec/2025/08/45/35 GET /v1/AUTH_660705fe1cbe4111b6f2c99ce8d05c8c/gnocchi.74f6c26b-5012-42b2-bcea-2b4ab9c47e5a%3Fformat%3Djson%26states%3Dlisting HTTP/1.0 200 - python-swiftclient-3.11.1 gAAAAABpM-z9-YGG... - 2 - tx99af27ef2d0544d985827-006933ed2f - 0.0269 - - 1765010735.708332300 1765010735.735260248 0
Dec 6 08:45:35 np0005548785 container-server[123320]: 172.20.0.104 - - [06/Dec/2025:08:45:35 +0000] "PUT /d1/921/AUTH_660705fe1cbe4111b6f2c99ce8d05c8c/gnocchi.58ebac5b-b343-4694-9941-8d2cfd000578/none_v3" 201 - "PUT http://172.18.0.250:8080/d1/857/AUTH_660705fe1cbe4111b6f2c99ce8d05c8c/gnocchi.58ebac5b-b343-4694-9941-8d2cfd000578/none_v3" "tx4fbef827dea6441ba8864-006933ed2f" "object-server 22" 0.0008 "-" 23 0
Dec 6 08:45:35 np0005548785 object-server[123735]: 172.20.0.105 - - [06/Dec/2025:08:45:35 +0000] "PUT /d1/857/AUTH_660705fe1cbe4111b6f2c99ce8d05c8c/gnocchi.58ebac5b-b343-4694-9941-8d2cfd000578/none_v3" 201 - "PUT http://172.18.0.250:8080/v1/AUTH_660705fe1cbe4111b6f2c99ce8d05c8c/gnocchi.58ebac5b-b343-4694-9941-8d2cfd000578/none_v3" "tx4fbef827dea6441ba8864-006933ed2f" "proxy-server 20" 0.0206 "-" 25 0
Dec 6 08:45:35 np0005548785 object-server[123720]: 172.20.0.104 - - [06/Dec/2025:08:45:35 +0000] "GET /d1/909/AUTH_660705fe1cbe4111b6f2c99ce8d05c8c/gnocchi.74f6c26b-5012-42b2-bcea-2b4ab9c47e5a/1764720000.0_mean_300.0_v3" 404 70 "GET http://172.18.0.250:8080/v1/AUTH_660705fe1cbe4111b6f2c99ce8d05c8c/gnocchi.74f6c26b-5012-42b2-bcea-2b4ab9c47e5a/1764720000.0_mean_300.0_v3" "txce72edecbab642abbe020-006933ed2f" "proxy-server 20" 0.0006 "-" 22 0
Dec 6 08:45:35 np0005548785 container-server[123304]: 172.20.0.105 - - [06/Dec/2025:08:45:35 +0000] "PUT /d1/401/AUTH_660705fe1cbe4111b6f2c99ce8d05c8c/gnocchi.74f6c26b-5012-42b2-bcea-2b4ab9c47e5a/1764720000.0_mean_300.0_v3" 201 - "PUT http://172.18.0.250:8080/d1/909/AUTH_660705fe1cbe4111b6f2c99ce8d05c8c/gnocchi.74f6c26b-5012-42b2-bcea-2b4ab9c47e5a/1764720000.0_mean_300.0_v3" "txe7e5a8bdb69046539c6f6-006933ed2f" "object-server 22" 0.0007 "-" 21 0
Dec 6 08:45:35 np0005548785 object-server[123722]: 172.20.0.103 - - [06/Dec/2025:08:45:35 +0000] "PUT /d1/909/AUTH_660705fe1cbe4111b6f2c99ce8d05c8c/gnocchi.74f6c26b-5012-42b2-bcea-2b4ab9c47e5a/1764720000.0_mean_300.0_v3" 201 - "PUT http://172.18.0.250:8080/v1/AUTH_660705fe1cbe4111b6f2c99ce8d05c8c/gnocchi.74f6c26b-5012-42b2-bcea-2b4ab9c47e5a/1764720000.0_mean_300.0_v3" "txe7e5a8bdb69046539c6f6-006933ed2f" "proxy-server 20" 0.0194 "-" 23 0
Dec 6 08:45:35 np0005548785 proxy-server[125190]: 172.18.0.103 172.18.0.104 06/Dec/2025/08/45/35 PUT /v1/AUTH_660705fe1cbe4111b6f2c99ce8d05c8c/gnocchi.74f6c26b-5012-42b2-bcea-2b4ab9c47e5a/1764720000.0_mean_300.0_v3 HTTP/1.0 201 - python-swiftclient-3.11.1 gAAAAABpM-z9-YGG... 16 - - txe7e5a8bdb69046539c6f6-006933ed2f - 0.0315 - - 1765010735.766259670 1765010735.797785997 0
Dec 6 08:45:35 np0005548785 container-server[123290]: 172.20.0.105 - - [06/Dec/2025:08:45:35 +0000] "PUT /d1/401/AUTH_660705fe1cbe4111b6f2c99ce8d05c8c/gnocchi.74f6c26b-5012-42b2-bcea-2b4ab9c47e5a/none_v3" 201 - "PUT http://172.18.0.250:8080/d1/370/AUTH_660705fe1cbe4111b6f2c99ce8d05c8c/gnocchi.74f6c26b-5012-42b2-bcea-2b4ab9c47e5a/none_v3" "tx04bd9cce38854d93a8a6a-006933ed2f" "object-server 23" 0.0007 "-" 20 0
Dec 6 08:45:35 np0005548785 object-server[123720]: 172.20.0.105 - - [06/Dec/2025:08:45:35 +0000] "PUT /d1/370/AUTH_660705fe1cbe4111b6f2c99ce8d05c8c/gnocchi.74f6c26b-5012-42b2-bcea-2b4ab9c47e5a/none_v3" 201 - "PUT http://172.18.0.250:8080/v1/AUTH_660705fe1cbe4111b6f2c99ce8d05c8c/gnocchi.74f6c26b-5012-42b2-bcea-2b4ab9c47e5a/none_v3" "tx04bd9cce38854d93a8a6a-006933ed2f" "proxy-server 20" 0.0124 "-" 22 0
Dec 6 08:45:45 np0005548785 container-server[123044]: Beginning replication run
Dec 6 08:45:46 np0005548785 container-server[123044]: Replication run OVER
Dec 6 08:45:46 np0005548785 container-server[123044]: Attempted to replicate 22 dbs in 0.47857 seconds (45.96989/s)
Dec 6 08:45:46 np0005548785 container-server[123044]: Removed 0 dbs
Dec 6 08:45:46 np0005548785 container-server[123044]: 44 successes, 0 failures
Dec 6 08:45:46 np0005548785 container-server[123044]: diff:0 diff_capped:0 empty:0 hashmatch:0 no_change:44 remote_merge:0 rsync:0 ts_repl:0
Dec 6 08:45:46 np0005548785 object-server[123570]: Starting object replication pass.
Dec 6 08:45:48 np0005548785 object-server[123570]: 41/41 (100.00%) partitions replicated in 1.06s (38.81/sec, 0s remaining)
Dec 6 08:45:48 np0005548785 object-server[123570]: 82 successes, 0 failures
Dec 6 08:45:48 np0005548785 object-server[123570]: 44 suffixes checked - 63.64% hashed, 0.00% synced
Dec 6 08:45:48 np0005548785 object-server[123570]: Partition times: max 0.0465s, min 0.0071s, med 0.0315s
Dec 6 08:45:48 np0005548785 object-server[123570]: Object replication complete. (0.02 minutes)
Dec 6 08:45:49 np0005548785 object-server[225661]: Begin object audit "forever" mode (ZBF)
Dec 6 08:45:49 np0005548785 object-server[225662]: Begin object audit "forever" mode (ALL)
Dec 6 08:45:49 np0005548785 object-server[225661]: Object audit (ZBF). Since Sat Dec 6 08:45:49 2025: Locally: 1 passed, 0 quarantined, 0 errors, files/sec: 577.25, bytes/sec: 0.00, Total time: 0.00, Auditing time: 0.00, Rate: 0.00
Dec 6 08:45:49 np0005548785 object-server[225662]: Object audit (ALL). Since Sat Dec 6 08:45:49 2025: Locally: 1 passed, 0 quarantined, 0 errors, files/sec: 111.93, bytes/sec: 1790.91, Total time: 0.01, Auditing time: 0.00, Rate: 0.00
Dec 6 08:45:50 np0005548785 object-server[225661]: Object audit (ZBF) "forever" mode completed: 0.84s. Total quarantined: 0, Total errors: 0, Total files/sec: 52.19, Total bytes/sec: 0.00, Auditing time: 0.83, Rate: 0.99
Dec 6 08:45:51 np0005548785 object-server[225662]: Object audit (ALL) "forever" mode completed: 2.11s. Total quarantined: 0, Total errors: 0, Total files/sec: 20.85, Total bytes/sec: 400.84, Auditing time: 2.10, Rate: 0.99
Dec 6 08:45:57 np0005548785 account-server[122865]: Beginning replication run
Dec 6 08:45:57 np0005548785 account-server[122865]: Replication run OVER
Dec 6 08:45:57 np0005548785 account-server[122865]: Attempted to replicate 1 dbs in 0.02817 seconds (35.50300/s)
Dec 6 08:45:57 np0005548785 account-server[122865]: Removed 0 dbs
Dec 6 08:45:57 np0005548785 account-server[122865]: 2 successes, 0 failures
Dec 6 08:45:57 np0005548785 account-server[122865]: diff:0 diff_capped:0 empty:0 hashmatch:0 no_change:2 remote_merge:0 rsync:0 ts_repl:0
Dec 6 08:46:15 np0005548785 container-server[123044]: Beginning replication run
Dec 6 08:46:16 np0005548785 container-server[123044]: Replication run OVER
Dec 6 08:46:16 np0005548785 container-server[123044]: Attempted to replicate 22 dbs in 0.43525 seconds (50.54531/s)
Dec 6 08:46:16 np0005548785 container-server[123044]: Removed 0 dbs
Dec 6 08:46:16 np0005548785 container-server[123044]: 44 successes, 0 failures
Dec 6 08:46:16 np0005548785 container-server[123044]: diff:0 diff_capped:0 empty:0 hashmatch:0 no_change:44 remote_merge:0 rsync:0 ts_repl:0
Dec 6 08:46:18 np0005548785 object-server[123570]: Starting object replication pass.
Dec 6 08:46:18 np0005548785 object-server[123570]: 41/41 (100.00%) partitions replicated in 0.36s (113.55/sec, 0s remaining)
Dec 6 08:46:18 np0005548785 object-server[123570]: 82 successes, 0 failures
Dec 6 08:46:18 np0005548785 object-server[123570]: 44 suffixes checked - 0.00% hashed, 0.00% synced
Dec 6 08:46:18 np0005548785 object-server[123570]: Partition times: max 0.0134s, min 0.0068s, med 0.0079s
Dec 6 08:46:18 np0005548785 object-server[123570]: Object replication complete. (0.01 minutes)
Dec 6 08:46:20 np0005548785 object-server[225712]: Begin object audit "forever" mode (ZBF)
Dec 6 08:46:20 np0005548785 object-server[225712]: Object audit (ZBF). Since Sat Dec 6 08:46:20 2025: Locally: 1 passed, 0 quarantined, 0 errors, files/sec: 777.30, bytes/sec: 0.00, Total time: 0.00, Auditing time: 0.00, Rate: 0.00
Dec 6 08:46:21 np0005548785 object-server[225712]: Object audit (ZBF) "forever" mode completed: 0.84s. Total quarantined: 0, Total errors: 0, Total files/sec: 52.20, Total bytes/sec: 0.00, Auditing time: 0.83, Rate: 0.99
Dec 6 08:46:27 np0005548785 account-server[122865]: Beginning replication run
Dec 6 08:46:27 np0005548785 account-server[122865]: Replication run OVER
Dec 6 08:46:27 np0005548785 account-server[122865]: Attempted to replicate 1 dbs in 0.01697 seconds (58.93325/s)
Dec 6 08:46:27 np0005548785 account-server[122865]: Removed 0 dbs
Dec 6 08:46:27 np0005548785 account-server[122865]: 2 successes, 0 failures
Dec 6 08:46:27 np0005548785 account-server[122865]: diff:0 diff_capped:0 empty:0 hashmatch:0 no_change:2 remote_merge:0 rsync:0 ts_repl:0
Dec 6 08:46:39 np0005548785 account-server[122553]: Devices pass completed: 0.00s
Dec 6 08:46:46 np0005548785 container-server[123044]: Beginning replication run
Dec 6 08:46:46 np0005548785 container-server[123044]: Replication run OVER
Dec 6 08:46:46 np0005548785 container-server[123044]: Attempted to replicate 22 dbs in 0.43545 seconds (50.52276/s)
Dec 6 08:46:46 np0005548785 container-server[123044]: Removed 0 dbs
Dec 6 08:46:46 np0005548785 container-server[123044]: 44 successes, 0 failures
Dec 6 08:46:46 np0005548785 container-server[123044]: diff:0 diff_capped:0 empty:0 hashmatch:0 no_change:44 remote_merge:0 rsync:0 ts_repl:0
Dec 6 08:46:48 np0005548785 object-server[123570]: Starting object replication pass.
Dec 6 08:46:48 np0005548785 object-server[123570]: 41/41 (100.00%) partitions replicated in 0.39s (104.19/sec, 0s remaining)
Dec 6 08:46:48 np0005548785 object-server[123570]: 82 successes, 0 failures
Dec 6 08:46:48 np0005548785 object-server[123570]: 44 suffixes checked - 0.00% hashed, 0.00% synced
Dec 6 08:46:48 np0005548785 object-server[123570]: Partition times: max 0.0178s, min 0.0062s, med 0.0085s
Dec 6 08:46:48 np0005548785 object-server[123570]: Object replication complete. (0.01 minutes)
Dec 6 08:46:51 np0005548785 object-server[231682]: Begin object audit "forever" mode (ZBF)
Dec 6 08:46:51 np0005548785 object-server[231683]: Begin object audit "forever" mode (ALL)
Dec 6 08:46:51 np0005548785 object-server[231682]: Object audit (ZBF). Since Sat Dec 6 08:46:51 2025: Locally: 1 passed, 0 quarantined, 0 errors, files/sec: 553.85, bytes/sec: 0.00, Total time: 0.00, Auditing time: 0.00, Rate: 0.00
Dec 6 08:46:51 np0005548785 object-server[231683]: Object audit (ALL). Since Sat Dec 6 08:46:51 2025: Locally: 1 passed, 0 quarantined, 0 errors, files/sec: 104.38, bytes/sec: 1670.12, Total time: 0.01, Auditing time: 0.00, Rate: 0.00
Dec 6 08:46:52 np0005548785 object-server[231682]: Object audit (ZBF) "forever" mode completed: 0.84s. Total quarantined: 0, Total errors: 0, Total files/sec: 52.19, Total bytes/sec: 0.00, Auditing time: 0.83, Rate: 0.99
Dec 6 08:46:53 np0005548785 object-server[231683]: Object audit (ALL) "forever" mode completed: 2.11s. Total quarantined: 0, Total errors: 0, Total files/sec: 20.84, Total bytes/sec: 400.76, Auditing time: 2.10, Rate: 0.99
Dec 6 08:46:57 np0005548785 account-server[122865]: Beginning replication run
Dec 6 08:46:57 np0005548785 account-server[122865]: Replication run OVER
Dec 6 08:46:57 np0005548785 account-server[122865]: Attempted to replicate 1 dbs in 0.01366 seconds (73.20232/s)
Dec 6 08:46:57 np0005548785 account-server[122865]: Removed 0 dbs
Dec 6 08:46:57 np0005548785 account-server[122865]: 2 successes, 0 failures
Dec 6 08:46:57 np0005548785 account-server[122865]: diff:0 diff_capped:0 empty:0 hashmatch:0 no_change:2 remote_merge:0 rsync:0 ts_repl:0
Dec 6 08:47:10 np0005548785 container-server[123387]: Begin container update sweep
Dec 6 08:47:10 np0005548785 account-server[123202]: 172.20.0.103 - - [06/Dec/2025:08:47:10 +0000] "PUT /d1/82/AUTH_660705fe1cbe4111b6f2c99ce8d05c8c/gnocchi.dd1c1d8e-44fb-47a2-a3f8-097ad581941f" 201 - "-" "-" "container-updater 2" 0.0006 "-" 20 0
Dec 6 08:47:10 np0005548785 account-server[123216]: 172.20.0.103 - - [06/Dec/2025:08:47:10 +0000] "PUT /d1/82/AUTH_660705fe1cbe4111b6f2c99ce8d05c8c/gnocchi.58ebac5b-b343-4694-9941-8d2cfd000578" 201 - "-" "-" "container-updater 2" 0.0008 "-" 21 0
Dec 6 08:47:10 np0005548785 account-server[123221]: 172.20.0.103 - - [06/Dec/2025:08:47:10 +0000] "PUT /d1/82/AUTH_660705fe1cbe4111b6f2c99ce8d05c8c/gnocchi.6de8b682-90f0-4f0f-b96a-3498607060cc" 201 - "-" "-" "container-updater 2" 0.0006 "-" 22 0
Dec 6 08:47:10 np0005548785 account-server[123216]: 172.20.0.103 - - [06/Dec/2025:08:47:10 +0000] "PUT /d1/82/AUTH_660705fe1cbe4111b6f2c99ce8d05c8c/gnocchi.0519cf7f-c3e9-4ba0-a8df-4ca7944a08f0" 201 - "-" "-" "container-updater 2" 0.0007 "-" 21 0
Dec 6 08:47:10 np0005548785 container-server[122945]: Begin container audit pass.
Dec 6 08:47:10 np0005548785 account-server[123216]: 172.20.0.103 - - [06/Dec/2025:08:47:10 +0000] "PUT /d1/82/AUTH_660705fe1cbe4111b6f2c99ce8d05c8c/gnocchi.4b6439be-9db9-41d6-bbee-110acb6b0c29" 201 - "-" "-" "container-updater 2" 0.0007 "-" 21 0
Dec 6 08:47:10 np0005548785 account-server[123216]: 172.20.0.103 - - [06/Dec/2025:08:47:10 +0000] "PUT /d1/82/AUTH_660705fe1cbe4111b6f2c99ce8d05c8c/gnocchi.1975c3b1-45b1-4cc9-90a6-04134fe65bd6" 201 - "-" "-" "container-updater 2" 0.0006 "-" 21 0
Dec 6 08:47:10 np0005548785 account-server[123216]: 172.20.0.103 - - [06/Dec/2025:08:47:10 +0000] "PUT /d1/82/AUTH_660705fe1cbe4111b6f2c99ce8d05c8c/gnocchi.92989a89-d1e5-4d5d-b95b-494bc3492e89" 201 - "-" "-" "container-updater 2" 0.0008 "-" 21 0
Dec 6 08:47:10 np0005548785 account-server[123221]: 172.20.0.103 - - [06/Dec/2025:08:47:10 +0000] "PUT /d1/82/AUTH_660705fe1cbe4111b6f2c99ce8d05c8c/gnocchi.97ff4fdb-49f5-4882-a59e-2ce2f572c718" 201 - "-" "-" "container-updater 2" 0.0007 "-" 22 0
Dec 6 08:47:10 np0005548785 account-server[123202]: 172.20.0.103 - - [06/Dec/2025:08:47:10 +0000] "PUT /d1/82/AUTH_660705fe1cbe4111b6f2c99ce8d05c8c/gnocchi.d400a804-56de-4531-910f-f2cfab3cebbf" 201 - "-" "-" "container-updater 2" 0.0007 "-" 20 0
Dec 6 08:47:10 np0005548785 account-server[123221]: 172.20.0.103 - - [06/Dec/2025:08:47:10 +0000] "PUT /d1/82/AUTH_660705fe1cbe4111b6f2c99ce8d05c8c/gnocchi.3049b2d9-0574-4d28-bb72-646fb8404312" 201 - "-" "-" "container-updater 2" 0.0007 "-" 22 0
Dec 6 08:47:10 np0005548785 account-server[123221]: 172.20.0.103 - - [06/Dec/2025:08:47:10 +0000] "PUT /d1/82/AUTH_660705fe1cbe4111b6f2c99ce8d05c8c/gnocchi.2c43ece9-797e-4ae6-bddd-ba23e3890bbb" 201 - "-" "-" "container-updater 2" 0.0005 "-" 22 0
Dec 6 08:47:11 np0005548785 account-server[123228]: 172.20.0.103 - - [06/Dec/2025:08:47:11 +0000] "PUT /d1/82/AUTH_660705fe1cbe4111b6f2c99ce8d05c8c/gnocchi.5a437d94-0872-42a7-af65-4e20fd031f7d" 201 - "-" "-" "container-updater 2" 0.0007 "-" 23 0
Dec 6 08:47:11 np0005548785 account-server[123202]: 172.20.0.103 - - [06/Dec/2025:08:47:11 +0000] "PUT /d1/82/AUTH_660705fe1cbe4111b6f2c99ce8d05c8c/gnocchi.3c7b8eb2-8b7c-4889-bf9c-9327d8f68525" 201 - "-" "-" "container-updater 2" 0.0005 "-" 20 0
Dec 6 08:47:11 np0005548785 account-server[123221]: 172.20.0.103 - - [06/Dec/2025:08:47:11 +0000] "PUT /d1/82/AUTH_660705fe1cbe4111b6f2c99ce8d05c8c/gnocchi.c27f151d-b566-42b1-87d3-0b18db94ea98" 201 - "-" "-" "container-updater 2" 0.0007 "-" 22 0
Dec 6 08:47:11 np0005548785 account-server[123216]: 172.20.0.103 - - [06/Dec/2025:08:47:11 +0000] "PUT /d1/82/AUTH_660705fe1cbe4111b6f2c99ce8d05c8c/gnocchi.f3540d4a-adb1-41f8-b061-7a1198509b40" 201 - "-" "-" "container-updater 2" 0.0007 "-" 21 0
Dec 6 08:47:11 np0005548785 account-server[123228]: 172.20.0.103 - - [06/Dec/2025:08:47:11 +0000] "PUT /d1/82/AUTH_660705fe1cbe4111b6f2c99ce8d05c8c/gnocchi.d0a4d190-ab44-486b-987d-81332aae16dd" 201 - "-" "-" "container-updater 2" 0.0009 "-" 23 0
Dec 6 08:47:11 np0005548785 account-server[123228]: 172.20.0.103 - - [06/Dec/2025:08:47:11 +0000] "PUT /d1/82/AUTH_660705fe1cbe4111b6f2c99ce8d05c8c/gnocchi.dea174b3-25e4-4357-8680-6dff4b58effc" 201 - "-" "-" "container-updater 2" 0.0007 "-" 23 0
Dec 6 08:47:11 np0005548785 account-server[123228]: 172.20.0.103 - - [06/Dec/2025:08:47:11 +0000] "PUT /d1/82/AUTH_660705fe1cbe4111b6f2c99ce8d05c8c/gnocchi.cecf42dc-e7e2-4a26-94f4-26a2de5f1061" 201 - "-" "-" "container-updater 2" 0.0005 "-" 23 0
Dec 6 08:47:11 np0005548785 account-server[123221]: 172.20.0.103 - - [06/Dec/2025:08:47:11 +0000] "PUT /d1/82/AUTH_660705fe1cbe4111b6f2c99ce8d05c8c/gnocchi.3eee7a32-53a2-46c9-a1cf-d4d4b8b181ea" 201 - "-" "-" "container-updater 2" 0.0005 "-" 22 0
Dec 6 08:47:11 np0005548785 account-server[123202]: 172.20.0.103 - - [06/Dec/2025:08:47:11 +0000] "PUT /d1/82/AUTH_660705fe1cbe4111b6f2c99ce8d05c8c/gnocchi.74f6c26b-5012-42b2-bcea-2b4ab9c47e5a" 201 - "-" "-" "container-updater 2" 0.0007 "-" 20 0
Dec 6 08:47:11 np0005548785 account-server[123228]: 172.20.0.103 - - [06/Dec/2025:08:47:11 +0000] "PUT /d1/82/AUTH_660705fe1cbe4111b6f2c99ce8d05c8c/gnocchi.36188fb0-01a4-4e74-adf3-5dfea471ffe3" 201 - "-" "-" "container-updater 2" 0.0005 "-" 23 0
