Dec 6 08:40:57 np0005548785 account-server[122865]: diff:0 diff_capped:0 empty:0 hashmatch:0 no_change:0 remote_merge:0 rsync:0 ts_repl:0
Dec 6 08:41:15 np0005548785 container-server[123044]: Beginning replication run
Dec 6 08:41:15 np0005548785 container-server[123044]: Replication run OVER
Dec 6 08:41:15 np0005548785 container-server[123044]: Attempted to replicate 0 dbs in 0.00190 seconds (0.00000/s)
Dec 6 08:41:15 np0005548785 container-server[123044]: Removed 0 dbs
Dec 6 08:41:15 np0005548785 container-server[123044]: 0 successes, 0 failures
Dec 6 08:41:15 np0005548785 container-server[123044]: diff:0 diff_capped:0 empty:0 hashmatch:0 no_change:0 remote_merge:0 rsync:0 ts_repl:0
Dec 6 08:41:16 np0005548785 object-server[123570]: Starting object replication pass.
Dec 6 08:41:16 np0005548785 object-server[123570]: Nothing replicated for 0.003551959991455078 seconds.
Dec 6 08:41:16 np0005548785 object-server[123570]: Object replication complete. (0.00 minutes)
Dec 6 08:41:17 np0005548785 object-server[195748]: Begin object audit "forever" mode (ZBF)
Dec 6 08:41:17 np0005548785 object-server[195748]: Object audit (ZBF) "forever" mode completed: 0.00s. Total quarantined: 0, Total errors: 0, Total files/sec: 0.00, Total bytes/sec: 0.00, Auditing time: 0.00, Rate: 0.00
Dec 6 08:41:27 np0005548785 account-server[122865]: Beginning replication run
Dec 6 08:41:27 np0005548785 account-server[122865]: Replication run OVER
Dec 6 08:41:27 np0005548785 account-server[122865]: Attempted to replicate 0 dbs in 0.00146 seconds (0.00000/s)
Dec 6 08:41:27 np0005548785 account-server[122865]: Removed 0 dbs
Dec 6 08:41:27 np0005548785 account-server[122865]: 0 successes, 0 failures
Dec 6 08:41:27 np0005548785 account-server[122865]: diff:0 diff_capped:0 empty:0 hashmatch:0 no_change:0 remote_merge:0 rsync:0 ts_repl:0
Dec 6 08:41:31 np0005548785 account-server[123202]: 172.20.0.105 - - [06/Dec/2025:08:41:31 +0000] "HEAD /d1/291/.expiring_objects" 404 - "HEAD http://localhost/v1/.expiring_objects?format=json" "tx22b0fecc437a4dbda929e-006933ec3b" "proxy-server 2" 0.0011 "-" 20 -
Dec 6 08:41:39 np0005548785 account-server[123228]: 172.20.0.103 - - [06/Dec/2025:08:41:39 +0000] "HEAD /d1/291/.expiring_objects" 404 - "HEAD http://localhost/v1/.expiring_objects?format=json" "tx4234140cd7dd443f94878-006933ec43" "proxy-server 2" 0.0008 "-" 23 -
Dec 6 08:41:39 np0005548785 object-expirer[123405]: Pass completed in 0s; 0 objects expired (txn: tx4234140cd7dd443f94878-006933ec43)
Dec 6 08:41:45 np0005548785 container-server[123044]: Beginning replication run
Dec 6 08:41:45 np0005548785 container-server[123044]: Replication run OVER
Dec 6 08:41:45 np0005548785 container-server[123044]: Attempted to replicate 0 dbs in 0.00114 seconds (0.00000/s)
Dec 6 08:41:45 np0005548785 container-server[123044]: Removed 0 dbs
Dec 6 08:41:45 np0005548785 container-server[123044]: 0 successes, 0 failures
Dec 6 08:41:45 np0005548785 container-server[123044]: diff:0 diff_capped:0 empty:0 hashmatch:0 no_change:0 remote_merge:0 rsync:0 ts_repl:0
Dec 6 08:41:46 np0005548785 object-server[123570]: Starting object replication pass.
Dec 6 08:41:46 np0005548785 object-server[123570]: Nothing replicated for 0.004380226135253906 seconds.
Dec 6 08:41:46 np0005548785 object-server[123570]: Object replication complete. (0.00 minutes)
Dec 6 08:41:47 np0005548785 object-server[201740]: Begin object audit "forever" mode (ZBF)
Dec 6 08:41:47 np0005548785 object-server[201740]: Object audit (ZBF) "forever" mode completed: 0.00s. Total quarantined: 0, Total errors: 0, Total files/sec: 0.00, Total bytes/sec: 0.00, Auditing time: 0.00, Rate: 0.00
Dec 6 08:41:47 np0005548785 object-server[201741]: Begin object audit "forever" mode (ALL)
Dec 6 08:41:47 np0005548785 object-server[201741]: Object audit (ALL) "forever" mode completed: 0.00s. Total quarantined: 0, Total errors: 0, Total files/sec: 0.00, Total bytes/sec: 0.00, Auditing time: 0.00, Rate: 0.00
Dec 6 08:41:57 np0005548785 account-server[122865]: Beginning replication run
Dec 6 08:41:57 np0005548785 account-server[122865]: Replication run OVER
Dec 6 08:41:57 np0005548785 account-server[122865]: Attempted to replicate 0 dbs in 0.00189 seconds (0.00000/s)
Dec 6 08:41:57 np0005548785 account-server[122865]: Removed 0 dbs
Dec 6 08:41:57 np0005548785 account-server[122865]: 0 successes, 0 failures
Dec 6 08:41:57 np0005548785 account-server[122865]: diff:0 diff_capped:0 empty:0 hashmatch:0 no_change:0 remote_merge:0 rsync:0 ts_repl:0
Dec 6 08:42:10 np0005548785 container-server[123387]: Begin container update sweep
Dec 6 08:42:10 np0005548785 container-server[123387]: Container update sweep completed: 0.00s
Dec 6 08:42:13 np0005548785 account-server[123216]: 172.20.0.103 - - [06/Dec/2025:08:42:13 +0000] "HEAD /d1/291/.expiring_objects" 404 - "HEAD http://localhost/v1/.expiring_objects?format=json" "txa36d027425c74e0bb6fea-006933ec65" "proxy-server 2" 0.0009 "-" 21 -
Dec 6 08:42:13 np0005548785 object-expirer[123405]: Pass completed in 0s; 0 objects expired (txn: txa36d027425c74e0bb6fea-006933ec65)
Dec 6 08:42:15 np0005548785 container-server[123044]: Beginning replication run
Dec 6 08:42:15 np0005548785 container-server[123044]: Replication run OVER
Dec 6 08:42:15 np0005548785 container-server[123044]: Attempted to replicate 0 dbs in 0.00165 seconds (0.00000/s)
Dec 6 08:42:15 np0005548785 container-server[123044]: Removed 0 dbs
Dec 6 08:42:15 np0005548785 container-server[123044]: 0 successes, 0 failures
Dec 6 08:42:15 np0005548785 container-server[123044]: diff:0 diff_capped:0 empty:0 hashmatch:0 no_change:0 remote_merge:0 rsync:0 ts_repl:0
Dec 6 08:42:16 np0005548785 object-server[123570]: Starting object replication pass.
Dec 6 08:42:16 np0005548785 object-server[123570]: Nothing replicated for 0.003987789154052734 seconds.
Dec 6 08:42:16 np0005548785 object-server[123570]: Object replication complete. (0.00 minutes)
Dec 6 08:42:17 np0005548785 object-server[201742]: Begin object audit "forever" mode (ZBF)
Dec 6 08:42:17 np0005548785 object-server[201742]: Object audit (ZBF) "forever" mode completed: 0.00s. Total quarantined: 0, Total errors: 0, Total files/sec: 0.00, Total bytes/sec: 0.00, Auditing time: 0.00, Rate: 0.00
Dec 6 08:42:27 np0005548785 account-server[122865]: Beginning replication run
Dec 6 08:42:27 np0005548785 account-server[122865]: Replication run OVER
Dec 6 08:42:27 np0005548785 account-server[122865]: Attempted to replicate 0 dbs in 0.00160 seconds (0.00000/s)
Dec 6 08:42:27 np0005548785 account-server[122865]: Removed 0 dbs
Dec 6 08:42:27 np0005548785 account-server[122865]: 0 successes, 0 failures
Dec 6 08:42:27 np0005548785 account-server[122865]: diff:0 diff_capped:0 empty:0 hashmatch:0 no_change:0 remote_merge:0 rsync:0 ts_repl:0
Dec 6 08:42:27 np0005548785 account-server[123228]: 172.20.0.104 - - [06/Dec/2025:08:42:27 +0000] "HEAD /d1/291/.expiring_objects" 404 - "HEAD http://localhost/v1/.expiring_objects?format=json" "txc91e5690b3c34ae7b29fa-006933ec73" "proxy-server 2" 0.0008 "-" 23 -
Dec 6 08:42:45 np0005548785 container-server[123044]: Beginning replication run
Dec 6 08:42:45 np0005548785 container-server[123044]: Replication run OVER
Dec 6 08:42:45 np0005548785 container-server[123044]: Attempted to replicate 0 dbs in 0.00196 seconds (0.00000/s)
Dec 6 08:42:45 np0005548785 container-server[123044]: Removed 0 dbs
Dec 6 08:42:45 np0005548785 container-server[123044]: 0 successes, 0 failures
Dec 6 08:42:45 np0005548785 container-server[123044]: diff:0 diff_capped:0 empty:0 hashmatch:0 no_change:0 remote_merge:0 rsync:0 ts_repl:0
Dec 6 08:42:46 np0005548785 object-server[123570]: Starting object replication pass.
Dec 6 08:42:46 np0005548785 object-server[123570]: Nothing replicated for 0.003720521926879883 seconds.
Dec 6 08:42:46 np0005548785 object-server[123570]: Object replication complete. (0.00 minutes)
Dec 6 08:42:48 np0005548785 object-server[207698]: Begin object audit "forever" mode (ZBF)
Dec 6 08:42:48 np0005548785 object-server[207698]: Object audit (ZBF) "forever" mode completed: 0.00s. Total quarantined: 0, Total errors: 0, Total files/sec: 0.00, Total bytes/sec: 0.00, Auditing time: 0.00, Rate: 0.00
Dec 6 08:42:48 np0005548785 object-server[207699]: Begin object audit "forever" mode (ALL)
Dec 6 08:42:48 np0005548785 object-server[207699]: Object audit (ALL) "forever" mode completed: 0.00s. Total quarantined: 0, Total errors: 0, Total files/sec: 0.00, Total bytes/sec: 0.00, Auditing time: 0.00, Rate: 0.00
Dec 6 08:42:57 np0005548785 account-server[122865]: Beginning replication run
Dec 6 08:42:57 np0005548785 account-server[122865]: Replication run OVER
Dec 6 08:42:57 np0005548785 account-server[122865]: Attempted to replicate 0 dbs in 0.00159 seconds (0.00000/s)
Dec 6 08:42:57 np0005548785 account-server[122865]: Removed 0 dbs
Dec 6 08:42:57 np0005548785 account-server[122865]: 0 successes, 0 failures
Dec 6 08:42:57 np0005548785 account-server[122865]: diff:0 diff_capped:0 empty:0 hashmatch:0 no_change:0 remote_merge:0 rsync:0 ts_repl:0
Dec 6 08:43:15 np0005548785 container-server[123044]: Beginning replication run
Dec 6 08:43:15 np0005548785 container-server[123044]: Replication run OVER
Dec 6 08:43:15 np0005548785 container-server[123044]: Attempted to replicate 0 dbs in 0.00155 seconds (0.00000/s)
Dec 6 08:43:15 np0005548785 container-server[123044]: Removed 0 dbs
Dec 6 08:43:15 np0005548785 container-server[123044]: 0 successes, 0 failures
Dec 6 08:43:15 np0005548785 container-server[123044]: diff:0 diff_capped:0 empty:0 hashmatch:0 no_change:0 remote_merge:0 rsync:0 ts_repl:0
Dec 6 08:43:16 np0005548785 object-server[123570]: Starting object replication pass.
Dec 6 08:43:16 np0005548785 object-server[123570]: Nothing replicated for 0.003602743148803711 seconds.
Dec 6 08:43:16 np0005548785 object-server[123570]: Object replication complete. (0.00 minutes)
Dec 6 08:43:18 np0005548785 object-server[210500]: Begin object audit "forever" mode (ALL)
Dec 6 08:43:18 np0005548785 object-server[210500]: Object audit (ALL) "forever" mode completed: 0.00s. Total quarantined: 0, Total errors: 0, Total files/sec: 0.00, Total bytes/sec: 0.00, Auditing time: 0.00, Rate: 0.00
Dec 6 08:43:18 np0005548785 object-server[210499]: Begin object audit "forever" mode (ZBF)
Dec 6 08:43:18 np0005548785 object-server[210499]: Object audit (ZBF) "forever" mode completed: 0.00s. Total quarantined: 0, Total errors: 0, Total files/sec: 0.00, Total bytes/sec: 0.00, Auditing time: 0.00, Rate: 0.00
Dec 6 08:43:22 np0005548785 account-server[123202]: 172.20.0.103 - - [06/Dec/2025:08:43:22 +0000] "HEAD /d1/291/.expiring_objects" 404 - "HEAD http://localhost/v1/.expiring_objects?format=json" "tx1f33e0b6b7bd4526a11b4-006933ecaa" "proxy-server 2" 0.0005 "-" 20 -
Dec 6 08:43:22 np0005548785 object-expirer[123405]: Pass completed in 0s; 0 objects expired (txn: tx1f33e0b6b7bd4526a11b4-006933ecaa)
Dec 6 08:43:27 np0005548785 account-server[122865]: Beginning replication run
Dec 6 08:43:27 np0005548785 account-server[122865]: Replication run OVER
Dec 6 08:43:27 np0005548785 account-server[122865]: Attempted to replicate 0 dbs in 0.00103 seconds (0.00000/s)
Dec 6 08:43:27 np0005548785 account-server[122865]: Removed 0 dbs
Dec 6 08:43:27 np0005548785 account-server[122865]: 0 successes, 0 failures
Dec 6 08:43:27 np0005548785 account-server[122865]: diff:0 diff_capped:0 empty:0 hashmatch:0 no_change:0 remote_merge:0 rsync:0 ts_repl:0
Dec 6 08:43:31 np0005548785 account-server[123216]: 172.20.0.103 - - [06/Dec/2025:08:43:31 +0000] "HEAD /d1/82/AUTH_660705fe1cbe4111b6f2c99ce8d05c8c" 404 - "HEAD http://172.18.0.250:8080/v1/AUTH_660705fe1cbe4111b6f2c99ce8d05c8c?format=json" "txe63897c09a744fd2b31c2-006933ecb3" "proxy-server 20" 0.0006 "-" 21 -
Dec 6 08:43:31 np0005548785 proxy-server[125190]: - - 06/Dec/2025/08/43/31 HEAD /v1/AUTH_660705fe1cbe4111b6f2c99ce8d05c8c%3Fformat%3Djson HTTP/1.0 200 - Swift - - - - txe63897c09a744fd2b31c2-006933ecb3 - 0.0177 RL - 1765010611.474902153 1765010611.492591619 -
Dec 6 08:43:32 np0005548785 object-server[123720]: 172.20.0.103 - - [06/Dec/2025:08:43:32 +0000] "GET /d1/37/AUTH_660705fe1cbe4111b6f2c99ce8d05c8c/gnocchi.dea174b3-25e4-4357-8680-6dff4b58effc/none_v3" 404 70 "GET http://172.18.0.250:8080/v1/AUTH_660705fe1cbe4111b6f2c99ce8d05c8c/gnocchi.dea174b3-25e4-4357-8680-6dff4b58effc/none_v3" "txe63897c09a744fd2b31c2-006933ecb3" "proxy-server 20" 0.0011 "-" 22 0
Dec 6 08:43:32 np0005548785 proxy-server[125190]: 172.18.0.105 172.18.0.104 06/Dec/2025/08/43/32 GET /v1/AUTH_660705fe1cbe4111b6f2c99ce8d05c8c/gnocchi.dea174b3-25e4-4357-8680-6dff4b58effc/none_v3 HTTP/1.0 404 - python-swiftclient-3.11.1 gAAAAABpM-yzR85B... - 70 - txe63897c09a744fd2b31c2-006933ecb3 - 0.5357 - - 1765010611.470205545 1765010612.005894423 0
Dec 6 08:43:32 np0005548785 account-server[123202]: 172.20.0.104 - - [06/Dec/2025:08:43:32 +0000] "PUT /d1/82/AUTH_660705fe1cbe4111b6f2c99ce8d05c8c" 201 - "-" "txd7c99c94d8a24f85a24ed-006933ecb4" "-" 0.0105 "-" 20 -
Dec 6 08:43:32 np0005548785 account-server[123221]: 172.20.0.105 - - [06/Dec/2025:08:43:32 +0000] "PUT /d1/82/AUTH_660705fe1cbe4111b6f2c99ce8d05c8c/gnocchi.dea174b3-25e4-4357-8680-6dff4b58effc" 201 - "PUT http://172.20.0.105:6001/d1/114/AUTH_660705fe1cbe4111b6f2c99ce8d05c8c/gnocchi.dea174b3-25e4-4357-8680-6dff4b58effc" "txd7c99c94d8a24f85a24ed-006933ecb4" "container-server 16" 0.0017 "-" 22 0
Dec 6 08:43:32 np0005548785 container-server[123320]: 172.20.0.104 - - [06/Dec/2025:08:43:32 +0000] "PUT /d1/114/AUTH_660705fe1cbe4111b6f2c99ce8d05c8c/gnocchi.dea174b3-25e4-4357-8680-6dff4b58effc" 201 - "PUT http://172.18.0.250:8080/v1/AUTH_660705fe1cbe4111b6f2c99ce8d05c8c/gnocchi.dea174b3-25e4-4357-8680-6dff4b58effc" "txd7c99c94d8a24f85a24ed-006933ecb4" "proxy-server 20" 0.0208 "-" 23 0
Dec 6 08:43:32 np0005548785 container-server[123308]: 172.20.0.105 - - [06/Dec/2025:08:43:32 +0000] "HEAD /d1/114/AUTH_660705fe1cbe4111b6f2c99ce8d05c8c/gnocchi.dea174b3-25e4-4357-8680-6dff4b58effc" 204 - "HEAD http://172.18.0.250:8080/v1/AUTH_660705fe1cbe4111b6f2c99ce8d05c8c/gnocchi.dea174b3-25e4-4357-8680-6dff4b58effc?format=json&states=listing" "tx5f34d71a48bf45e981a5b-006933ecb4" "proxy-server 20" 0.0024 "-" 22 0
Dec 6 08:43:32 np0005548785 object-server[123720]: 172.20.0.103 - - [06/Dec/2025:08:43:32 +0000] "GET /d1/1002/AUTH_660705fe1cbe4111b6f2c99ce8d05c8c/gnocchi.dea174b3-25e4-4357-8680-6dff4b58effc/1764720000.0_mean_300.0_v3" 404 70 "GET http://172.18.0.250:8080/v1/AUTH_660705fe1cbe4111b6f2c99ce8d05c8c/gnocchi.dea174b3-25e4-4357-8680-6dff4b58effc/1764720000.0_mean_300.0_v3" "txa55fd46fd3f3463d8122c-006933ecb4" "proxy-server 20" 0.0003 "-" 22 0
Dec 6 08:43:32 np0005548785 proxy-server[125190]: 172.18.0.105 172.18.0.104 06/Dec/2025/08/43/32 GET /v1/AUTH_660705fe1cbe4111b6f2c99ce8d05c8c/gnocchi.dea174b3-25e4-4357-8680-6dff4b58effc/1764720000.0_mean_300.0_v3 HTTP/1.0 404 - python-swiftclient-3.11.1 gAAAAABpM-yzR85B... - 70 - txa55fd46fd3f3463d8122c-006933ecb4 - 0.0179 - - 1765010612.122817516 1765010612.140736341 0
Dec 6 08:43:32 np0005548785 container-server[123308]: 172.20.0.103 - - [06/Dec/2025:08:43:32 +0000] "PUT /d1/114/AUTH_660705fe1cbe4111b6f2c99ce8d05c8c/gnocchi.dea174b3-25e4-4357-8680-6dff4b58effc/1764720000.0_mean_300.0_v3" 201 - "PUT http://172.18.0.250:8080/d1/1002/AUTH_660705fe1cbe4111b6f2c99ce8d05c8c/gnocchi.dea174b3-25e4-4357-8680-6dff4b58effc/1764720000.0_mean_300.0_v3" "tx7cb206781f794526bbb02-006933ecb4" "object-server 23" 0.0007 "-" 22 0
Dec 6 08:43:32 np0005548785 object-server[123722]: 172.20.0.104 - - [06/Dec/2025:08:43:32 +0000] "PUT /d1/1002/AUTH_660705fe1cbe4111b6f2c99ce8d05c8c/gnocchi.dea174b3-25e4-4357-8680-6dff4b58effc/1764720000.0_mean_300.0_v3" 201 - "PUT http://172.18.0.250:8080/v1/AUTH_660705fe1cbe4111b6f2c99ce8d05c8c/gnocchi.dea174b3-25e4-4357-8680-6dff4b58effc/1764720000.0_mean_300.0_v3" "tx7cb206781f794526bbb02-006933ecb4" "proxy-server 20" 0.0406 "-" 23 0
Dec 6 08:43:32 np0005548785 container-server[123308]: 172.20.0.103 - - [06/Dec/2025:08:43:32 +0000] "PUT /d1/114/AUTH_660705fe1cbe4111b6f2c99ce8d05c8c/gnocchi.dea174b3-25e4-4357-8680-6dff4b58effc/none_v3" 201 - "PUT http://172.18.0.250:8080/d1/37/AUTH_660705fe1cbe4111b6f2c99ce8d05c8c/gnocchi.dea174b3-25e4-4357-8680-6dff4b58effc/none_v3" "txd804bcd6fb754114999c6-006933ecb4" "object-server 22" 0.0005 "-" 22 0
Dec 6 08:43:32 np0005548785 object-server[123720]: 172.20.0.105 - - [06/Dec/2025:08:43:32 +0000] "PUT /d1/37/AUTH_660705fe1cbe4111b6f2c99ce8d05c8c/gnocchi.dea174b3-25e4-4357-8680-6dff4b58effc/none_v3" 201 - "PUT http://172.18.0.250:8080/v1/AUTH_660705fe1cbe4111b6f2c99ce8d05c8c/gnocchi.dea174b3-25e4-4357-8680-6dff4b58effc/none_v3" "txd804bcd6fb754114999c6-006933ecb4" "proxy-server 20" 0.0370 "-" 22 0
Dec 6 08:43:45 np0005548785 container-server[123044]: Beginning replication run
Dec 6 08:43:45 np0005548785 container-server[123044]: Replication run OVER
Dec 6 08:43:45 np0005548785 container-server[123044]: Attempted to replicate 1 dbs in 0.04821 seconds (20.74330/s)
Dec 6 08:43:45 np0005548785 container-server[123044]: Removed 0 dbs
Dec 6 08:43:45 np0005548785 container-server[123044]: 2 successes, 0 failures
Dec 6 08:43:45 np0005548785 container-server[123044]: diff:0 diff_capped:0 empty:0 hashmatch:0 no_change:2 remote_merge:0 rsync:0 ts_repl:0
Dec 6 08:43:46 np0005548785 object-server[123570]: Starting object replication pass.
Dec 6 08:43:46 np0005548785 object-server[123570]: 2/2 (100.00%) partitions replicated in 0.06s (35.29/sec, 0s remaining)
Dec 6 08:43:46 np0005548785 object-server[123570]: 4 successes, 0 failures
Dec 6 08:43:46 np0005548785 object-server[123570]: 2 suffixes checked - 0.00% hashed, 0.00% synced
Dec 6 08:43:46 np0005548785 object-server[123570]: Partition times: max 0.0374s, min 0.0150s, med 0.0374s
Dec 6 08:43:46 np0005548785 object-server[123570]: Object replication complete. (0.00 minutes)
Dec 6 08:43:48 np0005548785 object-server[213754]: Begin object audit "forever" mode (ALL)
Dec 6 08:43:48 np0005548785 object-server[213753]: Begin object audit "forever" mode (ZBF)
Dec 6 08:43:48 np0005548785 object-server[213753]: Object audit (ZBF). Since Sat Dec 6 08:43:48 2025: Locally: 1 passed, 0 quarantined, 0 errors, files/sec: 460.81, bytes/sec: 0.00, Total time: 0.00, Auditing time: 0.00, Rate: 0.00
Dec 6 08:43:48 np0005548785 object-server[213753]: Object audit (ZBF) "forever" mode completed: 0.01s. Total quarantined: 0, Total errors: 0, Total files/sec: 355.60, Total bytes/sec: 0.00, Auditing time: 0.00, Rate: 0.31
Dec 6 08:43:48 np0005548785 object-server[213754]: Object audit (ALL). Since Sat Dec 6 08:43:48 2025: Locally: 1 passed, 0 quarantined, 0 errors, files/sec: 85.50, bytes/sec: 1367.92, Total time: 0.01, Auditing time: 0.00, Rate: 0.00
Dec 6 08:43:48 np0005548785 object-server[213754]: Object audit (ALL) "forever" mode completed: 0.02s. Total quarantined: 0, Total errors: 0, Total files/sec: 130.15, Total bytes/sec: 2472.86, Auditing time: 0.01, Rate: 0.56
Dec 6 08:43:57 np0005548785 account-server[122865]: Beginning replication run
Dec 6 08:43:57 np0005548785 account-server[122865]: Replication run OVER
Dec 6 08:43:57 np0005548785 account-server[122865]: Attempted to replicate 1 dbs in 0.02555 seconds (39.13860/s)
Dec 6 08:43:57 np0005548785 account-server[122865]: Removed 0 dbs
Dec 6 08:43:57 np0005548785 account-server[122865]: 2 successes, 0 failures
Dec 6 08:43:57 np0005548785 account-server[122865]: diff:0 diff_capped:0 empty:0 hashmatch:0 no_change:2 remote_merge:0 rsync:0 ts_repl:0
Dec 6 08:44:01 np0005548785 proxy-server[125190]: 172.18.0.105 172.18.0.104 06/Dec/2025/08/44/01 GET /v1/AUTH_660705fe1cbe4111b6f2c99ce8d05c8c/gnocchi.dea174b3-25e4-4357-8680-6dff4b58effc/none_v3 HTTP/1.0 200 - python-swiftclient-3.11.1 gAAAAABpM-yzR85B... - 22 - tx0b578072b9674f1e941ea-006933ecd1 - 0.0344 - - 1765010641.381543875 1765010641.415957212 0
Dec 6 08:44:01 np0005548785 object-server[123722]: 172.20.0.103 - - [06/Dec/2025:08:44:01 +0000] "GET /d1/1002/AUTH_660705fe1cbe4111b6f2c99ce8d05c8c/gnocchi.dea174b3-25e4-4357-8680-6dff4b58effc/1764720000.0_mean_300.0_v3" 200 16 "GET http://172.18.0.250:8080/v1/AUTH_660705fe1cbe4111b6f2c99ce8d05c8c/gnocchi.dea174b3-25e4-4357-8680-6dff4b58effc/1764720000.0_mean_300.0_v3" "tx397ced75128f473c8a060-006933ecd1" "proxy-server 20" 0.0010 "-" 23 0
Dec 6 08:44:01 np0005548785 proxy-server[125190]: 172.18.0.105 172.18.0.104 06/Dec/2025/08/44/01 GET /v1/AUTH_660705fe1cbe4111b6f2c99ce8d05c8c/gnocchi.dea174b3-25e4-4357-8680-6dff4b58effc/1764720000.0_mean_300.0_v3 HTTP/1.0 200 - python-swiftclient-3.11.1 gAAAAABpM-yzR85B... - 16 - tx397ced75128f473c8a060-006933ecd1 - 0.0089 - - 1765010641.460677385 1765010641.469556808 0
Dec 6 08:44:01 np0005548785 object-server[123735]: 172.20.0.104 - - [06/Dec/2025:08:44:01 +0000] "PUT /d1/1002/AUTH_660705fe1cbe4111b6f2c99ce8d05c8c/gnocchi.dea174b3-25e4-4357-8680-6dff4b58effc/1764720000.0_mean_300.0_v3" 201 - "PUT http://172.18.0.250:8080/v1/AUTH_660705fe1cbe4111b6f2c99ce8d05c8c/gnocchi.dea174b3-25e4-4357-8680-6dff4b58effc/1764720000.0_mean_300.0_v3" "tx6275e03a225247ecb6c7c-006933ecd1" "proxy-server 20" 0.0209 "-" 25 0
Dec 6 08:44:01 np0005548785 container-server[123320]: 172.20.0.104 - - [06/Dec/2025:08:44:01 +0000] "PUT /d1/114/AUTH_660705fe1cbe4111b6f2c99ce8d05c8c/gnocchi.dea174b3-25e4-4357-8680-6dff4b58effc/1764720000.0_mean_300.0_v3" 201 - "PUT http://172.18.0.250:8080/d1/1002/AUTH_660705fe1cbe4111b6f2c99ce8d05c8c/gnocchi.dea174b3-25e4-4357-8680-6dff4b58effc/1764720000.0_mean_300.0_v3" "tx6275e03a225247ecb6c7c-006933ecd1" "object-server 22" 0.0014 "-" 23 0
Dec 6 08:44:01 np0005548785 container-server[123290]: 172.20.0.105 - - [06/Dec/2025:08:44:01 +0000] "PUT /d1/114/AUTH_660705fe1cbe4111b6f2c99ce8d05c8c/gnocchi.dea174b3-25e4-4357-8680-6dff4b58effc/none_v3" 201 - "PUT http://172.18.0.250:8080/d1/37/AUTH_660705fe1cbe4111b6f2c99ce8d05c8c/gnocchi.dea174b3-25e4-4357-8680-6dff4b58effc/none_v3" "tx48be93c83e9446298d978-006933ecd1" "object-server 23" 0.0016 "-" 20 0
Dec 6 08:44:01 np0005548785 object-server[123735]: 172.20.0.105 - - [06/Dec/2025:08:44:01 +0000] "PUT /d1/37/AUTH_660705fe1cbe4111b6f2c99ce8d05c8c/gnocchi.dea174b3-25e4-4357-8680-6dff4b58effc/none_v3" 201 - "PUT http://172.18.0.250:8080/v1/AUTH_660705fe1cbe4111b6f2c99ce8d05c8c/gnocchi.dea174b3-25e4-4357-8680-6dff4b58effc/none_v3" "tx48be93c83e9446298d978-006933ecd1" "proxy-server 20" 0.0119 "-" 25 0
Dec 6 08:44:10 np0005548785 object-server[123754]: Begin object update sweep
Dec 6 08:44:10 np0005548785 object-server[216019]: Object update sweep starting on /srv/node/d1 (pid: 14)
Dec 6 08:44:10 np0005548785 object-server[216019]: Object update sweep completed on /srv/node/d1 in 0.00s seconds:, 0 successes, 0 failures, 0 quarantines, 0 unlinks, 0 errors, 0 redirects (pid: 14)
Dec 6 08:44:10 np0005548785 object-server[216019]: Object update sweep of d1 completed: 0.00s, 0 successes, 0 failures, 0 quarantines, 0 unlinks, 0 errors, 0 redirects
Dec 6 08:44:10 np0005548785 object-server[123754]: Object update sweep completed: 0.09s
Dec 6 08:44:13 np0005548785 account-server[123202]: 172.20.0.105 - - [06/Dec/2025:08:44:13 +0000] "PUT /d1/82/AUTH_660705fe1cbe4111b6f2c99ce8d05c8c/gnocchi.dea174b3-25e4-4357-8680-6dff4b58effc" 201 - "-" "-" "container-updater 2" 0.0012 "-" 20 0
Dec 6 08:44:15 np0005548785 container-server[123044]: Beginning replication run
Dec 6 08:44:15 np0005548785 container-server[123044]: Replication run OVER
Dec 6 08:44:15 np0005548785 container-server[123044]: Attempted to replicate 1 dbs in 0.03618 seconds (27.64076/s)
Dec 6 08:44:15 np0005548785 container-server[123044]: Removed 0 dbs
Dec 6 08:44:15 np0005548785 container-server[123044]: 2 successes, 0 failures
Dec 6 08:44:15 np0005548785 container-server[123044]: diff:0 diff_capped:0 empty:0 hashmatch:0 no_change:2 remote_merge:0 rsync:0 ts_repl:0
Dec 6 08:44:16 np0005548785 object-server[123570]: Starting object replication pass.
Dec 6 08:44:16 np0005548785 object-server[123570]: 2/2 (100.00%) partitions replicated in 0.03s (60.90/sec, 0s remaining)
Dec 6 08:44:16 np0005548785 object-server[123570]: 4 successes, 0 failures
Dec 6 08:44:16 np0005548785 object-server[123570]: 2 suffixes checked - 0.00% hashed, 0.00% synced
Dec 6 08:44:16 np0005548785 object-server[123570]: Partition times: max 0.0209s, min 0.0069s, med 0.0209s
Dec 6 08:44:16 np0005548785 object-server[123570]: Object replication complete. (0.00 minutes)
Dec 6 08:44:18 np0005548785 object-server[213764]: Begin object audit "forever" mode (ZBF)
Dec 6 08:44:18 np0005548785 object-server[213764]: Object audit (ZBF). Since Sat Dec 6 08:44:18 2025: Locally: 1 passed, 0 quarantined, 0 errors, files/sec: 469.32, bytes/sec: 0.00, Total time: 0.00, Auditing time: 0.00, Rate: 0.00
Dec 6 08:44:18 np0005548785 object-server[213764]: Object audit (ZBF) "forever" mode completed: 0.01s. Total quarantined: 0, Total errors: 0, Total files/sec: 394.52, Total bytes/sec: 0.00, Auditing time: 0.00, Rate: 0.29
Dec 6 08:44:26 np0005548785 account-server[123228]: 172.20.0.105 - - [06/Dec/2025:08:44:26 +0000] "HEAD /d1/291/.expiring_objects" 404 - "HEAD http://localhost/v1/.expiring_objects?format=json" "tx86d3ec4f7ec548728dc7d-006933ecea" "proxy-server 2" 0.0005 "-" 23 -
Dec 6 08:44:27 np0005548785 account-server[122865]: Beginning replication run
Dec 6 08:44:27 np0005548785 account-server[122865]: Replication run OVER
Dec 6 08:44:27 np0005548785 account-server[122865]: Attempted to replicate 1 dbs in 0.04231 seconds (23.63728/s)
Dec 6 08:44:27 np0005548785 account-server[122865]: Removed 0 dbs
Dec 6 08:44:27 np0005548785 account-server[122865]: 2 successes, 0 failures
Dec 6 08:44:27 np0005548785 account-server[122865]: diff:0 diff_capped:0 empty:0 hashmatch:0 no_change:2 remote_merge:0 rsync:0 ts_repl:0
Dec 6 08:44:29 np0005548785 account-server[123221]: 172.20.0.104 - - [06/Dec/2025:08:44:29 +0000] "HEAD /d1/291/.expiring_objects" 404 - "HEAD http://localhost/v1/.expiring_objects?format=json" "tx1a553c570afe4e36a5b40-006933eced" "proxy-server 2" 0.0011 "-" 22 -
Dec 6 08:44:36 np0005548785 proxy-server[125190]: - - 06/Dec/2025/08/44/36 HEAD /v1/AUTH_660705fe1cbe4111b6f2c99ce8d05c8c%3Fformat%3Djson HTTP/1.0 204 - Swift - - - - tx86f1780afde44df1bd192-006933ecf4 - 0.0071 RL - 1765010676.370144844 1765010676.377253532 -
Dec 6 08:44:36 np0005548785 container-server[123308]: 172.20.0.103 - - [06/Dec/2025:08:44:36 +0000] "HEAD /d1/551/AUTH_660705fe1cbe4111b6f2c99ce8d05c8c/gnocchi.cecf42dc-e7e2-4a26-94f4-26a2de5f1061" 404 - "HEAD http://172.18.0.250:8080/v1/AUTH_660705fe1cbe4111b6f2c99ce8d05c8c/gnocchi.cecf42dc-e7e2-4a26-94f4-26a2de5f1061?format=json&states=listing" "tx86f1780afde44df1bd192-006933ecf4" "proxy-server 20" 0.0007 "-" 22 0
Dec 6 08:44:36 np0005548785 object-server[123722]: 172.20.0.103 - - [06/Dec/2025:08:44:36 +0000] "GET /d1/949/AUTH_660705fe1cbe4111b6f2c99ce8d05c8c/gnocchi.cecf42dc-e7e2-4a26-94f4-26a2de5f1061/none_v3" 404 70 "GET http://172.18.0.250:8080/v1/AUTH_660705fe1cbe4111b6f2c99ce8d05c8c/gnocchi.cecf42dc-e7e2-4a26-94f4-26a2de5f1061/none_v3" "tx86f1780afde44df1bd192-006933ecf4" "proxy-server 20" 0.0006 "-" 23 0
Dec 6 08:44:36 np0005548785 proxy-server[125190]: 172.18.0.105 172.18.0.104 06/Dec/2025/08/44/36 GET /v1/AUTH_660705fe1cbe4111b6f2c99ce8d05c8c/gnocchi.cecf42dc-e7e2-4a26-94f4-26a2de5f1061/none_v3 HTTP/1.0 404 - python-swiftclient-3.11.1 gAAAAABpM-yzR85B... - 70 - tx86f1780afde44df1bd192-006933ecf4 - 0.0466 - - 1765010676.369115353 1765010676.415717125 0
Dec 6 08:44:36 np0005548785 account-server[123228]: 172.20.0.105 - - [06/Dec/2025:08:44:36 +0000] "PUT /d1/82/AUTH_660705fe1cbe4111b6f2c99ce8d05c8c/gnocchi.cecf42dc-e7e2-4a26-94f4-26a2de5f1061" 201 - "PUT http://172.20.0.105:6001/d1/551/AUTH_660705fe1cbe4111b6f2c99ce8d05c8c/gnocchi.cecf42dc-e7e2-4a26-94f4-26a2de5f1061" "txb33fa521537942da86916-006933ecf4" "container-server 14" 0.0037 "-" 23 0
Dec 6 08:44:36 np0005548785 container-server[123290]: 172.20.0.104 - - [06/Dec/2025:08:44:36 +0000] "PUT /d1/551/AUTH_660705fe1cbe4111b6f2c99ce8d05c8c/gnocchi.cecf42dc-e7e2-4a26-94f4-26a2de5f1061" 201 - "PUT http://172.18.0.250:8080/v1/AUTH_660705fe1cbe4111b6f2c99ce8d05c8c/gnocchi.cecf42dc-e7e2-4a26-94f4-26a2de5f1061" "txb33fa521537942da86916-006933ecf4" "proxy-server 20" 0.0238 "-" 20 0
Dec 6 08:44:36 np0005548785 container-server[123304]: 172.20.0.105 - - [06/Dec/2025:08:44:36 +0000] "HEAD /d1/551/AUTH_660705fe1cbe4111b6f2c99ce8d05c8c/gnocchi.cecf42dc-e7e2-4a26-94f4-26a2de5f1061" 204 - "HEAD http://172.18.0.250:8080/v1/AUTH_660705fe1cbe4111b6f2c99ce8d05c8c/gnocchi.cecf42dc-e7e2-4a26-94f4-26a2de5f1061?format=json&states=listing" "txa60220993e80404db6a67-006933ecf4" "proxy-server 20" 0.0040 "-" 21 0
Dec 6 08:44:36 np0005548785 object-server[123722]: 172.20.0.103 - - [06/Dec/2025:08:44:36 +0000] "GET /d1/505/AUTH_660705fe1cbe4111b6f2c99ce8d05c8c/gnocchi.cecf42dc-e7e2-4a26-94f4-26a2de5f1061/1764720000.0_mean_300.0_v3" 404 70 "GET http://172.18.0.250:8080/v1/AUTH_660705fe1cbe4111b6f2c99ce8d05c8c/gnocchi.cecf42dc-e7e2-4a26-94f4-26a2de5f1061/1764720000.0_mean_300.0_v3" "tx6336c19b53044633b3813-006933ecf4" "proxy-server 20" 0.0005 "-" 23 0
Dec 6 08:44:36 np0005548785 proxy-server[125190]: 172.18.0.105 172.18.0.104 06/Dec/2025/08/44/36 GET /v1/AUTH_660705fe1cbe4111b6f2c99ce8d05c8c/gnocchi.cecf42dc-e7e2-4a26-94f4-26a2de5f1061/1764720000.0_mean_300.0_v3 HTTP/1.0 404 - python-swiftclient-3.11.1 gAAAAABpM-yzR85B... - 70 - tx6336c19b53044633b3813-006933ecf4 - 0.0180 - - 1765010676.498935223 1765010676.516926527 0
Dec 6 08:44:36 np0005548785 container-server[123308]: 172.20.0.103 - - [06/Dec/2025:08:44:36 +0000] "PUT /d1/551/AUTH_660705fe1cbe4111b6f2c99ce8d05c8c/gnocchi.cecf42dc-e7e2-4a26-94f4-26a2de5f1061/1764720000.0_mean_300.0_v3" 201 - "PUT http://172.18.0.250:8080/d1/505/AUTH_660705fe1cbe4111b6f2c99ce8d05c8c/gnocchi.cecf42dc-e7e2-4a26-94f4-26a2de5f1061/1764720000.0_mean_300.0_v3" "tx78da4a11966f445ea6b4d-006933ecf4" "object-server 25" 0.0010 "-" 22 0
Dec 6 08:44:36 np0005548785 object-server[123735]: 172.20.0.104 - - [06/Dec/2025:08:44:36 +0000] "PUT /d1/505/AUTH_660705fe1cbe4111b6f2c99ce8d05c8c/gnocchi.cecf42dc-e7e2-4a26-94f4-26a2de5f1061/1764720000.0_mean_300.0_v3" 201 - "PUT http://172.18.0.250:8080/v1/AUTH_660705fe1cbe4111b6f2c99ce8d05c8c/gnocchi.cecf42dc-e7e2-4a26-94f4-26a2de5f1061/1764720000.0_mean_300.0_v3" "tx78da4a11966f445ea6b4d-006933ecf4" "proxy-server 20" 0.0114 "-" 25 0
Dec 6 08:44:36 np0005548785 container-server[123308]: 172.20.0.103 - - [06/Dec/2025:08:44:36 +0000] "PUT /d1/551/AUTH_660705fe1cbe4111b6f2c99ce8d05c8c/gnocchi.cecf42dc-e7e2-4a26-94f4-26a2de5f1061/none_v3" 201 - "PUT http://172.18.0.250:8080/d1/949/AUTH_660705fe1cbe4111b6f2c99ce8d05c8c/gnocchi.cecf42dc-e7e2-4a26-94f4-26a2de5f1061/none_v3" "txf313a463c78c45e0b8e27-006933ecf4" "object-server 25" 0.0008 "-" 22 0
Dec 6 08:44:36 np0005548785 object-server[123735]: 172.20.0.105 - - [06/Dec/2025:08:44:36 +0000] "PUT /d1/949/AUTH_660705fe1cbe4111b6f2c99ce8d05c8c/gnocchi.cecf42dc-e7e2-4a26-94f4-26a2de5f1061/none_v3" 201 - "PUT http://172.18.0.250:8080/v1/AUTH_660705fe1cbe4111b6f2c99ce8d05c8c/gnocchi.cecf42dc-e7e2-4a26-94f4-26a2de5f1061/none_v3" "txf313a463c78c45e0b8e27-006933ecf4" "proxy-server 20" 0.0145 "-" 25 0
Dec 6 08:44:36 np0005548785 container-server[123304]: 172.20.0.103 - - [06/Dec/2025:08:44:36 +0000] "HEAD /d1/418/AUTH_660705fe1cbe4111b6f2c99ce8d05c8c/gnocchi.92989a89-d1e5-4d5d-b95b-494bc3492e89" 404 - "HEAD http://172.18.0.250:8080/v1/AUTH_660705fe1cbe4111b6f2c99ce8d05c8c/gnocchi.92989a89-d1e5-4d5d-b95b-494bc3492e89?format=json&states=listing" "tx95234f2397af4ea7b6287-006933ecf4" "proxy-server 20" 0.0005 "-" 21 0
Dec 6 08:44:36 np0005548785 object-server[123724]: 172.20.0.103 - - [06/Dec/2025:08:44:36 +0000] "GET /d1/310/AUTH_660705fe1cbe4111b6f2c99ce8d05c8c/gnocchi.92989a89-d1e5-4d5d-b95b-494bc3492e89/none_v3" 404 70 "GET http://172.18.0.250:8080/v1/AUTH_660705fe1cbe4111b6f2c99ce8d05c8c/gnocchi.92989a89-d1e5-4d5d-b95b-494bc3492e89/none_v3" "tx95234f2397af4ea7b6287-006933ecf4" "proxy-server 20" 0.0006 "-" 24 0
Dec 6 08:44:36 np0005548785 proxy-server[125190]: 172.18.0.250 172.18.0.104 06/Dec/2025/08/44/36 GET /v1/AUTH_660705fe1cbe4111b6f2c99ce8d05c8c/gnocchi.92989a89-d1e5-4d5d-b95b-494bc3492e89/none_v3 HTTP/1.0 404 - python-swiftclient-3.11.1 gAAAAABpM-z074rw... - 70 - tx95234f2397af4ea7b6287-006933ecf4 - 0.1100 - - 1765010676.804171562 1765010676.914196253 0
Dec 6 08:44:36 np0005548785 account-server[123228]: 172.20.0.104 - - [06/Dec/2025:08:44:36 +0000] "PUT /d1/82/AUTH_660705fe1cbe4111b6f2c99ce8d05c8c/gnocchi.92989a89-d1e5-4d5d-b95b-494bc3492e89" 201 - "PUT http://172.20.0.104:6001/d1/418/AUTH_660705fe1cbe4111b6f2c99ce8d05c8c/gnocchi.92989a89-d1e5-4d5d-b95b-494bc3492e89" "tx797e42304130477b94fb2-006933ecf4" "container-server 22" 0.0077 "-" 23 0
Dec 6 08:44:36 np0005548785 container-server[123308]: 172.20.0.104 - - [06/Dec/2025:08:44:36 +0000] "PUT /d1/418/AUTH_660705fe1cbe4111b6f2c99ce8d05c8c/gnocchi.92989a89-d1e5-4d5d-b95b-494bc3492e89" 201 - "PUT http://172.18.0.250:8080/v1/AUTH_660705fe1cbe4111b6f2c99ce8d05c8c/gnocchi.92989a89-d1e5-4d5d-b95b-494bc3492e89" "tx797e42304130477b94fb2-006933ecf4" "proxy-server 20" 0.0277 "-" 22 0
Dec 6 08:44:36 np0005548785 container-server[123304]: 172.20.0.105 - - [06/Dec/2025:08:44:36 +0000] "GET /d1/418/AUTH_660705fe1cbe4111b6f2c99ce8d05c8c/gnocchi.92989a89-d1e5-4d5d-b95b-494bc3492e89" 200 2 "GET http://172.18.0.250:8080/v1/AUTH_660705fe1cbe4111b6f2c99ce8d05c8c/gnocchi.92989a89-d1e5-4d5d-b95b-494bc3492e89?format=json&states=listing" "tx8c6aece1924640179a817-006933ecf4" "proxy-server 20" 0.0038 "-" 21 0
Dec 6 08:44:36 np0005548785 object-server[123722]: 172.20.0.103 - - [06/Dec/2025:08:44:36 +0000] "GET /d1/598/AUTH_660705fe1cbe4111b6f2c99ce8d05c8c/gnocchi.92989a89-d1e5-4d5d-b95b-494bc3492e89/1764720000.0_mean_300.0_v3" 404 70 "GET http://172.18.0.250:8080/v1/AUTH_660705fe1cbe4111b6f2c99ce8d05c8c/gnocchi.92989a89-d1e5-4d5d-b95b-494bc3492e89/1764720000.0_mean_300.0_v3" "txdcea0ef8be6b432dad05e-006933ecf4" "proxy-server 20" 0.0005 "-" 23 0
Dec 6 08:44:37 np0005548785 proxy-server[125190]: 172.18.0.250 172.18.0.104 06/Dec/2025/08/44/37 GET /v1/AUTH_660705fe1cbe4111b6f2c99ce8d05c8c/gnocchi.92989a89-d1e5-4d5d-b95b-494bc3492e89/1764720000.0_mean_300.0_v3 HTTP/1.0 404 - python-swiftclient-3.11.1 gAAAAABpM-z074rw... - 70 - txdcea0ef8be6b432dad05e-006933ecf4 - 0.0172 - - 1765010676.987902880 1765010677.005060911 0
Dec 6 08:44:37 np0005548785 object-server[123735]: 172.20.0.104 - - [06/Dec/2025:08:44:37 +0000] "PUT /d1/598/AUTH_660705fe1cbe4111b6f2c99ce8d05c8c/gnocchi.92989a89-d1e5-4d5d-b95b-494bc3492e89/1764720000.0_mean_300.0_v3" 201 - "PUT http://172.18.0.250:8080/v1/AUTH_660705fe1cbe4111b6f2c99ce8d05c8c/gnocchi.92989a89-d1e5-4d5d-b95b-494bc3492e89/1764720000.0_mean_300.0_v3" "tx187893036918479589edd-006933ecf5" "proxy-server 20" 0.0121 "-" 25 0
Dec 6 08:44:37 np0005548785 container-server[123304]: 172.20.0.104 - - [06/Dec/2025:08:44:37 +0000] "PUT /d1/418/AUTH_660705fe1cbe4111b6f2c99ce8d05c8c/gnocchi.92989a89-d1e5-4d5d-b95b-494bc3492e89/1764720000.0_mean_300.0_v3" 201 - "PUT http://172.18.0.250:8080/d1/598/AUTH_660705fe1cbe4111b6f2c99ce8d05c8c/gnocchi.92989a89-d1e5-4d5d-b95b-494bc3492e89/1764720000.0_mean_300.0_v3" "tx187893036918479589edd-006933ecf5" "object-server 22" 0.0015 "-" 21 0
Dec 6 08:44:37 np0005548785 object-server[123735]: 172.20.0.105 - - [06/Dec/2025:08:44:37 +0000] "PUT /d1/310/AUTH_660705fe1cbe4111b6f2c99ce8d05c8c/gnocchi.92989a89-d1e5-4d5d-b95b-494bc3492e89/none_v3" 201 - "PUT http://172.18.0.250:8080/v1/AUTH_660705fe1cbe4111b6f2c99ce8d05c8c/gnocchi.92989a89-d1e5-4d5d-b95b-494bc3492e89/none_v3" "tx4ca7ed18b5644245b0299-006933ecf5" "proxy-server 20" 0.0177 "-" 25 0
Dec 6 08:44:37 np0005548785 container-server[123320]: 172.20.0.104 - - [06/Dec/2025:08:44:37 +0000] "PUT /d1/418/AUTH_660705fe1cbe4111b6f2c99ce8d05c8c/gnocchi.92989a89-d1e5-4d5d-b95b-494bc3492e89/none_v3" 201 - "PUT http://172.18.0.250:8080/d1/310/AUTH_660705fe1cbe4111b6f2c99ce8d05c8c/gnocchi.92989a89-d1e5-4d5d-b95b-494bc3492e89/none_v3" "tx4ca7ed18b5644245b0299-006933ecf5" "object-server 23" 0.0009 "-" 23 0
Dec 6 08:44:44 np0005548785 container-server[123320]: 172.20.0.103 - - [06/Dec/2025:08:44:44 +0000] "HEAD /d1/755/AUTH_660705fe1cbe4111b6f2c99ce8d05c8c/gnocchi.36188fb0-01a4-4e74-adf3-5dfea471ffe3" 404 - "HEAD http://172.18.0.250:8080/v1/AUTH_660705fe1cbe4111b6f2c99ce8d05c8c/gnocchi.36188fb0-01a4-4e74-adf3-5dfea471ffe3?format=json&states=listing" "tx0d95774dd0ae459192b69-006933ecfc" "proxy-server 20" 0.0019 "-" 23 0
Dec 6 08:44:44 np0005548785 container-server[123304]: 172.20.0.104 - - [06/Dec/2025:08:44:44 +0000] "HEAD /d1/503/AUTH_660705fe1cbe4111b6f2c99ce8d05c8c/gnocchi.f3540d4a-adb1-41f8-b061-7a1198509b40" 404 - "HEAD http://172.18.0.250:8080/v1/AUTH_660705fe1cbe4111b6f2c99ce8d05c8c/gnocchi.f3540d4a-adb1-41f8-b061-7a1198509b40?format=json&states=listing" "txda142727891b4ee3b063e-006933ecfc" "proxy-server 20" 0.0008 "-" 21 0
Dec 6 08:44:44 np0005548785 object-server[123735]: 172.20.0.103 - - [06/Dec/2025:08:44:44 +0000] "GET /d1/370/AUTH_660705fe1cbe4111b6f2c99ce8d05c8c/gnocchi.36188fb0-01a4-4e74-adf3-5dfea471ffe3/none_v3" 404 70 "GET http://172.18.0.250:8080/v1/AUTH_660705fe1cbe4111b6f2c99ce8d05c8c/gnocchi.36188fb0-01a4-4e74-adf3-5dfea471ffe3/none_v3" "tx0d95774dd0ae459192b69-006933ecfc" "proxy-server 20" 0.0010 "-" 25 0
Dec 6 08:44:44 np0005548785 proxy-server[125190]: 172.18.0.250 172.18.0.104 06/Dec/2025/08/44/44 GET /v1/AUTH_660705fe1cbe4111b6f2c99ce8d05c8c/gnocchi.36188fb0-01a4-4e74-adf3-5dfea471ffe3/none_v3 HTTP/1.0 404 - python-swiftclient-3.11.1 gAAAAABpM-z074rw... - 70 - tx0d95774dd0ae459192b69-006933ecfc - 0.0406 - - 1765010684.833800554 1765010684.874413013 0
Dec 6 08:44:44 np0005548785 object-server[123722]: 172.20.0.104 - - [06/Dec/2025:08:44:44 +0000] "GET /d1/526/AUTH_660705fe1cbe4111b6f2c99ce8d05c8c/gnocchi.f3540d4a-adb1-41f8-b061-7a1198509b40/none_v3" 404 70 "GET http://172.18.0.250:8080/v1/AUTH_660705fe1cbe4111b6f2c99ce8d05c8c/gnocchi.f3540d4a-adb1-41f8-b061-7a1198509b40/none_v3" "txda142727891b4ee3b063e-006933ecfc" "proxy-server 20" 0.0007 "-" 23 0
Dec 6 08:44:44 np0005548785 account-server[123216]: 172.20.0.104 - - [06/Dec/2025:08:44:44 +0000] "PUT /d1/82/AUTH_660705fe1cbe4111b6f2c99ce8d05c8c/gnocchi.36188fb0-01a4-4e74-adf3-5dfea471ffe3" 201 - "PUT http://172.20.0.104:6001/d1/755/AUTH_660705fe1cbe4111b6f2c99ce8d05c8c/gnocchi.36188fb0-01a4-4e74-adf3-5dfea471ffe3" "txa71063c3eb224ac28b711-006933ecfc" "container-server 22" 0.0020 "-" 21 0
Dec 6 08:44:44 np0005548785 account-server[123221]: 172.20.0.103 - - [06/Dec/2025:08:44:44 +0000] "PUT /d1/82/AUTH_660705fe1cbe4111b6f2c99ce8d05c8c/gnocchi.f3540d4a-adb1-41f8-b061-7a1198509b40" 201 - "PUT http://172.20.0.103:6001/d1/503/AUTH_660705fe1cbe4111b6f2c99ce8d05c8c/gnocchi.f3540d4a-adb1-41f8-b061-7a1198509b40" "txbf83676623ea465e8fbe9-006933ecfc" "container-server 21" 0.0063 "-" 22 0
Dec 6 08:44:44 np0005548785 container-server[123304]: 172.20.0.103 - - [06/Dec/2025:08:44:44 +0000] "PUT /d1/503/AUTH_660705fe1cbe4111b6f2c99ce8d05c8c/gnocchi.f3540d4a-adb1-41f8-b061-7a1198509b40" 201 - "PUT http://172.18.0.250:8080/v1/AUTH_660705fe1cbe4111b6f2c99ce8d05c8c/gnocchi.f3540d4a-adb1-41f8-b061-7a1198509b40" "txbf83676623ea465e8fbe9-006933ecfc" "proxy-server 20" 0.0228 "-" 21 0
Dec 6 08:44:44 np0005548785 container-server[123308]: 172.20.0.105 - - [06/Dec/2025:08:44:44 +0000] "PUT /d1/755/AUTH_660705fe1cbe4111b6f2c99ce8d05c8c/gnocchi.36188fb0-01a4-4e74-adf3-5dfea471ffe3" 201 - "PUT http://172.18.0.250:8080/v1/AUTH_660705fe1cbe4111b6f2c99ce8d05c8c/gnocchi.36188fb0-01a4-4e74-adf3-5dfea471ffe3" "txa71063c3eb224ac28b711-006933ecfc" "proxy-server 20" 0.0315 "-" 22 0
Dec 6 08:44:44 np0005548785 proxy-server[125190]: 172.18.0.105 172.18.0.104 06/Dec/2025/08/44/44 PUT /v1/AUTH_660705fe1cbe4111b6f2c99ce8d05c8c/gnocchi.f3540d4a-adb1-41f8-b061-7a1198509b40 HTTP/1.0 201 - python-swiftclient-3.11.1 gAAAAABpM-yzR85B... - - - txbf83676623ea465e8fbe9-006933ecfc - 0.0359 - - 1765010684.886030197 1765010684.921904087 0
Dec 6 08:44:44 np0005548785 container-server[123290]: 172.20.0.103 - - [06/Dec/2025:08:44:44 +0000] "HEAD /d1/755/AUTH_660705fe1cbe4111b6f2c99ce8d05c8c/gnocchi.36188fb0-01a4-4e74-adf3-5dfea471ffe3" 204 - "HEAD http://172.18.0.250:8080/v1/AUTH_660705fe1cbe4111b6f2c99ce8d05c8c/gnocchi.36188fb0-01a4-4e74-adf3-5dfea471ffe3?format=json&states=listing" "txf26e55cf37454d69828cd-006933ecfc" "proxy-server 20" 0.0027 "-" 20 0
Dec 6 08:44:44 np0005548785 proxy-server[125190]: - - 06/Dec/2025/08/44/44 HEAD /v1/AUTH_660705fe1cbe4111b6f2c99ce8d05c8c/gnocchi.36188fb0-01a4-4e74-adf3-5dfea471ffe3%3Fformat%3Djson%26states%3Dlisting HTTP/1.0 204 - Swift - - - - txf26e55cf37454d69828cd-006933ecfc - 0.0078 RL - 1765010684.932508945 1765010684.940296173 0
Dec 6 08:44:44 np0005548785 proxy-server[125190]: 172.18.0.250 172.18.0.104 06/Dec/2025/08/44/44 GET /v1/AUTH_660705fe1cbe4111b6f2c99ce8d05c8c/gnocchi.36188fb0-01a4-4e74-adf3-5dfea471ffe3%3Fformat%3Djson%26states%3Dlisting HTTP/1.0 200 - python-swiftclient-3.11.1 gAAAAABpM-z074rw... - 2 - txf26e55cf37454d69828cd-006933ecfc - 0.0223 - - 1765010684.930806875 1765010684.953154087 0
Dec 6 08:44:44 np0005548785 object-server[123720]: 172.20.0.105 - - [06/Dec/2025:08:44:44 +0000] "GET /d1/182/AUTH_660705fe1cbe4111b6f2c99ce8d05c8c/gnocchi.f3540d4a-adb1-41f8-b061-7a1198509b40/1764720000.0_mean_300.0_v3" 404 70 "GET http://172.18.0.250:8080/v1/AUTH_660705fe1cbe4111b6f2c99ce8d05c8c/gnocchi.f3540d4a-adb1-41f8-b061-7a1198509b40/1764720000.0_mean_300.0_v3" "txba189a19e2914b45a8031-006933ecfc" "proxy-server 20" 0.0004 "-" 22 0
Dec 6 08:44:44 np0005548785 object-server[123735]: 172.20.0.104 - - [06/Dec/2025:08:44:44 +0000] "GET /d1/407/AUTH_660705fe1cbe4111b6f2c99ce8d05c8c/gnocchi.36188fb0-01a4-4e74-adf3-5dfea471ffe3/1764720000.0_mean_300.0_v3" 404 70 "GET http://172.18.0.250:8080/v1/AUTH_660705fe1cbe4111b6f2c99ce8d05c8c/gnocchi.36188fb0-01a4-4e74-adf3-5dfea471ffe3/1764720000.0_mean_300.0_v3" "tx1f689d223c574d3da5db5-006933ecfc" "proxy-server 20" 0.0005 "-" 25 0
Dec 6 08:44:45 np0005548785 container-server[123308]: 172.20.0.105 - - [06/Dec/2025:08:44:45 +0000] "PUT /d1/755/AUTH_660705fe1cbe4111b6f2c99ce8d05c8c/gnocchi.36188fb0-01a4-4e74-adf3-5dfea471ffe3/1764720000.0_mean_300.0_v3" 201 - "PUT http://172.18.0.250:8080/d1/407/AUTH_660705fe1cbe4111b6f2c99ce8d05c8c/gnocchi.36188fb0-01a4-4e74-adf3-5dfea471ffe3/1764720000.0_mean_300.0_v3" "txfd91fb4649da42ae9f6d3-006933ecfc" "object-server 22" 0.0011 "-" 22 0
Dec 6 08:44:45 np0005548785 object-server[123735]: 172.20.0.105 - - [06/Dec/2025:08:44:45 +0000] "PUT /d1/407/AUTH_660705fe1cbe4111b6f2c99ce8d05c8c/gnocchi.36188fb0-01a4-4e74-adf3-5dfea471ffe3/1764720000.0_mean_300.0_v3" 201 - "PUT http://172.18.0.250:8080/v1/AUTH_660705fe1cbe4111b6f2c99ce8d05c8c/gnocchi.36188fb0-01a4-4e74-adf3-5dfea471ffe3/1764720000.0_mean_300.0_v3" "txfd91fb4649da42ae9f6d3-006933ecfc" "proxy-server 20" 0.0148 "-" 25 0
Dec 6 08:44:45 np0005548785 object-server[123720]: 172.20.0.103 - - [06/Dec/2025:08:44:45 +0000] "PUT /d1/182/AUTH_660705fe1cbe4111b6f2c99ce8d05c8c/gnocchi.f3540d4a-adb1-41f8-b061-7a1198509b40/1764720000.0_mean_300.0_v3" 201 - "PUT http://172.18.0.250:8080/v1/AUTH_660705fe1cbe4111b6f2c99ce8d05c8c/gnocchi.f3540d4a-adb1-41f8-b061-7a1198509b40/1764720000.0_mean_300.0_v3" "tx12b5823bc18948d597f59-006933ecfc" "proxy-server 20" 0.0221 "-" 22 0
Dec 6 08:44:45 np0005548785 container-server[123290]: 172.20.0.104 - - [06/Dec/2025:08:44:45 +0000] "PUT /d1/503/AUTH_660705fe1cbe4111b6f2c99ce8d05c8c/gnocchi.f3540d4a-adb1-41f8-b061-7a1198509b40/1764720000.0_mean_300.0_v3" 201 - "PUT http://172.18.0.250:8080/d1/182/AUTH_660705fe1cbe4111b6f2c99ce8d05c8c/gnocchi.f3540d4a-adb1-41f8-b061-7a1198509b40/1764720000.0_mean_300.0_v3" "tx12b5823bc18948d597f59-006933ecfc" "object-server 24" 0.0009 "-" 20 0
Dec 6 08:44:45 np0005548785 proxy-server[125190]: 172.18.0.105 172.18.0.104 06/Dec/2025/08/44/45 PUT /v1/AUTH_660705fe1cbe4111b6f2c99ce8d05c8c/gnocchi.f3540d4a-adb1-41f8-b061-7a1198509b40/1764720000.0_mean_300.0_v3 HTTP/1.0 201 - python-swiftclient-3.11.1 gAAAAABpM-yzR85B... 16 - - tx12b5823bc18948d597f59-006933ecfc - 0.0466 - - 1765010684.976100922 1765010685.022678852 0
Dec 6 08:44:45 np0005548785 container-server[123304]: 172.20.0.105 - - [06/Dec/2025:08:44:45 +0000] "PUT /d1/755/AUTH_660705fe1cbe4111b6f2c99ce8d05c8c/gnocchi.36188fb0-01a4-4e74-adf3-5dfea471ffe3/none_v3" 201 - "PUT http://172.18.0.250:8080/d1/370/AUTH_660705fe1cbe4111b6f2c99ce8d05c8c/gnocchi.36188fb0-01a4-4e74-adf3-5dfea471ffe3/none_v3" "tx7dcf8c9642ca4532915d0-006933ecfd" "object-server 24" 0.0008 "-" 21 0
Dec 6 08:44:45 np0005548785 object-server[123720]: 172.20.0.104 - - [06/Dec/2025:08:44:45 +0000] "PUT /d1/370/AUTH_660705fe1cbe4111b6f2c99ce8d05c8c/gnocchi.36188fb0-01a4-4e74-adf3-5dfea471ffe3/none_v3" 201 - "PUT http://172.18.0.250:8080/v1/AUTH_660705fe1cbe4111b6f2c99ce8d05c8c/gnocchi.36188fb0-01a4-4e74-adf3-5dfea471ffe3/none_v3" "tx7dcf8c9642ca4532915d0-006933ecfd" "proxy-server 20" 0.0153 "-" 22 0
Dec 6 08:44:45 np0005548785 object-server[123720]: 172.20.0.105 - - [06/Dec/2025:08:44:45 +0000] "PUT /d1/526/AUTH_660705fe1cbe4111b6f2c99ce8d05c8c/gnocchi.f3540d4a-adb1-41f8-b061-7a1198509b40/none_v3" 201 - "PUT http://172.18.0.250:8080/v1/AUTH_660705fe1cbe4111b6f2c99ce8d05c8c/gnocchi.f3540d4a-adb1-41f8-b061-7a1198509b40/none_v3" "txdcb1369d54b6454f9b99d-006933ecfd" "proxy-server 20" 0.0110 "-" 22 0
Dec 6 08:44:45 np0005548785 container-server[123308]: 172.20.0.105 - - [06/Dec/2025:08:44:45 +0000] "PUT /d1/503/AUTH_660705fe1cbe4111b6f2c99ce8d05c8c/gnocchi.f3540d4a-adb1-41f8-b061-7a1198509b40/none_v3" 201 - "PUT http://172.18.0.250:8080/d1/526/AUTH_660705fe1cbe4111b6f2c99ce8d05c8c/gnocchi.f3540d4a-adb1-41f8-b061-7a1198509b40/none_v3" "txdcb1369d54b6454f9b99d-006933ecfd" "object-server 25" 0.0008 "-" 22 0
Dec 6 08:44:45 np0005548785 container-server[123320]: 172.20.0.103 - - [06/Dec/2025:08:44:45 +0000] "HEAD /d1/856/AUTH_660705fe1cbe4111b6f2c99ce8d05c8c/gnocchi.3c7b8eb2-8b7c-4889-bf9c-9327d8f68525" 404 - "HEAD http://172.18.0.250:8080/v1/AUTH_660705fe1cbe4111b6f2c99ce8d05c8c/gnocchi.3c7b8eb2-8b7c-4889-bf9c-9327d8f68525?format=json&states=listing" "tx4fcca2d6575e425db4950-006933ecfd" "proxy-server 20" 0.0006 "-" 23 0
Dec 6 08:44:45 np0005548785 object-server[123724]: 172.20.0.103 - - [06/Dec/2025:08:44:45 +0000] "GET /d1/120/AUTH_660705fe1cbe4111b6f2c99ce8d05c8c/gnocchi.3c7b8eb2-8b7c-4889-bf9c-9327d8f68525/none_v3" 404 70 "GET http://172.18.0.250:8080/v1/AUTH_660705fe1cbe4111b6f2c99ce8d05c8c/gnocchi.3c7b8eb2-8b7c-4889-bf9c-9327d8f68525/none_v3" "tx4fcca2d6575e425db4950-006933ecfd" "proxy-server 20" 0.0005 "-" 24 0
Dec 6 08:44:45 np0005548785 proxy-server[125190]: 172.18.0.250 172.18.0.104 06/Dec/2025/08/44/45 GET /v1/AUTH_660705fe1cbe4111b6f2c99ce8d05c8c/gnocchi.3c7b8eb2-8b7c-4889-bf9c-9327d8f68525/none_v3 HTTP/1.0 404 - python-swiftclient-3.11.1 gAAAAABpM-z074rw... - 70 - tx4fcca2d6575e425db4950-006933ecfd - 0.0336 - - 1765010685.056733608 1765010685.090353489 0
Dec 6 08:44:45 np0005548785 container-server[123304]: 172.20.0.104 - - [06/Dec/2025:08:44:45 +0000] "HEAD /d1/784/AUTH_660705fe1cbe4111b6f2c99ce8d05c8c/gnocchi.1975c3b1-45b1-4cc9-90a6-04134fe65bd6" 404 - "HEAD http://172.18.0.250:8080/v1/AUTH_660705fe1cbe4111b6f2c99ce8d05c8c/gnocchi.1975c3b1-45b1-4cc9-90a6-04134fe65bd6?format=json&states=listing" "tx840a3e94a8734e4ba1d4b-006933ecfd" "proxy-server 20" 0.0006 "-" 21 0
Dec 6 08:44:45 np0005548785 account-server[123221]: 172.20.0.105 - - [06/Dec/2025:08:44:45 +0000] "PUT /d1/82/AUTH_660705fe1cbe4111b6f2c99ce8d05c8c/gnocchi.3c7b8eb2-8b7c-4889-bf9c-9327d8f68525" 201 - "PUT http://172.20.0.105:6001/d1/856/AUTH_660705fe1cbe4111b6f2c99ce8d05c8c/gnocchi.3c7b8eb2-8b7c-4889-bf9c-9327d8f68525" "tx3f8390f2cc36466fa5068-006933ecfd" "container-server 15" 0.0066 "-" 22 0
Dec 6 08:44:45 np0005548785 object-server[123722]: 172.20.0.104 - - [06/Dec/2025:08:44:45 +0000] "GET /d1/970/AUTH_660705fe1cbe4111b6f2c99ce8d05c8c/gnocchi.1975c3b1-45b1-4cc9-90a6-04134fe65bd6/none_v3" 404 70 "GET http://172.18.0.250:8080/v1/AUTH_660705fe1cbe4111b6f2c99ce8d05c8c/gnocchi.1975c3b1-45b1-4cc9-90a6-04134fe65bd6/none_v3" "tx840a3e94a8734e4ba1d4b-006933ecfd" "proxy-server 20" 0.0005 "-" 23 0
Dec 6 08:44:45 np0005548785 container-server[123290]: 172.20.0.105 - - [06/Dec/2025:08:44:45 +0000] "PUT /d1/856/AUTH_660705fe1cbe4111b6f2c99ce8d05c8c/gnocchi.3c7b8eb2-8b7c-4889-bf9c-9327d8f68525" 201 - "PUT http://172.18.0.250:8080/v1/AUTH_660705fe1cbe4111b6f2c99ce8d05c8c/gnocchi.3c7b8eb2-8b7c-4889-bf9c-9327d8f68525" "tx3f8390f2cc36466fa5068-006933ecfd" "proxy-server 20" 0.0244 "-" 20 0
Dec 6 08:44:45 np0005548785 container-server[123320]: 172.20.0.103 - - [06/Dec/2025:08:44:45 +0000] "HEAD /d1/856/AUTH_660705fe1cbe4111b6f2c99ce8d05c8c/gnocchi.3c7b8eb2-8b7c-4889-bf9c-9327d8f68525" 204 - "HEAD http://172.18.0.250:8080/v1/AUTH_660705fe1cbe4111b6f2c99ce8d05c8c/gnocchi.3c7b8eb2-8b7c-4889-bf9c-9327d8f68525?format=json&states=listing" "tx7f3e77279b6540daa0939-006933ecfd" "proxy-server 20" 0.0029 "-" 23 0
Dec 6 08:44:45 np0005548785 proxy-server[125190]: - - 06/Dec/2025/08/44/45 HEAD /v1/AUTH_660705fe1cbe4111b6f2c99ce8d05c8c/gnocchi.3c7b8eb2-8b7c-4889-bf9c-9327d8f68525%3Fformat%3Djson%26states%3Dlisting HTTP/1.0 204 - Swift - - - - tx7f3e77279b6540daa0939-006933ecfd - 0.0094 RL - 1765010685.136352062 1765010685.145705938 0
Dec 6 08:44:45 np0005548785 container-server[123304]: 172.20.0.105 - - [06/Dec/2025:08:44:45 +0000] "PUT /d1/784/AUTH_660705fe1cbe4111b6f2c99ce8d05c8c/gnocchi.1975c3b1-45b1-4cc9-90a6-04134fe65bd6" 201 - "PUT http://172.18.0.250:8080/v1/AUTH_660705fe1cbe4111b6f2c99ce8d05c8c/gnocchi.1975c3b1-45b1-4cc9-90a6-04134fe65bd6" "txbc345cbc50ea44f0b845d-006933ecfd" "proxy-server 20" 0.0212 "-" 21 0
