Mar 18 13:29:25 standalone container-server[127031]: 172.20.0.100 - - [18/Mar/2026:13:29:25 +0000] "GET /d1/871/AUTH_a2ec7dfe367e4f7f8d5274fe9500ceed/gnocchi.617ab636-784d-4aaa-beb0-a3227e174ee6" 200 2 "GET http://172.18.0.2:8080/v1/AUTH_a2ec7dfe367e4f7f8d5274fe9500ceed/gnocchi.617ab636-784d-4aaa-beb0-a3227e174ee6?format=json&states=listing" "tx23ec411e6226409b9ab07-0069baa8b4" "proxy-server 12" 0.0034 "-" 21 0
Mar 18 13:29:25 standalone proxy-server[129074]: 172.18.0.2 172.18.0.100 18/Mar/2026/13/29/25 GET /v1/AUTH_a2ec7dfe367e4f7f8d5274fe9500ceed/gnocchi.617ab636-784d-4aaa-beb0-a3227e174ee6%3Fformat%3Djson%26states%3Dlisting HTTP/1.0 200 - python-swiftclient-3.11.1 gAAAAABpuqhC4uRb... - 2 - tx23ec411e6226409b9ab07-0069baa8b4 - 0.0694 - - 1773840564.996767759 1773840565.066190958 0
Mar 18 13:29:25 standalone object-server[127147]: 172.20.0.100 - - [18/Mar/2026:13:29:25 +0000] "GET /d1/288/AUTH_a2ec7dfe367e4f7f8d5274fe9500ceed/gnocchi.617ab636-784d-4aaa-beb0-a3227e174ee6/1773360000.0_mean_300.0_v3" 404 70 "GET http://172.18.0.2:8080/v1/AUTH_a2ec7dfe367e4f7f8d5274fe9500ceed/gnocchi.617ab636-784d-4aaa-beb0-a3227e174ee6/1773360000.0_mean_300.0_v3" "tx59f7ad6c4ebb4f2782f9c-0069baa8b5" "proxy-server 12" 0.0005 "-" 25 0
Mar 18 13:29:25 standalone proxy-server[129074]: 172.18.0.2 172.18.0.100 18/Mar/2026/13/29/25 GET /v1/AUTH_a2ec7dfe367e4f7f8d5274fe9500ceed/gnocchi.617ab636-784d-4aaa-beb0-a3227e174ee6/1773360000.0_mean_300.0_v3 HTTP/1.0 404 - python-swiftclient-3.11.1 gAAAAABpuqhC4uRb... - 70 - tx59f7ad6c4ebb4f2782f9c-0069baa8b5 - 0.0092 - - 1773840565.072325468 1773840565.081569433 0
Mar 18 13:29:25 standalone container-server[127057]: 172.20.0.100 - - [18/Mar/2026:13:29:25 +0000] "PUT /d1/871/AUTH_a2ec7dfe367e4f7f8d5274fe9500ceed/gnocchi.617ab636-784d-4aaa-beb0-a3227e174ee6/1773360000.0_mean_300.0_v3" 201 - "PUT http://172.18.0.2:8080/d1/288/AUTH_a2ec7dfe367e4f7f8d5274fe9500ceed/gnocchi.617ab636-784d-4aaa-beb0-a3227e174ee6/1773360000.0_mean_300.0_v3" "txa047553200514ca0b1bac-0069baa8b5" "object-server 22" 0.0009 "-" 23 0
Mar 18 13:29:25 standalone object-server[127141]: 172.20.0.100 - - [18/Mar/2026:13:29:25 +0000] "PUT /d1/288/AUTH_a2ec7dfe367e4f7f8d5274fe9500ceed/gnocchi.617ab636-784d-4aaa-beb0-a3227e174ee6/1773360000.0_mean_300.0_v3" 201 - "PUT http://172.18.0.2:8080/v1/AUTH_a2ec7dfe367e4f7f8d5274fe9500ceed/gnocchi.617ab636-784d-4aaa-beb0-a3227e174ee6/1773360000.0_mean_300.0_v3" "txa047553200514ca0b1bac-0069baa8b5" "proxy-server 12" 0.0109 "-" 22 0
Mar 18 13:29:25 standalone proxy-server[129074]: 172.18.0.2 172.18.0.100 18/Mar/2026/13/29/25 PUT /v1/AUTH_a2ec7dfe367e4f7f8d5274fe9500ceed/gnocchi.617ab636-784d-4aaa-beb0-a3227e174ee6/1773360000.0_mean_300.0_v3 HTTP/1.0 201 - python-swiftclient-3.11.1 gAAAAABpuqhC4uRb... 16 - - txa047553200514ca0b1bac-0069baa8b5 - 0.0197 - - 1773840565.085916519 1773840565.105641365 0
Mar 18 13:29:25 standalone container-server[127022]: 172.20.0.100 - - [18/Mar/2026:13:29:25 +0000] "PUT /d1/871/AUTH_a2ec7dfe367e4f7f8d5274fe9500ceed/gnocchi.617ab636-784d-4aaa-beb0-a3227e174ee6/none_v3" 201 - "PUT http://172.18.0.2:8080/d1/84/AUTH_a2ec7dfe367e4f7f8d5274fe9500ceed/gnocchi.617ab636-784d-4aaa-beb0-a3227e174ee6/none_v3" "txd94579c633164ac997a5b-0069baa8b5" "object-server 24" 0.0006 "-" 20 0
Mar 18 13:29:25 standalone object-server[127145]: 172.20.0.100 - - [18/Mar/2026:13:29:25 +0000] "PUT /d1/84/AUTH_a2ec7dfe367e4f7f8d5274fe9500ceed/gnocchi.617ab636-784d-4aaa-beb0-a3227e174ee6/none_v3" 201 - "PUT http://172.18.0.2:8080/v1/AUTH_a2ec7dfe367e4f7f8d5274fe9500ceed/gnocchi.617ab636-784d-4aaa-beb0-a3227e174ee6/none_v3" "txd94579c633164ac997a5b-0069baa8b5" "proxy-server 12" 0.0105 "-" 24 0
Mar 18 13:29:25 standalone proxy-server[129074]: 172.18.0.2 172.18.0.100 18/Mar/2026/13/29/25 PUT /v1/AUTH_a2ec7dfe367e4f7f8d5274fe9500ceed/gnocchi.617ab636-784d-4aaa-beb0-a3227e174ee6/none_v3 HTTP/1.0 201 - python-swiftclient-3.11.1 gAAAAABpuqhC4uRb... 22 - - txd94579c633164ac997a5b-0069baa8b5 - 0.0215 - - 1773840565.110203743 1773840565.131682634 0
Mar 18 13:29:25 standalone object-server[127147]: 172.20.0.100 - - [18/Mar/2026:13:29:25 +0000] "GET /d1/84/AUTH_a2ec7dfe367e4f7f8d5274fe9500ceed/gnocchi.617ab636-784d-4aaa-beb0-a3227e174ee6/none_v3" 200 22 "GET http://172.18.0.2:8080/v1/AUTH_a2ec7dfe367e4f7f8d5274fe9500ceed/gnocchi.617ab636-784d-4aaa-beb0-a3227e174ee6/none_v3" "tx30753a89a25a4a86a86d4-0069baa8b5" "proxy-server 12" 0.0010 "-" 25 0
Mar 18 13:29:25 standalone proxy-server[129074]: 172.18.0.2 172.18.0.100 18/Mar/2026/13/29/25 GET /v1/AUTH_a2ec7dfe367e4f7f8d5274fe9500ceed/gnocchi.617ab636-784d-4aaa-beb0-a3227e174ee6/none_v3 HTTP/1.0 200 - python-swiftclient-3.11.1 gAAAAABpuqhC4uRb... - 22 - tx30753a89a25a4a86a86d4-0069baa8b5 - 0.0155 - - 1773840565.872595787 1773840565.888077974 0
Mar 18 13:29:25 standalone container-server[127022]: 172.20.0.100 - - [18/Mar/2026:13:29:25 +0000] "GET /d1/871/AUTH_a2ec7dfe367e4f7f8d5274fe9500ceed/gnocchi.617ab636-784d-4aaa-beb0-a3227e174ee6" 200 357 "GET http://172.18.0.2:8080/v1/AUTH_a2ec7dfe367e4f7f8d5274fe9500ceed/gnocchi.617ab636-784d-4aaa-beb0-a3227e174ee6?format=json&states=listing" "tx1d42b6173eaf4316876ec-0069baa8b5" "proxy-server 12" 0.0128 "-" 20 0
Mar 18 13:29:25 standalone proxy-server[129074]: 172.18.0.2 172.18.0.100 18/Mar/2026/13/29/25 GET /v1/AUTH_a2ec7dfe367e4f7f8d5274fe9500ceed/gnocchi.617ab636-784d-4aaa-beb0-a3227e174ee6%3Fformat%3Djson%26states%3Dlisting HTTP/1.0 200 - python-swiftclient-3.11.1 gAAAAABpuqhC4uRb... - 357 - tx1d42b6173eaf4316876ec-0069baa8b5 - 0.0198 - - 1773840565.892863989 1773840565.912707090 0
Mar 18 13:29:25 standalone container-server[127057]: 172.20.0.100 - - [18/Mar/2026:13:29:25 +0000] "GET /d1/871/AUTH_a2ec7dfe367e4f7f8d5274fe9500ceed/gnocchi.617ab636-784d-4aaa-beb0-a3227e174ee6" 200 2 "GET http://172.18.0.2:8080/v1/AUTH_a2ec7dfe367e4f7f8d5274fe9500ceed/gnocchi.617ab636-784d-4aaa-beb0-a3227e174ee6?format=json&marker=none_v3&states=listing" "tx8e39067ca9644335aa7ac-0069baa8b5" "proxy-server 12" 0.0018 "-" 23 0
Mar 18 13:29:25 standalone proxy-server[129074]: 172.18.0.2 172.18.0.100 18/Mar/2026/13/29/25 GET /v1/AUTH_a2ec7dfe367e4f7f8d5274fe9500ceed/gnocchi.617ab636-784d-4aaa-beb0-a3227e174ee6%3Fformat%3Djson%26marker%3Dnone_v3%26states%3Dlisting HTTP/1.0 200 - python-swiftclient-3.11.1 gAAAAABpuqhC4uRb... - 2 - tx8e39067ca9644335aa7ac-0069baa8b5 - 0.0068 - - 1773840565.915097713 1773840565.921920300 0
Mar 18 13:29:25 standalone object-server[127143]: 172.20.0.100 - - [18/Mar/2026:13:29:25 +0000] "GET /d1/288/AUTH_a2ec7dfe367e4f7f8d5274fe9500ceed/gnocchi.617ab636-784d-4aaa-beb0-a3227e174ee6/1773360000.0_mean_300.0_v3" 200 16 "GET http://172.18.0.2:8080/v1/AUTH_a2ec7dfe367e4f7f8d5274fe9500ceed/gnocchi.617ab636-784d-4aaa-beb0-a3227e174ee6/1773360000.0_mean_300.0_v3" "tx4ffbf47708814f33b2e57-0069baa8b5" "proxy-server 12" 0.0006 "-" 23 0
Mar 18 13:29:25 standalone proxy-server[129074]: 172.18.0.2 172.18.0.100 18/Mar/2026/13/29/25 GET /v1/AUTH_a2ec7dfe367e4f7f8d5274fe9500ceed/gnocchi.617ab636-784d-4aaa-beb0-a3227e174ee6/1773360000.0_mean_300.0_v3 HTTP/1.0 200 - python-swiftclient-3.11.1 gAAAAABpuqhC4uRb... - 16 - tx4ffbf47708814f33b2e57-0069baa8b5 - 0.0050 - - 1773840565.924787760 1773840565.929766178 0
Mar 18 13:29:25 standalone container-server[127050]: 172.20.0.100 - - [18/Mar/2026:13:29:25 +0000] "PUT /d1/871/AUTH_a2ec7dfe367e4f7f8d5274fe9500ceed/gnocchi.617ab636-784d-4aaa-beb0-a3227e174ee6/1773360000.0_mean_300.0_v3" 201 - "PUT http://172.18.0.2:8080/d1/288/AUTH_a2ec7dfe367e4f7f8d5274fe9500ceed/gnocchi.617ab636-784d-4aaa-beb0-a3227e174ee6/1773360000.0_mean_300.0_v3" "tx4d0a71f0d8b34c48a7f45-0069baa8b5" "object-server 23" 0.0007 "-" 22 0
Mar 18 13:29:25 standalone object-server[127143]: 172.20.0.100 - - [18/Mar/2026:13:29:25 +0000] "PUT /d1/288/AUTH_a2ec7dfe367e4f7f8d5274fe9500ceed/gnocchi.617ab636-784d-4aaa-beb0-a3227e174ee6/1773360000.0_mean_300.0_v3" 201 - "PUT http://172.18.0.2:8080/v1/AUTH_a2ec7dfe367e4f7f8d5274fe9500ceed/gnocchi.617ab636-784d-4aaa-beb0-a3227e174ee6/1773360000.0_mean_300.0_v3" "tx4d0a71f0d8b34c48a7f45-0069baa8b5" "proxy-server 12" 0.0076 "-" 23 0
Mar 18 13:29:25 standalone proxy-server[129074]: 172.18.0.2 172.18.0.100 18/Mar/2026/13/29/25 PUT /v1/AUTH_a2ec7dfe367e4f7f8d5274fe9500ceed/gnocchi.617ab636-784d-4aaa-beb0-a3227e174ee6/1773360000.0_mean_300.0_v3 HTTP/1.0 201 - python-swiftclient-3.11.1 gAAAAABpuqhC4uRb... 16 - - tx4d0a71f0d8b34c48a7f45-0069baa8b5 - 0.0120 - - 1773840565.934841394 1773840565.946794987 0
Mar 18 13:29:25 standalone container-server[127057]: 172.20.0.100 - - [18/Mar/2026:13:29:25 +0000] "PUT /d1/871/AUTH_a2ec7dfe367e4f7f8d5274fe9500ceed/gnocchi.617ab636-784d-4aaa-beb0-a3227e174ee6/none_v3" 201 - "PUT http://172.18.0.2:8080/d1/84/AUTH_a2ec7dfe367e4f7f8d5274fe9500ceed/gnocchi.617ab636-784d-4aaa-beb0-a3227e174ee6/none_v3" "txad4d6755c5784d07b205f-0069baa8b5" "object-server 24" 0.0005 "-" 23 0
Mar 18 13:29:25 standalone object-server[127145]: 172.20.0.100 - - [18/Mar/2026:13:29:25 +0000] "PUT /d1/84/AUTH_a2ec7dfe367e4f7f8d5274fe9500ceed/gnocchi.617ab636-784d-4aaa-beb0-a3227e174ee6/none_v3" 201 - "PUT http://172.18.0.2:8080/v1/AUTH_a2ec7dfe367e4f7f8d5274fe9500ceed/gnocchi.617ab636-784d-4aaa-beb0-a3227e174ee6/none_v3" "txad4d6755c5784d07b205f-0069baa8b5" "proxy-server 12" 0.0070 "-" 24 0
Mar 18 13:29:25 standalone proxy-server[129074]: 172.18.0.2 172.18.0.100 18/Mar/2026/13/29/25 PUT /v1/AUTH_a2ec7dfe367e4f7f8d5274fe9500ceed/gnocchi.617ab636-784d-4aaa-beb0-a3227e174ee6/none_v3 HTTP/1.0 201 - python-swiftclient-3.11.1 gAAAAABpuqhC4uRb... 31 - - txad4d6755c5784d07b205f-0069baa8b5 - 0.0114 - - 1773840565.949347258 1773840565.960703373 0
Mar 18 13:29:37 standalone account-server[126721]: 172.20.0.100 - - [18/Mar/2026:13:29:37 +0000] "HEAD /d1/502/AUTH_a2ec7dfe367e4f7f8d5274fe9500ceed" 204 - "HEAD http://172.18.0.2:8080/v1/AUTH_a2ec7dfe367e4f7f8d5274fe9500ceed?format=json" "tx319b65d44488414da9bae-0069baa8c1" "proxy-server 12" 0.0112 "-" 19 -
Mar 18 13:29:37 standalone proxy-server[129074]: - - 18/Mar/2026/13/29/37 HEAD /v1/AUTH_a2ec7dfe367e4f7f8d5274fe9500ceed%3Fformat%3Djson HTTP/1.0 204 - Swift - - - - tx319b65d44488414da9bae-0069baa8c1 - 0.0151 RL - 1773840577.569868088 1773840577.584920168 -
Mar 18 13:29:37 standalone object-server[127147]: 172.20.0.100 - - [18/Mar/2026:13:29:37 +0000] "GET /d1/39/AUTH_a2ec7dfe367e4f7f8d5274fe9500ceed/gnocchi.269a79cc-8a88-4f7f-96b4-43d67b04400f/none_v3" 200 31 "GET http://172.18.0.2:8080/v1/AUTH_a2ec7dfe367e4f7f8d5274fe9500ceed/gnocchi.269a79cc-8a88-4f7f-96b4-43d67b04400f/none_v3" "tx319b65d44488414da9bae-0069baa8c1" "proxy-server 12" 0.0010 "-" 25 0
Mar 18 13:29:37 standalone proxy-server[129074]: 172.18.0.2 172.18.0.100 18/Mar/2026/13/29/37 GET /v1/AUTH_a2ec7dfe367e4f7f8d5274fe9500ceed/gnocchi.269a79cc-8a88-4f7f-96b4-43d67b04400f/none_v3 HTTP/1.0 200 - python-swiftclient-3.11.1 gAAAAABpuqhC4uRb... - 31 - tx319b65d44488414da9bae-0069baa8c1 - 0.0235 - - 1773840577.568952322 1773840577.592402697 0
Mar 18 13:29:37 standalone container-server[127022]: 172.20.0.100 - - [18/Mar/2026:13:29:37 +0000] "GET /d1/842/AUTH_a2ec7dfe367e4f7f8d5274fe9500ceed/gnocchi.269a79cc-8a88-4f7f-96b4-43d67b04400f" 200 357 "GET http://172.18.0.2:8080/v1/AUTH_a2ec7dfe367e4f7f8d5274fe9500ceed/gnocchi.269a79cc-8a88-4f7f-96b4-43d67b04400f?format=json&states=listing" "tx9aa1984daf7945efa5efa-0069baa8c1" "proxy-server 12" 0.0082 "-" 20 0
Mar 18 13:29:37 standalone proxy-server[129074]: 172.18.0.2 172.18.0.100 18/Mar/2026/13/29/37 GET /v1/AUTH_a2ec7dfe367e4f7f8d5274fe9500ceed/gnocchi.269a79cc-8a88-4f7f-96b4-43d67b04400f%3Fformat%3Djson%26states%3Dlisting HTTP/1.0 200 - python-swiftclient-3.11.1 gAAAAABpuqhC4uRb... - 357 - tx9aa1984daf7945efa5efa-0069baa8c1 - 0.0162 - - 1773840577.596756220 1773840577.612975597 0
Mar 18 13:29:37 standalone container-server[127022]: 172.20.0.100 - - [18/Mar/2026:13:29:37 +0000] "GET /d1/842/AUTH_a2ec7dfe367e4f7f8d5274fe9500ceed/gnocchi.269a79cc-8a88-4f7f-96b4-43d67b04400f" 200 2 "GET http://172.18.0.2:8080/v1/AUTH_a2ec7dfe367e4f7f8d5274fe9500ceed/gnocchi.269a79cc-8a88-4f7f-96b4-43d67b04400f?format=json&marker=none_v3&states=listing" "tx4d77ae9d611947a48a477-0069baa8c1" "proxy-server 12" 0.0018 "-" 20 0
Mar 18 13:29:37 standalone proxy-server[129074]: 172.18.0.2 172.18.0.100 18/Mar/2026/13/29/37 GET /v1/AUTH_a2ec7dfe367e4f7f8d5274fe9500ceed/gnocchi.269a79cc-8a88-4f7f-96b4-43d67b04400f%3Fformat%3Djson%26marker%3Dnone_v3%26states%3Dlisting HTTP/1.0 200 - python-swiftclient-3.11.1 gAAAAABpuqhC4uRb... - 2 - tx4d77ae9d611947a48a477-0069baa8c1 - 0.0095 - - 1773840577.616883278 1773840577.626337767 0
Mar 18 13:29:37 standalone object-server[127147]: 172.20.0.100 - - [18/Mar/2026:13:29:37 +0000] "GET /d1/907/AUTH_a2ec7dfe367e4f7f8d5274fe9500ceed/gnocchi.269a79cc-8a88-4f7f-96b4-43d67b04400f/1773360000.0_mean_300.0_v3" 200 16 "GET http://172.18.0.2:8080/v1/AUTH_a2ec7dfe367e4f7f8d5274fe9500ceed/gnocchi.269a79cc-8a88-4f7f-96b4-43d67b04400f/1773360000.0_mean_300.0_v3" "txb8897615d5fe47908cee3-0069baa8c1" "proxy-server 12" 0.0008 "-" 25 0
Mar 18 13:29:37 standalone proxy-server[129074]: 172.18.0.2 172.18.0.100 18/Mar/2026/13/29/37 GET /v1/AUTH_a2ec7dfe367e4f7f8d5274fe9500ceed/gnocchi.269a79cc-8a88-4f7f-96b4-43d67b04400f/1773360000.0_mean_300.0_v3 HTTP/1.0 200 - python-swiftclient-3.11.1 gAAAAABpuqhC4uRb... - 16 - txb8897615d5fe47908cee3-0069baa8c1 - 0.0090 - - 1773840577.630829334 1773840577.639862061 0
Mar 18 13:29:37 standalone container-server[127050]: 172.20.0.100 - - [18/Mar/2026:13:29:37 +0000] "PUT /d1/842/AUTH_a2ec7dfe367e4f7f8d5274fe9500ceed/gnocchi.269a79cc-8a88-4f7f-96b4-43d67b04400f/1773360000.0_mean_300.0_v3" 201 - "PUT http://172.18.0.2:8080/d1/907/AUTH_a2ec7dfe367e4f7f8d5274fe9500ceed/gnocchi.269a79cc-8a88-4f7f-96b4-43d67b04400f/1773360000.0_mean_300.0_v3" "txb74052373be64aafb2c11-0069baa8c1" "object-server 22" 0.0006 "-" 22 0
Mar 18 13:29:37 standalone object-server[127141]: 172.20.0.100 - - [18/Mar/2026:13:29:37 +0000] "PUT /d1/907/AUTH_a2ec7dfe367e4f7f8d5274fe9500ceed/gnocchi.269a79cc-8a88-4f7f-96b4-43d67b04400f/1773360000.0_mean_300.0_v3" 201 - "PUT http://172.18.0.2:8080/v1/AUTH_a2ec7dfe367e4f7f8d5274fe9500ceed/gnocchi.269a79cc-8a88-4f7f-96b4-43d67b04400f/1773360000.0_mean_300.0_v3" "txb74052373be64aafb2c11-0069baa8c1" "proxy-server 12" 0.0179 "-" 22 0
Mar 18 13:29:37 standalone proxy-server[129074]: 172.18.0.2 172.18.0.100 18/Mar/2026/13/29/37 PUT /v1/AUTH_a2ec7dfe367e4f7f8d5274fe9500ceed/gnocchi.269a79cc-8a88-4f7f-96b4-43d67b04400f/1773360000.0_mean_300.0_v3 HTTP/1.0 201 - python-swiftclient-3.11.1 gAAAAABpuqhC4uRb... 16 - - txb74052373be64aafb2c11-0069baa8c1 - 0.0275 - - 1773840577.645233631 1773840577.672694206 0
Mar 18 13:29:37 standalone container-server[127022]: 172.20.0.100 - - [18/Mar/2026:13:29:37 +0000] "PUT /d1/842/AUTH_a2ec7dfe367e4f7f8d5274fe9500ceed/gnocchi.269a79cc-8a88-4f7f-96b4-43d67b04400f/none_v3" 201 - "PUT http://172.18.0.2:8080/d1/39/AUTH_a2ec7dfe367e4f7f8d5274fe9500ceed/gnocchi.269a79cc-8a88-4f7f-96b4-43d67b04400f/none_v3" "txcaaf6ae4a9294d02a165b-0069baa8c1" "object-server 24" 0.0006 "-" 20 0
Mar 18 13:29:37 standalone object-server[127145]: 172.20.0.100 - - [18/Mar/2026:13:29:37 +0000] "PUT /d1/39/AUTH_a2ec7dfe367e4f7f8d5274fe9500ceed/gnocchi.269a79cc-8a88-4f7f-96b4-43d67b04400f/none_v3" 201 - "PUT http://172.18.0.2:8080/v1/AUTH_a2ec7dfe367e4f7f8d5274fe9500ceed/gnocchi.269a79cc-8a88-4f7f-96b4-43d67b04400f/none_v3" "txcaaf6ae4a9294d02a165b-0069baa8c1" "proxy-server 12" 0.0094 "-" 24 0
Mar 18 13:29:37 standalone proxy-server[129074]: 172.18.0.2 172.18.0.100 18/Mar/2026/13/29/37 PUT /v1/AUTH_a2ec7dfe367e4f7f8d5274fe9500ceed/gnocchi.269a79cc-8a88-4f7f-96b4-43d67b04400f/none_v3 HTTP/1.0 201 - python-swiftclient-3.11.1 gAAAAABpuqhC4uRb... 44 - - txcaaf6ae4a9294d02a165b-0069baa8c1 - 0.0149 - - 1773840577.676959515 1773840577.691812038 0
Mar 18 13:29:38 standalone object-server[127147]: 172.20.0.100 - - [18/Mar/2026:13:29:38 +0000] "GET /d1/39/AUTH_a2ec7dfe367e4f7f8d5274fe9500ceed/gnocchi.269a79cc-8a88-4f7f-96b4-43d67b04400f/none_v3" 200 44 "GET http://172.18.0.2:8080/v1/AUTH_a2ec7dfe367e4f7f8d5274fe9500ceed/gnocchi.269a79cc-8a88-4f7f-96b4-43d67b04400f/none_v3" "tx372e6e4673124361a7e41-0069baa8c2" "proxy-server 12" 0.0013 "-" 25 0
Mar 18 13:29:38 standalone proxy-server[129074]: 172.18.0.2 172.18.0.100 18/Mar/2026/13/29/38 GET /v1/AUTH_a2ec7dfe367e4f7f8d5274fe9500ceed/gnocchi.269a79cc-8a88-4f7f-96b4-43d67b04400f/none_v3 HTTP/1.0 200 - python-swiftclient-3.11.1 gAAAAABpuqhC4uRb... - 44 - tx372e6e4673124361a7e41-0069baa8c2 - 0.0092 - - 1773840578.503497362 1773840578.512673616 0
Mar 18 13:29:38 standalone container-server[127031]: 172.20.0.100 - - [18/Mar/2026:13:29:38 +0000] "GET /d1/842/AUTH_a2ec7dfe367e4f7f8d5274fe9500ceed/gnocchi.269a79cc-8a88-4f7f-96b4-43d67b04400f" 200 357 "GET http://172.18.0.2:8080/v1/AUTH_a2ec7dfe367e4f7f8d5274fe9500ceed/gnocchi.269a79cc-8a88-4f7f-96b4-43d67b04400f?format=json&states=listing" "tx4b33146b1f5442fda67bc-0069baa8c2" "proxy-server 12" 0.0164 "-" 21 0
Mar 18 13:29:38 standalone proxy-server[129074]: 172.18.0.2 172.18.0.100 18/Mar/2026/13/29/38 GET /v1/AUTH_a2ec7dfe367e4f7f8d5274fe9500ceed/gnocchi.269a79cc-8a88-4f7f-96b4-43d67b04400f%3Fformat%3Djson%26states%3Dlisting HTTP/1.0 200 - python-swiftclient-3.11.1 gAAAAABpuqhC4uRb... - 357 - tx4b33146b1f5442fda67bc-0069baa8c2 - 0.0250 - - 1773840578.516803980 1773840578.541820765 0
Mar 18 13:29:38 standalone container-server[127022]: 172.20.0.100 - - [18/Mar/2026:13:29:38 +0000] "GET /d1/842/AUTH_a2ec7dfe367e4f7f8d5274fe9500ceed/gnocchi.269a79cc-8a88-4f7f-96b4-43d67b04400f" 200 2 "GET http://172.18.0.2:8080/v1/AUTH_a2ec7dfe367e4f7f8d5274fe9500ceed/gnocchi.269a79cc-8a88-4f7f-96b4-43d67b04400f?format=json&marker=none_v3&states=listing" "txc2758657ded344e6b97bb-0069baa8c2" "proxy-server 12" 0.0024 "-" 20 0
Mar 18 13:29:38 standalone proxy-server[129074]: 172.18.0.2 172.18.0.100 18/Mar/2026/13/29/38 GET /v1/AUTH_a2ec7dfe367e4f7f8d5274fe9500ceed/gnocchi.269a79cc-8a88-4f7f-96b4-43d67b04400f%3Fformat%3Djson%26marker%3Dnone_v3%26states%3Dlisting HTTP/1.0 200 - python-swiftclient-3.11.1 gAAAAABpuqhC4uRb... - 2 - txc2758657ded344e6b97bb-0069baa8c2 - 0.0088 - - 1773840578.545299768 1773840578.554069281 0
Mar 18 13:29:38 standalone object-server[127147]: 172.20.0.100 - - [18/Mar/2026:13:29:38 +0000] "GET /d1/907/AUTH_a2ec7dfe367e4f7f8d5274fe9500ceed/gnocchi.269a79cc-8a88-4f7f-96b4-43d67b04400f/1773360000.0_mean_300.0_v3" 200 16 "GET http://172.18.0.2:8080/v1/AUTH_a2ec7dfe367e4f7f8d5274fe9500ceed/gnocchi.269a79cc-8a88-4f7f-96b4-43d67b04400f/1773360000.0_mean_300.0_v3" "tx14e83bde526c4465beba7-0069baa8c2" "proxy-server 12" 0.0008 "-" 25 0
Mar 18 13:29:38 standalone proxy-server[129074]: 172.18.0.2 172.18.0.100 18/Mar/2026/13/29/38 GET /v1/AUTH_a2ec7dfe367e4f7f8d5274fe9500ceed/gnocchi.269a79cc-8a88-4f7f-96b4-43d67b04400f/1773360000.0_mean_300.0_v3 HTTP/1.0 200 - python-swiftclient-3.11.1 gAAAAABpuqhC4uRb... - 16 - tx14e83bde526c4465beba7-0069baa8c2 - 0.0077 - - 1773840578.557154894 1773840578.564833879 0
Mar 18 13:29:38 standalone container-server[127031]: 172.20.0.100 - - [18/Mar/2026:13:29:38 +0000] "PUT /d1/842/AUTH_a2ec7dfe367e4f7f8d5274fe9500ceed/gnocchi.269a79cc-8a88-4f7f-96b4-43d67b04400f/1773360000.0_mean_300.0_v3" 201 - "PUT http://172.18.0.2:8080/d1/907/AUTH_a2ec7dfe367e4f7f8d5274fe9500ceed/gnocchi.269a79cc-8a88-4f7f-96b4-43d67b04400f/1773360000.0_mean_300.0_v3" "txd6d92212c1a644049a933-0069baa8c2" "object-server 23" 0.0006 "-" 21 0
Mar 18 13:29:38 standalone object-server[127143]: 172.20.0.100 - - [18/Mar/2026:13:29:38 +0000] "PUT /d1/907/AUTH_a2ec7dfe367e4f7f8d5274fe9500ceed/gnocchi.269a79cc-8a88-4f7f-96b4-43d67b04400f/1773360000.0_mean_300.0_v3" 201 - "PUT http://172.18.0.2:8080/v1/AUTH_a2ec7dfe367e4f7f8d5274fe9500ceed/gnocchi.269a79cc-8a88-4f7f-96b4-43d67b04400f/1773360000.0_mean_300.0_v3" "txd6d92212c1a644049a933-0069baa8c2" "proxy-server 12" 0.0097 "-" 23 0
Mar 18 13:29:38 standalone proxy-server[129074]: 172.18.0.2 172.18.0.100 18/Mar/2026/13/29/38 PUT /v1/AUTH_a2ec7dfe367e4f7f8d5274fe9500ceed/gnocchi.269a79cc-8a88-4f7f-96b4-43d67b04400f/1773360000.0_mean_300.0_v3 HTTP/1.0 201 - python-swiftclient-3.11.1 gAAAAABpuqhC4uRb... 16 - - txd6d92212c1a644049a933-0069baa8c2 - 0.0155 - - 1773840578.567679405 1773840578.583184719 0
Mar 18 13:29:38 standalone container-server[127031]: 172.20.0.100 - - [18/Mar/2026:13:29:38 +0000] "PUT /d1/842/AUTH_a2ec7dfe367e4f7f8d5274fe9500ceed/gnocchi.269a79cc-8a88-4f7f-96b4-43d67b04400f/none_v3" 201 - "PUT http://172.18.0.2:8080/d1/39/AUTH_a2ec7dfe367e4f7f8d5274fe9500ceed/gnocchi.269a79cc-8a88-4f7f-96b4-43d67b04400f/none_v3" "tx0fd8ec85226a421ca46c4-0069baa8c2" "object-server 23" 0.0005 "-" 21 0
Mar 18 13:29:38 standalone object-server[127143]: 172.20.0.100 - - [18/Mar/2026:13:29:38 +0000] "PUT /d1/39/AUTH_a2ec7dfe367e4f7f8d5274fe9500ceed/gnocchi.269a79cc-8a88-4f7f-96b4-43d67b04400f/none_v3" 201 - "PUT http://172.18.0.2:8080/v1/AUTH_a2ec7dfe367e4f7f8d5274fe9500ceed/gnocchi.269a79cc-8a88-4f7f-96b4-43d67b04400f/none_v3" "tx0fd8ec85226a421ca46c4-0069baa8c2" "proxy-server 12" 0.0089 "-" 23 0
Mar 18 13:29:38 standalone proxy-server[129074]: 172.18.0.2 172.18.0.100 18/Mar/2026/13/29/38 PUT /v1/AUTH_a2ec7dfe367e4f7f8d5274fe9500ceed/gnocchi.269a79cc-8a88-4f7f-96b4-43d67b04400f/none_v3 HTTP/1.0 201 - python-swiftclient-3.11.1 gAAAAABpuqhC4uRb... 53 - - tx0fd8ec85226a421ca46c4-0069baa8c2 - 0.0145 - - 1773840578.585532665 1773840578.600077391 0
Mar 18 13:29:38 standalone object-server[127145]: 172.20.0.100 - - [18/Mar/2026:13:29:38 +0000] "GET /d1/930/AUTH_a2ec7dfe367e4f7f8d5274fe9500ceed/gnocchi.c342378b-7d5d-40cc-b6f0-867a41a77e95/none_v3" 200 22 "GET http://172.18.0.2:8080/v1/AUTH_a2ec7dfe367e4f7f8d5274fe9500ceed/gnocchi.c342378b-7d5d-40cc-b6f0-867a41a77e95/none_v3" "txe919ce60169a490dbba9e-0069baa8c2" "proxy-server 12" 0.0008 "-" 24 0
Mar 18 13:29:38 standalone proxy-server[129074]: 172.18.0.2 172.18.0.100 18/Mar/2026/13/29/38 GET /v1/AUTH_a2ec7dfe367e4f7f8d5274fe9500ceed/gnocchi.c342378b-7d5d-40cc-b6f0-867a41a77e95/none_v3 HTTP/1.0 200 - python-swiftclient-3.11.1 gAAAAABpuqhC4uRb... - 22 - txe919ce60169a490dbba9e-0069baa8c2 - 0.0059 - - 1773840578.607412338 1773840578.613269091 0
Mar 18 13:29:38 standalone container-server[127031]: 172.20.0.100 - - [18/Mar/2026:13:29:38 +0000] "GET /d1/45/AUTH_a2ec7dfe367e4f7f8d5274fe9500ceed/gnocchi.c342378b-7d5d-40cc-b6f0-867a41a77e95" 200 357 "GET http://172.18.0.2:8080/v1/AUTH_a2ec7dfe367e4f7f8d5274fe9500ceed/gnocchi.c342378b-7d5d-40cc-b6f0-867a41a77e95?format=json&states=listing" "tx02f5cc690f9f48ce835e1-0069baa8c2" "proxy-server 12" 0.0070 "-" 21 0
Mar 18 13:29:38 standalone proxy-server[129074]: 172.18.0.2 172.18.0.100 18/Mar/2026/13/29/38 GET /v1/AUTH_a2ec7dfe367e4f7f8d5274fe9500ceed/gnocchi.c342378b-7d5d-40cc-b6f0-867a41a77e95%3Fformat%3Djson%26states%3Dlisting HTTP/1.0 200 - python-swiftclient-3.11.1 gAAAAABpuqhC4uRb... - 357 - tx02f5cc690f9f48ce835e1-0069baa8c2 - 0.0113 - - 1773840578.615675926 1773840578.626975775 0
Mar 18 13:29:38 standalone container-server[127022]: 172.20.0.100 - - [18/Mar/2026:13:29:38 +0000] "GET /d1/45/AUTH_a2ec7dfe367e4f7f8d5274fe9500ceed/gnocchi.c342378b-7d5d-40cc-b6f0-867a41a77e95" 200 2 "GET http://172.18.0.2:8080/v1/AUTH_a2ec7dfe367e4f7f8d5274fe9500ceed/gnocchi.c342378b-7d5d-40cc-b6f0-867a41a77e95?format=json&marker=none_v3&states=listing" "txf48eb08621514d0ba9b99-0069baa8c2" "proxy-server 12" 0.0022 "-" 20 0
Mar 18 13:29:38 standalone proxy-server[129074]: 172.18.0.2 172.18.0.100 18/Mar/2026/13/29/38 GET /v1/AUTH_a2ec7dfe367e4f7f8d5274fe9500ceed/gnocchi.c342378b-7d5d-40cc-b6f0-867a41a77e95%3Fformat%3Djson%26marker%3Dnone_v3%26states%3Dlisting HTTP/1.0 200 - python-swiftclient-3.11.1 gAAAAABpuqhC4uRb... - 2 - txf48eb08621514d0ba9b99-0069baa8c2 - 0.0068 - - 1773840578.628968239 1773840578.635759830 0
Mar 18 13:29:38 standalone object-server[127147]: 172.20.0.100 - - [18/Mar/2026:13:29:38 +0000] "GET /d1/334/AUTH_a2ec7dfe367e4f7f8d5274fe9500ceed/gnocchi.c342378b-7d5d-40cc-b6f0-867a41a77e95/1773360000.0_mean_300.0_v3" 200 16 "GET http://172.18.0.2:8080/v1/AUTH_a2ec7dfe367e4f7f8d5274fe9500ceed/gnocchi.c342378b-7d5d-40cc-b6f0-867a41a77e95/1773360000.0_mean_300.0_v3" "tx16eef34ebcbd49259c4a2-0069baa8c2" "proxy-server 12" 0.0008 "-" 25 0
Mar 18 13:29:38 standalone proxy-server[129074]: 172.18.0.2 172.18.0.100 18/Mar/2026/13/29/38 GET /v1/AUTH_a2ec7dfe367e4f7f8d5274fe9500ceed/gnocchi.c342378b-7d5d-40cc-b6f0-867a41a77e95/1773360000.0_mean_300.0_v3 HTTP/1.0 200 - python-swiftclient-3.11.1 gAAAAABpuqhC4uRb... - 16 - tx16eef34ebcbd49259c4a2-0069baa8c2 - 0.0053 - - 1773840578.638151884 1773840578.643437147 0
Mar 18 13:29:38 standalone container-server[127022]: 172.20.0.100 - - [18/Mar/2026:13:29:38 +0000] "PUT /d1/45/AUTH_a2ec7dfe367e4f7f8d5274fe9500ceed/gnocchi.c342378b-7d5d-40cc-b6f0-867a41a77e95/1773360000.0_mean_300.0_v3" 201 - "PUT http://172.18.0.2:8080/d1/334/AUTH_a2ec7dfe367e4f7f8d5274fe9500ceed/gnocchi.c342378b-7d5d-40cc-b6f0-867a41a77e95/1773360000.0_mean_300.0_v3" "tx5ca6171aa4754ffe976c2-0069baa8c2" "object-server 24" 0.0005 "-" 20 0
Mar 18 13:29:38 standalone object-server[127145]: 172.20.0.100 - - [18/Mar/2026:13:29:38 +0000] "PUT /d1/334/AUTH_a2ec7dfe367e4f7f8d5274fe9500ceed/gnocchi.c342378b-7d5d-40cc-b6f0-867a41a77e95/1773360000.0_mean_300.0_v3" 201 - "PUT http://172.18.0.2:8080/v1/AUTH_a2ec7dfe367e4f7f8d5274fe9500ceed/gnocchi.c342378b-7d5d-40cc-b6f0-867a41a77e95/1773360000.0_mean_300.0_v3" "tx5ca6171aa4754ffe976c2-0069baa8c2" "proxy-server 12" 0.0091 "-" 24 0
Mar 18 13:29:38 standalone proxy-server[129074]: 172.18.0.2 172.18.0.100 18/Mar/2026/13/29/38 PUT /v1/AUTH_a2ec7dfe367e4f7f8d5274fe9500ceed/gnocchi.c342378b-7d5d-40cc-b6f0-867a41a77e95/1773360000.0_mean_300.0_v3 HTTP/1.0 201 - python-swiftclient-3.11.1 gAAAAABpuqhC4uRb... 16 - - tx5ca6171aa4754ffe976c2-0069baa8c2 - 0.0131 - - 1773840578.645172834 1773840578.658236265 0
Mar 18 13:29:38 standalone container-server[127057]: 172.20.0.100 - - [18/Mar/2026:13:29:38 +0000] "PUT /d1/45/AUTH_a2ec7dfe367e4f7f8d5274fe9500ceed/gnocchi.c342378b-7d5d-40cc-b6f0-867a41a77e95/none_v3" 201 - "PUT http://172.18.0.2:8080/d1/930/AUTH_a2ec7dfe367e4f7f8d5274fe9500ceed/gnocchi.c342378b-7d5d-40cc-b6f0-867a41a77e95/none_v3" "tx8e49362cbf9c44e2b7158-0069baa8c2" "object-server 23" 0.0007 "-" 23 0
Mar 18 13:29:38 standalone object-server[127143]: 172.20.0.100 - - [18/Mar/2026:13:29:38 +0000] "PUT /d1/930/AUTH_a2ec7dfe367e4f7f8d5274fe9500ceed/gnocchi.c342378b-7d5d-40cc-b6f0-867a41a77e95/none_v3" 201 - "PUT http://172.18.0.2:8080/v1/AUTH_a2ec7dfe367e4f7f8d5274fe9500ceed/gnocchi.c342378b-7d5d-40cc-b6f0-867a41a77e95/none_v3" "tx8e49362cbf9c44e2b7158-0069baa8c2" "proxy-server 12" 0.0103 "-" 23 0
Mar 18 13:29:38 standalone proxy-server[129074]: 172.18.0.2 172.18.0.100 18/Mar/2026/13/29/38 PUT /v1/AUTH_a2ec7dfe367e4f7f8d5274fe9500ceed/gnocchi.c342378b-7d5d-40cc-b6f0-867a41a77e95/none_v3 HTTP/1.0 201 - python-swiftclient-3.11.1 gAAAAABpuqhC4uRb... 32 - - tx8e49362cbf9c44e2b7158-0069baa8c2 - 0.0143 - - 1773840578.660213470 1773840578.674528360 0
Mar 18 13:29:38 standalone object-server[127141]: 172.20.0.100 - - [18/Mar/2026:13:29:38 +0000] "GET /d1/290/AUTH_a2ec7dfe367e4f7f8d5274fe9500ceed/gnocchi.c51b4e20-17d3-4587-a17e-5670666cc502/none_v3" 200 22 "GET http://172.18.0.2:8080/v1/AUTH_a2ec7dfe367e4f7f8d5274fe9500ceed/gnocchi.c51b4e20-17d3-4587-a17e-5670666cc502/none_v3" "tx668203ee9fce4099895b6-0069baa8c2" "proxy-server 12" 0.0010 "-" 22 0
Mar 18 13:29:38 standalone proxy-server[129074]: 172.18.0.2 172.18.0.100 18/Mar/2026/13/29/38 GET /v1/AUTH_a2ec7dfe367e4f7f8d5274fe9500ceed/gnocchi.c51b4e20-17d3-4587-a17e-5670666cc502/none_v3 HTTP/1.0 200 - python-swiftclient-3.11.1 gAAAAABpuqhC4uRb... - 22 - tx668203ee9fce4099895b6-0069baa8c2 - 0.0064 - - 1773840578.687914610 1773840578.694309711 0
Mar 18 13:29:38 standalone container-server[127022]: 172.20.0.100 - - [18/Mar/2026:13:29:38 +0000] "GET /d1/991/AUTH_a2ec7dfe367e4f7f8d5274fe9500ceed/gnocchi.c51b4e20-17d3-4587-a17e-5670666cc502" 200 357 "GET http://172.18.0.2:8080/v1/AUTH_a2ec7dfe367e4f7f8d5274fe9500ceed/gnocchi.c51b4e20-17d3-4587-a17e-5670666cc502?format=json&states=listing" "txabcf0330f9e74762928c7-0069baa8c2" "proxy-server 12" 0.0087 "-" 20 0
Mar 18 13:29:38 standalone proxy-server[129074]: 172.18.0.2 172.18.0.100 18/Mar/2026/13/29/38 GET /v1/AUTH_a2ec7dfe367e4f7f8d5274fe9500ceed/gnocchi.c51b4e20-17d3-4587-a17e-5670666cc502%3Fformat%3Djson%26states%3Dlisting HTTP/1.0 200 - python-swiftclient-3.11.1 gAAAAABpuqhC4uRb... - 357 - txabcf0330f9e74762928c7-0069baa8c2 - 0.0131 - - 1773840578.696609974 1773840578.709673405 0
Mar 18 13:29:38 standalone container-server[127022]: 172.20.0.100 - - [18/Mar/2026:13:29:38 +0000] "GET /d1/991/AUTH_a2ec7dfe367e4f7f8d5274fe9500ceed/gnocchi.c51b4e20-17d3-4587-a17e-5670666cc502" 200 2 "GET http://172.18.0.2:8080/v1/AUTH_a2ec7dfe367e4f7f8d5274fe9500ceed/gnocchi.c51b4e20-17d3-4587-a17e-5670666cc502?format=json&marker=none_v3&states=listing" "tx0a3ca8ffd8fc456993496-0069baa8c2" "proxy-server 12" 0.0020 "-" 20 0
Mar 18 13:29:38 standalone proxy-server[129074]: 172.18.0.2 172.18.0.100 18/Mar/2026/13/29/38 GET /v1/AUTH_a2ec7dfe367e4f7f8d5274fe9500ceed/gnocchi.c51b4e20-17d3-4587-a17e-5670666cc502%3Fformat%3Djson%26marker%3Dnone_v3%26states%3Dlisting HTTP/1.0 200 - python-swiftclient-3.11.1 gAAAAABpuqhC4uRb... - 2 - tx0a3ca8ffd8fc456993496-0069baa8c2 - 0.0059 - - 1773840578.711283445 1773840578.717231274 0
Mar 18 13:29:38 standalone object-server[127141]: 172.20.0.100 - - [18/Mar/2026:13:29:38 +0000] "GET /d1/773/AUTH_a2ec7dfe367e4f7f8d5274fe9500ceed/gnocchi.c51b4e20-17d3-4587-a17e-5670666cc502/1773360000.0_mean_300.0_v3" 200 16 "GET http://172.18.0.2:8080/v1/AUTH_a2ec7dfe367e4f7f8d5274fe9500ceed/gnocchi.c51b4e20-17d3-4587-a17e-5670666cc502/1773360000.0_mean_300.0_v3" "txe5c813dfac6542cbab7ff-0069baa8c2" "proxy-server 12" 0.0008 "-" 22 0
Mar 18 13:29:38 standalone proxy-server[129074]: 172.18.0.2 172.18.0.100 18/Mar/2026/13/29/38 GET /v1/AUTH_a2ec7dfe367e4f7f8d5274fe9500ceed/gnocchi.c51b4e20-17d3-4587-a17e-5670666cc502/1773360000.0_mean_300.0_v3 HTTP/1.0 200 - python-swiftclient-3.11.1 gAAAAABpuqhC4uRb... - 16 - txe5c813dfac6542cbab7ff-0069baa8c2 - 0.0055 - - 1773840578.719541550 1773840578.725017548 0
Mar 18 13:29:38 standalone container-server[127050]: 172.20.0.100 - - [18/Mar/2026:13:29:38 +0000] "PUT /d1/991/AUTH_a2ec7dfe367e4f7f8d5274fe9500ceed/gnocchi.c51b4e20-17d3-4587-a17e-5670666cc502/1773360000.0_mean_300.0_v3" 201 - "PUT http://172.18.0.2:8080/d1/773/AUTH_a2ec7dfe367e4f7f8d5274fe9500ceed/gnocchi.c51b4e20-17d3-4587-a17e-5670666cc502/1773360000.0_mean_300.0_v3" "tx945ef6bd36e544d492835-0069baa8c2" "object-server 24" 0.0005 "-" 22 0
Mar 18 13:29:38 standalone object-server[127145]: 172.20.0.100 - - [18/Mar/2026:13:29:38 +0000] "PUT /d1/773/AUTH_a2ec7dfe367e4f7f8d5274fe9500ceed/gnocchi.c51b4e20-17d3-4587-a17e-5670666cc502/1773360000.0_mean_300.0_v3" 201 - "PUT http://172.18.0.2:8080/v1/AUTH_a2ec7dfe367e4f7f8d5274fe9500ceed/gnocchi.c51b4e20-17d3-4587-a17e-5670666cc502/1773360000.0_mean_300.0_v3" "tx945ef6bd36e544d492835-0069baa8c2" "proxy-server 12" 0.0096 "-" 24 0
Mar 18 13:29:38 standalone proxy-server[129074]: 172.18.0.2 172.18.0.100 18/Mar/2026/13/29/38 PUT /v1/AUTH_a2ec7dfe367e4f7f8d5274fe9500ceed/gnocchi.c51b4e20-17d3-4587-a17e-5670666cc502/1773360000.0_mean_300.0_v3 HTTP/1.0 201 - python-swiftclient-3.11.1 gAAAAABpuqhC4uRb... 16 - - tx945ef6bd36e544d492835-0069baa8c2 - 0.0137 - - 1773840578.726903200 1773840578.740637541 0
Mar 18 13:29:38 standalone container-server[127057]: 172.20.0.100 - - [18/Mar/2026:13:29:38 +0000] "PUT /d1/991/AUTH_a2ec7dfe367e4f7f8d5274fe9500ceed/gnocchi.c51b4e20-17d3-4587-a17e-5670666cc502/none_v3" 201 - "PUT http://172.18.0.2:8080/d1/290/AUTH_a2ec7dfe367e4f7f8d5274fe9500ceed/gnocchi.c51b4e20-17d3-4587-a17e-5670666cc502/none_v3" "tx5ea1c60cad5747a090ef6-0069baa8c2" "object-server 24" 0.0007 "-" 23 0
Mar 18 13:29:38 standalone object-server[127145]: 172.20.0.100 - - [18/Mar/2026:13:29:38 +0000] "PUT /d1/290/AUTH_a2ec7dfe367e4f7f8d5274fe9500ceed/gnocchi.c51b4e20-17d3-4587-a17e-5670666cc502/none_v3" 201 - "PUT http://172.18.0.2:8080/v1/AUTH_a2ec7dfe367e4f7f8d5274fe9500ceed/gnocchi.c51b4e20-17d3-4587-a17e-5670666cc502/none_v3" "tx5ea1c60cad5747a090ef6-0069baa8c2" "proxy-server 12" 0.0092 "-" 24 0
Mar 18 13:29:38 standalone proxy-server[129074]: 172.18.0.2 172.18.0.100 18/Mar/2026/13/29/38 PUT /v1/AUTH_a2ec7dfe367e4f7f8d5274fe9500ceed/gnocchi.c51b4e20-17d3-4587-a17e-5670666cc502/none_v3 HTTP/1.0 201 - python-swiftclient-3.11.1 gAAAAABpuqhC4uRb... 32 - - tx5ea1c60cad5747a090ef6-0069baa8c2 - 0.0129 - - 1773840578.742698431 1773840578.755619287 0
Mar 18 13:29:38 standalone object-server[127147]: 172.20.0.100 - - [18/Mar/2026:13:29:38 +0000] "GET /d1/168/AUTH_a2ec7dfe367e4f7f8d5274fe9500ceed/gnocchi.f0e4cd27-d994-43d7-9710-22664e6501bc/none_v3" 200 22 "GET http://172.18.0.2:8080/v1/AUTH_a2ec7dfe367e4f7f8d5274fe9500ceed/gnocchi.f0e4cd27-d994-43d7-9710-22664e6501bc/none_v3" "txbd115b90adad461fac28e-0069baa8c2" "proxy-server 12" 0.0008 "-" 25 0
Mar 18 13:29:38 standalone proxy-server[129074]: 172.18.0.2 172.18.0.100 18/Mar/2026/13/29/38 GET /v1/AUTH_a2ec7dfe367e4f7f8d5274fe9500ceed/gnocchi.f0e4cd27-d994-43d7-9710-22664e6501bc/none_v3 HTTP/1.0 200 - python-swiftclient-3.11.1 gAAAAABpuqhC4uRb... - 22 - txbd115b90adad461fac28e-0069baa8c2 - 0.0053 - - 1773840578.762421608 1773840578.767686129 0
Mar 18 13:29:38 standalone container-server[127050]: 172.20.0.100 - - [18/Mar/2026:13:29:38 +0000] "GET /d1/893/AUTH_a2ec7dfe367e4f7f8d5274fe9500ceed/gnocchi.f0e4cd27-d994-43d7-9710-22664e6501bc" 200 357 "GET http://172.18.0.2:8080/v1/AUTH_a2ec7dfe367e4f7f8d5274fe9500ceed/gnocchi.f0e4cd27-d994-43d7-9710-22664e6501bc?format=json&states=listing" "txc8b8e91fde5042cbbdbf4-0069baa8c2" "proxy-server 12" 0.0074 "-" 22 0
Mar 18 13:29:38 standalone proxy-server[129074]: 172.18.0.2 172.18.0.100 18/Mar/2026/13/29/38 GET /v1/AUTH_a2ec7dfe367e4f7f8d5274fe9500ceed/gnocchi.f0e4cd27-d994-43d7-9710-22664e6501bc%3Fformat%3Djson%26states%3Dlisting HTTP/1.0 200 - python-swiftclient-3.11.1 gAAAAABpuqhC4uRb... - 357 - txc8b8e91fde5042cbbdbf4-0069baa8c2 - 0.0117 - - 1773840578.769773722 1773840578.781510353 0
Mar 18 13:29:38 standalone container-server[127050]: 172.20.0.100 - - [18/Mar/2026:13:29:38 +0000] "GET /d1/893/AUTH_a2ec7dfe367e4f7f8d5274fe9500ceed/gnocchi.f0e4cd27-d994-43d7-9710-22664e6501bc" 200 2 "GET http://172.18.0.2:8080/v1/AUTH_a2ec7dfe367e4f7f8d5274fe9500ceed/gnocchi.f0e4cd27-d994-43d7-9710-22664e6501bc?format=json&marker=none_v3&states=listing" "tx0747f6fcf38246a1ad88b-0069baa8c2" "proxy-server 12" 0.0014 "-" 22 0
Mar 18 13:29:38 standalone proxy-server[129074]: 172.18.0.2 172.18.0.100 18/Mar/2026/13/29/38 GET /v1/AUTH_a2ec7dfe367e4f7f8d5274fe9500ceed/gnocchi.f0e4cd27-d994-43d7-9710-22664e6501bc%3Fformat%3Djson%26marker%3Dnone_v3%26states%3Dlisting HTTP/1.0 200 - python-swiftclient-3.11.1 gAAAAABpuqhC4uRb... - 2 - tx0747f6fcf38246a1ad88b-0069baa8c2 - 0.0050 - - 1773840578.783125877 1773840578.788155556 0
Mar 18 13:29:38 standalone object-server[127141]: 172.20.0.100 - - [18/Mar/2026:13:29:38 +0000] "GET /d1/982/AUTH_a2ec7dfe367e4f7f8d5274fe9500ceed/gnocchi.f0e4cd27-d994-43d7-9710-22664e6501bc/1773360000.0_mean_300.0_v3" 200 16 "GET http://172.18.0.2:8080/v1/AUTH_a2ec7dfe367e4f7f8d5274fe9500ceed/gnocchi.f0e4cd27-d994-43d7-9710-22664e6501bc/1773360000.0_mean_300.0_v3" "txeb3ef46762e7448792f3d-0069baa8c2" "proxy-server 12" 0.0011 "-" 22 0
Mar 18 13:29:38 standalone proxy-server[129074]: 172.18.0.2 172.18.0.100 18/Mar/2026/13/29/38 GET /v1/AUTH_a2ec7dfe367e4f7f8d5274fe9500ceed/gnocchi.f0e4cd27-d994-43d7-9710-22664e6501bc/1773360000.0_mean_300.0_v3 HTTP/1.0 200 - python-swiftclient-3.11.1 gAAAAABpuqhC4uRb... - 16 - txeb3ef46762e7448792f3d-0069baa8c2 - 0.0064 - - 1773840578.790256500 1773840578.796700716 0
Mar 18 13:29:38 standalone container-server[127050]: 172.20.0.100 - - [18/Mar/2026:13:29:38 +0000] "PUT /d1/893/AUTH_a2ec7dfe367e4f7f8d5274fe9500ceed/gnocchi.f0e4cd27-d994-43d7-9710-22664e6501bc/1773360000.0_mean_300.0_v3" 201 - "PUT http://172.18.0.2:8080/d1/982/AUTH_a2ec7dfe367e4f7f8d5274fe9500ceed/gnocchi.f0e4cd27-d994-43d7-9710-22664e6501bc/1773360000.0_mean_300.0_v3" "tx39651d426683473e9f214-0069baa8c2" "object-server 22" 0.0003 "-" 22 0
Mar 18 13:29:38 standalone object-server[127141]: 172.20.0.100 - - [18/Mar/2026:13:29:38 +0000] "PUT /d1/982/AUTH_a2ec7dfe367e4f7f8d5274fe9500ceed/gnocchi.f0e4cd27-d994-43d7-9710-22664e6501bc/1773360000.0_mean_300.0_v3" 201 - "PUT http://172.18.0.2:8080/v1/AUTH_a2ec7dfe367e4f7f8d5274fe9500ceed/gnocchi.f0e4cd27-d994-43d7-9710-22664e6501bc/1773360000.0_mean_300.0_v3" "tx39651d426683473e9f214-0069baa8c2" "proxy-server 12" 0.0085 "-" 22 0
Mar 18 13:29:38 standalone proxy-server[129074]: 172.18.0.2 172.18.0.100 18/Mar/2026/13/29/38 PUT /v1/AUTH_a2ec7dfe367e4f7f8d5274fe9500ceed/gnocchi.f0e4cd27-d994-43d7-9710-22664e6501bc/1773360000.0_mean_300.0_v3 HTTP/1.0 201 - python-swiftclient-3.11.1 gAAAAABpuqhC4uRb... 16 - - tx39651d426683473e9f214-0069baa8c2 - 0.0138 - - 1773840578.798679113 1773840578.812499046 0
Mar 18 13:29:38 standalone container-server[127031]: 172.20.0.100 - - [18/Mar/2026:13:29:38 +0000] "PUT /d1/893/AUTH_a2ec7dfe367e4f7f8d5274fe9500ceed/gnocchi.f0e4cd27-d994-43d7-9710-22664e6501bc/none_v3" 201 - "PUT http://172.18.0.2:8080/d1/168/AUTH_a2ec7dfe367e4f7f8d5274fe9500ceed/gnocchi.f0e4cd27-d994-43d7-9710-22664e6501bc/none_v3" "tx051f564268964ba3a3797-0069baa8c2" "object-server 23" 0.0004 "-" 21 0
Mar 18 13:29:38 standalone object-server[127143]: 172.20.0.100 - - [18/Mar/2026:13:29:38 +0000] "PUT /d1/168/AUTH_a2ec7dfe367e4f7f8d5274fe9500ceed/gnocchi.f0e4cd27-d994-43d7-9710-22664e6501bc/none_v3" 201 - "PUT http://172.18.0.2:8080/v1/AUTH_a2ec7dfe367e4f7f8d5274fe9500ceed/gnocchi.f0e4cd27-d994-43d7-9710-22664e6501bc/none_v3" "tx051f564268964ba3a3797-0069baa8c2" "proxy-server 12" 0.0096 "-" 23 0
Mar 18 13:29:38 standalone proxy-server[129074]: 172.18.0.2 172.18.0.100 18/Mar/2026/13/29/38 PUT /v1/AUTH_a2ec7dfe367e4f7f8d5274fe9500ceed/gnocchi.f0e4cd27-d994-43d7-9710-22664e6501bc/none_v3 HTTP/1.0 201 - python-swiftclient-3.11.1 gAAAAABpuqhC4uRb... 32 - - tx051f564268964ba3a3797-0069baa8c2 - 0.0141 - - 1773840578.814791203 1773840578.828924417 0
Mar 18 13:29:38 standalone object-server[127143]: 172.20.0.100 - - [18/Mar/2026:13:29:38 +0000] "GET /d1/687/AUTH_a2ec7dfe367e4f7f8d5274fe9500ceed/gnocchi.15814770-ad6e-4b3f-9862-bae7af294714/none_v3" 200 22 "GET http://172.18.0.2:8080/v1/AUTH_a2ec7dfe367e4f7f8d5274fe9500ceed/gnocchi.15814770-ad6e-4b3f-9862-bae7af294714/none_v3" "tx2e8fd42aeda84808bbfaf-0069baa8c2" "proxy-server 12" 0.0009 "-" 23 0
Mar 18 13:29:38 standalone proxy-server[129074]: 172.18.0.2 172.18.0.100 18/Mar/2026/13/29/38 GET /v1/AUTH_a2ec7dfe367e4f7f8d5274fe9500ceed/gnocchi.15814770-ad6e-4b3f-9862-bae7af294714/none_v3 HTTP/1.0 200 - python-swiftclient-3.11.1 gAAAAABpuqhC4uRb... - 22 - tx2e8fd42aeda84808bbfaf-0069baa8c2 - 0.0127 - - 1773840578.836219072 1773840578.848963499 0
Mar 18 13:29:38 standalone container-server[127031]: 172.20.0.100 - - [18/Mar/2026:13:29:38 +0000] "GET /d1/705/AUTH_a2ec7dfe367e4f7f8d5274fe9500ceed/gnocchi.15814770-ad6e-4b3f-9862-bae7af294714" 200 357 "GET http://172.18.0.2:8080/v1/AUTH_a2ec7dfe367e4f7f8d5274fe9500ceed/gnocchi.15814770-ad6e-4b3f-9862-bae7af294714?format=json&states=listing" "tx46e23ff40c774f4389a62-0069baa8c2" "proxy-server 12" 0.0090 "-" 21 0
Mar 18 13:29:38 standalone proxy-server[129074]: 172.18.0.2 172.18.0.100 18/Mar/2026/13/29/38 GET /v1/AUTH_a2ec7dfe367e4f7f8d5274fe9500ceed/gnocchi.15814770-ad6e-4b3f-9862-bae7af294714%3Fformat%3Djson%26states%3Dlisting HTTP/1.0 200 - python-swiftclient-3.11.1 gAAAAABpuqhC4uRb... - 357 - tx46e23ff40c774f4389a62-0069baa8c2 - 0.0187 - - 1773840578.852480650 1773840578.871198177 0
Mar 18 13:29:38 standalone container-server[127031]: 172.20.0.100 - - [18/Mar/2026:13:29:38 +0000] "GET /d1/705/AUTH_a2ec7dfe367e4f7f8d5274fe9500ceed/gnocchi.15814770-ad6e-4b3f-9862-bae7af294714" 200 2 "GET http://172.18.0.2:8080/v1/AUTH_a2ec7dfe367e4f7f8d5274fe9500ceed/gnocchi.15814770-ad6e-4b3f-9862-bae7af294714?format=json&marker=none_v3&states=listing" "tx2bbbf9f7ddb74870b452f-0069baa8c2" "proxy-server 12" 0.0044 "-" 21 0
Mar 18 13:29:38 standalone proxy-server[129074]: 172.18.0.2 172.18.0.100 18/Mar/2026/13/29/38 GET /v1/AUTH_a2ec7dfe367e4f7f8d5274fe9500ceed/gnocchi.15814770-ad6e-4b3f-9862-bae7af294714%3Fformat%3Djson%26marker%3Dnone_v3%26states%3Dlisting HTTP/1.0 200 - python-swiftclient-3.11.1 gAAAAABpuqhC4uRb... - 2 - tx2bbbf9f7ddb74870b452f-0069baa8c2 - 0.0142 - - 1773840578.874306679 1773840578.888547182 0
Mar 18 13:29:38 standalone object-server[127145]: 172.20.0.100 - - [18/Mar/2026:13:29:38 +0000] "GET /d1/813/AUTH_a2ec7dfe367e4f7f8d5274fe9500ceed/gnocchi.15814770-ad6e-4b3f-9862-bae7af294714/1773360000.0_mean_300.0_v3" 200 16 "GET http://172.18.0.2:8080/v1/AUTH_a2ec7dfe367e4f7f8d5274fe9500ceed/gnocchi.15814770-ad6e-4b3f-9862-bae7af294714/1773360000.0_mean_300.0_v3" "tx5ba7b6a67b0748b0a7aeb-0069baa8c2" "proxy-server 12" 0.0014 "-" 24 0
Mar 18 13:29:38 standalone proxy-server[129074]: 172.18.0.2 172.18.0.100 18/Mar/2026/13/29/38 GET /v1/AUTH_a2ec7dfe367e4f7f8d5274fe9500ceed/gnocchi.15814770-ad6e-4b3f-9862-bae7af294714/1773360000.0_mean_300.0_v3 HTTP/1.0 200 - python-swiftclient-3.11.1 gAAAAABpuqhC4uRb... - 16 - tx5ba7b6a67b0748b0a7aeb-0069baa8c2 - 0.0081 - - 1773840578.891924620 1773840578.900072813 0
Mar 18 13:29:38 standalone container-server[127031]: 172.20.0.100 - - [18/Mar/2026:13:29:38 +0000] "PUT /d1/705/AUTH_a2ec7dfe367e4f7f8d5274fe9500ceed/gnocchi.15814770-ad6e-4b3f-9862-bae7af294714/1773360000.0_mean_300.0_v3" 201 - "PUT http://172.18.0.2:8080/d1/813/AUTH_a2ec7dfe367e4f7f8d5274fe9500ceed/gnocchi.15814770-ad6e-4b3f-9862-bae7af294714/1773360000.0_mean_300.0_v3" "tx0c1c1d3e035b41c3b1e05-0069baa8c2" "object-server 25" 0.0006 "-" 21 0
Mar 18 13:29:38 standalone object-server[127147]: 172.20.0.100 - - [18/Mar/2026:13:29:38 +0000] "PUT /d1/813/AUTH_a2ec7dfe367e4f7f8d5274fe9500ceed/gnocchi.15814770-ad6e-4b3f-9862-bae7af294714/1773360000.0_mean_300.0_v3" 201 - "PUT http://172.18.0.2:8080/v1/AUTH_a2ec7dfe367e4f7f8d5274fe9500ceed/gnocchi.15814770-ad6e-4b3f-9862-bae7af294714/1773360000.0_mean_300.0_v3" "tx0c1c1d3e035b41c3b1e05-0069baa8c2" "proxy-server 12" 0.0323 "-" 25 0
Mar 18 13:29:38 standalone proxy-server[129074]: 172.18.0.2 172.18.0.100 18/Mar/2026/13/29/38 PUT /v1/AUTH_a2ec7dfe367e4f7f8d5274fe9500ceed/gnocchi.15814770-ad6e-4b3f-9862-bae7af294714/1773360000.0_mean_300.0_v3 HTTP/1.0 201 - python-swiftclient-3.11.1 gAAAAABpuqhC4uRb... 16 - - tx0c1c1d3e035b41c3b1e05-0069baa8c2 - 0.0396 - - 1773840578.902747154 1773840578.942342281 0
Mar 18 13:29:38 standalone container-server[127031]: 172.20.0.100 - - [18/Mar/2026:13:29:38 +0000] "PUT /d1/705/AUTH_a2ec7dfe367e4f7f8d5274fe9500ceed/gnocchi.15814770-ad6e-4b3f-9862-bae7af294714/none_v3" 201 - "PUT http://172.18.0.2:8080/d1/687/AUTH_a2ec7dfe367e4f7f8d5274fe9500ceed/gnocchi.15814770-ad6e-4b3f-9862-bae7af294714/none_v3" "tx10ee84f0763047c79ae48-0069baa8c2" "object-server 25" 0.0006 "-" 21 0
Mar 18 13:29:38 standalone object-server[127147]: 172.20.0.100 - - [18/Mar/2026:13:29:38 +0000] "PUT /d1/687/AUTH_a2ec7dfe367e4f7f8d5274fe9500ceed/gnocchi.15814770-ad6e-4b3f-9862-bae7af294714/none_v3" 201 - "PUT http://172.18.0.2:8080/v1/AUTH_a2ec7dfe367e4f7f8d5274fe9500ceed/gnocchi.15814770-ad6e-4b3f-9862-bae7af294714/none_v3" "tx10ee84f0763047c79ae48-0069baa8c2" "proxy-server 12" 0.0128 "-" 25 0
Mar 18 13:29:38 standalone proxy-server[129074]: 172.18.0.2 172.18.0.100 18/Mar/2026/13/29/38 PUT /v1/AUTH_a2ec7dfe367e4f7f8d5274fe9500ceed/gnocchi.15814770-ad6e-4b3f-9862-bae7af294714/none_v3 HTTP/1.0 201 - python-swiftclient-3.11.1 gAAAAABpuqhC4uRb... 32 - - tx10ee84f0763047c79ae48-0069baa8c2 - 0.0196 - - 1773840578.946421862 1773840578.966007471 0
Mar 18 13:29:41 standalone container-server[127050]: 172.20.0.100 - - [18/Mar/2026:13:29:41 +0000] "HEAD /d1/980/AUTH_a2ec7dfe367e4f7f8d5274fe9500ceed/gnocchi.e09984e7-b738-4803-a913-202b2e5e0d2d" 404 - "HEAD http://172.18.0.2:8080/v1/AUTH_a2ec7dfe367e4f7f8d5274fe9500ceed/gnocchi.e09984e7-b738-4803-a913-202b2e5e0d2d?format=json&states=listing" "tx4edaa8914d024a4aa16b5-0069baa8c5" "proxy-server 12" 0.0004 "-" 22 0
Mar 18 13:29:41 standalone object-server[127145]: 172.20.0.100 - - [18/Mar/2026:13:29:41 +0000] "GET /d1/125/AUTH_a2ec7dfe367e4f7f8d5274fe9500ceed/gnocchi.e09984e7-b738-4803-a913-202b2e5e0d2d/none_v3" 404 70 "GET http://172.18.0.2:8080/v1/AUTH_a2ec7dfe367e4f7f8d5274fe9500ceed/gnocchi.e09984e7-b738-4803-a913-202b2e5e0d2d/none_v3" "tx4edaa8914d024a4aa16b5-0069baa8c5" "proxy-server 12" 0.0008 "-" 24 0
Mar 18 13:29:41 standalone proxy-server[129074]: 172.18.0.2 172.18.0.100 18/Mar/2026/13/29/41 GET /v1/AUTH_a2ec7dfe367e4f7f8d5274fe9500ceed/gnocchi.e09984e7-b738-4803-a913-202b2e5e0d2d/none_v3 HTTP/1.0 404 - python-swiftclient-3.11.1 gAAAAABpuqhC4uRb... - 70 - tx4edaa8914d024a4aa16b5-0069baa8c5 - 0.0139 - - 1773840581.941826344 1773840581.955703974 0
Mar 18 13:29:41 standalone account-server[126729]: 172.20.0.100 - - [18/Mar/2026:13:29:41 +0000] "PUT /d1/502/AUTH_a2ec7dfe367e4f7f8d5274fe9500ceed/gnocchi.e09984e7-b738-4803-a913-202b2e5e0d2d" 201 - "PUT http://172.20.0.100:6001/d1/980/AUTH_a2ec7dfe367e4f7f8d5274fe9500ceed/gnocchi.e09984e7-b738-4803-a913-202b2e5e0d2d" "txdd5a7e12dfd74e31ae071-0069baa8c5" "container-server 20" 0.0020 "-" 21 0
Mar 18 13:29:41 standalone container-server[127022]: 172.20.0.100 - - [18/Mar/2026:13:29:41 +0000] "PUT /d1/980/AUTH_a2ec7dfe367e4f7f8d5274fe9500ceed/gnocchi.e09984e7-b738-4803-a913-202b2e5e0d2d" 201 - "PUT http://172.18.0.2:8080/v1/AUTH_a2ec7dfe367e4f7f8d5274fe9500ceed/gnocchi.e09984e7-b738-4803-a913-202b2e5e0d2d" "txdd5a7e12dfd74e31ae071-0069baa8c5" "proxy-server 12" 0.0131 "-" 20 0
Mar 18 13:29:41 standalone proxy-server[129074]: 172.18.0.2 172.18.0.100 18/Mar/2026/13/29/41 PUT /v1/AUTH_a2ec7dfe367e4f7f8d5274fe9500ceed/gnocchi.e09984e7-b738-4803-a913-202b2e5e0d2d HTTP/1.0 201 - python-swiftclient-3.11.1 gAAAAABpuqhC4uRb... - - - txdd5a7e12dfd74e31ae071-0069baa8c5 - 0.0199 - - 1773840581.960405827 1773840581.980342388 0
Mar 18 13:29:41 standalone container-server[127050]: 172.20.0.100 - - [18/Mar/2026:13:29:41 +0000] "HEAD /d1/980/AUTH_a2ec7dfe367e4f7f8d5274fe9500ceed/gnocchi.e09984e7-b738-4803-a913-202b2e5e0d2d" 204 - "HEAD http://172.18.0.2:8080/v1/AUTH_a2ec7dfe367e4f7f8d5274fe9500ceed/gnocchi.e09984e7-b738-4803-a913-202b2e5e0d2d?format=json&states=listing" "tx8cea950e12e4499f9c56d-0069baa8c5" "proxy-server 12" 0.0011 "-" 22 0
Mar 18 13:29:41 standalone proxy-server[129074]: - - 18/Mar/2026/13/29/41 HEAD /v1/AUTH_a2ec7dfe367e4f7f8d5274fe9500ceed/gnocchi.e09984e7-b738-4803-a913-202b2e5e0d2d%3Fformat%3Djson%26states%3Dlisting HTTP/1.0 204 - Swift - - - - tx8cea950e12e4499f9c56d-0069baa8c5 - 0.0050 RL - 1773840581.985828400 1773840581.990849972 0
Mar 18 13:29:41 standalone container-server[127050]: 172.20.0.100 - - [18/Mar/2026:13:29:41 +0000] "GET /d1/980/AUTH_a2ec7dfe367e4f7f8d5274fe9500ceed/gnocchi.e09984e7-b738-4803-a913-202b2e5e0d2d" 200 2 "GET http://172.18.0.2:8080/v1/AUTH_a2ec7dfe367e4f7f8d5274fe9500ceed/gnocchi.e09984e7-b738-4803-a913-202b2e5e0d2d?format=json&states=listing" "tx8cea950e12e4499f9c56d-0069baa8c5" "proxy-server 12" 0.0014 "-" 22 0
Mar 18 13:29:41 standalone proxy-server[129074]: 172.18.0.2 172.18.0.100 18/Mar/2026/13/29/41 GET /v1/AUTH_a2ec7dfe367e4f7f8d5274fe9500ceed/gnocchi.e09984e7-b738-4803-a913-202b2e5e0d2d%3Fformat%3Djson%26states%3Dlisting HTTP/1.0 200 - python-swiftclient-3.11.1 gAAAAABpuqhC4uRb... - 2 - tx8cea950e12e4499f9c56d-0069baa8c5 - 0.0151 - - 1773840581.984155655 1773840581.999290943 0
Mar 18 13:29:42 standalone object-server[127143]: 172.20.0.100 - - [18/Mar/2026:13:29:42 +0000] "GET /d1/487/AUTH_a2ec7dfe367e4f7f8d5274fe9500ceed/gnocchi.e09984e7-b738-4803-a913-202b2e5e0d2d/1773360000.0_mean_300.0_v3" 404 70 "GET http://172.18.0.2:8080/v1/AUTH_a2ec7dfe367e4f7f8d5274fe9500ceed/gnocchi.e09984e7-b738-4803-a913-202b2e5e0d2d/1773360000.0_mean_300.0_v3" "txfb242ba2686149eab1a4e-0069baa8c6" "proxy-server 12" 0.0004 "-" 23 0
Mar 18 13:29:42 standalone proxy-server[129074]: 172.18.0.2 172.18.0.100 18/Mar/2026/13/29/42 GET /v1/AUTH_a2ec7dfe367e4f7f8d5274fe9500ceed/gnocchi.e09984e7-b738-4803-a913-202b2e5e0d2d/1773360000.0_mean_300.0_v3 HTTP/1.0 404 - python-swiftclient-3.11.1 gAAAAABpuqhC4uRb... - 70 - txfb242ba2686149eab1a4e-0069baa8c6 - 0.0082 - - 1773840582.003684044 1773840582.011910200 0
Mar 18 13:29:42 standalone container-server[127057]: 172.20.0.100 - - [18/Mar/2026:13:29:42 +0000] "PUT /d1/980/AUTH_a2ec7dfe367e4f7f8d5274fe9500ceed/gnocchi.e09984e7-b738-4803-a913-202b2e5e0d2d/1773360000.0_mean_300.0_v3" 201 - "PUT http://172.18.0.2:8080/d1/487/AUTH_a2ec7dfe367e4f7f8d5274fe9500ceed/gnocchi.e09984e7-b738-4803-a913-202b2e5e0d2d/1773360000.0_mean_300.0_v3" "txd925a8df8ea24a2fa1e7c-0069baa8c6" "object-server 22" 0.0022 "-" 23 0
Mar 18 13:29:42 standalone object-server[127141]: 172.20.0.100 - - [18/Mar/2026:13:29:42 +0000] "PUT /d1/487/AUTH_a2ec7dfe367e4f7f8d5274fe9500ceed/gnocchi.e09984e7-b738-4803-a913-202b2e5e0d2d/1773360000.0_mean_300.0_v3" 201 - "PUT http://172.18.0.2:8080/v1/AUTH_a2ec7dfe367e4f7f8d5274fe9500ceed/gnocchi.e09984e7-b738-4803-a913-202b2e5e0d2d/1773360000.0_mean_300.0_v3" "txd925a8df8ea24a2fa1e7c-0069baa8c6" "proxy-server 12" 0.0189 "-" 22 0
Mar 18 13:29:42 standalone proxy-server[129074]: 172.18.0.2 172.18.0.100 18/Mar/2026/13/29/42 PUT /v1/AUTH_a2ec7dfe367e4f7f8d5274fe9500ceed/gnocchi.e09984e7-b738-4803-a913-202b2e5e0d2d/1773360000.0_mean_300.0_v3 HTTP/1.0 201 - python-swiftclient-3.11.1 gAAAAABpuqhC4uRb... 16 - - txd925a8df8ea24a2fa1e7c-0069baa8c6 - 0.0309 - - 1773840582.014944553 1773840582.045848846 0
