Mar 18 13:28:42 standalone container-server[127050]: 172.20.0.100 - - [18/Mar/2026:13:28:42 +0000] "PUT /d1/705/AUTH_a2ec7dfe367e4f7f8d5274fe9500ceed/gnocchi.15814770-ad6e-4b3f-9862-bae7af294714/none_v3" 201 - "PUT http://172.18.0.2:8080/d1/687/AUTH_a2ec7dfe367e4f7f8d5274fe9500ceed/gnocchi.15814770-ad6e-4b3f-9862-bae7af294714/none_v3" "tx5a412cd082b54900bd338-0069baa88a" "object-server 22" 0.0009 "-" 22 0
Mar 18 13:28:42 standalone object-server[127141]: 172.20.0.100 - - [18/Mar/2026:13:28:42 +0000] "PUT /d1/687/AUTH_a2ec7dfe367e4f7f8d5274fe9500ceed/gnocchi.15814770-ad6e-4b3f-9862-bae7af294714/none_v3" 201 - "PUT http://172.18.0.2:8080/v1/AUTH_a2ec7dfe367e4f7f8d5274fe9500ceed/gnocchi.15814770-ad6e-4b3f-9862-bae7af294714/none_v3" "tx5a412cd082b54900bd338-0069baa88a" "proxy-server 12" 0.0133 "-" 22 0
Mar 18 13:28:42 standalone proxy-server[129074]: 172.18.0.2 172.18.0.100 18/Mar/2026/13/28/42 PUT /v1/AUTH_a2ec7dfe367e4f7f8d5274fe9500ceed/gnocchi.15814770-ad6e-4b3f-9862-bae7af294714/none_v3 HTTP/1.0 201 - python-swiftclient-3.11.1 gAAAAABpuqhC4uRb... 22 - - tx5a412cd082b54900bd338-0069baa88a - 0.0213 - - 1773840522.956218958 1773840522.977479935 0
Mar 18 13:28:43 standalone container-server[127022]: 172.20.0.100 - - [18/Mar/2026:13:28:43 +0000] "HEAD /d1/782/AUTH_a2ec7dfe367e4f7f8d5274fe9500ceed/gnocchi.dcfbb34f-821b-4065-8263-808c2fbf7a84" 404 - "HEAD http://172.18.0.2:8080/v1/AUTH_a2ec7dfe367e4f7f8d5274fe9500ceed/gnocchi.dcfbb34f-821b-4065-8263-808c2fbf7a84?format=json&states=listing" "txdb656441302544538f0f0-0069baa88a" "proxy-server 12" 0.0007 "-" 20 0
Mar 18 13:28:43 standalone object-server[127141]: 172.20.0.100 - - [18/Mar/2026:13:28:43 +0000] "GET /d1/294/AUTH_a2ec7dfe367e4f7f8d5274fe9500ceed/gnocchi.dcfbb34f-821b-4065-8263-808c2fbf7a84/none_v3" 404 70 "GET http://172.18.0.2:8080/v1/AUTH_a2ec7dfe367e4f7f8d5274fe9500ceed/gnocchi.dcfbb34f-821b-4065-8263-808c2fbf7a84/none_v3" "txdb656441302544538f0f0-0069baa88a" "proxy-server 12" 0.0007 "-" 22 0
Mar 18 13:28:43 standalone proxy-server[129074]: 172.18.0.2 172.18.0.100 18/Mar/2026/13/28/43 GET /v1/AUTH_a2ec7dfe367e4f7f8d5274fe9500ceed/gnocchi.dcfbb34f-821b-4065-8263-808c2fbf7a84/none_v3 HTTP/1.0 404 - python-swiftclient-3.11.1 gAAAAABpuqhC4uRb... - 70 - txdb656441302544538f0f0-0069baa88a - 0.0256 - - 1773840522.995298147 1773840523.020881176 0
Mar 18 13:28:43 standalone account-server[126729]: 172.20.0.100 - - [18/Mar/2026:13:28:43 +0000] "PUT /d1/502/AUTH_a2ec7dfe367e4f7f8d5274fe9500ceed/gnocchi.dcfbb34f-821b-4065-8263-808c2fbf7a84" 201 - "PUT http://172.20.0.100:6001/d1/782/AUTH_a2ec7dfe367e4f7f8d5274fe9500ceed/gnocchi.dcfbb34f-821b-4065-8263-808c2fbf7a84" "tx3d2e7fe21b284a28971b5-0069baa88b" "container-server 23" 0.0060 "-" 21 0
Mar 18 13:28:43 standalone container-server[127057]: 172.20.0.100 - - [18/Mar/2026:13:28:43 +0000] "PUT /d1/782/AUTH_a2ec7dfe367e4f7f8d5274fe9500ceed/gnocchi.dcfbb34f-821b-4065-8263-808c2fbf7a84" 201 - "PUT http://172.18.0.2:8080/v1/AUTH_a2ec7dfe367e4f7f8d5274fe9500ceed/gnocchi.dcfbb34f-821b-4065-8263-808c2fbf7a84" "tx3d2e7fe21b284a28971b5-0069baa88b" "proxy-server 12" 0.0321 "-" 23 0
Mar 18 13:28:43 standalone proxy-server[129074]: 172.18.0.2 172.18.0.100 18/Mar/2026/13/28/43 PUT /v1/AUTH_a2ec7dfe367e4f7f8d5274fe9500ceed/gnocchi.dcfbb34f-821b-4065-8263-808c2fbf7a84 HTTP/1.0 201 - python-swiftclient-3.11.1 gAAAAABpuqhC4uRb... - - - tx3d2e7fe21b284a28971b5-0069baa88b - 0.0433 - - 1773840523.027524233 1773840523.070844173 0
Mar 18 13:28:43 standalone container-server[127022]: 172.20.0.100 - - [18/Mar/2026:13:28:43 +0000] "HEAD /d1/782/AUTH_a2ec7dfe367e4f7f8d5274fe9500ceed/gnocchi.dcfbb34f-821b-4065-8263-808c2fbf7a84" 204 - "HEAD http://172.18.0.2:8080/v1/AUTH_a2ec7dfe367e4f7f8d5274fe9500ceed/gnocchi.dcfbb34f-821b-4065-8263-808c2fbf7a84?format=json&states=listing" "tx55f6a6ed6b7c4b3cb569d-0069baa88b" "proxy-server 12" 0.0031 "-" 20 0
Mar 18 13:28:43 standalone proxy-server[129074]: - - 18/Mar/2026/13/28/43 HEAD /v1/AUTH_a2ec7dfe367e4f7f8d5274fe9500ceed/gnocchi.dcfbb34f-821b-4065-8263-808c2fbf7a84%3Fformat%3Djson%26states%3Dlisting HTTP/1.0 204 - Swift - - - - tx55f6a6ed6b7c4b3cb569d-0069baa88b - 0.0131 RL - 1773840523.080327749 1773840523.093402863 0
Mar 18 13:28:43 standalone container-server[127057]: 172.20.0.100 - - [18/Mar/2026:13:28:43 +0000] "GET /d1/782/AUTH_a2ec7dfe367e4f7f8d5274fe9500ceed/gnocchi.dcfbb34f-821b-4065-8263-808c2fbf7a84" 200 2 "GET http://172.18.0.2:8080/v1/AUTH_a2ec7dfe367e4f7f8d5274fe9500ceed/gnocchi.dcfbb34f-821b-4065-8263-808c2fbf7a84?format=json&states=listing" "tx55f6a6ed6b7c4b3cb569d-0069baa88b" "proxy-server 12" 0.0024 "-" 23 0
Mar 18 13:28:43 standalone proxy-server[129074]: 172.18.0.2 172.18.0.100 18/Mar/2026/13/28/43 GET /v1/AUTH_a2ec7dfe367e4f7f8d5274fe9500ceed/gnocchi.dcfbb34f-821b-4065-8263-808c2fbf7a84%3Fformat%3Djson%26states%3Dlisting HTTP/1.0 200 - python-swiftclient-3.11.1 gAAAAABpuqhC4uRb... - 2 - tx55f6a6ed6b7c4b3cb569d-0069baa88b - 0.0264 - - 1773840523.078703403 1773840523.105058193 0
Mar 18 13:28:43 standalone object-server[127143]: 172.20.0.100 - - [18/Mar/2026:13:28:43 +0000] "GET /d1/957/AUTH_a2ec7dfe367e4f7f8d5274fe9500ceed/gnocchi.dcfbb34f-821b-4065-8263-808c2fbf7a84/1773360000.0_mean_300.0_v3" 404 70 "GET http://172.18.0.2:8080/v1/AUTH_a2ec7dfe367e4f7f8d5274fe9500ceed/gnocchi.dcfbb34f-821b-4065-8263-808c2fbf7a84/1773360000.0_mean_300.0_v3" "tx9034bc0c53114140b1246-0069baa88b" "proxy-server 12" 0.0006 "-" 23 0
Mar 18 13:28:43 standalone proxy-server[129074]: 172.18.0.2 172.18.0.100 18/Mar/2026/13/28/43 GET /v1/AUTH_a2ec7dfe367e4f7f8d5274fe9500ceed/gnocchi.dcfbb34f-821b-4065-8263-808c2fbf7a84/1773360000.0_mean_300.0_v3 HTTP/1.0 404 - python-swiftclient-3.11.1 gAAAAABpuqhC4uRb... - 70 - tx9034bc0c53114140b1246-0069baa88b - 0.0067 - - 1773840523.111987114 1773840523.118717909 0
Mar 18 13:28:43 standalone container-server[127057]: 172.20.0.100 - - [18/Mar/2026:13:28:43 +0000] "PUT /d1/782/AUTH_a2ec7dfe367e4f7f8d5274fe9500ceed/gnocchi.dcfbb34f-821b-4065-8263-808c2fbf7a84/1773360000.0_mean_300.0_v3" 201 - "PUT http://172.18.0.2:8080/d1/957/AUTH_a2ec7dfe367e4f7f8d5274fe9500ceed/gnocchi.dcfbb34f-821b-4065-8263-808c2fbf7a84/1773360000.0_mean_300.0_v3" "tx57c53e23e10544a498e0b-0069baa88b" "object-server 23" 0.0006 "-" 23 0
Mar 18 13:28:43 standalone object-server[127143]: 172.20.0.100 - - [18/Mar/2026:13:28:43 +0000] "PUT /d1/957/AUTH_a2ec7dfe367e4f7f8d5274fe9500ceed/gnocchi.dcfbb34f-821b-4065-8263-808c2fbf7a84/1773360000.0_mean_300.0_v3" 201 - "PUT http://172.18.0.2:8080/v1/AUTH_a2ec7dfe367e4f7f8d5274fe9500ceed/gnocchi.dcfbb34f-821b-4065-8263-808c2fbf7a84/1773360000.0_mean_300.0_v3" "tx57c53e23e10544a498e0b-0069baa88b" "proxy-server 12" 0.0104 "-" 23 0
Mar 18 13:28:43 standalone proxy-server[129074]: 172.18.0.2 172.18.0.100 18/Mar/2026/13/28/43 PUT /v1/AUTH_a2ec7dfe367e4f7f8d5274fe9500ceed/gnocchi.dcfbb34f-821b-4065-8263-808c2fbf7a84/1773360000.0_mean_300.0_v3 HTTP/1.0 201 - python-swiftclient-3.11.1 gAAAAABpuqhC4uRb... 16 - - tx57c53e23e10544a498e0b-0069baa88b - 0.0145 - - 1773840523.125185251 1773840523.139660358 0
Mar 18 13:28:43 standalone container-server[127057]: 172.20.0.100 - - [18/Mar/2026:13:28:43 +0000] "PUT /d1/782/AUTH_a2ec7dfe367e4f7f8d5274fe9500ceed/gnocchi.dcfbb34f-821b-4065-8263-808c2fbf7a84/none_v3" 201 - "PUT http://172.18.0.2:8080/d1/294/AUTH_a2ec7dfe367e4f7f8d5274fe9500ceed/gnocchi.dcfbb34f-821b-4065-8263-808c2fbf7a84/none_v3" "tx3ba7dbb630344764b95b5-0069baa88b" "object-server 22" 0.0006 "-" 23 0
Mar 18 13:28:43 standalone object-server[127141]: 172.20.0.100 - - [18/Mar/2026:13:28:43 +0000] "PUT /d1/294/AUTH_a2ec7dfe367e4f7f8d5274fe9500ceed/gnocchi.dcfbb34f-821b-4065-8263-808c2fbf7a84/none_v3" 201 - "PUT http://172.18.0.2:8080/v1/AUTH_a2ec7dfe367e4f7f8d5274fe9500ceed/gnocchi.dcfbb34f-821b-4065-8263-808c2fbf7a84/none_v3" "tx3ba7dbb630344764b95b5-0069baa88b" "proxy-server 12" 0.0099 "-" 22 0
Mar 18 13:28:43 standalone proxy-server[129074]: 172.18.0.2 172.18.0.100 18/Mar/2026/13/28/43 PUT /v1/AUTH_a2ec7dfe367e4f7f8d5274fe9500ceed/gnocchi.dcfbb34f-821b-4065-8263-808c2fbf7a84/none_v3 HTTP/1.0 201 - python-swiftclient-3.11.1 gAAAAABpuqhC4uRb... 22 - - tx3ba7dbb630344764b95b5-0069baa88b - 0.0148 - - 1773840523.144132853 1773840523.158910751 0
Mar 18 13:28:43 standalone container-server[127057]: 172.20.0.100 - - [18/Mar/2026:13:28:43 +0000] "HEAD /d1/45/AUTH_a2ec7dfe367e4f7f8d5274fe9500ceed/gnocchi.c342378b-7d5d-40cc-b6f0-867a41a77e95" 404 - "HEAD http://172.18.0.2:8080/v1/AUTH_a2ec7dfe367e4f7f8d5274fe9500ceed/gnocchi.c342378b-7d5d-40cc-b6f0-867a41a77e95?format=json&states=listing" "txda2e523613844aa188bce-0069baa88b" "proxy-server 12" 0.0006 "-" 23 0
Mar 18 13:28:43 standalone object-server[127141]: 172.20.0.100 - - [18/Mar/2026:13:28:43 +0000] "GET /d1/930/AUTH_a2ec7dfe367e4f7f8d5274fe9500ceed/gnocchi.c342378b-7d5d-40cc-b6f0-867a41a77e95/none_v3" 404 70 "GET http://172.18.0.2:8080/v1/AUTH_a2ec7dfe367e4f7f8d5274fe9500ceed/gnocchi.c342378b-7d5d-40cc-b6f0-867a41a77e95/none_v3" "txda2e523613844aa188bce-0069baa88b" "proxy-server 12" 0.0004 "-" 22 0
Mar 18 13:28:43 standalone proxy-server[129074]: 172.18.0.2 172.18.0.100 18/Mar/2026/13/28/43 GET /v1/AUTH_a2ec7dfe367e4f7f8d5274fe9500ceed/gnocchi.c342378b-7d5d-40cc-b6f0-867a41a77e95/none_v3 HTTP/1.0 404 - python-swiftclient-3.11.1 gAAAAABpuqhC4uRb... - 70 - txda2e523613844aa188bce-0069baa88b - 0.0082 - - 1773840523.179246902 1773840523.187427759 0
Mar 18 13:28:43 standalone account-server[126721]: 172.20.0.100 - - [18/Mar/2026:13:28:43 +0000] "PUT /d1/502/AUTH_a2ec7dfe367e4f7f8d5274fe9500ceed/gnocchi.c342378b-7d5d-40cc-b6f0-867a41a77e95" 201 - "PUT http://172.20.0.100:6001/d1/45/AUTH_a2ec7dfe367e4f7f8d5274fe9500ceed/gnocchi.c342378b-7d5d-40cc-b6f0-867a41a77e95" "txeb9d44dbe3a24e3f9f522-0069baa88b" "container-server 21" 0.0065 "-" 19 0
Mar 18 13:28:43 standalone container-server[127031]: 172.20.0.100 - - [18/Mar/2026:13:28:43 +0000] "PUT /d1/45/AUTH_a2ec7dfe367e4f7f8d5274fe9500ceed/gnocchi.c342378b-7d5d-40cc-b6f0-867a41a77e95" 201 - "PUT http://172.18.0.2:8080/v1/AUTH_a2ec7dfe367e4f7f8d5274fe9500ceed/gnocchi.c342378b-7d5d-40cc-b6f0-867a41a77e95" "txeb9d44dbe3a24e3f9f522-0069baa88b" "proxy-server 12" 0.0198 "-" 21 0
Mar 18 13:28:43 standalone proxy-server[129074]: 172.18.0.2 172.18.0.100 18/Mar/2026/13/28/43 PUT /v1/AUTH_a2ec7dfe367e4f7f8d5274fe9500ceed/gnocchi.c342378b-7d5d-40cc-b6f0-867a41a77e95 HTTP/1.0 201 - python-swiftclient-3.11.1 gAAAAABpuqhC4uRb... - - - txeb9d44dbe3a24e3f9f522-0069baa88b - 0.0251 - - 1773840523.192468643 1773840523.217565536 0
Mar 18 13:28:43 standalone container-server[127050]: 172.20.0.100 - - [18/Mar/2026:13:28:43 +0000] "HEAD /d1/45/AUTH_a2ec7dfe367e4f7f8d5274fe9500ceed/gnocchi.c342378b-7d5d-40cc-b6f0-867a41a77e95" 204 - "HEAD http://172.18.0.2:8080/v1/AUTH_a2ec7dfe367e4f7f8d5274fe9500ceed/gnocchi.c342378b-7d5d-40cc-b6f0-867a41a77e95?format=json&states=listing" "tx62a91f8e16fa402b94884-0069baa88b" "proxy-server 12" 0.0015 "-" 22 0
Mar 18 13:28:43 standalone proxy-server[129074]: - - 18/Mar/2026/13/28/43 HEAD /v1/AUTH_a2ec7dfe367e4f7f8d5274fe9500ceed/gnocchi.c342378b-7d5d-40cc-b6f0-867a41a77e95%3Fformat%3Djson%26states%3Dlisting HTTP/1.0 204 - Swift - - - - tx62a91f8e16fa402b94884-0069baa88b - 0.0048 RL - 1773840523.223963022 1773840523.228791714 0
Mar 18 13:28:43 standalone container-server[127050]: 172.20.0.100 - - [18/Mar/2026:13:28:43 +0000] "GET /d1/45/AUTH_a2ec7dfe367e4f7f8d5274fe9500ceed/gnocchi.c342378b-7d5d-40cc-b6f0-867a41a77e95" 200 2 "GET http://172.18.0.2:8080/v1/AUTH_a2ec7dfe367e4f7f8d5274fe9500ceed/gnocchi.c342378b-7d5d-40cc-b6f0-867a41a77e95?format=json&states=listing" "tx62a91f8e16fa402b94884-0069baa88b" "proxy-server 12" 0.0026 "-" 22 0
Mar 18 13:28:43 standalone proxy-server[129074]: 172.18.0.2 172.18.0.100 18/Mar/2026/13/28/43 GET /v1/AUTH_a2ec7dfe367e4f7f8d5274fe9500ceed/gnocchi.c342378b-7d5d-40cc-b6f0-867a41a77e95%3Fformat%3Djson%26states%3Dlisting HTTP/1.0 200 - python-swiftclient-3.11.1 gAAAAABpuqhC4uRb... - 2 - tx62a91f8e16fa402b94884-0069baa88b - 0.0166 - - 1773840523.222518444 1773840523.239117146 0
Mar 18 13:28:43 standalone object-server[127143]: 172.20.0.100 - - [18/Mar/2026:13:28:43 +0000] "GET /d1/334/AUTH_a2ec7dfe367e4f7f8d5274fe9500ceed/gnocchi.c342378b-7d5d-40cc-b6f0-867a41a77e95/1773360000.0_mean_300.0_v3" 404 70 "GET http://172.18.0.2:8080/v1/AUTH_a2ec7dfe367e4f7f8d5274fe9500ceed/gnocchi.c342378b-7d5d-40cc-b6f0-867a41a77e95/1773360000.0_mean_300.0_v3" "tx11d84cb8c06f4a2589441-0069baa88b" "proxy-server 12" 0.0003 "-" 23 0
Mar 18 13:28:43 standalone proxy-server[129074]: 172.18.0.2 172.18.0.100 18/Mar/2026/13/28/43 GET /v1/AUTH_a2ec7dfe367e4f7f8d5274fe9500ceed/gnocchi.c342378b-7d5d-40cc-b6f0-867a41a77e95/1773360000.0_mean_300.0_v3 HTTP/1.0 404 - python-swiftclient-3.11.1 gAAAAABpuqhC4uRb... - 70 - tx11d84cb8c06f4a2589441-0069baa88b - 0.0063 - - 1773840523.244420767 1773840523.250740767 0
Mar 18 13:28:43 standalone container-server[127022]: 172.20.0.100 - - [18/Mar/2026:13:28:43 +0000] "PUT /d1/45/AUTH_a2ec7dfe367e4f7f8d5274fe9500ceed/gnocchi.c342378b-7d5d-40cc-b6f0-867a41a77e95/1773360000.0_mean_300.0_v3" 201 - "PUT http://172.18.0.2:8080/d1/334/AUTH_a2ec7dfe367e4f7f8d5274fe9500ceed/gnocchi.c342378b-7d5d-40cc-b6f0-867a41a77e95/1773360000.0_mean_300.0_v3" "txc05bdeadc745439789c05-0069baa88b" "object-server 23" 0.0007 "-" 20 0
Mar 18 13:28:43 standalone object-server[127143]: 172.20.0.100 - - [18/Mar/2026:13:28:43 +0000] "PUT /d1/334/AUTH_a2ec7dfe367e4f7f8d5274fe9500ceed/gnocchi.c342378b-7d5d-40cc-b6f0-867a41a77e95/1773360000.0_mean_300.0_v3" 201 - "PUT http://172.18.0.2:8080/v1/AUTH_a2ec7dfe367e4f7f8d5274fe9500ceed/gnocchi.c342378b-7d5d-40cc-b6f0-867a41a77e95/1773360000.0_mean_300.0_v3" "txc05bdeadc745439789c05-0069baa88b" "proxy-server 12" 0.0197 "-" 23 0
Mar 18 13:28:43 standalone proxy-server[129074]: 172.18.0.2 172.18.0.100 18/Mar/2026/13/28/43 PUT /v1/AUTH_a2ec7dfe367e4f7f8d5274fe9500ceed/gnocchi.c342378b-7d5d-40cc-b6f0-867a41a77e95/1773360000.0_mean_300.0_v3 HTTP/1.0 201 - python-swiftclient-3.11.1 gAAAAABpuqhC4uRb... 16 - - txc05bdeadc745439789c05-0069baa88b - 0.0238 - - 1773840523.254231691 1773840523.278050661 0
Mar 18 13:28:43 standalone container-server[127050]: 172.20.0.100 - - [18/Mar/2026:13:28:43 +0000] "PUT /d1/45/AUTH_a2ec7dfe367e4f7f8d5274fe9500ceed/gnocchi.c342378b-7d5d-40cc-b6f0-867a41a77e95/none_v3" 201 - "PUT http://172.18.0.2:8080/d1/930/AUTH_a2ec7dfe367e4f7f8d5274fe9500ceed/gnocchi.c342378b-7d5d-40cc-b6f0-867a41a77e95/none_v3" "txe0d97c0efb0c4f6aa5701-0069baa88b" "object-server 24" 0.0004 "-" 22 0
Mar 18 13:28:43 standalone object-server[127145]: 172.20.0.100 - - [18/Mar/2026:13:28:43 +0000] "PUT /d1/930/AUTH_a2ec7dfe367e4f7f8d5274fe9500ceed/gnocchi.c342378b-7d5d-40cc-b6f0-867a41a77e95/none_v3" 201 - "PUT http://172.18.0.2:8080/v1/AUTH_a2ec7dfe367e4f7f8d5274fe9500ceed/gnocchi.c342378b-7d5d-40cc-b6f0-867a41a77e95/none_v3" "txe0d97c0efb0c4f6aa5701-0069baa88b" "proxy-server 12" 0.0087 "-" 24 0
Mar 18 13:28:43 standalone proxy-server[129074]: 172.18.0.2 172.18.0.100 18/Mar/2026/13/28/43 PUT /v1/AUTH_a2ec7dfe367e4f7f8d5274fe9500ceed/gnocchi.c342378b-7d5d-40cc-b6f0-867a41a77e95/none_v3 HTTP/1.0 201 - python-swiftclient-3.11.1 gAAAAABpuqhC4uRb... 22 - - txe0d97c0efb0c4f6aa5701-0069baa88b - 0.0136 - - 1773840523.281037331 1773840523.294632196 0
Mar 18 13:28:43 standalone container-server[127031]: 172.20.0.100 - - [18/Mar/2026:13:28:43 +0000] "HEAD /d1/893/AUTH_a2ec7dfe367e4f7f8d5274fe9500ceed/gnocchi.f0e4cd27-d994-43d7-9710-22664e6501bc" 404 - "HEAD http://172.18.0.2:8080/v1/AUTH_a2ec7dfe367e4f7f8d5274fe9500ceed/gnocchi.f0e4cd27-d994-43d7-9710-22664e6501bc?format=json&states=listing" "tx8699edd043a4455db8f55-0069baa88b" "proxy-server 12" 0.0004 "-" 21 0
Mar 18 13:28:43 standalone object-server[127147]: 172.20.0.100 - - [18/Mar/2026:13:28:43 +0000] "GET /d1/168/AUTH_a2ec7dfe367e4f7f8d5274fe9500ceed/gnocchi.f0e4cd27-d994-43d7-9710-22664e6501bc/none_v3" 404 70 "GET http://172.18.0.2:8080/v1/AUTH_a2ec7dfe367e4f7f8d5274fe9500ceed/gnocchi.f0e4cd27-d994-43d7-9710-22664e6501bc/none_v3" "tx8699edd043a4455db8f55-0069baa88b" "proxy-server 12" 0.0003 "-" 25 0
Mar 18 13:28:43 standalone proxy-server[129074]: 172.18.0.2 172.18.0.100 18/Mar/2026/13/28/43 GET /v1/AUTH_a2ec7dfe367e4f7f8d5274fe9500ceed/gnocchi.f0e4cd27-d994-43d7-9710-22664e6501bc/none_v3 HTTP/1.0 404 - python-swiftclient-3.11.1 gAAAAABpuqhC4uRb... - 70 - tx8699edd043a4455db8f55-0069baa88b - 0.0099 - - 1773840523.310057878 1773840523.319982052 0
Mar 18 13:28:43 standalone account-server[126729]: 172.20.0.100 - - [18/Mar/2026:13:28:43 +0000] "PUT /d1/502/AUTH_a2ec7dfe367e4f7f8d5274fe9500ceed/gnocchi.f0e4cd27-d994-43d7-9710-22664e6501bc" 201 - "PUT http://172.20.0.100:6001/d1/893/AUTH_a2ec7dfe367e4f7f8d5274fe9500ceed/gnocchi.f0e4cd27-d994-43d7-9710-22664e6501bc" "tx483e0df7a9ff489093765-0069baa88b" "container-server 22" 0.0065 "-" 21 0
Mar 18 13:28:43 standalone container-server[127050]: 172.20.0.100 - - [18/Mar/2026:13:28:43 +0000] "PUT /d1/893/AUTH_a2ec7dfe367e4f7f8d5274fe9500ceed/gnocchi.f0e4cd27-d994-43d7-9710-22664e6501bc" 201 - "PUT http://172.18.0.2:8080/v1/AUTH_a2ec7dfe367e4f7f8d5274fe9500ceed/gnocchi.f0e4cd27-d994-43d7-9710-22664e6501bc" "tx483e0df7a9ff489093765-0069baa88b" "proxy-server 12" 0.0315 "-" 22 0
Mar 18 13:28:43 standalone proxy-server[129074]: 172.18.0.2 172.18.0.100 18/Mar/2026/13/28/43 PUT /v1/AUTH_a2ec7dfe367e4f7f8d5274fe9500ceed/gnocchi.f0e4cd27-d994-43d7-9710-22664e6501bc HTTP/1.0 201 - python-swiftclient-3.11.1 gAAAAABpuqhC4uRb... - - - tx483e0df7a9ff489093765-0069baa88b - 0.0397 - - 1773840523.323247910 1773840523.362898588 0
Mar 18 13:28:43 standalone container-server[127050]: 172.20.0.100 - - [18/Mar/2026:13:28:43 +0000] "HEAD /d1/893/AUTH_a2ec7dfe367e4f7f8d5274fe9500ceed/gnocchi.f0e4cd27-d994-43d7-9710-22664e6501bc" 204 - "HEAD http://172.18.0.2:8080/v1/AUTH_a2ec7dfe367e4f7f8d5274fe9500ceed/gnocchi.f0e4cd27-d994-43d7-9710-22664e6501bc?format=json&states=listing" "tx3df5b81770344851ba073-0069baa88b" "proxy-server 12" 0.0026 "-" 22 0
Mar 18 13:28:43 standalone proxy-server[129074]: - - 18/Mar/2026/13/28/43 HEAD /v1/AUTH_a2ec7dfe367e4f7f8d5274fe9500ceed/gnocchi.f0e4cd27-d994-43d7-9710-22664e6501bc%3Fformat%3Djson%26states%3Dlisting HTTP/1.0 204 - Swift - - - - tx3df5b81770344851ba073-0069baa88b - 0.0087 RL - 1773840523.368582249 1773840523.377298594 0
Mar 18 13:28:43 standalone container-server[127022]: 172.20.0.100 - - [18/Mar/2026:13:28:43 +0000] "GET /d1/893/AUTH_a2ec7dfe367e4f7f8d5274fe9500ceed/gnocchi.f0e4cd27-d994-43d7-9710-22664e6501bc" 200 2 "GET http://172.18.0.2:8080/v1/AUTH_a2ec7dfe367e4f7f8d5274fe9500ceed/gnocchi.f0e4cd27-d994-43d7-9710-22664e6501bc?format=json&states=listing" "tx3df5b81770344851ba073-0069baa88b" "proxy-server 12" 0.0023 "-" 20 0
Mar 18 13:28:43 standalone proxy-server[129074]: 172.18.0.2 172.18.0.100 18/Mar/2026/13/28/43 GET /v1/AUTH_a2ec7dfe367e4f7f8d5274fe9500ceed/gnocchi.f0e4cd27-d994-43d7-9710-22664e6501bc%3Fformat%3Djson%26states%3Dlisting HTTP/1.0 200 - python-swiftclient-3.11.1 gAAAAABpuqhC4uRb... - 2 - tx3df5b81770344851ba073-0069baa88b - 0.0216 - - 1773840523.366818190 1773840523.388419867 0
Mar 18 13:28:43 standalone object-server[127143]: 172.20.0.100 - - [18/Mar/2026:13:28:43 +0000] "GET /d1/982/AUTH_a2ec7dfe367e4f7f8d5274fe9500ceed/gnocchi.f0e4cd27-d994-43d7-9710-22664e6501bc/1773360000.0_mean_300.0_v3" 404 70 "GET http://172.18.0.2:8080/v1/AUTH_a2ec7dfe367e4f7f8d5274fe9500ceed/gnocchi.f0e4cd27-d994-43d7-9710-22664e6501bc/1773360000.0_mean_300.0_v3" "tx6f9d00a2328b415185cb1-0069baa88b" "proxy-server 12" 0.0003 "-" 23 0
Mar 18 13:28:43 standalone proxy-server[129074]: 172.18.0.2 172.18.0.100 18/Mar/2026/13/28/43 GET /v1/AUTH_a2ec7dfe367e4f7f8d5274fe9500ceed/gnocchi.f0e4cd27-d994-43d7-9710-22664e6501bc/1773360000.0_mean_300.0_v3 HTTP/1.0 404 - python-swiftclient-3.11.1 gAAAAABpuqhC4uRb... - 70 - tx6f9d00a2328b415185cb1-0069baa88b - 0.0069 - - 1773840523.393227100 1773840523.400146961 0
Mar 18 13:28:43 standalone container-server[127022]: 172.20.0.100 - - [18/Mar/2026:13:28:43 +0000] "PUT /d1/893/AUTH_a2ec7dfe367e4f7f8d5274fe9500ceed/gnocchi.f0e4cd27-d994-43d7-9710-22664e6501bc/1773360000.0_mean_300.0_v3" 201 - "PUT http://172.18.0.2:8080/d1/982/AUTH_a2ec7dfe367e4f7f8d5274fe9500ceed/gnocchi.f0e4cd27-d994-43d7-9710-22664e6501bc/1773360000.0_mean_300.0_v3" "tx2920d385832a4bce80031-0069baa88b" "object-server 23" 0.0008 "-" 20 0
Mar 18 13:28:43 standalone object-server[127143]: 172.20.0.100 - - [18/Mar/2026:13:28:43 +0000] "PUT /d1/982/AUTH_a2ec7dfe367e4f7f8d5274fe9500ceed/gnocchi.f0e4cd27-d994-43d7-9710-22664e6501bc/1773360000.0_mean_300.0_v3" 201 - "PUT http://172.18.0.2:8080/v1/AUTH_a2ec7dfe367e4f7f8d5274fe9500ceed/gnocchi.f0e4cd27-d994-43d7-9710-22664e6501bc/1773360000.0_mean_300.0_v3" "tx2920d385832a4bce80031-0069baa88b" "proxy-server 12" 0.1615 "-" 23 0
Mar 18 13:28:43 standalone proxy-server[129074]: 172.18.0.2 172.18.0.100 18/Mar/2026/13/28/43 PUT /v1/AUTH_a2ec7dfe367e4f7f8d5274fe9500ceed/gnocchi.f0e4cd27-d994-43d7-9710-22664e6501bc/1773360000.0_mean_300.0_v3 HTTP/1.0 201 - python-swiftclient-3.11.1 gAAAAABpuqhC4uRb... 16 - - tx2920d385832a4bce80031-0069baa88b - 0.1685 - - 1773840523.404462576 1773840523.572930336 0
Mar 18 13:28:43 standalone container-server[127050]: 172.20.0.100 - - [18/Mar/2026:13:28:43 +0000] "PUT /d1/893/AUTH_a2ec7dfe367e4f7f8d5274fe9500ceed/gnocchi.f0e4cd27-d994-43d7-9710-22664e6501bc/none_v3" 201 - "PUT http://172.18.0.2:8080/d1/168/AUTH_a2ec7dfe367e4f7f8d5274fe9500ceed/gnocchi.f0e4cd27-d994-43d7-9710-22664e6501bc/none_v3" "txc1521402c33e4ee7a9550-0069baa88b" "object-server 22" 0.0008 "-" 22 0
Mar 18 13:28:43 standalone object-server[127141]: 172.20.0.100 - - [18/Mar/2026:13:28:43 +0000] "PUT /d1/168/AUTH_a2ec7dfe367e4f7f8d5274fe9500ceed/gnocchi.f0e4cd27-d994-43d7-9710-22664e6501bc/none_v3" 201 - "PUT http://172.18.0.2:8080/v1/AUTH_a2ec7dfe367e4f7f8d5274fe9500ceed/gnocchi.f0e4cd27-d994-43d7-9710-22664e6501bc/none_v3" "txc1521402c33e4ee7a9550-0069baa88b" "proxy-server 12" 0.0096 "-" 22 0
Mar 18 13:28:43 standalone proxy-server[129074]: 172.18.0.2 172.18.0.100 18/Mar/2026/13/28/43 PUT /v1/AUTH_a2ec7dfe367e4f7f8d5274fe9500ceed/gnocchi.f0e4cd27-d994-43d7-9710-22664e6501bc/none_v3 HTTP/1.0 201 - python-swiftclient-3.11.1 gAAAAABpuqhC4uRb... 22 - - txc1521402c33e4ee7a9550-0069baa88b - 0.0151 - - 1773840523.585892200 1773840523.601037025 0
Mar 18 13:28:51 standalone account-server[126767]: 172.20.0.100 - - [18/Mar/2026:13:28:51 +0000] "HEAD /d1/329/.expiring_objects" 404 - "HEAD http://localhost/v1/.expiring_objects?format=json" "tx65f24feda8d34ae4937d6-0069baa893" "proxy-server 2" 0.0008 "-" 23 -
Mar 18 13:28:51 standalone object-expirer[126958]: Pass completed in 0s; 0 objects expired (txn: tx65f24feda8d34ae4937d6-0069baa893)
Mar 18 13:29:10 standalone container-server[127057]: 172.20.0.100 - - [18/Mar/2026:13:29:10 +0000] "HEAD /d1/842/AUTH_a2ec7dfe367e4f7f8d5274fe9500ceed/gnocchi.269a79cc-8a88-4f7f-96b4-43d67b04400f" 404 - "HEAD http://172.18.0.2:8080/v1/AUTH_a2ec7dfe367e4f7f8d5274fe9500ceed/gnocchi.269a79cc-8a88-4f7f-96b4-43d67b04400f?format=json&states=listing" "tx9a689be3ddb643de807f5-0069baa8a6" "proxy-server 12" 0.0007 "-" 23 0
Mar 18 13:29:10 standalone object-server[127143]: 172.20.0.100 - - [18/Mar/2026:13:29:10 +0000] "GET /d1/39/AUTH_a2ec7dfe367e4f7f8d5274fe9500ceed/gnocchi.269a79cc-8a88-4f7f-96b4-43d67b04400f/none_v3" 404 70 "GET http://172.18.0.2:8080/v1/AUTH_a2ec7dfe367e4f7f8d5274fe9500ceed/gnocchi.269a79cc-8a88-4f7f-96b4-43d67b04400f/none_v3" "tx9a689be3ddb643de807f5-0069baa8a6" "proxy-server 12" 0.0006 "-" 23 0
Mar 18 13:29:10 standalone proxy-server[129074]: 172.18.0.2 172.18.0.100 18/Mar/2026/13/29/10 GET /v1/AUTH_a2ec7dfe367e4f7f8d5274fe9500ceed/gnocchi.269a79cc-8a88-4f7f-96b4-43d67b04400f/none_v3 HTTP/1.0 404 - python-swiftclient-3.11.1 gAAAAABpuqhC4uRb... - 70 - tx9a689be3ddb643de807f5-0069baa8a6 - 0.0169 - - 1773840550.171960831 1773840550.188905478 0
Mar 18 13:29:10 standalone account-server[126767]: 172.20.0.100 - - [18/Mar/2026:13:29:10 +0000] "PUT /d1/502/AUTH_a2ec7dfe367e4f7f8d5274fe9500ceed/gnocchi.269a79cc-8a88-4f7f-96b4-43d67b04400f" 201 - "PUT http://172.20.0.100:6001/d1/842/AUTH_a2ec7dfe367e4f7f8d5274fe9500ceed/gnocchi.269a79cc-8a88-4f7f-96b4-43d67b04400f" "txdc68345ff51c4d5ca2ac2-0069baa8a6" "container-server 21" 0.0057 "-" 23 0
Mar 18 13:29:10 standalone container-server[127031]: 172.20.0.100 - - [18/Mar/2026:13:29:10 +0000] "PUT /d1/842/AUTH_a2ec7dfe367e4f7f8d5274fe9500ceed/gnocchi.269a79cc-8a88-4f7f-96b4-43d67b04400f" 201 - "PUT http://172.18.0.2:8080/v1/AUTH_a2ec7dfe367e4f7f8d5274fe9500ceed/gnocchi.269a79cc-8a88-4f7f-96b4-43d67b04400f" "txdc68345ff51c4d5ca2ac2-0069baa8a6" "proxy-server 12" 0.0207 "-" 21 0
Mar 18 13:29:10 standalone proxy-server[129074]: 172.18.0.2 172.18.0.100 18/Mar/2026/13/29/10 PUT /v1/AUTH_a2ec7dfe367e4f7f8d5274fe9500ceed/gnocchi.269a79cc-8a88-4f7f-96b4-43d67b04400f HTTP/1.0 201 - python-swiftclient-3.11.1 gAAAAABpuqhC4uRb... - - - txdc68345ff51c4d5ca2ac2-0069baa8a6 - 0.0287 - - 1773840550.192995787 1773840550.221688271 0
Mar 18 13:29:10 standalone container-server[127031]: 172.20.0.100 - - [18/Mar/2026:13:29:10 +0000] "HEAD /d1/842/AUTH_a2ec7dfe367e4f7f8d5274fe9500ceed/gnocchi.269a79cc-8a88-4f7f-96b4-43d67b04400f" 204 - "HEAD http://172.18.0.2:8080/v1/AUTH_a2ec7dfe367e4f7f8d5274fe9500ceed/gnocchi.269a79cc-8a88-4f7f-96b4-43d67b04400f?format=json&states=listing" "tx17e34703e94a42dfab8e3-0069baa8a6" "proxy-server 12" 0.0019 "-" 21 0
Mar 18 13:29:10 standalone proxy-server[129074]: - - 18/Mar/2026/13/29/10 HEAD /v1/AUTH_a2ec7dfe367e4f7f8d5274fe9500ceed/gnocchi.269a79cc-8a88-4f7f-96b4-43d67b04400f%3Fformat%3Djson%26states%3Dlisting HTTP/1.0 204 - Swift - - - - tx17e34703e94a42dfab8e3-0069baa8a6 - 0.0066 RL - 1773840550.227744579 1773840550.234361649 0
Mar 18 13:29:10 standalone container-server[127050]: 172.20.0.100 - - [18/Mar/2026:13:29:10 +0000] "GET /d1/842/AUTH_a2ec7dfe367e4f7f8d5274fe9500ceed/gnocchi.269a79cc-8a88-4f7f-96b4-43d67b04400f" 200 2 "GET http://172.18.0.2:8080/v1/AUTH_a2ec7dfe367e4f7f8d5274fe9500ceed/gnocchi.269a79cc-8a88-4f7f-96b4-43d67b04400f?format=json&states=listing" "tx17e34703e94a42dfab8e3-0069baa8a6" "proxy-server 12" 0.0045 "-" 22 0
Mar 18 13:29:10 standalone proxy-server[129074]: 172.18.0.2 172.18.0.100 18/Mar/2026/13/29/10 GET /v1/AUTH_a2ec7dfe367e4f7f8d5274fe9500ceed/gnocchi.269a79cc-8a88-4f7f-96b4-43d67b04400f%3Fformat%3Djson%26states%3Dlisting HTTP/1.0 200 - python-swiftclient-3.11.1 gAAAAABpuqhC4uRb... - 2 - tx17e34703e94a42dfab8e3-0069baa8a6 - 0.0255 - - 1773840550.226030827 1773840550.251521111 0
Mar 18 13:29:10 standalone object-server[127147]: 172.20.0.100 - - [18/Mar/2026:13:29:10 +0000] "GET /d1/907/AUTH_a2ec7dfe367e4f7f8d5274fe9500ceed/gnocchi.269a79cc-8a88-4f7f-96b4-43d67b04400f/1773360000.0_mean_300.0_v3" 404 70 "GET http://172.18.0.2:8080/v1/AUTH_a2ec7dfe367e4f7f8d5274fe9500ceed/gnocchi.269a79cc-8a88-4f7f-96b4-43d67b04400f/1773360000.0_mean_300.0_v3" "tx8476f31081bf4466b4652-0069baa8a6" "proxy-server 12" 0.0004 "-" 25 0
Mar 18 13:29:10 standalone proxy-server[129074]: 172.18.0.2 172.18.0.100 18/Mar/2026/13/29/10 GET /v1/AUTH_a2ec7dfe367e4f7f8d5274fe9500ceed/gnocchi.269a79cc-8a88-4f7f-96b4-43d67b04400f/1773360000.0_mean_300.0_v3 HTTP/1.0 404 - python-swiftclient-3.11.1 gAAAAABpuqhC4uRb... - 70 - tx8476f31081bf4466b4652-0069baa8a6 - 0.0079 - - 1773840550.256060362 1773840550.263946772 0
Mar 18 13:29:10 standalone container-server[127022]: 172.20.0.100 - - [18/Mar/2026:13:29:10 +0000] "PUT /d1/842/AUTH_a2ec7dfe367e4f7f8d5274fe9500ceed/gnocchi.269a79cc-8a88-4f7f-96b4-43d67b04400f/1773360000.0_mean_300.0_v3" 201 - "PUT http://172.18.0.2:8080/d1/907/AUTH_a2ec7dfe367e4f7f8d5274fe9500ceed/gnocchi.269a79cc-8a88-4f7f-96b4-43d67b04400f/1773360000.0_mean_300.0_v3" "txfdf4a11b389d4e36b5019-0069baa8a6" "object-server 23" 0.0007 "-" 20 0
Mar 18 13:29:10 standalone object-server[127143]: 172.20.0.100 - - [18/Mar/2026:13:29:10 +0000] "PUT /d1/907/AUTH_a2ec7dfe367e4f7f8d5274fe9500ceed/gnocchi.269a79cc-8a88-4f7f-96b4-43d67b04400f/1773360000.0_mean_300.0_v3" 201 - "PUT http://172.18.0.2:8080/v1/AUTH_a2ec7dfe367e4f7f8d5274fe9500ceed/gnocchi.269a79cc-8a88-4f7f-96b4-43d67b04400f/1773360000.0_mean_300.0_v3" "txfdf4a11b389d4e36b5019-0069baa8a6" "proxy-server 12" 0.0136 "-" 23 0
Mar 18 13:29:10 standalone proxy-server[129074]: 172.18.0.2 172.18.0.100 18/Mar/2026/13/29/10 PUT /v1/AUTH_a2ec7dfe367e4f7f8d5274fe9500ceed/gnocchi.269a79cc-8a88-4f7f-96b4-43d67b04400f/1773360000.0_mean_300.0_v3 HTTP/1.0 201 - python-swiftclient-3.11.1 gAAAAABpuqhC4uRb... 16 - - txfdf4a11b389d4e36b5019-0069baa8a6 - 0.0236 - - 1773840550.267421007 1773840550.291022539 0
Mar 18 13:29:10 standalone container-server[127031]: 172.20.0.100 - - [18/Mar/2026:13:29:10 +0000] "PUT /d1/842/AUTH_a2ec7dfe367e4f7f8d5274fe9500ceed/gnocchi.269a79cc-8a88-4f7f-96b4-43d67b04400f/none_v3" 201 - "PUT http://172.18.0.2:8080/d1/39/AUTH_a2ec7dfe367e4f7f8d5274fe9500ceed/gnocchi.269a79cc-8a88-4f7f-96b4-43d67b04400f/none_v3" "tx3ecc5a26a6a440d38212d-0069baa8a6" "object-server 24" 0.0009 "-" 21 0
Mar 18 13:29:10 standalone object-server[127145]: 172.20.0.100 - - [18/Mar/2026:13:29:10 +0000] "PUT /d1/39/AUTH_a2ec7dfe367e4f7f8d5274fe9500ceed/gnocchi.269a79cc-8a88-4f7f-96b4-43d67b04400f/none_v3" 201 - "PUT http://172.18.0.2:8080/v1/AUTH_a2ec7dfe367e4f7f8d5274fe9500ceed/gnocchi.269a79cc-8a88-4f7f-96b4-43d67b04400f/none_v3" "tx3ecc5a26a6a440d38212d-0069baa8a6" "proxy-server 12" 0.0112 "-" 24 0
Mar 18 13:29:10 standalone proxy-server[129074]: 172.18.0.2 172.18.0.100 18/Mar/2026/13/29/10 PUT /v1/AUTH_a2ec7dfe367e4f7f8d5274fe9500ceed/gnocchi.269a79cc-8a88-4f7f-96b4-43d67b04400f/none_v3 HTTP/1.0 201 - python-swiftclient-3.11.1 gAAAAABpuqhC4uRb... 22 - - tx3ecc5a26a6a440d38212d-0069baa8a6 - 0.0199 - - 1773840550.295801878 1773840550.315652609 0
Mar 18 13:29:10 standalone object-server[127143]: 172.20.0.100 - - [18/Mar/2026:13:29:10 +0000] "GET /d1/429/AUTH_a2ec7dfe367e4f7f8d5274fe9500ceed/gnocchi.8a55f48d-0f8c-4c9b-b3e5-01e5e817b442/none_v3" 200 22 "GET http://172.18.0.2:8080/v1/AUTH_a2ec7dfe367e4f7f8d5274fe9500ceed/gnocchi.8a55f48d-0f8c-4c9b-b3e5-01e5e817b442/none_v3" "tx545de002d33c49ebaf067-0069baa8a6" "proxy-server 12" 0.0008 "-" 23 0
Mar 18 13:29:10 standalone proxy-server[129074]: 172.18.0.2 172.18.0.100 18/Mar/2026/13/29/10 GET /v1/AUTH_a2ec7dfe367e4f7f8d5274fe9500ceed/gnocchi.8a55f48d-0f8c-4c9b-b3e5-01e5e817b442/none_v3 HTTP/1.0 200 - python-swiftclient-3.11.1 gAAAAABpuqhC4uRb... - 22 - tx545de002d33c49ebaf067-0069baa8a6 - 0.0090 - - 1773840550.404655695 1773840550.413609982 0
Mar 18 13:29:10 standalone container-server[127057]: 172.20.0.100 - - [18/Mar/2026:13:29:10 +0000] "GET /d1/454/AUTH_a2ec7dfe367e4f7f8d5274fe9500ceed/gnocchi.8a55f48d-0f8c-4c9b-b3e5-01e5e817b442" 200 357 "GET http://172.18.0.2:8080/v1/AUTH_a2ec7dfe367e4f7f8d5274fe9500ceed/gnocchi.8a55f48d-0f8c-4c9b-b3e5-01e5e817b442?format=json&states=listing" "tx7746bf1bf9784b388bd47-0069baa8a6" "proxy-server 12" 0.0121 "-" 23 0
Mar 18 13:29:10 standalone proxy-server[129074]: 172.18.0.2 172.18.0.100 18/Mar/2026/13/29/10 GET /v1/AUTH_a2ec7dfe367e4f7f8d5274fe9500ceed/gnocchi.8a55f48d-0f8c-4c9b-b3e5-01e5e817b442%3Fformat%3Djson%26states%3Dlisting HTTP/1.0 200 - python-swiftclient-3.11.1 gAAAAABpuqhC4uRb... - 357 - tx7746bf1bf9784b388bd47-0069baa8a6 - 0.0206 - - 1773840550.418647051 1773840550.439248085 0
Mar 18 13:29:10 standalone container-server[127031]: 172.20.0.100 - - [18/Mar/2026:13:29:10 +0000] "GET /d1/454/AUTH_a2ec7dfe367e4f7f8d5274fe9500ceed/gnocchi.8a55f48d-0f8c-4c9b-b3e5-01e5e817b442" 200 2 "GET http://172.18.0.2:8080/v1/AUTH_a2ec7dfe367e4f7f8d5274fe9500ceed/gnocchi.8a55f48d-0f8c-4c9b-b3e5-01e5e817b442?format=json&marker=none_v3&states=listing" "tx9e2bf79df55040329629b-0069baa8a6" "proxy-server 12" 0.0039 "-" 21 0
Mar 18 13:29:10 standalone proxy-server[129074]: 172.18.0.2 172.18.0.100 18/Mar/2026/13/29/10 GET /v1/AUTH_a2ec7dfe367e4f7f8d5274fe9500ceed/gnocchi.8a55f48d-0f8c-4c9b-b3e5-01e5e817b442%3Fformat%3Djson%26marker%3Dnone_v3%26states%3Dlisting HTTP/1.0 200 - python-swiftclient-3.11.1 gAAAAABpuqhC4uRb... - 2 - tx9e2bf79df55040329629b-0069baa8a6 - 0.0132 - - 1773840550.443489790 1773840550.456690550 0
Mar 18 13:29:10 standalone object-server[127145]: 172.20.0.100 - - [18/Mar/2026:13:29:10 +0000] "GET /d1/792/AUTH_a2ec7dfe367e4f7f8d5274fe9500ceed/gnocchi.8a55f48d-0f8c-4c9b-b3e5-01e5e817b442/1773360000.0_mean_300.0_v3" 200 16 "GET http://172.18.0.2:8080/v1/AUTH_a2ec7dfe367e4f7f8d5274fe9500ceed/gnocchi.8a55f48d-0f8c-4c9b-b3e5-01e5e817b442/1773360000.0_mean_300.0_v3" "txb016ae6db78e41718cb59-0069baa8a6" "proxy-server 12" 0.0012 "-" 24 0
Mar 18 13:29:10 standalone proxy-server[129074]: 172.18.0.2 172.18.0.100 18/Mar/2026/13/29/10 GET /v1/AUTH_a2ec7dfe367e4f7f8d5274fe9500ceed/gnocchi.8a55f48d-0f8c-4c9b-b3e5-01e5e817b442/1773360000.0_mean_300.0_v3 HTTP/1.0 200 - python-swiftclient-3.11.1 gAAAAABpuqhC4uRb... - 16 - txb016ae6db78e41718cb59-0069baa8a6 - 0.0107 - - 1773840550.461936474 1773840550.472587824 0
Mar 18 13:29:10 standalone container-server[127031]: 172.20.0.100 - - [18/Mar/2026:13:29:10 +0000] "PUT /d1/454/AUTH_a2ec7dfe367e4f7f8d5274fe9500ceed/gnocchi.8a55f48d-0f8c-4c9b-b3e5-01e5e817b442/1773360000.0_mean_300.0_v3" 201 - "PUT http://172.18.0.2:8080/d1/792/AUTH_a2ec7dfe367e4f7f8d5274fe9500ceed/gnocchi.8a55f48d-0f8c-4c9b-b3e5-01e5e817b442/1773360000.0_mean_300.0_v3" "txc490585e75ad4ee59d4ec-0069baa8a6" "object-server 22" 0.0009 "-" 21 0
Mar 18 13:29:10 standalone object-server[127141]: 172.20.0.100 - - [18/Mar/2026:13:29:10 +0000] "PUT /d1/792/AUTH_a2ec7dfe367e4f7f8d5274fe9500ceed/gnocchi.8a55f48d-0f8c-4c9b-b3e5-01e5e817b442/1773360000.0_mean_300.0_v3" 201 - "PUT http://172.18.0.2:8080/v1/AUTH_a2ec7dfe367e4f7f8d5274fe9500ceed/gnocchi.8a55f48d-0f8c-4c9b-b3e5-01e5e817b442/1773360000.0_mean_300.0_v3" "txc490585e75ad4ee59d4ec-0069baa8a6" "proxy-server 12" 0.0099 "-" 22 0
Mar 18 13:29:10 standalone proxy-server[129074]: 172.18.0.2 172.18.0.100 18/Mar/2026/13/29/10 PUT /v1/AUTH_a2ec7dfe367e4f7f8d5274fe9500ceed/gnocchi.8a55f48d-0f8c-4c9b-b3e5-01e5e817b442/1773360000.0_mean_300.0_v3 HTTP/1.0 201 - python-swiftclient-3.11.1 gAAAAABpuqhC4uRb... 16 - - txc490585e75ad4ee59d4ec-0069baa8a6 - 0.0184 - - 1773840550.477108955 1773840550.495491743 0
Mar 18 13:29:10 standalone container-server[127031]: 172.20.0.100 - - [18/Mar/2026:13:29:10 +0000] "PUT /d1/454/AUTH_a2ec7dfe367e4f7f8d5274fe9500ceed/gnocchi.8a55f48d-0f8c-4c9b-b3e5-01e5e817b442/none_v3" 201 - "PUT http://172.18.0.2:8080/d1/429/AUTH_a2ec7dfe367e4f7f8d5274fe9500ceed/gnocchi.8a55f48d-0f8c-4c9b-b3e5-01e5e817b442/none_v3" "txadaaced5dcb84597b79ef-0069baa8a6" "object-server 24" 0.0007 "-" 21 0
Mar 18 13:29:10 standalone object-server[127145]: 172.20.0.100 - - [18/Mar/2026:13:29:10 +0000] "PUT /d1/429/AUTH_a2ec7dfe367e4f7f8d5274fe9500ceed/gnocchi.8a55f48d-0f8c-4c9b-b3e5-01e5e817b442/none_v3" 201 - "PUT http://172.18.0.2:8080/v1/AUTH_a2ec7dfe367e4f7f8d5274fe9500ceed/gnocchi.8a55f48d-0f8c-4c9b-b3e5-01e5e817b442/none_v3" "txadaaced5dcb84597b79ef-0069baa8a6" "proxy-server 12" 0.0162 "-" 24 0
Mar 18 13:29:10 standalone proxy-server[129074]: 172.18.0.2 172.18.0.100 18/Mar/2026/13/29/10 PUT /v1/AUTH_a2ec7dfe367e4f7f8d5274fe9500ceed/gnocchi.8a55f48d-0f8c-4c9b-b3e5-01e5e817b442/none_v3 HTTP/1.0 201 - python-swiftclient-3.11.1 gAAAAABpuqhC4uRb... 33 - - txadaaced5dcb84597b79ef-0069baa8a6 - 0.0262 - - 1773840550.501573324 1773840550.527814865 0
Mar 18 13:29:10 standalone object-server[127143]: 172.20.0.100 - - [18/Mar/2026:13:29:10 +0000] "GET /d1/775/AUTH_a2ec7dfe367e4f7f8d5274fe9500ceed/gnocchi.7c928ebe-7f7b-4234-a122-29a62d9a8bf7/none_v3" 200 22 "GET http://172.18.0.2:8080/v1/AUTH_a2ec7dfe367e4f7f8d5274fe9500ceed/gnocchi.7c928ebe-7f7b-4234-a122-29a62d9a8bf7/none_v3" "tx460cac946da8492893ef9-0069baa8a6" "proxy-server 12" 0.0010 "-" 23 0
Mar 18 13:29:10 standalone proxy-server[129074]: 172.18.0.2 172.18.0.100 18/Mar/2026/13/29/10 GET /v1/AUTH_a2ec7dfe367e4f7f8d5274fe9500ceed/gnocchi.7c928ebe-7f7b-4234-a122-29a62d9a8bf7/none_v3 HTTP/1.0 200 - python-swiftclient-3.11.1 gAAAAABpuqhC4uRb... - 22 - tx460cac946da8492893ef9-0069baa8a6 - 0.0096 - - 1773840550.601334572 1773840550.610935211 0
Mar 18 13:29:10 standalone container-server[127050]: 172.20.0.100 - - [18/Mar/2026:13:29:10 +0000] "GET /d1/756/AUTH_a2ec7dfe367e4f7f8d5274fe9500ceed/gnocchi.7c928ebe-7f7b-4234-a122-29a62d9a8bf7" 200 357 "GET http://172.18.0.2:8080/v1/AUTH_a2ec7dfe367e4f7f8d5274fe9500ceed/gnocchi.7c928ebe-7f7b-4234-a122-29a62d9a8bf7?format=json&states=listing" "tx0cc0306174d244c7a9761-0069baa8a6" "proxy-server 12" 0.0172 "-" 22 0
Mar 18 13:29:10 standalone proxy-server[129074]: 172.18.0.2 172.18.0.100 18/Mar/2026/13/29/10 GET /v1/AUTH_a2ec7dfe367e4f7f8d5274fe9500ceed/gnocchi.7c928ebe-7f7b-4234-a122-29a62d9a8bf7%3Fformat%3Djson%26states%3Dlisting HTTP/1.0 200 - python-swiftclient-3.11.1 gAAAAABpuqhC4uRb... - 357 - tx0cc0306174d244c7a9761-0069baa8a6 - 0.0316 - - 1773840550.614696026 1773840550.646332979 0
Mar 18 13:29:10 standalone container-server[127022]: 172.20.0.100 - - [18/Mar/2026:13:29:10 +0000] "GET /d1/756/AUTH_a2ec7dfe367e4f7f8d5274fe9500ceed/gnocchi.7c928ebe-7f7b-4234-a122-29a62d9a8bf7" 200 2 "GET http://172.18.0.2:8080/v1/AUTH_a2ec7dfe367e4f7f8d5274fe9500ceed/gnocchi.7c928ebe-7f7b-4234-a122-29a62d9a8bf7?format=json&marker=none_v3&states=listing" "tx9b95a79faea64422a1141-0069baa8a6" "proxy-server 12" 0.0035 "-" 20 0
Mar 18 13:29:10 standalone proxy-server[129074]: 172.18.0.2 172.18.0.100 18/Mar/2026/13/29/10 GET /v1/AUTH_a2ec7dfe367e4f7f8d5274fe9500ceed/gnocchi.7c928ebe-7f7b-4234-a122-29a62d9a8bf7%3Fformat%3Djson%26marker%3Dnone_v3%26states%3Dlisting HTTP/1.0 200 - python-swiftclient-3.11.1 gAAAAABpuqhC4uRb... - 2 - tx9b95a79faea64422a1141-0069baa8a6 - 0.0180 - - 1773840550.652354240 1773840550.670328379 0
Mar 18 13:29:10 standalone object-server[127145]: 172.20.0.100 - - [18/Mar/2026:13:29:10 +0000] "GET /d1/288/AUTH_a2ec7dfe367e4f7f8d5274fe9500ceed/gnocchi.7c928ebe-7f7b-4234-a122-29a62d9a8bf7/1773360000.0_mean_300.0_v3" 200 16 "GET http://172.18.0.2:8080/v1/AUTH_a2ec7dfe367e4f7f8d5274fe9500ceed/gnocchi.7c928ebe-7f7b-4234-a122-29a62d9a8bf7/1773360000.0_mean_300.0_v3" "tx0272eef782bf47e6871de-0069baa8a6" "proxy-server 12" 0.0011 "-" 24 0
Mar 18 13:29:10 standalone proxy-server[129074]: 172.18.0.2 172.18.0.100 18/Mar/2026/13/29/10 GET /v1/AUTH_a2ec7dfe367e4f7f8d5274fe9500ceed/gnocchi.7c928ebe-7f7b-4234-a122-29a62d9a8bf7/1773360000.0_mean_300.0_v3 HTTP/1.0 200 - python-swiftclient-3.11.1 gAAAAABpuqhC4uRb... - 16 - tx0272eef782bf47e6871de-0069baa8a6 - 0.0097 - - 1773840550.675112009 1773840550.684781313 0
Mar 18 13:29:10 standalone container-server[127057]: 172.20.0.100 - - [18/Mar/2026:13:29:10 +0000] "PUT /d1/756/AUTH_a2ec7dfe367e4f7f8d5274fe9500ceed/gnocchi.7c928ebe-7f7b-4234-a122-29a62d9a8bf7/1773360000.0_mean_300.0_v3" 201 - "PUT http://172.18.0.2:8080/d1/288/AUTH_a2ec7dfe367e4f7f8d5274fe9500ceed/gnocchi.7c928ebe-7f7b-4234-a122-29a62d9a8bf7/1773360000.0_mean_300.0_v3" "tx3bb221479d8e41ad8f247-0069baa8a6" "object-server 22" 0.0004 "-" 23 0
Mar 18 13:29:10 standalone object-server[127141]: 172.20.0.100 - - [18/Mar/2026:13:29:10 +0000] "PUT /d1/288/AUTH_a2ec7dfe367e4f7f8d5274fe9500ceed/gnocchi.7c928ebe-7f7b-4234-a122-29a62d9a8bf7/1773360000.0_mean_300.0_v3" 201 - "PUT http://172.18.0.2:8080/v1/AUTH_a2ec7dfe367e4f7f8d5274fe9500ceed/gnocchi.7c928ebe-7f7b-4234-a122-29a62d9a8bf7/1773360000.0_mean_300.0_v3" "tx3bb221479d8e41ad8f247-0069baa8a6" "proxy-server 12" 0.0094 "-" 22 0
Mar 18 13:29:10 standalone proxy-server[129074]: 172.18.0.2 172.18.0.100 18/Mar/2026/13/29/10 PUT /v1/AUTH_a2ec7dfe367e4f7f8d5274fe9500ceed/gnocchi.7c928ebe-7f7b-4234-a122-29a62d9a8bf7/1773360000.0_mean_300.0_v3 HTTP/1.0 201 - python-swiftclient-3.11.1 gAAAAABpuqhC4uRb... 16 - - tx3bb221479d8e41ad8f247-0069baa8a6 - 0.0159 - - 1773840550.688613176 1773840550.704490900 0
Mar 18 13:29:10 standalone container-server[127057]: 172.20.0.100 - - [18/Mar/2026:13:29:10 +0000] "PUT /d1/756/AUTH_a2ec7dfe367e4f7f8d5274fe9500ceed/gnocchi.7c928ebe-7f7b-4234-a122-29a62d9a8bf7/none_v3" 201 - "PUT http://172.18.0.2:8080/d1/775/AUTH_a2ec7dfe367e4f7f8d5274fe9500ceed/gnocchi.7c928ebe-7f7b-4234-a122-29a62d9a8bf7/none_v3" "tx40eebb100b2b4ba5ba53e-0069baa8a6" "object-server 24" 0.0004 "-" 23 0
Mar 18 13:29:10 standalone object-server[127145]: 172.20.0.100 - - [18/Mar/2026:13:29:10 +0000] "PUT /d1/775/AUTH_a2ec7dfe367e4f7f8d5274fe9500ceed/gnocchi.7c928ebe-7f7b-4234-a122-29a62d9a8bf7/none_v3" 201 - "PUT http://172.18.0.2:8080/v1/AUTH_a2ec7dfe367e4f7f8d5274fe9500ceed/gnocchi.7c928ebe-7f7b-4234-a122-29a62d9a8bf7/none_v3" "tx40eebb100b2b4ba5ba53e-0069baa8a6" "proxy-server 12" 0.0097 "-" 24 0
Mar 18 13:29:10 standalone proxy-server[129074]: 172.18.0.2 172.18.0.100 18/Mar/2026/13/29/10 PUT /v1/AUTH_a2ec7dfe367e4f7f8d5274fe9500ceed/gnocchi.7c928ebe-7f7b-4234-a122-29a62d9a8bf7/none_v3 HTTP/1.0 201 - python-swiftclient-3.11.1 gAAAAABpuqhC4uRb... 33 - - tx40eebb100b2b4ba5ba53e-0069baa8a6 - 0.0166 - - 1773840550.707832098 1773840550.724399567 0
Mar 18 13:29:13 standalone object-server[127145]: 172.20.0.100 - - [18/Mar/2026:13:29:13 +0000] "GET /d1/39/AUTH_a2ec7dfe367e4f7f8d5274fe9500ceed/gnocchi.269a79cc-8a88-4f7f-96b4-43d67b04400f/none_v3" 200 22 "GET http://172.18.0.2:8080/v1/AUTH_a2ec7dfe367e4f7f8d5274fe9500ceed/gnocchi.269a79cc-8a88-4f7f-96b4-43d67b04400f/none_v3" "tx958194213a13468db79db-0069baa8a9" "proxy-server 12" 0.0013 "-" 24 0
Mar 18 13:29:13 standalone proxy-server[129074]: 172.18.0.2 172.18.0.100 18/Mar/2026/13/29/13 GET /v1/AUTH_a2ec7dfe367e4f7f8d5274fe9500ceed/gnocchi.269a79cc-8a88-4f7f-96b4-43d67b04400f/none_v3 HTTP/1.0 200 - python-swiftclient-3.11.1 gAAAAABpuqhC4uRb... - 22 - tx958194213a13468db79db-0069baa8a9 - 0.0112 - - 1773840553.983434439 1773840553.994602680 0
Mar 18 13:29:14 standalone container-server[127057]: 172.20.0.100 - - [18/Mar/2026:13:29:14 +0000] "GET /d1/842/AUTH_a2ec7dfe367e4f7f8d5274fe9500ceed/gnocchi.269a79cc-8a88-4f7f-96b4-43d67b04400f" 200 357 "GET http://172.18.0.2:8080/v1/AUTH_a2ec7dfe367e4f7f8d5274fe9500ceed/gnocchi.269a79cc-8a88-4f7f-96b4-43d67b04400f?format=json&states=listing" "tx1da60fc90f934bbfaf15f-0069baa8aa" "proxy-server 12" 0.0124 "-" 23 0
Mar 18 13:29:14 standalone proxy-server[129074]: 172.18.0.2 172.18.0.100 18/Mar/2026/13/29/14 GET /v1/AUTH_a2ec7dfe367e4f7f8d5274fe9500ceed/gnocchi.269a79cc-8a88-4f7f-96b4-43d67b04400f%3Fformat%3Djson%26states%3Dlisting HTTP/1.0 200 - python-swiftclient-3.11.1 gAAAAABpuqhC4uRb... - 357 - tx1da60fc90f934bbfaf15f-0069baa8aa - 0.0223 - - 1773840554.001172543 1773840554.023455143 0
Mar 18 13:29:14 standalone container-server[127057]: 172.20.0.100 - - [18/Mar/2026:13:29:14 +0000] "GET /d1/842/AUTH_a2ec7dfe367e4f7f8d5274fe9500ceed/gnocchi.269a79cc-8a88-4f7f-96b4-43d67b04400f" 200 2 "GET http://172.18.0.2:8080/v1/AUTH_a2ec7dfe367e4f7f8d5274fe9500ceed/gnocchi.269a79cc-8a88-4f7f-96b4-43d67b04400f?format=json&marker=none_v3&states=listing" "tx54cd2dcf3367417fa2113-0069baa8aa" "proxy-server 12" 0.0036 "-" 23 0
Mar 18 13:29:14 standalone proxy-server[129074]: 172.18.0.2 172.18.0.100 18/Mar/2026/13/29/14 GET /v1/AUTH_a2ec7dfe367e4f7f8d5274fe9500ceed/gnocchi.269a79cc-8a88-4f7f-96b4-43d67b04400f%3Fformat%3Djson%26marker%3Dnone_v3%26states%3Dlisting HTTP/1.0 200 - python-swiftclient-3.11.1 gAAAAABpuqhC4uRb... - 2 - tx54cd2dcf3367417fa2113-0069baa8aa - 0.0127 - - 1773840554.028535604 1773840554.041238785 0
Mar 18 13:29:14 standalone object-server[127141]: 172.20.0.100 - - [18/Mar/2026:13:29:14 +0000] "GET /d1/907/AUTH_a2ec7dfe367e4f7f8d5274fe9500ceed/gnocchi.269a79cc-8a88-4f7f-96b4-43d67b04400f/1773360000.0_mean_300.0_v3" 200 16 "GET http://172.18.0.2:8080/v1/AUTH_a2ec7dfe367e4f7f8d5274fe9500ceed/gnocchi.269a79cc-8a88-4f7f-96b4-43d67b04400f/1773360000.0_mean_300.0_v3" "txeb840e2173a54ac3816d7-0069baa8aa" "proxy-server 12" 0.0008 "-" 22 0
Mar 18 13:29:14 standalone proxy-server[129074]: 172.18.0.2 172.18.0.100 18/Mar/2026/13/29/14 GET /v1/AUTH_a2ec7dfe367e4f7f8d5274fe9500ceed/gnocchi.269a79cc-8a88-4f7f-96b4-43d67b04400f/1773360000.0_mean_300.0_v3 HTTP/1.0 200 - python-swiftclient-3.11.1 gAAAAABpuqhC4uRb... - 16 - txeb840e2173a54ac3816d7-0069baa8aa - 0.0100 - - 1773840554.047251940 1773840554.057215214 0
Mar 18 13:29:14 standalone container-server[127022]: 172.20.0.100 - - [18/Mar/2026:13:29:14 +0000] "PUT /d1/842/AUTH_a2ec7dfe367e4f7f8d5274fe9500ceed/gnocchi.269a79cc-8a88-4f7f-96b4-43d67b04400f/1773360000.0_mean_300.0_v3" 201 - "PUT http://172.18.0.2:8080/d1/907/AUTH_a2ec7dfe367e4f7f8d5274fe9500ceed/gnocchi.269a79cc-8a88-4f7f-96b4-43d67b04400f/1773360000.0_mean_300.0_v3" "tx0e1d878731124c3a883fa-0069baa8aa" "object-server 22" 0.0010 "-" 20 0
Mar 18 13:29:14 standalone object-server[127141]: 172.20.0.100 - - [18/Mar/2026:13:29:14 +0000] "PUT /d1/907/AUTH_a2ec7dfe367e4f7f8d5274fe9500ceed/gnocchi.269a79cc-8a88-4f7f-96b4-43d67b04400f/1773360000.0_mean_300.0_v3" 201 - "PUT http://172.18.0.2:8080/v1/AUTH_a2ec7dfe367e4f7f8d5274fe9500ceed/gnocchi.269a79cc-8a88-4f7f-96b4-43d67b04400f/1773360000.0_mean_300.0_v3" "tx0e1d878731124c3a883fa-0069baa8aa" "proxy-server 12" 0.0113 "-" 22 0
Mar 18 13:29:14 standalone proxy-server[129074]: 172.18.0.2 172.18.0.100 18/Mar/2026/13/29/14 PUT /v1/AUTH_a2ec7dfe367e4f7f8d5274fe9500ceed/gnocchi.269a79cc-8a88-4f7f-96b4-43d67b04400f/1773360000.0_mean_300.0_v3 HTTP/1.0 201 - python-swiftclient-3.11.1 gAAAAABpuqhC4uRb... 16 - - tx0e1d878731124c3a883fa-0069baa8aa - 0.0192 - - 1773840554.062417269 1773840554.081655979 0
Mar 18 13:29:14 standalone container-server[127057]: 172.20.0.100 - - [18/Mar/2026:13:29:14 +0000] "PUT /d1/842/AUTH_a2ec7dfe367e4f7f8d5274fe9500ceed/gnocchi.269a79cc-8a88-4f7f-96b4-43d67b04400f/none_v3" 201 - "PUT http://172.18.0.2:8080/d1/39/AUTH_a2ec7dfe367e4f7f8d5274fe9500ceed/gnocchi.269a79cc-8a88-4f7f-96b4-43d67b04400f/none_v3" "txa6dbbbc6c1484015b1b3c-0069baa8aa" "object-server 23" 0.0015 "-" 23 0
Mar 18 13:29:14 standalone object-server[127143]: 172.20.0.100 - - [18/Mar/2026:13:29:14 +0000] "PUT /d1/39/AUTH_a2ec7dfe367e4f7f8d5274fe9500ceed/gnocchi.269a79cc-8a88-4f7f-96b4-43d67b04400f/none_v3" 201 - "PUT http://172.18.0.2:8080/v1/AUTH_a2ec7dfe367e4f7f8d5274fe9500ceed/gnocchi.269a79cc-8a88-4f7f-96b4-43d67b04400f/none_v3" "txa6dbbbc6c1484015b1b3c-0069baa8aa" "proxy-server 12" 0.0095 "-" 23 0
Mar 18 13:29:14 standalone proxy-server[129074]: 172.18.0.2 172.18.0.100 18/Mar/2026/13/29/14 PUT /v1/AUTH_a2ec7dfe367e4f7f8d5274fe9500ceed/gnocchi.269a79cc-8a88-4f7f-96b4-43d67b04400f/none_v3 HTTP/1.0 201 - python-swiftclient-3.11.1 gAAAAABpuqhC4uRb... 31 - - txa6dbbbc6c1484015b1b3c-0069baa8aa - 0.0174 - - 1773840554.086114407 1773840554.103521109 0
Mar 18 13:29:24 standalone container-server[127057]: 172.20.0.100 - - [18/Mar/2026:13:29:24 +0000] "HEAD /d1/871/AUTH_a2ec7dfe367e4f7f8d5274fe9500ceed/gnocchi.617ab636-784d-4aaa-beb0-a3227e174ee6" 404 - "HEAD http://172.18.0.2:8080/v1/AUTH_a2ec7dfe367e4f7f8d5274fe9500ceed/gnocchi.617ab636-784d-4aaa-beb0-a3227e174ee6?format=json&states=listing" "tx7e22bed4f62949e581a4c-0069baa8b4" "proxy-server 12" 0.0009 "-" 23 0
Mar 18 13:29:24 standalone object-server[127147]: 172.20.0.100 - - [18/Mar/2026:13:29:24 +0000] "GET /d1/84/AUTH_a2ec7dfe367e4f7f8d5274fe9500ceed/gnocchi.617ab636-784d-4aaa-beb0-a3227e174ee6/none_v3" 404 70 "GET http://172.18.0.2:8080/v1/AUTH_a2ec7dfe367e4f7f8d5274fe9500ceed/gnocchi.617ab636-784d-4aaa-beb0-a3227e174ee6/none_v3" "tx7e22bed4f62949e581a4c-0069baa8b4" "proxy-server 12" 0.0008 "-" 25 0
Mar 18 13:29:24 standalone proxy-server[129074]: 172.18.0.2 172.18.0.100 18/Mar/2026/13/29/24 GET /v1/AUTH_a2ec7dfe367e4f7f8d5274fe9500ceed/gnocchi.617ab636-784d-4aaa-beb0-a3227e174ee6/none_v3 HTTP/1.0 404 - python-swiftclient-3.11.1 gAAAAABpuqhC4uRb... - 70 - tx7e22bed4f62949e581a4c-0069baa8b4 - 0.0179 - - 1773840564.942312002 1773840564.960192442 0
Mar 18 13:29:24 standalone account-server[126767]: 172.20.0.100 - - [18/Mar/2026:13:29:24 +0000] "PUT /d1/502/AUTH_a2ec7dfe367e4f7f8d5274fe9500ceed/gnocchi.617ab636-784d-4aaa-beb0-a3227e174ee6" 201 - "PUT http://172.20.0.100:6001/d1/871/AUTH_a2ec7dfe367e4f7f8d5274fe9500ceed/gnocchi.617ab636-784d-4aaa-beb0-a3227e174ee6" "tx9bbed408736f497fa1ce1-0069baa8b4" "container-server 22" 0.0067 "-" 23 0
Mar 18 13:29:24 standalone container-server[127050]: 172.20.0.100 - - [18/Mar/2026:13:29:24 +0000] "PUT /d1/871/AUTH_a2ec7dfe367e4f7f8d5274fe9500ceed/gnocchi.617ab636-784d-4aaa-beb0-a3227e174ee6" 201 - "PUT http://172.18.0.2:8080/v1/AUTH_a2ec7dfe367e4f7f8d5274fe9500ceed/gnocchi.617ab636-784d-4aaa-beb0-a3227e174ee6" "tx9bbed408736f497fa1ce1-0069baa8b4" "proxy-server 12" 0.0200 "-" 22 0
Mar 18 13:29:24 standalone proxy-server[129074]: 172.18.0.2 172.18.0.100 18/Mar/2026/13/29/24 PUT /v1/AUTH_a2ec7dfe367e4f7f8d5274fe9500ceed/gnocchi.617ab636-784d-4aaa-beb0-a3227e174ee6 HTTP/1.0 201 - python-swiftclient-3.11.1 gAAAAABpuqhC4uRb... - - - tx9bbed408736f497fa1ce1-0069baa8b4 - 0.0276 - - 1773840564.964385986 1773840564.991963387 0
Mar 18 13:29:25 standalone container-server[127050]: 172.20.0.100 - - [18/Mar/2026:13:29:25 +0000] "HEAD /d1/871/AUTH_a2ec7dfe367e4f7f8d5274fe9500ceed/gnocchi.617ab636-784d-4aaa-beb0-a3227e174ee6" 204 - "HEAD http://172.18.0.2:8080/v1/AUTH_a2ec7dfe367e4f7f8d5274fe9500ceed/gnocchi.617ab636-784d-4aaa-beb0-a3227e174ee6?format=json&states=listing" "tx23ec411e6226409b9ab07-0069baa8b4" "proxy-server 12" 0.0019 "-" 22 0
Mar 18 13:29:25 standalone proxy-server[129074]: - - 18/Mar/2026/13/29/25 HEAD /v1/AUTH_a2ec7dfe367e4f7f8d5274fe9500ceed/gnocchi.617ab636-784d-4aaa-beb0-a3227e174ee6%3Fformat%3Djson%26states%3Dlisting HTTP/1.0 204 - Swift - - - - tx23ec411e6226409b9ab07-0069baa8b4 - 0.0067 RL - 1773840564.998912573 1773840565.005636930 0
