Mar 18 13:30:31 standalone container-server[127022]: 172.20.0.100 - - [18/Mar/2026:13:30:31 +0000] "PUT /d1/436/AUTH_a2ec7dfe367e4f7f8d5274fe9500ceed/gnocchi.ddb63a45-d257-4507-b5a5-e55e38ce1bea" 201 - "PUT http://172.18.0.2:8080/v1/AUTH_a2ec7dfe367e4f7f8d5274fe9500ceed/gnocchi.ddb63a45-d257-4507-b5a5-e55e38ce1bea" "txa78457e8fc9b4a65b331b-0069baa8f7" "proxy-server 12" 0.0161 "-" 20 0
Mar 18 13:30:31 standalone proxy-server[129074]: 172.18.0.2 172.18.0.100 18/Mar/2026/13/30/31 PUT /v1/AUTH_a2ec7dfe367e4f7f8d5274fe9500ceed/gnocchi.ddb63a45-d257-4507-b5a5-e55e38ce1bea HTTP/1.0 201 - python-swiftclient-3.11.1 gAAAAABpuqhC4uRb... - - - txa78457e8fc9b4a65b331b-0069baa8f7 - 0.0299 - - 1773840631.409096718 1773840631.438983917 0
Mar 18 13:30:31 standalone container-server[127031]: 172.20.0.100 - - [18/Mar/2026:13:30:31 +0000] "HEAD /d1/436/AUTH_a2ec7dfe367e4f7f8d5274fe9500ceed/gnocchi.ddb63a45-d257-4507-b5a5-e55e38ce1bea" 204 - "HEAD http://172.18.0.2:8080/v1/AUTH_a2ec7dfe367e4f7f8d5274fe9500ceed/gnocchi.ddb63a45-d257-4507-b5a5-e55e38ce1bea?format=json&states=listing" "tx1faa3bffa4a242fdaa976-0069baa8f7" "proxy-server 12" 0.0014 "-" 21 0
Mar 18 13:30:31 standalone proxy-server[129074]: - - 18/Mar/2026/13/30/31 HEAD /v1/AUTH_a2ec7dfe367e4f7f8d5274fe9500ceed/gnocchi.ddb63a45-d257-4507-b5a5-e55e38ce1bea%3Fformat%3Djson%26states%3Dlisting HTTP/1.0 204 - Swift - - - - tx1faa3bffa4a242fdaa976-0069baa8f7 - 0.0051 RL - 1773840631.444051743 1773840631.449154854 0
Mar 18 13:30:31 standalone container-server[127022]: 172.20.0.100 - - [18/Mar/2026:13:30:31 +0000] "GET /d1/436/AUTH_a2ec7dfe367e4f7f8d5274fe9500ceed/gnocchi.ddb63a45-d257-4507-b5a5-e55e38ce1bea" 200 2 "GET http://172.18.0.2:8080/v1/AUTH_a2ec7dfe367e4f7f8d5274fe9500ceed/gnocchi.ddb63a45-d257-4507-b5a5-e55e38ce1bea?format=json&states=listing" "tx1faa3bffa4a242fdaa976-0069baa8f7" "proxy-server 12" 0.0022 "-" 20 0
Mar 18 13:30:31 standalone proxy-server[129074]: 172.18.0.2 172.18.0.100 18/Mar/2026/13/30/31 GET /v1/AUTH_a2ec7dfe367e4f7f8d5274fe9500ceed/gnocchi.ddb63a45-d257-4507-b5a5-e55e38ce1bea%3Fformat%3Djson%26states%3Dlisting HTTP/1.0 200 - python-swiftclient-3.11.1 gAAAAABpuqhC4uRb... - 2 - tx1faa3bffa4a242fdaa976-0069baa8f7 - 0.0146 - - 1773840631.442983389 1773840631.457604647 0
Mar 18 13:30:31 standalone object-server[127141]: 172.20.0.100 - - [18/Mar/2026:13:30:31 +0000] "GET /d1/635/AUTH_a2ec7dfe367e4f7f8d5274fe9500ceed/gnocchi.ddb63a45-d257-4507-b5a5-e55e38ce1bea/1773360000.0_mean_300.0_v3" 404 70 "GET http://172.18.0.2:8080/v1/AUTH_a2ec7dfe367e4f7f8d5274fe9500ceed/gnocchi.ddb63a45-d257-4507-b5a5-e55e38ce1bea/1773360000.0_mean_300.0_v3" "tx560b3d49e9eb436c93517-0069baa8f7" "proxy-server 12" 0.0003 "-" 22 0
Mar 18 13:30:31 standalone proxy-server[129074]: 172.18.0.2 172.18.0.100 18/Mar/2026/13/30/31 GET /v1/AUTH_a2ec7dfe367e4f7f8d5274fe9500ceed/gnocchi.ddb63a45-d257-4507-b5a5-e55e38ce1bea/1773360000.0_mean_300.0_v3 HTTP/1.0 404 - python-swiftclient-3.11.1 gAAAAABpuqhC4uRb... - 70 - tx560b3d49e9eb436c93517-0069baa8f7 - 0.0176 - - 1773840631.461464882 1773840631.479022264 0
Mar 18 13:30:31 standalone container-server[127031]: 172.20.0.100 - - [18/Mar/2026:13:30:31 +0000] "PUT /d1/436/AUTH_a2ec7dfe367e4f7f8d5274fe9500ceed/gnocchi.ddb63a45-d257-4507-b5a5-e55e38ce1bea/1773360000.0_mean_300.0_v3" 201 - "PUT http://172.18.0.2:8080/d1/635/AUTH_a2ec7dfe367e4f7f8d5274fe9500ceed/gnocchi.ddb63a45-d257-4507-b5a5-e55e38ce1bea/1773360000.0_mean_300.0_v3" "txe919a5eca3eb4704b7167-0069baa8f7" "object-server 22" 0.0005 "-" 21 0
Mar 18 13:30:31 standalone object-server[127141]: 172.20.0.100 - - [18/Mar/2026:13:30:31 +0000] "PUT /d1/635/AUTH_a2ec7dfe367e4f7f8d5274fe9500ceed/gnocchi.ddb63a45-d257-4507-b5a5-e55e38ce1bea/1773360000.0_mean_300.0_v3" 201 - "PUT http://172.18.0.2:8080/v1/AUTH_a2ec7dfe367e4f7f8d5274fe9500ceed/gnocchi.ddb63a45-d257-4507-b5a5-e55e38ce1bea/1773360000.0_mean_300.0_v3" "txe919a5eca3eb4704b7167-0069baa8f7" "proxy-server 12" 0.0137 "-" 22 0
Mar 18 13:30:31 standalone proxy-server[129074]: 172.18.0.2 172.18.0.100 18/Mar/2026/13/30/31 PUT /v1/AUTH_a2ec7dfe367e4f7f8d5274fe9500ceed/gnocchi.ddb63a45-d257-4507-b5a5-e55e38ce1bea/1773360000.0_mean_300.0_v3 HTTP/1.0 201 - python-swiftclient-3.11.1 gAAAAABpuqhC4uRb... 16 - - txe919a5eca3eb4704b7167-0069baa8f7 - 0.0219 - - 1773840631.484057903 1773840631.505919218 0
Mar 18 13:30:31 standalone container-server[127022]: 172.20.0.100 - - [18/Mar/2026:13:30:31 +0000] "PUT /d1/436/AUTH_a2ec7dfe367e4f7f8d5274fe9500ceed/gnocchi.ddb63a45-d257-4507-b5a5-e55e38ce1bea/none_v3" 201 - "PUT http://172.18.0.2:8080/d1/1007/AUTH_a2ec7dfe367e4f7f8d5274fe9500ceed/gnocchi.ddb63a45-d257-4507-b5a5-e55e38ce1bea/none_v3" "tx55bdf0d89d2e4615bf1ba-0069baa8f7" "object-server 25" 0.0005 "-" 20 0
Mar 18 13:30:31 standalone object-server[127147]: 172.20.0.100 - - [18/Mar/2026:13:30:31 +0000] "PUT /d1/1007/AUTH_a2ec7dfe367e4f7f8d5274fe9500ceed/gnocchi.ddb63a45-d257-4507-b5a5-e55e38ce1bea/none_v3" 201 - "PUT http://172.18.0.2:8080/v1/AUTH_a2ec7dfe367e4f7f8d5274fe9500ceed/gnocchi.ddb63a45-d257-4507-b5a5-e55e38ce1bea/none_v3" "tx55bdf0d89d2e4615bf1ba-0069baa8f7" "proxy-server 12" 0.0089 "-" 25 0
Mar 18 13:30:31 standalone proxy-server[129074]: 172.18.0.2 172.18.0.100 18/Mar/2026/13/30/31 PUT /v1/AUTH_a2ec7dfe367e4f7f8d5274fe9500ceed/gnocchi.ddb63a45-d257-4507-b5a5-e55e38ce1bea/none_v3 HTTP/1.0 201 - python-swiftclient-3.11.1 gAAAAABpuqhC4uRb... 22 - - tx55bdf0d89d2e4615bf1ba-0069baa8f7 - 0.0146 - - 1773840631.510606766 1773840631.525175095 0
Mar 18 13:30:31 standalone container-server[127050]: 172.20.0.100 - - [18/Mar/2026:13:30:31 +0000] "HEAD /d1/546/AUTH_a2ec7dfe367e4f7f8d5274fe9500ceed/gnocchi.97c5a843-b585-4b91-86d9-bcce55000aec" 404 - "HEAD http://172.18.0.2:8080/v1/AUTH_a2ec7dfe367e4f7f8d5274fe9500ceed/gnocchi.97c5a843-b585-4b91-86d9-bcce55000aec?format=json&states=listing" "txd804cb8ea9ea497f9d4a9-0069baa8f7" "proxy-server 12" 0.0003 "-" 22 0
Mar 18 13:30:31 standalone object-server[127147]: 172.20.0.100 - - [18/Mar/2026:13:30:31 +0000] "GET /d1/336/AUTH_a2ec7dfe367e4f7f8d5274fe9500ceed/gnocchi.97c5a843-b585-4b91-86d9-bcce55000aec/none_v3" 404 70 "GET http://172.18.0.2:8080/v1/AUTH_a2ec7dfe367e4f7f8d5274fe9500ceed/gnocchi.97c5a843-b585-4b91-86d9-bcce55000aec/none_v3" "txd804cb8ea9ea497f9d4a9-0069baa8f7" "proxy-server 12" 0.0003 "-" 25 0
Mar 18 13:30:31 standalone proxy-server[129074]: 172.18.0.2 172.18.0.100 18/Mar/2026/13/30/31 GET /v1/AUTH_a2ec7dfe367e4f7f8d5274fe9500ceed/gnocchi.97c5a843-b585-4b91-86d9-bcce55000aec/none_v3 HTTP/1.0 404 - python-swiftclient-3.11.1 gAAAAABpuqhC4uRb... - 70 - txd804cb8ea9ea497f9d4a9-0069baa8f7 - 0.0084 - - 1773840631.557957172 1773840631.566318035 0
Mar 18 13:30:31 standalone account-server[126732]: 172.20.0.100 - - [18/Mar/2026:13:30:31 +0000] "PUT /d1/502/AUTH_a2ec7dfe367e4f7f8d5274fe9500ceed/gnocchi.97c5a843-b585-4b91-86d9-bcce55000aec" 201 - "PUT http://172.20.0.100:6001/d1/546/AUTH_a2ec7dfe367e4f7f8d5274fe9500ceed/gnocchi.97c5a843-b585-4b91-86d9-bcce55000aec" "txc2ab7bc7452148988695d-0069baa8f7" "container-server 23" 0.0037 "-" 22 0
Mar 18 13:30:31 standalone container-server[127057]: 172.20.0.100 - - [18/Mar/2026:13:30:31 +0000] "PUT /d1/546/AUTH_a2ec7dfe367e4f7f8d5274fe9500ceed/gnocchi.97c5a843-b585-4b91-86d9-bcce55000aec" 201 - "PUT http://172.18.0.2:8080/v1/AUTH_a2ec7dfe367e4f7f8d5274fe9500ceed/gnocchi.97c5a843-b585-4b91-86d9-bcce55000aec" "txc2ab7bc7452148988695d-0069baa8f7" "proxy-server 12" 0.0144 "-" 23 0
Mar 18 13:30:31 standalone proxy-server[129074]: 172.18.0.2 172.18.0.100 18/Mar/2026/13/30/31 PUT /v1/AUTH_a2ec7dfe367e4f7f8d5274fe9500ceed/gnocchi.97c5a843-b585-4b91-86d9-bcce55000aec HTTP/1.0 201 - python-swiftclient-3.11.1 gAAAAABpuqhC4uRb... - - - txc2ab7bc7452148988695d-0069baa8f7 - 0.0188 - - 1773840631.570727110 1773840631.589544296 0
Mar 18 13:30:31 standalone container-server[127050]: 172.20.0.100 - - [18/Mar/2026:13:30:31 +0000] "HEAD /d1/546/AUTH_a2ec7dfe367e4f7f8d5274fe9500ceed/gnocchi.97c5a843-b585-4b91-86d9-bcce55000aec" 204 - "HEAD http://172.18.0.2:8080/v1/AUTH_a2ec7dfe367e4f7f8d5274fe9500ceed/gnocchi.97c5a843-b585-4b91-86d9-bcce55000aec?format=json&states=listing" "txace8bd7a37dd4cbb906dc-0069baa8f7" "proxy-server 12" 0.0011 "-" 22 0
Mar 18 13:30:31 standalone proxy-server[129074]: - - 18/Mar/2026/13/30/31 HEAD /v1/AUTH_a2ec7dfe367e4f7f8d5274fe9500ceed/gnocchi.97c5a843-b585-4b91-86d9-bcce55000aec%3Fformat%3Djson%26states%3Dlisting HTTP/1.0 204 - Swift - - - - txace8bd7a37dd4cbb906dc-0069baa8f7 - 0.0039 RL - 1773840631.593854189 1773840631.597727537 0
Mar 18 13:30:31 standalone container-server[127031]: 172.20.0.100 - - [18/Mar/2026:13:30:31 +0000] "GET /d1/546/AUTH_a2ec7dfe367e4f7f8d5274fe9500ceed/gnocchi.97c5a843-b585-4b91-86d9-bcce55000aec" 200 2 "GET http://172.18.0.2:8080/v1/AUTH_a2ec7dfe367e4f7f8d5274fe9500ceed/gnocchi.97c5a843-b585-4b91-86d9-bcce55000aec?format=json&states=listing" "txace8bd7a37dd4cbb906dc-0069baa8f7" "proxy-server 12" 0.0063 "-" 21 0
Mar 18 13:30:31 standalone proxy-server[129074]: 172.18.0.2 172.18.0.100 18/Mar/2026/13/30/31 GET /v1/AUTH_a2ec7dfe367e4f7f8d5274fe9500ceed/gnocchi.97c5a843-b585-4b91-86d9-bcce55000aec%3Fformat%3Djson%26states%3Dlisting HTTP/1.0 200 - python-swiftclient-3.11.1 gAAAAABpuqhC4uRb... - 2 - txace8bd7a37dd4cbb906dc-0069baa8f7 - 0.0191 - - 1773840631.592965603 1773840631.612112284 0
Mar 18 13:30:31 standalone object-server[127145]: 172.20.0.100 - - [18/Mar/2026:13:30:31 +0000] "GET /d1/409/AUTH_a2ec7dfe367e4f7f8d5274fe9500ceed/gnocchi.97c5a843-b585-4b91-86d9-bcce55000aec/1773360000.0_mean_300.0_v3" 404 70 "GET http://172.18.0.2:8080/v1/AUTH_a2ec7dfe367e4f7f8d5274fe9500ceed/gnocchi.97c5a843-b585-4b91-86d9-bcce55000aec/1773360000.0_mean_300.0_v3" "tx36b0b1365add4dc4a5382-0069baa8f7" "proxy-server 12" 0.0007 "-" 24 0
Mar 18 13:30:31 standalone proxy-server[129074]: 172.18.0.2 172.18.0.100 18/Mar/2026/13/30/31 GET /v1/AUTH_a2ec7dfe367e4f7f8d5274fe9500ceed/gnocchi.97c5a843-b585-4b91-86d9-bcce55000aec/1773360000.0_mean_300.0_v3 HTTP/1.0 404 - python-swiftclient-3.11.1 gAAAAABpuqhC4uRb... - 70 - tx36b0b1365add4dc4a5382-0069baa8f7 - 0.0062 - - 1773840631.617494583 1773840631.623694658 0
Mar 18 13:30:31 standalone container-server[127022]: 172.20.0.100 - - [18/Mar/2026:13:30:31 +0000] "PUT /d1/546/AUTH_a2ec7dfe367e4f7f8d5274fe9500ceed/gnocchi.97c5a843-b585-4b91-86d9-bcce55000aec/1773360000.0_mean_300.0_v3" 201 - "PUT http://172.18.0.2:8080/d1/409/AUTH_a2ec7dfe367e4f7f8d5274fe9500ceed/gnocchi.97c5a843-b585-4b91-86d9-bcce55000aec/1773360000.0_mean_300.0_v3" "tx2f08b1e825974c778b81a-0069baa8f7" "object-server 25" 0.0006 "-" 20 0
Mar 18 13:30:31 standalone object-server[127147]: 172.20.0.100 - - [18/Mar/2026:13:30:31 +0000] "PUT /d1/409/AUTH_a2ec7dfe367e4f7f8d5274fe9500ceed/gnocchi.97c5a843-b585-4b91-86d9-bcce55000aec/1773360000.0_mean_300.0_v3" 201 - "PUT http://172.18.0.2:8080/v1/AUTH_a2ec7dfe367e4f7f8d5274fe9500ceed/gnocchi.97c5a843-b585-4b91-86d9-bcce55000aec/1773360000.0_mean_300.0_v3" "tx2f08b1e825974c778b81a-0069baa8f7" "proxy-server 12" 0.0109 "-" 25 0
Mar 18 13:30:31 standalone proxy-server[129074]: 172.18.0.2 172.18.0.100 18/Mar/2026/13/30/31 PUT /v1/AUTH_a2ec7dfe367e4f7f8d5274fe9500ceed/gnocchi.97c5a843-b585-4b91-86d9-bcce55000aec/1773360000.0_mean_300.0_v3 HTTP/1.0 201 - python-swiftclient-3.11.1 gAAAAABpuqhC4uRb... 16 - - tx2f08b1e825974c778b81a-0069baa8f7 - 0.0160 - - 1773840631.625943184 1773840631.641984940 0
Mar 18 13:30:31 standalone container-server[127057]: 172.20.0.100 - - [18/Mar/2026:13:30:31 +0000] "PUT /d1/546/AUTH_a2ec7dfe367e4f7f8d5274fe9500ceed/gnocchi.97c5a843-b585-4b91-86d9-bcce55000aec/none_v3" 201 - "PUT http://172.18.0.2:8080/d1/336/AUTH_a2ec7dfe367e4f7f8d5274fe9500ceed/gnocchi.97c5a843-b585-4b91-86d9-bcce55000aec/none_v3" "tx28db322815564fd8a0695-0069baa8f7" "object-server 22" 0.0005 "-" 23 0
Mar 18 13:30:31 standalone object-server[127141]: 172.20.0.100 - - [18/Mar/2026:13:30:31 +0000] "PUT /d1/336/AUTH_a2ec7dfe367e4f7f8d5274fe9500ceed/gnocchi.97c5a843-b585-4b91-86d9-bcce55000aec/none_v3" 201 - "PUT http://172.18.0.2:8080/v1/AUTH_a2ec7dfe367e4f7f8d5274fe9500ceed/gnocchi.97c5a843-b585-4b91-86d9-bcce55000aec/none_v3" "tx28db322815564fd8a0695-0069baa8f7" "proxy-server 12" 0.0087 "-" 22 0
Mar 18 13:30:31 standalone proxy-server[129074]: 172.18.0.2 172.18.0.100 18/Mar/2026/13/30/31 PUT /v1/AUTH_a2ec7dfe367e4f7f8d5274fe9500ceed/gnocchi.97c5a843-b585-4b91-86d9-bcce55000aec/none_v3 HTTP/1.0 201 - python-swiftclient-3.11.1 gAAAAABpuqhC4uRb... 22 - - tx28db322815564fd8a0695-0069baa8f7 - 0.0135 - - 1773840631.645052195 1773840631.658521175 0
Mar 18 13:30:31 standalone container-server[127057]: 172.20.0.100 - - [18/Mar/2026:13:30:31 +0000] "HEAD /d1/364/AUTH_a2ec7dfe367e4f7f8d5274fe9500ceed/gnocchi.9223225b-e21a-49d7-be9e-4fa9da4d4871" 404 - "HEAD http://172.18.0.2:8080/v1/AUTH_a2ec7dfe367e4f7f8d5274fe9500ceed/gnocchi.9223225b-e21a-49d7-be9e-4fa9da4d4871?format=json&states=listing" "txc768d3cad7a245b0acb70-0069baa8f7" "proxy-server 12" 0.0004 "-" 23 0
Mar 18 13:30:31 standalone object-server[127145]: 172.20.0.100 - - [18/Mar/2026:13:30:31 +0000] "GET /d1/279/AUTH_a2ec7dfe367e4f7f8d5274fe9500ceed/gnocchi.9223225b-e21a-49d7-be9e-4fa9da4d4871/none_v3" 404 70 "GET http://172.18.0.2:8080/v1/AUTH_a2ec7dfe367e4f7f8d5274fe9500ceed/gnocchi.9223225b-e21a-49d7-be9e-4fa9da4d4871/none_v3" "txc768d3cad7a245b0acb70-0069baa8f7" "proxy-server 12" 0.0005 "-" 24 0
Mar 18 13:30:31 standalone proxy-server[129074]: 172.18.0.2 172.18.0.100 18/Mar/2026/13/30/31 GET /v1/AUTH_a2ec7dfe367e4f7f8d5274fe9500ceed/gnocchi.9223225b-e21a-49d7-be9e-4fa9da4d4871/none_v3 HTTP/1.0 404 - python-swiftclient-3.11.1 gAAAAABpuqhC4uRb... - 70 - txc768d3cad7a245b0acb70-0069baa8f7 - 0.0119 - - 1773840631.670644045 1773840631.682577848 0
Mar 18 13:30:31 standalone account-server[126721]: 172.20.0.100 - - [18/Mar/2026:13:30:31 +0000] "PUT /d1/502/AUTH_a2ec7dfe367e4f7f8d5274fe9500ceed/gnocchi.9223225b-e21a-49d7-be9e-4fa9da4d4871" 201 - "PUT http://172.20.0.100:6001/d1/364/AUTH_a2ec7dfe367e4f7f8d5274fe9500ceed/gnocchi.9223225b-e21a-49d7-be9e-4fa9da4d4871" "tx6dbe6280f23c494c8512f-0069baa8f7" "container-server 20" 0.0037 "-" 19 0
Mar 18 13:30:31 standalone container-server[127022]: 172.20.0.100 - - [18/Mar/2026:13:30:31 +0000] "PUT /d1/364/AUTH_a2ec7dfe367e4f7f8d5274fe9500ceed/gnocchi.9223225b-e21a-49d7-be9e-4fa9da4d4871" 201 - "PUT http://172.18.0.2:8080/v1/AUTH_a2ec7dfe367e4f7f8d5274fe9500ceed/gnocchi.9223225b-e21a-49d7-be9e-4fa9da4d4871" "tx6dbe6280f23c494c8512f-0069baa8f7" "proxy-server 12" 0.0159 "-" 20 0
Mar 18 13:30:31 standalone proxy-server[129074]: 172.18.0.2 172.18.0.100 18/Mar/2026/13/30/31 PUT /v1/AUTH_a2ec7dfe367e4f7f8d5274fe9500ceed/gnocchi.9223225b-e21a-49d7-be9e-4fa9da4d4871 HTTP/1.0 201 - python-swiftclient-3.11.1 gAAAAABpuqhC4uRb... - - - tx6dbe6280f23c494c8512f-0069baa8f7 - 0.0319 - - 1773840631.685333729 1773840631.717233419 0
Mar 18 13:30:31 standalone container-server[127022]: 172.20.0.100 - - [18/Mar/2026:13:30:31 +0000] "HEAD /d1/364/AUTH_a2ec7dfe367e4f7f8d5274fe9500ceed/gnocchi.9223225b-e21a-49d7-be9e-4fa9da4d4871" 204 - "HEAD http://172.18.0.2:8080/v1/AUTH_a2ec7dfe367e4f7f8d5274fe9500ceed/gnocchi.9223225b-e21a-49d7-be9e-4fa9da4d4871?format=json&states=listing" "txe1efd38bcb9f45d78a406-0069baa8f7" "proxy-server 12" 0.0020 "-" 20 0
Mar 18 13:30:31 standalone proxy-server[129074]: - - 18/Mar/2026/13/30/31 HEAD /v1/AUTH_a2ec7dfe367e4f7f8d5274fe9500ceed/gnocchi.9223225b-e21a-49d7-be9e-4fa9da4d4871%3Fformat%3Djson%26states%3Dlisting HTTP/1.0 204 - Swift - - - - txe1efd38bcb9f45d78a406-0069baa8f7 - 0.0058 RL - 1773840631.724137306 1773840631.729919910 0
Mar 18 13:30:31 standalone container-server[127031]: 172.20.0.100 - - [18/Mar/2026:13:30:31 +0000] "GET /d1/364/AUTH_a2ec7dfe367e4f7f8d5274fe9500ceed/gnocchi.9223225b-e21a-49d7-be9e-4fa9da4d4871" 200 2 "GET http://172.18.0.2:8080/v1/AUTH_a2ec7dfe367e4f7f8d5274fe9500ceed/gnocchi.9223225b-e21a-49d7-be9e-4fa9da4d4871?format=json&states=listing" "txe1efd38bcb9f45d78a406-0069baa8f7" "proxy-server 12" 0.0041 "-" 21 0
Mar 18 13:30:31 standalone proxy-server[129074]: 172.18.0.2 172.18.0.100 18/Mar/2026/13/30/31 GET /v1/AUTH_a2ec7dfe367e4f7f8d5274fe9500ceed/gnocchi.9223225b-e21a-49d7-be9e-4fa9da4d4871%3Fformat%3Djson%26states%3Dlisting HTTP/1.0 200 - python-swiftclient-3.11.1 gAAAAABpuqhC4uRb... - 2 - txe1efd38bcb9f45d78a406-0069baa8f7 - 0.0212 - - 1773840631.722801924 1773840631.744017839 0
Mar 18 13:30:31 standalone object-server[127147]: 172.20.0.100 - - [18/Mar/2026:13:30:31 +0000] "GET /d1/492/AUTH_a2ec7dfe367e4f7f8d5274fe9500ceed/gnocchi.9223225b-e21a-49d7-be9e-4fa9da4d4871/1773360000.0_mean_300.0_v3" 404 70 "GET http://172.18.0.2:8080/v1/AUTH_a2ec7dfe367e4f7f8d5274fe9500ceed/gnocchi.9223225b-e21a-49d7-be9e-4fa9da4d4871/1773360000.0_mean_300.0_v3" "tx81973d105b064b1bb2bee-0069baa8f7" "proxy-server 12" 0.0006 "-" 25 0
Mar 18 13:30:31 standalone proxy-server[129074]: 172.18.0.2 172.18.0.100 18/Mar/2026/13/30/31 GET /v1/AUTH_a2ec7dfe367e4f7f8d5274fe9500ceed/gnocchi.9223225b-e21a-49d7-be9e-4fa9da4d4871/1773360000.0_mean_300.0_v3 HTTP/1.0 404 - python-swiftclient-3.11.1 gAAAAABpuqhC4uRb... - 70 - tx81973d105b064b1bb2bee-0069baa8f7 - 0.0096 - - 1773840631.746967316 1773840631.756582499 0
Mar 18 13:30:31 standalone container-server[127050]: 172.20.0.100 - - [18/Mar/2026:13:30:31 +0000] "PUT /d1/364/AUTH_a2ec7dfe367e4f7f8d5274fe9500ceed/gnocchi.9223225b-e21a-49d7-be9e-4fa9da4d4871/1773360000.0_mean_300.0_v3" 201 - "PUT http://172.18.0.2:8080/d1/492/AUTH_a2ec7dfe367e4f7f8d5274fe9500ceed/gnocchi.9223225b-e21a-49d7-be9e-4fa9da4d4871/1773360000.0_mean_300.0_v3" "tx94da8d75bfde43f89f693-0069baa8f7" "object-server 23" 0.0009 "-" 22 0
Mar 18 13:30:31 standalone object-server[127143]: 172.20.0.100 - - [18/Mar/2026:13:30:31 +0000] "PUT /d1/492/AUTH_a2ec7dfe367e4f7f8d5274fe9500ceed/gnocchi.9223225b-e21a-49d7-be9e-4fa9da4d4871/1773360000.0_mean_300.0_v3" 201 - "PUT http://172.18.0.2:8080/v1/AUTH_a2ec7dfe367e4f7f8d5274fe9500ceed/gnocchi.9223225b-e21a-49d7-be9e-4fa9da4d4871/1773360000.0_mean_300.0_v3" "tx94da8d75bfde43f89f693-0069baa8f7" "proxy-server 12" 0.0082 "-" 23 0
Mar 18 13:30:31 standalone proxy-server[129074]: 172.18.0.2 172.18.0.100 18/Mar/2026/13/30/31 PUT /v1/AUTH_a2ec7dfe367e4f7f8d5274fe9500ceed/gnocchi.9223225b-e21a-49d7-be9e-4fa9da4d4871/1773360000.0_mean_300.0_v3 HTTP/1.0 201 - python-swiftclient-3.11.1 gAAAAABpuqhC4uRb... 16 - - tx94da8d75bfde43f89f693-0069baa8f7 - 0.0133 - - 1773840631.758802652 1773840631.772082806 0
Mar 18 13:30:31 standalone container-server[127031]: 172.20.0.100 - - [18/Mar/2026:13:30:31 +0000] "PUT /d1/364/AUTH_a2ec7dfe367e4f7f8d5274fe9500ceed/gnocchi.9223225b-e21a-49d7-be9e-4fa9da4d4871/none_v3" 201 - "PUT http://172.18.0.2:8080/d1/279/AUTH_a2ec7dfe367e4f7f8d5274fe9500ceed/gnocchi.9223225b-e21a-49d7-be9e-4fa9da4d4871/none_v3" "txbe0cd647c43448fe8e57e-0069baa8f7" "object-server 23" 0.0008 "-" 21 0
Mar 18 13:30:31 standalone object-server[127143]: 172.20.0.100 - - [18/Mar/2026:13:30:31 +0000] "PUT /d1/279/AUTH_a2ec7dfe367e4f7f8d5274fe9500ceed/gnocchi.9223225b-e21a-49d7-be9e-4fa9da4d4871/none_v3" 201 - "PUT http://172.18.0.2:8080/v1/AUTH_a2ec7dfe367e4f7f8d5274fe9500ceed/gnocchi.9223225b-e21a-49d7-be9e-4fa9da4d4871/none_v3" "txbe0cd647c43448fe8e57e-0069baa8f7" "proxy-server 12" 0.0087 "-" 23 0
Mar 18 13:30:31 standalone proxy-server[129074]: 172.18.0.2 172.18.0.100 18/Mar/2026/13/30/31 PUT /v1/AUTH_a2ec7dfe367e4f7f8d5274fe9500ceed/gnocchi.9223225b-e21a-49d7-be9e-4fa9da4d4871/none_v3 HTTP/1.0 201 - python-swiftclient-3.11.1 gAAAAABpuqhC4uRb... 22 - - txbe0cd647c43448fe8e57e-0069baa8f7 - 0.0169 - - 1773840631.774557114 1773840631.791472673 0
Mar 18 13:30:31 standalone container-server[127022]: 172.20.0.100 - - [18/Mar/2026:13:30:31 +0000] "HEAD /d1/601/AUTH_a2ec7dfe367e4f7f8d5274fe9500ceed/gnocchi.39067a9d-ee15-45e1-972b-6df2ccae39f4" 404 - "HEAD http://172.18.0.2:8080/v1/AUTH_a2ec7dfe367e4f7f8d5274fe9500ceed/gnocchi.39067a9d-ee15-45e1-972b-6df2ccae39f4?format=json&states=listing" "txede18af490754fc391227-0069baa8f7" "proxy-server 12" 0.0005 "-" 20 0
Mar 18 13:30:31 standalone object-server[127141]: 172.20.0.100 - - [18/Mar/2026:13:30:31 +0000] "GET /d1/551/AUTH_a2ec7dfe367e4f7f8d5274fe9500ceed/gnocchi.39067a9d-ee15-45e1-972b-6df2ccae39f4/none_v3" 404 70 "GET http://172.18.0.2:8080/v1/AUTH_a2ec7dfe367e4f7f8d5274fe9500ceed/gnocchi.39067a9d-ee15-45e1-972b-6df2ccae39f4/none_v3" "txede18af490754fc391227-0069baa8f7" "proxy-server 12" 0.0005 "-" 22 0
Mar 18 13:30:31 standalone proxy-server[129074]: 172.18.0.2 172.18.0.100 18/Mar/2026/13/30/31 GET /v1/AUTH_a2ec7dfe367e4f7f8d5274fe9500ceed/gnocchi.39067a9d-ee15-45e1-972b-6df2ccae39f4/none_v3 HTTP/1.0 404 - python-swiftclient-3.11.1 gAAAAABpuqhC4uRb... - 70 - txede18af490754fc391227-0069baa8f7 - 0.0102 - - 1773840631.800793648 1773840631.811013699 0
Mar 18 13:30:31 standalone account-server[126729]: 172.20.0.100 - - [18/Mar/2026:13:30:31 +0000] "PUT /d1/502/AUTH_a2ec7dfe367e4f7f8d5274fe9500ceed/gnocchi.39067a9d-ee15-45e1-972b-6df2ccae39f4" 201 - "PUT http://172.20.0.100:6001/d1/601/AUTH_a2ec7dfe367e4f7f8d5274fe9500ceed/gnocchi.39067a9d-ee15-45e1-972b-6df2ccae39f4" "txd805ad8916ff46f084798-0069baa8f7" "container-server 21" 0.0052 "-" 21 0
Mar 18 13:30:31 standalone container-server[127031]: 172.20.0.100 - - [18/Mar/2026:13:30:31 +0000] "PUT /d1/601/AUTH_a2ec7dfe367e4f7f8d5274fe9500ceed/gnocchi.39067a9d-ee15-45e1-972b-6df2ccae39f4" 201 - "PUT http://172.18.0.2:8080/v1/AUTH_a2ec7dfe367e4f7f8d5274fe9500ceed/gnocchi.39067a9d-ee15-45e1-972b-6df2ccae39f4" "txd805ad8916ff46f084798-0069baa8f7" "proxy-server 12" 0.0153 "-" 21 0
Mar 18 13:30:31 standalone proxy-server[129074]: 172.18.0.2 172.18.0.100 18/Mar/2026/13/30/31 PUT /v1/AUTH_a2ec7dfe367e4f7f8d5274fe9500ceed/gnocchi.39067a9d-ee15-45e1-972b-6df2ccae39f4 HTTP/1.0 201 - python-swiftclient-3.11.1 gAAAAABpuqhC4uRb... - - - txd805ad8916ff46f084798-0069baa8f7 - 0.0265 - - 1773840631.813067436 1773840631.839586735 0
Mar 18 13:30:31 standalone container-server[127031]: 172.20.0.100 - - [18/Mar/2026:13:30:31 +0000] "HEAD /d1/952/AUTH_a2ec7dfe367e4f7f8d5274fe9500ceed/gnocchi.5fd7604d-ecee-4eed-8907-55542584e474" 404 - "HEAD http://172.18.0.2:8080/v1/AUTH_a2ec7dfe367e4f7f8d5274fe9500ceed/gnocchi.5fd7604d-ecee-4eed-8907-55542584e474?format=json&states=listing" "tx3fda1bd5fb19415ca06de-0069baa8f7" "proxy-server 12" 0.0004 "-" 21 0
Mar 18 13:30:31 standalone object-server[127147]: 172.20.0.100 - - [18/Mar/2026:13:30:31 +0000] "GET /d1/413/AUTH_a2ec7dfe367e4f7f8d5274fe9500ceed/gnocchi.5fd7604d-ecee-4eed-8907-55542584e474/none_v3" 404 70 "GET http://172.18.0.2:8080/v1/AUTH_a2ec7dfe367e4f7f8d5274fe9500ceed/gnocchi.5fd7604d-ecee-4eed-8907-55542584e474/none_v3" "tx3fda1bd5fb19415ca06de-0069baa8f7" "proxy-server 12" 0.0003 "-" 25 0
Mar 18 13:30:31 standalone proxy-server[129074]: 172.18.0.2 172.18.0.100 18/Mar/2026/13/30/31 GET /v1/AUTH_a2ec7dfe367e4f7f8d5274fe9500ceed/gnocchi.5fd7604d-ecee-4eed-8907-55542584e474/none_v3 HTTP/1.0 404 - python-swiftclient-3.11.1 gAAAAABpuqhC4uRb... - 70 - tx3fda1bd5fb19415ca06de-0069baa8f7 - 0.0084 - - 1773840631.842005491 1773840631.850450039 0
Mar 18 13:30:31 standalone account-server[126729]: 172.20.0.100 - - [18/Mar/2026:13:30:31 +0000] "PUT /d1/502/AUTH_a2ec7dfe367e4f7f8d5274fe9500ceed/gnocchi.5fd7604d-ecee-4eed-8907-55542584e474" 201 - "PUT http://172.20.0.100:6001/d1/952/AUTH_a2ec7dfe367e4f7f8d5274fe9500ceed/gnocchi.5fd7604d-ecee-4eed-8907-55542584e474" "tx782be56abeaf41b0b6b2b-0069baa8f7" "container-server 20" 0.0042 "-" 21 0
Mar 18 13:30:31 standalone container-server[127022]: 172.20.0.100 - - [18/Mar/2026:13:30:31 +0000] "PUT /d1/952/AUTH_a2ec7dfe367e4f7f8d5274fe9500ceed/gnocchi.5fd7604d-ecee-4eed-8907-55542584e474" 201 - "PUT http://172.18.0.2:8080/v1/AUTH_a2ec7dfe367e4f7f8d5274fe9500ceed/gnocchi.5fd7604d-ecee-4eed-8907-55542584e474" "tx782be56abeaf41b0b6b2b-0069baa8f7" "proxy-server 12" 0.0170 "-" 20 0
Mar 18 13:30:31 standalone proxy-server[129074]: 172.18.0.2 172.18.0.100 18/Mar/2026/13/30/31 PUT /v1/AUTH_a2ec7dfe367e4f7f8d5274fe9500ceed/gnocchi.5fd7604d-ecee-4eed-8907-55542584e474 HTTP/1.0 201 - python-swiftclient-3.11.1 gAAAAABpuqhC4uRb... - - - tx782be56abeaf41b0b6b2b-0069baa8f7 - 0.0219 - - 1773840631.852362871 1773840631.874306202 0
Mar 18 13:30:31 standalone container-server[127031]: 172.20.0.100 - - [18/Mar/2026:13:30:31 +0000] "HEAD /d1/601/AUTH_a2ec7dfe367e4f7f8d5274fe9500ceed/gnocchi.39067a9d-ee15-45e1-972b-6df2ccae39f4" 204 - "HEAD http://172.18.0.2:8080/v1/AUTH_a2ec7dfe367e4f7f8d5274fe9500ceed/gnocchi.39067a9d-ee15-45e1-972b-6df2ccae39f4?format=json&states=listing" "tx5a17d56758644b46a0753-0069baa8f7" "proxy-server 12" 0.0013 "-" 21 0
Mar 18 13:30:31 standalone proxy-server[129074]: - - 18/Mar/2026/13/30/31 HEAD /v1/AUTH_a2ec7dfe367e4f7f8d5274fe9500ceed/gnocchi.39067a9d-ee15-45e1-972b-6df2ccae39f4%3Fformat%3Djson%26states%3Dlisting HTTP/1.0 204 - Swift - - - - tx5a17d56758644b46a0753-0069baa8f7 - 0.0066 RL - 1773840631.877419472 1773840631.884058714 0
Mar 18 13:30:31 standalone container-server[127022]: 172.20.0.100 - - [18/Mar/2026:13:30:31 +0000] "GET /d1/601/AUTH_a2ec7dfe367e4f7f8d5274fe9500ceed/gnocchi.39067a9d-ee15-45e1-972b-6df2ccae39f4" 200 2 "GET http://172.18.0.2:8080/v1/AUTH_a2ec7dfe367e4f7f8d5274fe9500ceed/gnocchi.39067a9d-ee15-45e1-972b-6df2ccae39f4?format=json&states=listing" "tx5a17d56758644b46a0753-0069baa8f7" "proxy-server 12" 0.0030 "-" 20 0
Mar 18 13:30:31 standalone proxy-server[129074]: 172.18.0.2 172.18.0.100 18/Mar/2026/13/30/31 GET /v1/AUTH_a2ec7dfe367e4f7f8d5274fe9500ceed/gnocchi.39067a9d-ee15-45e1-972b-6df2ccae39f4%3Fformat%3Djson%26states%3Dlisting HTTP/1.0 200 - python-swiftclient-3.11.1 gAAAAABpuqhC4uRb... - 2 - tx5a17d56758644b46a0753-0069baa8f7 - 0.0150 - - 1773840631.876644373 1773840631.891613483 0
Mar 18 13:30:31 standalone container-server[127057]: 172.20.0.100 - - [18/Mar/2026:13:30:31 +0000] "HEAD /d1/952/AUTH_a2ec7dfe367e4f7f8d5274fe9500ceed/gnocchi.5fd7604d-ecee-4eed-8907-55542584e474" 204 - "HEAD http://172.18.0.2:8080/v1/AUTH_a2ec7dfe367e4f7f8d5274fe9500ceed/gnocchi.5fd7604d-ecee-4eed-8907-55542584e474?format=json&states=listing" "tx8b61260bbd8b4a9a8c30b-0069baa8f7" "proxy-server 12" 0.0011 "-" 23 0
Mar 18 13:30:31 standalone proxy-server[129074]: - - 18/Mar/2026/13/30/31 HEAD /v1/AUTH_a2ec7dfe367e4f7f8d5274fe9500ceed/gnocchi.5fd7604d-ecee-4eed-8907-55542584e474%3Fformat%3Djson%26states%3Dlisting HTTP/1.0 204 - Swift - - - - tx8b61260bbd8b4a9a8c30b-0069baa8f7 - 0.0036 RL - 1773840631.894815922 1773840631.898402214 0
Mar 18 13:30:31 standalone container-server[127031]: 172.20.0.100 - - [18/Mar/2026:13:30:31 +0000] "GET /d1/952/AUTH_a2ec7dfe367e4f7f8d5274fe9500ceed/gnocchi.5fd7604d-ecee-4eed-8907-55542584e474" 200 2 "GET http://172.18.0.2:8080/v1/AUTH_a2ec7dfe367e4f7f8d5274fe9500ceed/gnocchi.5fd7604d-ecee-4eed-8907-55542584e474?format=json&states=listing" "tx8b61260bbd8b4a9a8c30b-0069baa8f7" "proxy-server 12" 0.0018 "-" 21 0
Mar 18 13:30:31 standalone proxy-server[129074]: 172.18.0.2 172.18.0.100 18/Mar/2026/13/30/31 GET /v1/AUTH_a2ec7dfe367e4f7f8d5274fe9500ceed/gnocchi.5fd7604d-ecee-4eed-8907-55542584e474%3Fformat%3Djson%26states%3Dlisting HTTP/1.0 200 - python-swiftclient-3.11.1 gAAAAABpuqhC4uRb... - 2 - tx8b61260bbd8b4a9a8c30b-0069baa8f7 - 0.0121 - - 1773840631.894172430 1773840631.906245470 0
Mar 18 13:30:31 standalone object-server[127141]: 172.20.0.100 - - [18/Mar/2026:13:30:31 +0000] "GET /d1/948/AUTH_a2ec7dfe367e4f7f8d5274fe9500ceed/gnocchi.39067a9d-ee15-45e1-972b-6df2ccae39f4/1773360000.0_mean_300.0_v3" 404 70 "GET http://172.18.0.2:8080/v1/AUTH_a2ec7dfe367e4f7f8d5274fe9500ceed/gnocchi.39067a9d-ee15-45e1-972b-6df2ccae39f4/1773360000.0_mean_300.0_v3" "txf34d23e303664303b81b6-0069baa8f7" "proxy-server 12" 0.0004 "-" 22 0
Mar 18 13:30:31 standalone proxy-server[129074]: 172.18.0.2 172.18.0.100 18/Mar/2026/13/30/31 GET /v1/AUTH_a2ec7dfe367e4f7f8d5274fe9500ceed/gnocchi.39067a9d-ee15-45e1-972b-6df2ccae39f4/1773360000.0_mean_300.0_v3 HTTP/1.0 404 - python-swiftclient-3.11.1 gAAAAABpuqhC4uRb... - 70 - txf34d23e303664303b81b6-0069baa8f7 - 0.0068 - - 1773840631.909308434 1773840631.916118383 0
Mar 18 13:30:31 standalone object-server[127143]: 172.20.0.100 - - [18/Mar/2026:13:30:31 +0000] "GET /d1/371/AUTH_a2ec7dfe367e4f7f8d5274fe9500ceed/gnocchi.5fd7604d-ecee-4eed-8907-55542584e474/1773360000.0_mean_300.0_v3" 404 70 "GET http://172.18.0.2:8080/v1/AUTH_a2ec7dfe367e4f7f8d5274fe9500ceed/gnocchi.5fd7604d-ecee-4eed-8907-55542584e474/1773360000.0_mean_300.0_v3" "txb3b3e5e77e2047b98fd5b-0069baa8f7" "proxy-server 12" 0.0003 "-" 23 0
Mar 18 13:30:31 standalone proxy-server[129074]: 172.18.0.2 172.18.0.100 18/Mar/2026/13/30/31 GET /v1/AUTH_a2ec7dfe367e4f7f8d5274fe9500ceed/gnocchi.5fd7604d-ecee-4eed-8907-55542584e474/1773360000.0_mean_300.0_v3 HTTP/1.0 404 - python-swiftclient-3.11.1 gAAAAABpuqhC4uRb... - 70 - txb3b3e5e77e2047b98fd5b-0069baa8f7 - 0.0044 - - 1773840631.918821573 1773840631.923187256 0
Mar 18 13:30:31 standalone container-server[127022]: 172.20.0.100 - - [18/Mar/2026:13:30:31 +0000] "PUT /d1/601/AUTH_a2ec7dfe367e4f7f8d5274fe9500ceed/gnocchi.39067a9d-ee15-45e1-972b-6df2ccae39f4/1773360000.0_mean_300.0_v3" 201 - "PUT http://172.18.0.2:8080/d1/948/AUTH_a2ec7dfe367e4f7f8d5274fe9500ceed/gnocchi.39067a9d-ee15-45e1-972b-6df2ccae39f4/1773360000.0_mean_300.0_v3" "tx914879936390479e81823-0069baa8f7" "object-server 25" 0.0008 "-" 20 0
Mar 18 13:30:31 standalone object-server[127147]: 172.20.0.100 - - [18/Mar/2026:13:30:31 +0000] "PUT /d1/948/AUTH_a2ec7dfe367e4f7f8d5274fe9500ceed/gnocchi.39067a9d-ee15-45e1-972b-6df2ccae39f4/1773360000.0_mean_300.0_v3" 201 - "PUT http://172.18.0.2:8080/v1/AUTH_a2ec7dfe367e4f7f8d5274fe9500ceed/gnocchi.39067a9d-ee15-45e1-972b-6df2ccae39f4/1773360000.0_mean_300.0_v3" "tx914879936390479e81823-0069baa8f7" "proxy-server 12" 0.0096 "-" 25 0
Mar 18 13:30:31 standalone proxy-server[129074]: 172.18.0.2 172.18.0.100 18/Mar/2026/13/30/31 PUT /v1/AUTH_a2ec7dfe367e4f7f8d5274fe9500ceed/gnocchi.39067a9d-ee15-45e1-972b-6df2ccae39f4/1773360000.0_mean_300.0_v3 HTTP/1.0 201 - python-swiftclient-3.11.1 gAAAAABpuqhC4uRb... 16 - - tx914879936390479e81823-0069baa8f7 - 0.0146 - - 1773840631.925928354 1773840631.940479279 0
Mar 18 13:30:31 standalone container-server[127057]: 172.20.0.100 - - [18/Mar/2026:13:30:31 +0000] "PUT /d1/952/AUTH_a2ec7dfe367e4f7f8d5274fe9500ceed/gnocchi.5fd7604d-ecee-4eed-8907-55542584e474/1773360000.0_mean_300.0_v3" 201 - "PUT http://172.18.0.2:8080/d1/371/AUTH_a2ec7dfe367e4f7f8d5274fe9500ceed/gnocchi.5fd7604d-ecee-4eed-8907-55542584e474/1773360000.0_mean_300.0_v3" "tx690e22f30e304cfd8f8ff-0069baa8f7" "object-server 24" 0.0014 "-" 23 0
Mar 18 13:30:31 standalone object-server[127145]: 172.20.0.100 - - [18/Mar/2026:13:30:31 +0000] "PUT /d1/371/AUTH_a2ec7dfe367e4f7f8d5274fe9500ceed/gnocchi.5fd7604d-ecee-4eed-8907-55542584e474/1773360000.0_mean_300.0_v3" 201 - "PUT http://172.18.0.2:8080/v1/AUTH_a2ec7dfe367e4f7f8d5274fe9500ceed/gnocchi.5fd7604d-ecee-4eed-8907-55542584e474/1773360000.0_mean_300.0_v3" "tx690e22f30e304cfd8f8ff-0069baa8f7" "proxy-server 12" 0.0099 "-" 24 0
Mar 18 13:30:31 standalone proxy-server[129074]: 172.18.0.2 172.18.0.100 18/Mar/2026/13/30/31 PUT /v1/AUTH_a2ec7dfe367e4f7f8d5274fe9500ceed/gnocchi.5fd7604d-ecee-4eed-8907-55542584e474/1773360000.0_mean_300.0_v3 HTTP/1.0 201 - python-swiftclient-3.11.1 gAAAAABpuqhC4uRb... 16 - - tx690e22f30e304cfd8f8ff-0069baa8f7 - 0.0160 - - 1773840631.944428205 1773840631.960420609 0
Mar 18 13:30:31 standalone container-server[127057]: 172.20.0.100 - - [18/Mar/2026:13:30:31 +0000] "PUT /d1/601/AUTH_a2ec7dfe367e4f7f8d5274fe9500ceed/gnocchi.39067a9d-ee15-45e1-972b-6df2ccae39f4/none_v3" 201 - "PUT http://172.18.0.2:8080/d1/551/AUTH_a2ec7dfe367e4f7f8d5274fe9500ceed/gnocchi.39067a9d-ee15-45e1-972b-6df2ccae39f4/none_v3" "tx772b058d2a80493ba28cf-0069baa8f7" "object-server 24" 0.0007 "-" 23 0
Mar 18 13:30:31 standalone object-server[127145]: 172.20.0.100 - - [18/Mar/2026:13:30:31 +0000] "PUT /d1/551/AUTH_a2ec7dfe367e4f7f8d5274fe9500ceed/gnocchi.39067a9d-ee15-45e1-972b-6df2ccae39f4/none_v3" 201 - "PUT http://172.18.0.2:8080/v1/AUTH_a2ec7dfe367e4f7f8d5274fe9500ceed/gnocchi.39067a9d-ee15-45e1-972b-6df2ccae39f4/none_v3" "tx772b058d2a80493ba28cf-0069baa8f7" "proxy-server 12" 0.0068 "-" 24 0
Mar 18 13:30:31 standalone proxy-server[129074]: 172.18.0.2 172.18.0.100 18/Mar/2026/13/30/31 PUT /v1/AUTH_a2ec7dfe367e4f7f8d5274fe9500ceed/gnocchi.39067a9d-ee15-45e1-972b-6df2ccae39f4/none_v3 HTTP/1.0 201 - python-swiftclient-3.11.1 gAAAAABpuqhC4uRb... 22 - - tx772b058d2a80493ba28cf-0069baa8f7 - 0.0122 - - 1773840631.964206934 1773840631.976443529 0
Mar 18 13:30:31 standalone container-server[127022]: 172.20.0.100 - - [18/Mar/2026:13:30:31 +0000] "PUT /d1/952/AUTH_a2ec7dfe367e4f7f8d5274fe9500ceed/gnocchi.5fd7604d-ecee-4eed-8907-55542584e474/none_v3" 201 - "PUT http://172.18.0.2:8080/d1/413/AUTH_a2ec7dfe367e4f7f8d5274fe9500ceed/gnocchi.5fd7604d-ecee-4eed-8907-55542584e474/none_v3" "tx352fab9654a142869faa8-0069baa8f7" "object-server 23" 0.0006 "-" 20 0
Mar 18 13:30:31 standalone object-server[127143]: 172.20.0.100 - - [18/Mar/2026:13:30:31 +0000] "PUT /d1/413/AUTH_a2ec7dfe367e4f7f8d5274fe9500ceed/gnocchi.5fd7604d-ecee-4eed-8907-55542584e474/none_v3" 201 - "PUT http://172.18.0.2:8080/v1/AUTH_a2ec7dfe367e4f7f8d5274fe9500ceed/gnocchi.5fd7604d-ecee-4eed-8907-55542584e474/none_v3" "tx352fab9654a142869faa8-0069baa8f7" "proxy-server 12" 0.0096 "-" 23 0
Mar 18 13:30:31 standalone proxy-server[129074]: 172.18.0.2 172.18.0.100 18/Mar/2026/13/30/31 PUT /v1/AUTH_a2ec7dfe367e4f7f8d5274fe9500ceed/gnocchi.5fd7604d-ecee-4eed-8907-55542584e474/none_v3 HTTP/1.0 201 - python-swiftclient-3.11.1 gAAAAABpuqhC4uRb... 22 - - tx352fab9654a142869faa8-0069baa8f7 - 0.0167 - - 1773840631.979853630 1773840631.996539593 0
Mar 18 13:30:32 standalone container-server[127031]: 172.20.0.100 - - [18/Mar/2026:13:30:32 +0000] "HEAD /d1/87/AUTH_a2ec7dfe367e4f7f8d5274fe9500ceed/gnocchi.5ebacae7-27fa-4d18-881f-48b1a39f1ff7" 404 - "HEAD http://172.18.0.2:8080/v1/AUTH_a2ec7dfe367e4f7f8d5274fe9500ceed/gnocchi.5ebacae7-27fa-4d18-881f-48b1a39f1ff7?format=json&states=listing" "tx3042c8e61ea34e01bb83e-0069baa8f8" "proxy-server 12" 0.0004 "-" 21 0
Mar 18 13:30:32 standalone object-server[127147]: 172.20.0.100 - - [18/Mar/2026:13:30:32 +0000] "GET /d1/366/AUTH_a2ec7dfe367e4f7f8d5274fe9500ceed/gnocchi.5ebacae7-27fa-4d18-881f-48b1a39f1ff7/none_v3" 404 70 "GET http://172.18.0.2:8080/v1/AUTH_a2ec7dfe367e4f7f8d5274fe9500ceed/gnocchi.5ebacae7-27fa-4d18-881f-48b1a39f1ff7/none_v3" "tx3042c8e61ea34e01bb83e-0069baa8f8" "proxy-server 12" 0.0004 "-" 25 0
Mar 18 13:30:32 standalone proxy-server[129074]: 172.18.0.2 172.18.0.100 18/Mar/2026/13/30/32 GET /v1/AUTH_a2ec7dfe367e4f7f8d5274fe9500ceed/gnocchi.5ebacae7-27fa-4d18-881f-48b1a39f1ff7/none_v3 HTTP/1.0 404 - python-swiftclient-3.11.1 gAAAAABpuqhC4uRb... - 70 - tx3042c8e61ea34e01bb83e-0069baa8f8 - 0.0105 - - 1773840632.013616800 1773840632.024097204 0
Mar 18 13:30:32 standalone account-server[126767]: 172.20.0.100 - - [18/Mar/2026:13:30:32 +0000] "PUT /d1/502/AUTH_a2ec7dfe367e4f7f8d5274fe9500ceed/gnocchi.5ebacae7-27fa-4d18-881f-48b1a39f1ff7" 201 - "PUT http://172.20.0.100:6001/d1/87/AUTH_a2ec7dfe367e4f7f8d5274fe9500ceed/gnocchi.5ebacae7-27fa-4d18-881f-48b1a39f1ff7" "tx1dc1cdb4da9b40f2a4c3b-0069baa8f8" "container-server 23" 0.0043 "-" 23 0
Mar 18 13:30:32 standalone container-server[127057]: 172.20.0.100 - - [18/Mar/2026:13:30:32 +0000] "PUT /d1/87/AUTH_a2ec7dfe367e4f7f8d5274fe9500ceed/gnocchi.5ebacae7-27fa-4d18-881f-48b1a39f1ff7" 201 - "PUT http://172.18.0.2:8080/v1/AUTH_a2ec7dfe367e4f7f8d5274fe9500ceed/gnocchi.5ebacae7-27fa-4d18-881f-48b1a39f1ff7" "tx1dc1cdb4da9b40f2a4c3b-0069baa8f8" "proxy-server 12" 0.0179 "-" 23 0
Mar 18 13:30:32 standalone proxy-server[129074]: 172.18.0.2 172.18.0.100 18/Mar/2026/13/30/32 PUT /v1/AUTH_a2ec7dfe367e4f7f8d5274fe9500ceed/gnocchi.5ebacae7-27fa-4d18-881f-48b1a39f1ff7 HTTP/1.0 201 - python-swiftclient-3.11.1 gAAAAABpuqhC4uRb... - - - tx1dc1cdb4da9b40f2a4c3b-0069baa8f8 - 0.0248 - - 1773840632.028069973 1773840632.052919865 0
Mar 18 13:30:32 standalone container-server[127050]: 172.20.0.100 - - [18/Mar/2026:13:30:32 +0000] "HEAD /d1/87/AUTH_a2ec7dfe367e4f7f8d5274fe9500ceed/gnocchi.5ebacae7-27fa-4d18-881f-48b1a39f1ff7" 204 - "HEAD http://172.18.0.2:8080/v1/AUTH_a2ec7dfe367e4f7f8d5274fe9500ceed/gnocchi.5ebacae7-27fa-4d18-881f-48b1a39f1ff7?format=json&states=listing" "tx4c173fb7bca94ba29cdd1-0069baa8f8" "proxy-server 12" 0.0012 "-" 22 0
Mar 18 13:30:32 standalone proxy-server[129074]: - - 18/Mar/2026/13/30/32 HEAD /v1/AUTH_a2ec7dfe367e4f7f8d5274fe9500ceed/gnocchi.5ebacae7-27fa-4d18-881f-48b1a39f1ff7%3Fformat%3Djson%26states%3Dlisting HTTP/1.0 204 - Swift - - - - tx4c173fb7bca94ba29cdd1-0069baa8f8 - 0.0046 RL - 1773840632.059787750 1773840632.064423561 0
Mar 18 13:30:32 standalone container-server[127022]: 172.20.0.100 - - [18/Mar/2026:13:30:32 +0000] "GET /d1/87/AUTH_a2ec7dfe367e4f7f8d5274fe9500ceed/gnocchi.5ebacae7-27fa-4d18-881f-48b1a39f1ff7" 200 2 "GET http://172.18.0.2:8080/v1/AUTH_a2ec7dfe367e4f7f8d5274fe9500ceed/gnocchi.5ebacae7-27fa-4d18-881f-48b1a39f1ff7?format=json&states=listing" "tx4c173fb7bca94ba29cdd1-0069baa8f8" "proxy-server 12" 0.0039 "-" 20 0
Mar 18 13:30:32 standalone proxy-server[129074]: 172.18.0.2 172.18.0.100 18/Mar/2026/13/30/32 GET /v1/AUTH_a2ec7dfe367e4f7f8d5274fe9500ceed/gnocchi.5ebacae7-27fa-4d18-881f-48b1a39f1ff7%3Fformat%3Djson%26states%3Dlisting HTTP/1.0 200 - python-swiftclient-3.11.1 gAAAAABpuqhC4uRb... - 2 - tx4c173fb7bca94ba29cdd1-0069baa8f8 - 0.0170 - - 1773840632.058458090 1773840632.075467587 0
Mar 18 13:30:32 standalone object-server[127141]: 172.20.0.100 - - [18/Mar/2026:13:30:32 +0000] "GET /d1/904/AUTH_a2ec7dfe367e4f7f8d5274fe9500ceed/gnocchi.5ebacae7-27fa-4d18-881f-48b1a39f1ff7/1773360000.0_mean_300.0_v3" 404 70 "GET http://172.18.0.2:8080/v1/AUTH_a2ec7dfe367e4f7f8d5274fe9500ceed/gnocchi.5ebacae7-27fa-4d18-881f-48b1a39f1ff7/1773360000.0_mean_300.0_v3" "txd2ee648d54c140b686b84-0069baa8f8" "proxy-server 12" 0.0004 "-" 22 0
Mar 18 13:30:32 standalone proxy-server[129074]: 172.18.0.2 172.18.0.100 18/Mar/2026/13/30/32 GET /v1/AUTH_a2ec7dfe367e4f7f8d5274fe9500ceed/gnocchi.5ebacae7-27fa-4d18-881f-48b1a39f1ff7/1773360000.0_mean_300.0_v3 HTTP/1.0 404 - python-swiftclient-3.11.1 gAAAAABpuqhC4uRb... - 70 - txd2ee648d54c140b686b84-0069baa8f8 - 0.0052 - - 1773840632.081420660 1773840632.086620092 0
Mar 18 13:30:32 standalone container-server[127031]: 172.20.0.100 - - [18/Mar/2026:13:30:32 +0000] "PUT /d1/87/AUTH_a2ec7dfe367e4f7f8d5274fe9500ceed/gnocchi.5ebacae7-27fa-4d18-881f-48b1a39f1ff7/1773360000.0_mean_300.0_v3" 201 - "PUT http://172.18.0.2:8080/d1/904/AUTH_a2ec7dfe367e4f7f8d5274fe9500ceed/gnocchi.5ebacae7-27fa-4d18-881f-48b1a39f1ff7/1773360000.0_mean_300.0_v3" "tx36b5982a42174ac38fce9-0069baa8f8" "object-server 22" 0.0005 "-" 21 0
Mar 18 13:30:32 standalone object-server[127141]: 172.20.0.100 - - [18/Mar/2026:13:30:32 +0000] "PUT /d1/904/AUTH_a2ec7dfe367e4f7f8d5274fe9500ceed/gnocchi.5ebacae7-27fa-4d18-881f-48b1a39f1ff7/1773360000.0_mean_300.0_v3" 201 - "PUT http://172.18.0.2:8080/v1/AUTH_a2ec7dfe367e4f7f8d5274fe9500ceed/gnocchi.5ebacae7-27fa-4d18-881f-48b1a39f1ff7/1773360000.0_mean_300.0_v3" "tx36b5982a42174ac38fce9-0069baa8f8" "proxy-server 12" 0.0098 "-" 22 0
Mar 18 13:30:32 standalone proxy-server[129074]: 172.18.0.2 172.18.0.100 18/Mar/2026/13/30/32 PUT /v1/AUTH_a2ec7dfe367e4f7f8d5274fe9500ceed/gnocchi.5ebacae7-27fa-4d18-881f-48b1a39f1ff7/1773360000.0_mean_300.0_v3 HTTP/1.0 201 - python-swiftclient-3.11.1 gAAAAABpuqhC4uRb... 16 - - tx36b5982a42174ac38fce9-0069baa8f8 - 0.0136 - - 1773840632.089313030 1773840632.102880001 0
Mar 18 13:30:32 standalone container-server[127031]: 172.20.0.100 - - [18/Mar/2026:13:30:32 +0000] "PUT /d1/87/AUTH_a2ec7dfe367e4f7f8d5274fe9500ceed/gnocchi.5ebacae7-27fa-4d18-881f-48b1a39f1ff7/none_v3" 201 - "PUT http://172.18.0.2:8080/d1/366/AUTH_a2ec7dfe367e4f7f8d5274fe9500ceed/gnocchi.5ebacae7-27fa-4d18-881f-48b1a39f1ff7/none_v3" "tx7d5f7e1ad0354c9c997b1-0069baa8f8" "object-server 23" 0.0006 "-" 21 0
Mar 18 13:30:32 standalone object-server[127143]: 172.20.0.100 - - [18/Mar/2026:13:30:32 +0000] "PUT /d1/366/AUTH_a2ec7dfe367e4f7f8d5274fe9500ceed/gnocchi.5ebacae7-27fa-4d18-881f-48b1a39f1ff7/none_v3" 201 - "PUT http://172.18.0.2:8080/v1/AUTH_a2ec7dfe367e4f7f8d5274fe9500ceed/gnocchi.5ebacae7-27fa-4d18-881f-48b1a39f1ff7/none_v3" "tx7d5f7e1ad0354c9c997b1-0069baa8f8" "proxy-server 12" 0.0084 "-" 23 0
Mar 18 13:30:32 standalone proxy-server[129074]: 172.18.0.2 172.18.0.100 18/Mar/2026/13/30/32 PUT /v1/AUTH_a2ec7dfe367e4f7f8d5274fe9500ceed/gnocchi.5ebacae7-27fa-4d18-881f-48b1a39f1ff7/none_v3 HTTP/1.0 201 - python-swiftclient-3.11.1 gAAAAABpuqhC4uRb... 22 - - tx7d5f7e1ad0354c9c997b1-0069baa8f8 - 0.0121 - - 1773840632.105504036 1773840632.117614269 0
Mar 18 13:30:32 standalone container-server[127057]: 172.20.0.100 - - [18/Mar/2026:13:30:32 +0000] "HEAD /d1/230/AUTH_a2ec7dfe367e4f7f8d5274fe9500ceed/gnocchi.9f42224d-63c4-4047-8905-44da54e594ba" 404 - "HEAD http://172.18.0.2:8080/v1/AUTH_a2ec7dfe367e4f7f8d5274fe9500ceed/gnocchi.9f42224d-63c4-4047-8905-44da54e594ba?format=json&states=listing" "tx40fb23627f0c4081bc988-0069baa8f8" "proxy-server 12" 0.0004 "-" 23 0
Mar 18 13:30:32 standalone object-server[127147]: 172.20.0.100 - - [18/Mar/2026:13:30:32 +0000] "GET /d1/92/AUTH_a2ec7dfe367e4f7f8d5274fe9500ceed/gnocchi.9f42224d-63c4-4047-8905-44da54e594ba/none_v3" 404 70 "GET http://172.18.0.2:8080/v1/AUTH_a2ec7dfe367e4f7f8d5274fe9500ceed/gnocchi.9f42224d-63c4-4047-8905-44da54e594ba/none_v3" "tx40fb23627f0c4081bc988-0069baa8f8" "proxy-server 12" 0.0003 "-" 25 0
Mar 18 13:30:32 standalone proxy-server[129074]: 172.18.0.2 172.18.0.100 18/Mar/2026/13/30/32 GET /v1/AUTH_a2ec7dfe367e4f7f8d5274fe9500ceed/gnocchi.9f42224d-63c4-4047-8905-44da54e594ba/none_v3 HTTP/1.0 404 - python-swiftclient-3.11.1 gAAAAABpuqhC4uRb... - 70 - tx40fb23627f0c4081bc988-0069baa8f8 - 0.0074 - - 1773840632.135475397 1773840632.142860889 0
Mar 18 13:30:32 standalone account-server[126721]: 172.20.0.100 - - [18/Mar/2026:13:30:32 +0000] "PUT /d1/502/AUTH_a2ec7dfe367e4f7f8d5274fe9500ceed/gnocchi.9f42224d-63c4-4047-8905-44da54e594ba" 201 - "PUT http://172.20.0.100:6001/d1/230/AUTH_a2ec7dfe367e4f7f8d5274fe9500ceed/gnocchi.9f42224d-63c4-4047-8905-44da54e594ba" "tx32f21a8e187c43d3b4846-0069baa8f8" "container-server 22" 0.0056 "-" 19 0
Mar 18 13:30:32 standalone container-server[127050]: 172.20.0.100 - - [18/Mar/2026:13:30:32 +0000] "PUT /d1/230/AUTH_a2ec7dfe367e4f7f8d5274fe9500ceed/gnocchi.9f42224d-63c4-4047-8905-44da54e594ba" 201 - "PUT http://172.18.0.2:8080/v1/AUTH_a2ec7dfe367e4f7f8d5274fe9500ceed/gnocchi.9f42224d-63c4-4047-8905-44da54e594ba" "tx32f21a8e187c43d3b4846-0069baa8f8" "proxy-server 12" 0.0147 "-" 22 0
Mar 18 13:30:32 standalone proxy-server[129074]: 172.18.0.2 172.18.0.100 18/Mar/2026/13/30/32 PUT /v1/AUTH_a2ec7dfe367e4f7f8d5274fe9500ceed/gnocchi.9f42224d-63c4-4047-8905-44da54e594ba HTTP/1.0 201 - python-swiftclient-3.11.1 gAAAAABpuqhC4uRb... - - - tx32f21a8e187c43d3b4846-0069baa8f8 - 0.0183 - - 1773840632.145304918 1773840632.163583279 0
Mar 18 13:30:32 standalone container-server[127057]: 172.20.0.100 - - [18/Mar/2026:13:30:32 +0000] "HEAD /d1/230/AUTH_a2ec7dfe367e4f7f8d5274fe9500ceed/gnocchi.9f42224d-63c4-4047-8905-44da54e594ba" 204 - "HEAD http://172.18.0.2:8080/v1/AUTH_a2ec7dfe367e4f7f8d5274fe9500ceed/gnocchi.9f42224d-63c4-4047-8905-44da54e594ba?format=json&states=listing" "tx9eb9c191084b444c9c835-0069baa8f8" "proxy-server 12" 0.0015 "-" 23 0
Mar 18 13:30:32 standalone proxy-server[129074]: - - 18/Mar/2026/13/30/32 HEAD /v1/AUTH_a2ec7dfe367e4f7f8d5274fe9500ceed/gnocchi.9f42224d-63c4-4047-8905-44da54e594ba%3Fformat%3Djson%26states%3Dlisting HTTP/1.0 204 - Swift - - - - tx9eb9c191084b444c9c835-0069baa8f8 - 0.0041 RL - 1773840632.167361736 1773840632.171495199 0
Mar 18 13:30:32 standalone container-server[127022]: 172.20.0.100 - - [18/Mar/2026:13:30:32 +0000] "GET /d1/230/AUTH_a2ec7dfe367e4f7f8d5274fe9500ceed/gnocchi.9f42224d-63c4-4047-8905-44da54e594ba" 200 2 "GET http://172.18.0.2:8080/v1/AUTH_a2ec7dfe367e4f7f8d5274fe9500ceed/gnocchi.9f42224d-63c4-4047-8905-44da54e594ba?format=json&states=listing" "tx9eb9c191084b444c9c835-0069baa8f8" "proxy-server 12" 0.0039 "-" 20 0
Mar 18 13:30:32 standalone proxy-server[129074]: 172.18.0.2 172.18.0.100 18/Mar/2026/13/30/32 GET /v1/AUTH_a2ec7dfe367e4f7f8d5274fe9500ceed/gnocchi.9f42224d-63c4-4047-8905-44da54e594ba%3Fformat%3Djson%26states%3Dlisting HTTP/1.0 200 - python-swiftclient-3.11.1 gAAAAABpuqhC4uRb... - 2 - tx9eb9c191084b444c9c835-0069baa8f8 - 0.0141 - - 1773840632.166490793 1773840632.180633545 0
Mar 18 13:30:32 standalone object-server[127141]: 172.20.0.100 - - [18/Mar/2026:13:30:32 +0000] "GET /d1/740/AUTH_a2ec7dfe367e4f7f8d5274fe9500ceed/gnocchi.9f42224d-63c4-4047-8905-44da54e594ba/1773360000.0_mean_300.0_v3" 404 70 "GET http://172.18.0.2:8080/v1/AUTH_a2ec7dfe367e4f7f8d5274fe9500ceed/gnocchi.9f42224d-63c4-4047-8905-44da54e594ba/1773360000.0_mean_300.0_v3" "tx5814087099294d2f880f7-0069baa8f8" "proxy-server 12" 0.0005 "-" 22 0
Mar 18 13:30:32 standalone proxy-server[129074]: 172.18.0.2 172.18.0.100 18/Mar/2026/13/30/32 GET /v1/AUTH_a2ec7dfe367e4f7f8d5274fe9500ceed/gnocchi.9f42224d-63c4-4047-8905-44da54e594ba/1773360000.0_mean_300.0_v3 HTTP/1.0 404 - python-swiftclient-3.11.1 gAAAAABpuqhC4uRb... - 70 - tx5814087099294d2f880f7-0069baa8f8 - 0.0051 - - 1773840632.183578730 1773840632.188648462 0
Mar 18 13:30:32 standalone container-server[127057]: 172.20.0.100 - - [18/Mar/2026:13:30:32 +0000] "PUT /d1/230/AUTH_a2ec7dfe367e4f7f8d5274fe9500ceed/gnocchi.9f42224d-63c4-4047-8905-44da54e594ba/1773360000.0_mean_300.0_v3" 201 - "PUT http://172.18.0.2:8080/d1/740/AUTH_a2ec7dfe367e4f7f8d5274fe9500ceed/gnocchi.9f42224d-63c4-4047-8905-44da54e594ba/1773360000.0_mean_300.0_v3" "txcdb5850f06d449f089f0e-0069baa8f8" "object-server 22" 0.0009 "-" 23 0
Mar 18 13:30:32 standalone object-server[127141]: 172.20.0.100 - - [18/Mar/2026:13:30:32 +0000] "PUT /d1/740/AUTH_a2ec7dfe367e4f7f8d5274fe9500ceed/gnocchi.9f42224d-63c4-4047-8905-44da54e594ba/1773360000.0_mean_300.0_v3" 201 - "PUT http://172.18.0.2:8080/v1/AUTH_a2ec7dfe367e4f7f8d5274fe9500ceed/gnocchi.9f42224d-63c4-4047-8905-44da54e594ba/1773360000.0_mean_300.0_v3" "txcdb5850f06d449f089f0e-0069baa8f8" "proxy-server 12" 0.0096 "-" 22 0
Mar 18 13:30:32 standalone proxy-server[129074]: 172.18.0.2 172.18.0.100 18/Mar/2026/13/30/32 PUT /v1/AUTH_a2ec7dfe367e4f7f8d5274fe9500ceed/gnocchi.9f42224d-63c4-4047-8905-44da54e594ba/1773360000.0_mean_300.0_v3 HTTP/1.0 201 - python-swiftclient-3.11.1 gAAAAABpuqhC4uRb... 16 - - txcdb5850f06d449f089f0e-0069baa8f8 - 0.0166 - - 1773840632.190903902 1773840632.207527637 0
Mar 18 13:30:32 standalone container-server[127022]: 172.20.0.100 - - [18/Mar/2026:13:30:32 +0000] "PUT /d1/230/AUTH_a2ec7dfe367e4f7f8d5274fe9500ceed/gnocchi.9f42224d-63c4-4047-8905-44da54e594ba/none_v3" 201 - "PUT http://172.18.0.2:8080/d1/92/AUTH_a2ec7dfe367e4f7f8d5274fe9500ceed/gnocchi.9f42224d-63c4-4047-8905-44da54e594ba/none_v3" "tx4ed2df4f712f409eaecd1-0069baa8f8" "object-server 25" 0.0008 "-" 20 0
Mar 18 13:30:32 standalone object-server[127147]: 172.20.0.100 - - [18/Mar/2026:13:30:32 +0000] "PUT /d1/92/AUTH_a2ec7dfe367e4f7f8d5274fe9500ceed/gnocchi.9f42224d-63c4-4047-8905-44da54e594ba/none_v3" 201 - "PUT http://172.18.0.2:8080/v1/AUTH_a2ec7dfe367e4f7f8d5274fe9500ceed/gnocchi.9f42224d-63c4-4047-8905-44da54e594ba/none_v3" "tx4ed2df4f712f409eaecd1-0069baa8f8" "proxy-server 12" 0.0115 "-" 25 0
Mar 18 13:30:32 standalone proxy-server[129074]: 172.18.0.2 172.18.0.100 18/Mar/2026/13/30/32 PUT /v1/AUTH_a2ec7dfe367e4f7f8d5274fe9500ceed/gnocchi.9f42224d-63c4-4047-8905-44da54e594ba/none_v3 HTTP/1.0 201 - python-swiftclient-3.11.1 gAAAAABpuqhC4uRb... 22 - - tx4ed2df4f712f409eaecd1-0069baa8f8 - 0.0176 - - 1773840632.210922003 1773840632.228477716 0
Mar 18 13:30:32 standalone container-server[127022]: 172.20.0.100 - - [18/Mar/2026:13:30:32 +0000] "HEAD /d1/459/AUTH_a2ec7dfe367e4f7f8d5274fe9500ceed/gnocchi.36eb8d6a-d444-43c3-88bf-ac719e9b0804" 404 - "HEAD http://172.18.0.2:8080/v1/AUTH_a2ec7dfe367e4f7f8d5274fe9500ceed/gnocchi.36eb8d6a-d444-43c3-88bf-ac719e9b0804?format=json&states=listing" "tx73f0971c5f4549bd8bdca-0069baa8f8" "proxy-server 12" 0.0006 "-" 20 0
Mar 18 13:30:32 standalone object-server[127143]: 172.20.0.100 - - [18/Mar/2026:13:30:32 +0000] "GET /d1/949/AUTH_a2ec7dfe367e4f7f8d5274fe9500ceed/gnocchi.36eb8d6a-d444-43c3-88bf-ac719e9b0804/none_v3" 404 70 "GET http://172.18.0.2:8080/v1/AUTH_a2ec7dfe367e4f7f8d5274fe9500ceed/gnocchi.36eb8d6a-d444-43c3-88bf-ac719e9b0804/none_v3" "tx73f0971c5f4549bd8bdca-0069baa8f8" "proxy-server 12" 0.0005 "-" 23 0
Mar 18 13:30:32 standalone proxy-server[129074]: 172.18.0.2 172.18.0.100 18/Mar/2026/13/30/32 GET /v1/AUTH_a2ec7dfe367e4f7f8d5274fe9500ceed/gnocchi.36eb8d6a-d444-43c3-88bf-ac719e9b0804/none_v3 HTTP/1.0 404 - python-swiftclient-3.11.1 gAAAAABpuqhC4uRb... - 70 - tx73f0971c5f4549bd8bdca-0069baa8f8 - 0.0106 - - 1773840632.242568016 1773840632.253118515 0
Mar 18 13:30:32 standalone account-server[126729]: 172.20.0.100 - - [18/Mar/2026:13:30:32 +0000] "PUT /d1/502/AUTH_a2ec7dfe367e4f7f8d5274fe9500ceed/gnocchi.36eb8d6a-d444-43c3-88bf-ac719e9b0804" 201 - "PUT http://172.20.0.100:6001/d1/459/AUTH_a2ec7dfe367e4f7f8d5274fe9500ceed/gnocchi.36eb8d6a-d444-43c3-88bf-ac719e9b0804" "tx8c0e550e02b34f17b8051-0069baa8f8" "container-server 21" 0.0063 "-" 21 0
Mar 18 13:30:32 standalone container-server[127031]: 172.20.0.100 - - [18/Mar/2026:13:30:32 +0000] "PUT /d1/459/AUTH_a2ec7dfe367e4f7f8d5274fe9500ceed/gnocchi.36eb8d6a-d444-43c3-88bf-ac719e9b0804" 201 - "PUT http://172.18.0.2:8080/v1/AUTH_a2ec7dfe367e4f7f8d5274fe9500ceed/gnocchi.36eb8d6a-d444-43c3-88bf-ac719e9b0804" "tx8c0e550e02b34f17b8051-0069baa8f8" "proxy-server 12" 0.0196 "-" 21 0
