Mar 18 13:15:32 standalone account-server[126562]: Starting 2
Mar 18 13:15:32 standalone account-server[126557]: Started child 19 from parent 2
Mar 18 13:15:32 standalone account-server[126557]: Started child 21 from parent 2
Mar 18 13:15:32 standalone account-server[126557]: Started child 22 from parent 2
Mar 18 13:15:32 standalone account-server[126557]: Started child 23 from parent 2
Mar 18 13:15:33 standalone container-server[126832]: Starting 2
Mar 18 13:15:33 standalone container-server[126731]: Option allow_versions is deprecated. Configure the versioned_writes middleware in the proxy-server instead. This option will be ignored in a future release.
Mar 18 13:15:33 standalone container-server[127022]: Option allow_versions is deprecated. Configure the versioned_writes middleware in the proxy-server instead. This option will be ignored in a future release.
Mar 18 13:15:33 standalone container-server[126731]: Started child 20 from parent 2
Mar 18 13:15:33 standalone container-server[127031]: Option allow_versions is deprecated. Configure the versioned_writes middleware in the proxy-server instead. This option will be ignored in a future release.
Mar 18 13:15:33 standalone container-server[126731]: Started child 21 from parent 2
Mar 18 13:15:33 standalone container-server[127050]: Option allow_versions is deprecated. Configure the versioned_writes middleware in the proxy-server instead. This option will be ignored in a future release.
Mar 18 13:15:33 standalone container-server[126731]: Started child 22 from parent 2
Mar 18 13:15:33 standalone container-server[127057]: Option allow_versions is deprecated. Configure the versioned_writes middleware in the proxy-server instead. This option will be ignored in a future release.
Mar 18 13:15:33 standalone container-server[126731]: Started child 23 from parent 2
Mar 18 13:15:33 standalone object-expirer[126958]: Starting 2
Mar 18 13:15:33 standalone object-expirer[126958]: Option auto_create_account_prefix is deprecated. Configure auto_create_account_prefix under the swift-constraints section of swift.conf. This option will be ignored in a future release.
Mar 18 13:15:33 standalone object-server[127016]: Started child 22 from parent 2
Mar 18 13:15:33 standalone object-server[127016]: Started child 23 from parent 2
Mar 18 13:15:33 standalone object-server[127016]: Started child 24 from parent 2
Mar 18 13:15:34 standalone object-server[127016]: Started child 25 from parent 2
Mar 18 13:15:34 standalone object-server[127104]: Starting 2
Mar 18 13:15:40 standalone proxy-server[128792]: Starting Keystone auth_token middleware
Mar 18 13:15:40 standalone proxy-server[128792]: AuthToken middleware is set with keystone_authtoken.service_token_roles_required set to False. This is backwards compatible but deprecated behaviour. Please set this to True.
Mar 18 13:15:40 standalone proxy-server[129074]: Starting Keystone auth_token middleware
Mar 18 13:15:40 standalone proxy-server[129074]: STDERR: The option "bind_port" is not known to keystonemiddleware
Mar 18 13:15:40 standalone proxy-server[129074]: STDERR: The option "workers" is not known to keystonemiddleware
Mar 18 13:15:40 standalone proxy-server[129074]: STDERR: The option "user" is not known to keystonemiddleware
Mar 18 13:15:40 standalone proxy-server[129074]: STDERR: The option "bind_ip" is not known to keystonemiddleware
Mar 18 13:15:40 standalone proxy-server[129074]: STDERR: The option "log_name" is not known to keystonemiddleware
Mar 18 13:15:40 standalone proxy-server[129074]: STDERR: The option "log_facility" is not known to keystonemiddleware
Mar 18 13:15:40 standalone proxy-server[129074]: STDERR: The option "log_level" is not known to keystonemiddleware
Mar 18 13:15:40 standalone proxy-server[129074]: STDERR: The option "log_headers" is not known to keystonemiddleware
Mar 18 13:15:40 standalone proxy-server[129074]: STDERR: The option "log_address" is not known to keystonemiddleware
Mar 18 13:15:40 standalone proxy-server[129074]: STDERR: The option "project_name" is not known to keystonemiddleware
Mar 18 13:15:40 standalone proxy-server[129074]: STDERR: The option "username" is not known to keystonemiddleware
Mar 18 13:15:40 standalone proxy-server[129074]: STDERR: The option "password" is not known to keystonemiddleware
Mar 18 13:15:40 standalone proxy-server[129074]: STDERR: The option "auth_url" is not known to keystonemiddleware
Mar 18 13:15:40 standalone proxy-server[129074]: STDERR: The option "signing_dir" is not known to keystonemiddleware
Mar 18 13:15:40 standalone proxy-server[129074]: STDERR: The option "project_domain_id" is not known to keystonemiddleware
Mar 18 13:15:40 standalone proxy-server[129074]: STDERR: The option "user_domain_id" is not known to keystonemiddleware
Mar 18 13:15:40 standalone proxy-server[129074]: STDERR: The option "__name__" is not known to keystonemiddleware
Mar 18 13:15:40 standalone proxy-server[129074]: AuthToken middleware is set with keystone_authtoken.service_token_roles_required set to False. This is backwards compatible but deprecated behaviour. Please set this to True.
Mar 18 13:15:40 standalone proxy-server[128792]: Started child 12 from parent 2
Mar 18 13:17:59 standalone container-server[126832]: Begin container update sweep
Mar 18 13:17:59 standalone container-server[126832]: Container update sweep completed: 0.00s
Mar 18 13:18:04 standalone object-server[127104]: Begin object update sweep
Mar 18 13:18:04 standalone object-server[145658]: Object update sweep starting on /srv/node/d1 (pid: 11)
Mar 18 13:18:04 standalone object-server[145658]: Object update sweep completed on /srv/node/d1 in 0.00s seconds:, 0 successes, 0 failures, 0 quarantines, 0 unlinks, 0 errors, 0 redirects (pid: 11)
Mar 18 13:18:04 standalone object-server[145658]: Object update sweep of d1 completed: 0.00s, 0 successes, 0 failures, 0 quarantines, 0 unlinks, 0 errors, 0 redirects
Mar 18 13:18:04 standalone object-server[127104]: Object update sweep completed: 0.08s
Mar 18 13:20:31 standalone account-server[126732]: 172.20.0.100 - - [18/Mar/2026:13:20:31 +0000] "HEAD /d1/329/.expiring_objects" 404 - "HEAD http://localhost/v1/.expiring_objects?format=json" "txc2d04f94e241455f8b23b-0069baa69f" "proxy-server 2" 0.0015 "-" 22 -
Mar 18 13:20:31 standalone object-expirer[126958]: Pass completed in 0s; 0 objects expired (txn: txc2d04f94e241455f8b23b-0069baa69f)
Mar 18 13:22:59 standalone container-server[126832]: Begin container update sweep
Mar 18 13:22:59 standalone container-server[126832]: Container update sweep completed: 0.00s
Mar 18 13:23:04 standalone object-server[127104]: Begin object update sweep
Mar 18 13:23:04 standalone object-server[184858]: Object update sweep starting on /srv/node/d1 (pid: 13)
Mar 18 13:23:04 standalone object-server[184858]: Object update sweep completed on /srv/node/d1 in 0.00s seconds:, 0 successes, 0 failures, 0 quarantines, 0 unlinks, 0 errors, 0 redirects (pid: 13)
Mar 18 13:23:04 standalone object-server[184858]: Object update sweep of d1 completed: 0.00s, 0 successes, 0 failures, 0 quarantines, 0 unlinks, 0 errors, 0 redirects
Mar 18 13:23:04 standalone object-server[127104]: Object update sweep completed: 0.10s
Mar 18 13:24:00 standalone account-server[126732]: 172.20.0.100 - - [18/Mar/2026:13:24:00 +0000] "HEAD /d1/329/.expiring_objects" 404 - "HEAD http://localhost/v1/.expiring_objects?format=json" "tx0f0cb72cf8214e49b524a-0069baa770" "proxy-server 2" 0.0004 "-" 22 -
Mar 18 13:24:00 standalone object-expirer[126958]: Pass completed in 0s; 0 objects expired (txn: tx0f0cb72cf8214e49b524a-0069baa770)
Mar 18 13:27:30 standalone account-server[126732]: 172.20.0.100 - - [18/Mar/2026:13:27:30 +0000] "HEAD /d1/502/AUTH_a2ec7dfe367e4f7f8d5274fe9500ceed" 404 - "HEAD http://172.18.0.2:8080/v1/AUTH_a2ec7dfe367e4f7f8d5274fe9500ceed?format=json" "tx6dac7eb738b44a19b83b0-0069baa842" "proxy-server 12" 0.0006 "-" 22 -
Mar 18 13:27:30 standalone proxy-server[129074]: - - 18/Mar/2026/13/27/30 HEAD /v1/AUTH_a2ec7dfe367e4f7f8d5274fe9500ceed%3Fformat%3Djson HTTP/1.0 200 - Swift - - - - tx6dac7eb738b44a19b83b0-0069baa842 - 0.0052 RL - 1773840450.045346022 1773840450.050520182 -
Mar 18 13:27:30 standalone object-server[127141]: 172.20.0.100 - - [18/Mar/2026:13:27:30 +0000] "GET /d1/208/AUTH_a2ec7dfe367e4f7f8d5274fe9500ceed/gnocchi.14491d2a-9aee-4d89-842b-99be788e8014/none_v3" 404 70 "GET http://172.18.0.2:8080/v1/AUTH_a2ec7dfe367e4f7f8d5274fe9500ceed/gnocchi.14491d2a-9aee-4d89-842b-99be788e8014/none_v3" "tx6dac7eb738b44a19b83b0-0069baa842" "proxy-server 12" 0.0012 "-" 22 0
Mar 18 13:27:30 standalone proxy-server[129074]: 172.18.0.2 172.18.0.100 18/Mar/2026/13/27/30 GET /v1/AUTH_a2ec7dfe367e4f7f8d5274fe9500ceed/gnocchi.14491d2a-9aee-4d89-842b-99be788e8014/none_v3 HTTP/1.0 404 - python-swiftclient-3.11.1 gAAAAABpuqhC4uRb... - 70 - tx6dac7eb738b44a19b83b0-0069baa842 - 0.4308 - - 1773840450.042805433 1773840450.473653316 0
Mar 18 13:27:30 standalone account-server[126721]: 172.20.0.100 - - [18/Mar/2026:13:27:30 +0000] "PUT /d1/502/AUTH_a2ec7dfe367e4f7f8d5274fe9500ceed" 201 - "-" "tx440cc15904f14a758c7f7-0069baa842" "-" 0.0111 "-" 19 -
Mar 18 13:27:30 standalone proxy-server[129074]: autocreate account '/AUTH_a2ec7dfe367e4f7f8d5274fe9500ceed' (txn: tx440cc15904f14a758c7f7-0069baa842)
Mar 18 13:27:30 standalone account-server[126729]: 172.20.0.100 - - [18/Mar/2026:13:27:30 +0000] "HEAD /d1/502/AUTH_a2ec7dfe367e4f7f8d5274fe9500ceed" 204 - "HEAD http://172.18.0.2:8080/v1/AUTH_a2ec7dfe367e4f7f8d5274fe9500ceed?format=json" "tx440cc15904f14a758c7f7-0069baa842" "proxy-server 12" 0.0021 "-" 21 -
Mar 18 13:27:30 standalone account-server[126732]: 172.20.0.100 - - [18/Mar/2026:13:27:30 +0000] "PUT /d1/502/AUTH_a2ec7dfe367e4f7f8d5274fe9500ceed/gnocchi.14491d2a-9aee-4d89-842b-99be788e8014" 201 - "PUT http://172.20.0.100:6001/d1/927/AUTH_a2ec7dfe367e4f7f8d5274fe9500ceed/gnocchi.14491d2a-9aee-4d89-842b-99be788e8014" "tx440cc15904f14a758c7f7-0069baa842" "container-server 20" 0.0019 "-" 22 0
Mar 18 13:27:30 standalone container-server[127022]: 172.20.0.100 - - [18/Mar/2026:13:27:30 +0000] "PUT /d1/927/AUTH_a2ec7dfe367e4f7f8d5274fe9500ceed/gnocchi.14491d2a-9aee-4d89-842b-99be788e8014" 201 - "PUT http://172.18.0.2:8080/v1/AUTH_a2ec7dfe367e4f7f8d5274fe9500ceed/gnocchi.14491d2a-9aee-4d89-842b-99be788e8014" "tx440cc15904f14a758c7f7-0069baa842" "proxy-server 12" 0.0147 "-" 20 0
Mar 18 13:27:30 standalone proxy-server[129074]: 172.18.0.2 172.18.0.100 18/Mar/2026/13/27/30 PUT /v1/AUTH_a2ec7dfe367e4f7f8d5274fe9500ceed/gnocchi.14491d2a-9aee-4d89-842b-99be788e8014 HTTP/1.0 201 - python-swiftclient-3.11.1 gAAAAABpuqhC4uRb... - - - tx440cc15904f14a758c7f7-0069baa842 - 0.0424 - - 1773840450.478411674 1773840450.520792723 0
Mar 18 13:27:30 standalone container-server[127031]: 172.20.0.100 - - [18/Mar/2026:13:27:30 +0000] "HEAD /d1/927/AUTH_a2ec7dfe367e4f7f8d5274fe9500ceed/gnocchi.14491d2a-9aee-4d89-842b-99be788e8014" 204 - "HEAD http://172.18.0.2:8080/v1/AUTH_a2ec7dfe367e4f7f8d5274fe9500ceed/gnocchi.14491d2a-9aee-4d89-842b-99be788e8014?format=json&states=listing" "txd20fc66e52d5481a91c31-0069baa842" "proxy-server 12" 0.0038 "-" 21 0
Mar 18 13:27:30 standalone proxy-server[129074]: - - 18/Mar/2026/13/27/30 HEAD /v1/AUTH_a2ec7dfe367e4f7f8d5274fe9500ceed/gnocchi.14491d2a-9aee-4d89-842b-99be788e8014%3Fformat%3Djson%26states%3Dlisting HTTP/1.0 204 - Swift - - - - txd20fc66e52d5481a91c31-0069baa842 - 0.0090 RL - 1773840450.528240681 1773840450.537285328 0
Mar 18 13:27:30 standalone container-server[127031]: 172.20.0.100 - - [18/Mar/2026:13:27:30 +0000] "GET /d1/927/AUTH_a2ec7dfe367e4f7f8d5274fe9500ceed/gnocchi.14491d2a-9aee-4d89-842b-99be788e8014" 200 2 "GET http://172.18.0.2:8080/v1/AUTH_a2ec7dfe367e4f7f8d5274fe9500ceed/gnocchi.14491d2a-9aee-4d89-842b-99be788e8014?format=json&states=listing" "txd20fc66e52d5481a91c31-0069baa842" "proxy-server 12" 0.0018 "-" 21 0
Mar 18 13:27:30 standalone proxy-server[129074]: 172.18.0.2 172.18.0.100 18/Mar/2026/13/27/30 GET /v1/AUTH_a2ec7dfe367e4f7f8d5274fe9500ceed/gnocchi.14491d2a-9aee-4d89-842b-99be788e8014%3Fformat%3Djson%26states%3Dlisting HTTP/1.0 200 - python-swiftclient-3.11.1 gAAAAABpuqhC4uRb... - 2 - txd20fc66e52d5481a91c31-0069baa842 - 0.0174 - - 1773840450.526434422 1773840450.543848991 0
Mar 18 13:27:30 standalone object-server[127147]: 172.20.0.100 - - [18/Mar/2026:13:27:30 +0000] "GET /d1/398/AUTH_a2ec7dfe367e4f7f8d5274fe9500ceed/gnocchi.14491d2a-9aee-4d89-842b-99be788e8014/1773360000.0_mean_300.0_v3" 404 70 "GET http://172.18.0.2:8080/v1/AUTH_a2ec7dfe367e4f7f8d5274fe9500ceed/gnocchi.14491d2a-9aee-4d89-842b-99be788e8014/1773360000.0_mean_300.0_v3" "txa70ff64041f247e390f49-0069baa842" "proxy-server 12" 0.0006 "-" 25 0
Mar 18 13:27:30 standalone proxy-server[129074]: 172.18.0.2 172.18.0.100 18/Mar/2026/13/27/30 GET /v1/AUTH_a2ec7dfe367e4f7f8d5274fe9500ceed/gnocchi.14491d2a-9aee-4d89-842b-99be788e8014/1773360000.0_mean_300.0_v3 HTTP/1.0 404 - python-swiftclient-3.11.1 gAAAAABpuqhC4uRb... - 70 - txa70ff64041f247e390f49-0069baa842 - 0.0054 - - 1773840450.549505949 1773840450.554870129 0
Mar 18 13:27:30 standalone container-server[127022]: 172.20.0.100 - - [18/Mar/2026:13:27:30 +0000] "PUT /d1/927/AUTH_a2ec7dfe367e4f7f8d5274fe9500ceed/gnocchi.14491d2a-9aee-4d89-842b-99be788e8014/1773360000.0_mean_300.0_v3" 201 - "PUT http://172.18.0.2:8080/d1/398/AUTH_a2ec7dfe367e4f7f8d5274fe9500ceed/gnocchi.14491d2a-9aee-4d89-842b-99be788e8014/1773360000.0_mean_300.0_v3" "tx3a45182605374abfbeb8a-0069baa842" "object-server 22" 0.0010 "-" 20 0
Mar 18 13:27:30 standalone object-server[127141]: 172.20.0.100 - - [18/Mar/2026:13:27:30 +0000] "PUT /d1/398/AUTH_a2ec7dfe367e4f7f8d5274fe9500ceed/gnocchi.14491d2a-9aee-4d89-842b-99be788e8014/1773360000.0_mean_300.0_v3" 201 - "PUT http://172.18.0.2:8080/v1/AUTH_a2ec7dfe367e4f7f8d5274fe9500ceed/gnocchi.14491d2a-9aee-4d89-842b-99be788e8014/1773360000.0_mean_300.0_v3" "tx3a45182605374abfbeb8a-0069baa842" "proxy-server 12" 0.0335 "-" 22 0
Mar 18 13:27:30 standalone proxy-server[129074]: 172.18.0.2 172.18.0.100 18/Mar/2026/13/27/30 PUT /v1/AUTH_a2ec7dfe367e4f7f8d5274fe9500ceed/gnocchi.14491d2a-9aee-4d89-842b-99be788e8014/1773360000.0_mean_300.0_v3 HTTP/1.0 201 - python-swiftclient-3.11.1 gAAAAABpuqhC4uRb... 16 - - tx3a45182605374abfbeb8a-0069baa842 - 0.0424 - - 1773840450.558285713 1773840450.600655794 0
Mar 18 13:27:30 standalone container-server[127031]: 172.20.0.100 - - [18/Mar/2026:13:27:30 +0000] "PUT /d1/927/AUTH_a2ec7dfe367e4f7f8d5274fe9500ceed/gnocchi.14491d2a-9aee-4d89-842b-99be788e8014/none_v3" 201 - "PUT http://172.18.0.2:8080/d1/208/AUTH_a2ec7dfe367e4f7f8d5274fe9500ceed/gnocchi.14491d2a-9aee-4d89-842b-99be788e8014/none_v3" "tx96cd1a92c77141e986266-0069baa842" "object-server 22" 0.0011 "-" 21 0
Mar 18 13:27:30 standalone object-server[127141]: 172.20.0.100 - - [18/Mar/2026:13:27:30 +0000] "PUT /d1/208/AUTH_a2ec7dfe367e4f7f8d5274fe9500ceed/gnocchi.14491d2a-9aee-4d89-842b-99be788e8014/none_v3" 201 - "PUT http://172.18.0.2:8080/v1/AUTH_a2ec7dfe367e4f7f8d5274fe9500ceed/gnocchi.14491d2a-9aee-4d89-842b-99be788e8014/none_v3" "tx96cd1a92c77141e986266-0069baa842" "proxy-server 12" 0.0463 "-" 22 0
Mar 18 13:27:30 standalone proxy-server[129074]: 172.18.0.2 172.18.0.100 18/Mar/2026/13/27/30 PUT /v1/AUTH_a2ec7dfe367e4f7f8d5274fe9500ceed/gnocchi.14491d2a-9aee-4d89-842b-99be788e8014/none_v3 HTTP/1.0 201 - python-swiftclient-3.11.1 gAAAAABpuqhC4uRb... 22 - - tx96cd1a92c77141e986266-0069baa842 - 0.0546 - - 1773840450.604855061 1773840450.659477472 0
Mar 18 13:27:59 standalone container-server[126832]: Begin container update sweep
Mar 18 13:27:59 standalone object-server[127145]: 172.20.0.100 - - [18/Mar/2026:13:27:59 +0000] "GET /d1/208/AUTH_a2ec7dfe367e4f7f8d5274fe9500ceed/gnocchi.14491d2a-9aee-4d89-842b-99be788e8014/none_v3" 200 22 "GET http://172.18.0.2:8080/v1/AUTH_a2ec7dfe367e4f7f8d5274fe9500ceed/gnocchi.14491d2a-9aee-4d89-842b-99be788e8014/none_v3" "tx4b0f1233f0e9488796636-0069baa85f" "proxy-server 12" 0.0014 "-" 24 0
Mar 18 13:27:59 standalone proxy-server[129074]: 172.18.0.2 172.18.0.100 18/Mar/2026/13/27/59 GET /v1/AUTH_a2ec7dfe367e4f7f8d5274fe9500ceed/gnocchi.14491d2a-9aee-4d89-842b-99be788e8014/none_v3 HTTP/1.0 200 - python-swiftclient-3.11.1 gAAAAABpuqhC4uRb... - 22 - tx4b0f1233f0e9488796636-0069baa85f - 0.0160 - - 1773840479.760686874 1773840479.776731253 0
Mar 18 13:27:59 standalone account-server[126767]: 172.20.0.100 - - [18/Mar/2026:13:27:59 +0000] "PUT /d1/502/AUTH_a2ec7dfe367e4f7f8d5274fe9500ceed/gnocchi.14491d2a-9aee-4d89-842b-99be788e8014" 201 - "-" "-" "container-updater 2" 0.0010 "-" 23 0
Mar 18 13:27:59 standalone container-server[127022]: 172.20.0.100 - - [18/Mar/2026:13:27:59 +0000] "GET /d1/927/AUTH_a2ec7dfe367e4f7f8d5274fe9500ceed/gnocchi.14491d2a-9aee-4d89-842b-99be788e8014" 200 357 "GET http://172.18.0.2:8080/v1/AUTH_a2ec7dfe367e4f7f8d5274fe9500ceed/gnocchi.14491d2a-9aee-4d89-842b-99be788e8014?format=json&states=listing" "txbfc07665f4404f84be30f-0069baa85f" "proxy-server 12" 0.0267 "-" 20 0
Mar 18 13:27:59 standalone proxy-server[129074]: 172.18.0.2 172.18.0.100 18/Mar/2026/13/27/59 GET /v1/AUTH_a2ec7dfe367e4f7f8d5274fe9500ceed/gnocchi.14491d2a-9aee-4d89-842b-99be788e8014%3Fformat%3Djson%26states%3Dlisting HTTP/1.0 200 - python-swiftclient-3.11.1 gAAAAABpuqhC4uRb... - 357 - txbfc07665f4404f84be30f-0069baa85f - 0.0348 - - 1773840479.780332804 1773840479.815085649 0
Mar 18 13:27:59 standalone container-server[127057]: 172.20.0.100 - - [18/Mar/2026:13:27:59 +0000] "GET /d1/927/AUTH_a2ec7dfe367e4f7f8d5274fe9500ceed/gnocchi.14491d2a-9aee-4d89-842b-99be788e8014" 200 2 "GET http://172.18.0.2:8080/v1/AUTH_a2ec7dfe367e4f7f8d5274fe9500ceed/gnocchi.14491d2a-9aee-4d89-842b-99be788e8014?format=json&marker=none_v3&states=listing" "tx9472bf473cfd48f691543-0069baa85f" "proxy-server 12" 0.0048 "-" 23 0
Mar 18 13:27:59 standalone proxy-server[129074]: 172.18.0.2 172.18.0.100 18/Mar/2026/13/27/59 GET /v1/AUTH_a2ec7dfe367e4f7f8d5274fe9500ceed/gnocchi.14491d2a-9aee-4d89-842b-99be788e8014%3Fformat%3Djson%26marker%3Dnone_v3%26states%3Dlisting HTTP/1.0 200 - python-swiftclient-3.11.1 gAAAAABpuqhC4uRb... - 2 - tx9472bf473cfd48f691543-0069baa85f - 0.0110 - - 1773840479.817853689 1773840479.828844070 0
Mar 18 13:27:59 standalone object-server[127141]: 172.20.0.100 - - [18/Mar/2026:13:27:59 +0000] "GET /d1/398/AUTH_a2ec7dfe367e4f7f8d5274fe9500ceed/gnocchi.14491d2a-9aee-4d89-842b-99be788e8014/1773360000.0_mean_300.0_v3" 200 16 "GET http://172.18.0.2:8080/v1/AUTH_a2ec7dfe367e4f7f8d5274fe9500ceed/gnocchi.14491d2a-9aee-4d89-842b-99be788e8014/1773360000.0_mean_300.0_v3" "txb6e6e294d01944d6b7996-0069baa85f" "proxy-server 12" 0.0007 "-" 22 0
Mar 18 13:27:59 standalone proxy-server[129074]: 172.18.0.2 172.18.0.100 18/Mar/2026/13/27/59 GET /v1/AUTH_a2ec7dfe367e4f7f8d5274fe9500ceed/gnocchi.14491d2a-9aee-4d89-842b-99be788e8014/1773360000.0_mean_300.0_v3 HTTP/1.0 200 - python-swiftclient-3.11.1 gAAAAABpuqhC4uRb... - 16 - txb6e6e294d01944d6b7996-0069baa85f - 0.0054 - - 1773840479.834904432 1773840479.840344906 0
Mar 18 13:27:59 standalone container-server[127057]: 172.20.0.100 - - [18/Mar/2026:13:27:59 +0000] "PUT /d1/927/AUTH_a2ec7dfe367e4f7f8d5274fe9500ceed/gnocchi.14491d2a-9aee-4d89-842b-99be788e8014/1773360000.0_mean_300.0_v3" 201 - "PUT http://172.18.0.2:8080/d1/398/AUTH_a2ec7dfe367e4f7f8d5274fe9500ceed/gnocchi.14491d2a-9aee-4d89-842b-99be788e8014/1773360000.0_mean_300.0_v3" "tx79020680e4de4112a0ab5-0069baa85f" "object-server 23" 0.0009 "-" 23 0
Mar 18 13:27:59 standalone object-server[127143]: 172.20.0.100 - - [18/Mar/2026:13:27:59 +0000] "PUT /d1/398/AUTH_a2ec7dfe367e4f7f8d5274fe9500ceed/gnocchi.14491d2a-9aee-4d89-842b-99be788e8014/1773360000.0_mean_300.0_v3" 201 - "PUT http://172.18.0.2:8080/v1/AUTH_a2ec7dfe367e4f7f8d5274fe9500ceed/gnocchi.14491d2a-9aee-4d89-842b-99be788e8014/1773360000.0_mean_300.0_v3" "tx79020680e4de4112a0ab5-0069baa85f" "proxy-server 12" 0.0278 "-" 23 0
Mar 18 13:27:59 standalone proxy-server[129074]: 172.18.0.2 172.18.0.100 18/Mar/2026/13/27/59 PUT /v1/AUTH_a2ec7dfe367e4f7f8d5274fe9500ceed/gnocchi.14491d2a-9aee-4d89-842b-99be788e8014/1773360000.0_mean_300.0_v3 HTTP/1.0 201 - python-swiftclient-3.11.1 gAAAAABpuqhC4uRb... 16 - - tx79020680e4de4112a0ab5-0069baa85f - 0.0326 - - 1773840479.842638493 1773840479.875287533 0
Mar 18 13:27:59 standalone container-server[126832]: Container update sweep completed: 0.12s
Mar 18 13:27:59 standalone container-server[127050]: 172.20.0.100 - - [18/Mar/2026:13:27:59 +0000] "PUT /d1/927/AUTH_a2ec7dfe367e4f7f8d5274fe9500ceed/gnocchi.14491d2a-9aee-4d89-842b-99be788e8014/none_v3" 201 - "PUT http://172.18.0.2:8080/d1/208/AUTH_a2ec7dfe367e4f7f8d5274fe9500ceed/gnocchi.14491d2a-9aee-4d89-842b-99be788e8014/none_v3" "tx0d627cf082a64398979d6-0069baa85f" "object-server 23" 0.0009 "-" 22 0
Mar 18 13:27:59 standalone object-server[127143]: 172.20.0.100 - - [18/Mar/2026:13:27:59 +0000] "PUT /d1/208/AUTH_a2ec7dfe367e4f7f8d5274fe9500ceed/gnocchi.14491d2a-9aee-4d89-842b-99be788e8014/none_v3" 201 - "PUT http://172.18.0.2:8080/v1/AUTH_a2ec7dfe367e4f7f8d5274fe9500ceed/gnocchi.14491d2a-9aee-4d89-842b-99be788e8014/none_v3" "tx0d627cf082a64398979d6-0069baa85f" "proxy-server 12" 0.0142 "-" 23 0
Mar 18 13:27:59 standalone proxy-server[129074]: 172.18.0.2 172.18.0.100 18/Mar/2026/13/27/59 PUT /v1/AUTH_a2ec7dfe367e4f7f8d5274fe9500ceed/gnocchi.14491d2a-9aee-4d89-842b-99be788e8014/none_v3 HTTP/1.0 201 - python-swiftclient-3.11.1 gAAAAABpuqhC4uRb... 32 - - tx0d627cf082a64398979d6-0069baa85f - 0.0206 - - 1773840479.878295660 1773840479.898897171 0
Mar 18 13:28:04 standalone object-server[127104]: Begin object update sweep
Mar 18 13:28:04 standalone object-server[222334]: Object update sweep starting on /srv/node/d1 (pid: 14)
Mar 18 13:28:04 standalone object-server[222334]: Object update sweep completed on /srv/node/d1 in 0.00s seconds:, 0 successes, 0 failures, 0 quarantines, 0 unlinks, 0 errors, 0 redirects (pid: 14)
Mar 18 13:28:04 standalone object-server[222334]: Object update sweep of d1 completed: 0.00s, 0 successes, 0 failures, 0 quarantines, 0 unlinks, 0 errors, 0 redirects
Mar 18 13:28:04 standalone object-server[127104]: Object update sweep completed: 0.08s
Mar 18 13:28:35 standalone account-server[126767]: 172.20.0.100 - - [18/Mar/2026:13:28:35 +0000] "HEAD /d1/502/AUTH_a2ec7dfe367e4f7f8d5274fe9500ceed" 204 - "HEAD http://172.18.0.2:8080/v1/AUTH_a2ec7dfe367e4f7f8d5274fe9500ceed?format=json" "txc50c14c06c8a414fb2c44-0069baa882" "proxy-server 12" 0.0131 "-" 23 -
Mar 18 13:28:35 standalone proxy-server[129074]: - - 18/Mar/2026/13/28/35 HEAD /v1/AUTH_a2ec7dfe367e4f7f8d5274fe9500ceed%3Fformat%3Djson HTTP/1.0 204 - Swift - - - - txc50c14c06c8a414fb2c44-0069baa882 - 0.0179 RL - 1773840514.984995604 1773840515.002867937 -
Mar 18 13:28:35 standalone container-server[127022]: 172.20.0.100 - - [18/Mar/2026:13:28:35 +0000] "HEAD /d1/756/AUTH_a2ec7dfe367e4f7f8d5274fe9500ceed/gnocchi.7c928ebe-7f7b-4234-a122-29a62d9a8bf7" 404 - "HEAD http://172.18.0.2:8080/v1/AUTH_a2ec7dfe367e4f7f8d5274fe9500ceed/gnocchi.7c928ebe-7f7b-4234-a122-29a62d9a8bf7?format=json&states=listing" "txc50c14c06c8a414fb2c44-0069baa882" "proxy-server 12" 0.0007 "-" 20 0
Mar 18 13:28:35 standalone object-server[127143]: 172.20.0.100 - - [18/Mar/2026:13:28:35 +0000] "GET /d1/775/AUTH_a2ec7dfe367e4f7f8d5274fe9500ceed/gnocchi.7c928ebe-7f7b-4234-a122-29a62d9a8bf7/none_v3" 404 70 "GET http://172.18.0.2:8080/v1/AUTH_a2ec7dfe367e4f7f8d5274fe9500ceed/gnocchi.7c928ebe-7f7b-4234-a122-29a62d9a8bf7/none_v3" "txc50c14c06c8a414fb2c44-0069baa882" "proxy-server 12" 0.0004 "-" 23 0
Mar 18 13:28:35 standalone proxy-server[129074]: 172.18.0.2 172.18.0.100 18/Mar/2026/13/28/35 GET /v1/AUTH_a2ec7dfe367e4f7f8d5274fe9500ceed/gnocchi.7c928ebe-7f7b-4234-a122-29a62d9a8bf7/none_v3 HTTP/1.0 404 - python-swiftclient-3.11.1 gAAAAABpuqhC4uRb... - 70 - txc50c14c06c8a414fb2c44-0069baa882 - 0.0312 - - 1773840514.982308865 1773840515.013521910 0
Mar 18 13:28:35 standalone account-server[126732]: 172.20.0.100 - - [18/Mar/2026:13:28:35 +0000] "PUT /d1/502/AUTH_a2ec7dfe367e4f7f8d5274fe9500ceed/gnocchi.7c928ebe-7f7b-4234-a122-29a62d9a8bf7" 201 - "PUT http://172.20.0.100:6001/d1/756/AUTH_a2ec7dfe367e4f7f8d5274fe9500ceed/gnocchi.7c928ebe-7f7b-4234-a122-29a62d9a8bf7" "tx3a204f627d8f4f18a20aa-0069baa883" "container-server 22" 0.0013 "-" 22 0
Mar 18 13:28:35 standalone container-server[127050]: 172.20.0.100 - - [18/Mar/2026:13:28:35 +0000] "PUT /d1/756/AUTH_a2ec7dfe367e4f7f8d5274fe9500ceed/gnocchi.7c928ebe-7f7b-4234-a122-29a62d9a8bf7" 201 - "PUT http://172.18.0.2:8080/v1/AUTH_a2ec7dfe367e4f7f8d5274fe9500ceed/gnocchi.7c928ebe-7f7b-4234-a122-29a62d9a8bf7" "tx3a204f627d8f4f18a20aa-0069baa883" "proxy-server 12" 0.0138 "-" 22 0
Mar 18 13:28:35 standalone proxy-server[129074]: 172.18.0.2 172.18.0.100 18/Mar/2026/13/28/35 PUT /v1/AUTH_a2ec7dfe367e4f7f8d5274fe9500ceed/gnocchi.7c928ebe-7f7b-4234-a122-29a62d9a8bf7 HTTP/1.0 201 - python-swiftclient-3.11.1 gAAAAABpuqhC4uRb... - - - tx3a204f627d8f4f18a20aa-0069baa883 - 0.0190 - - 1773840515.016171694 1773840515.035177708 0
Mar 18 13:28:35 standalone container-server[127050]: 172.20.0.100 - - [18/Mar/2026:13:28:35 +0000] "HEAD /d1/756/AUTH_a2ec7dfe367e4f7f8d5274fe9500ceed/gnocchi.7c928ebe-7f7b-4234-a122-29a62d9a8bf7" 204 - "HEAD http://172.18.0.2:8080/v1/AUTH_a2ec7dfe367e4f7f8d5274fe9500ceed/gnocchi.7c928ebe-7f7b-4234-a122-29a62d9a8bf7?format=json&states=listing" "txd3f26d8289384a3389279-0069baa883" "proxy-server 12" 0.0018 "-" 22 0
Mar 18 13:28:35 standalone proxy-server[129074]: - - 18/Mar/2026/13/28/35 HEAD /v1/AUTH_a2ec7dfe367e4f7f8d5274fe9500ceed/gnocchi.7c928ebe-7f7b-4234-a122-29a62d9a8bf7%3Fformat%3Djson%26states%3Dlisting HTTP/1.0 204 - Swift - - - - txd3f26d8289384a3389279-0069baa883 - 0.0054 RL - 1773840515.046396255 1773840515.051802874 0
Mar 18 13:28:35 standalone container-server[127057]: 172.20.0.100 - - [18/Mar/2026:13:28:35 +0000] "GET /d1/756/AUTH_a2ec7dfe367e4f7f8d5274fe9500ceed/gnocchi.7c928ebe-7f7b-4234-a122-29a62d9a8bf7" 200 2 "GET http://172.18.0.2:8080/v1/AUTH_a2ec7dfe367e4f7f8d5274fe9500ceed/gnocchi.7c928ebe-7f7b-4234-a122-29a62d9a8bf7?format=json&states=listing" "txd3f26d8289384a3389279-0069baa883" "proxy-server 12" 0.0017 "-" 23 0
Mar 18 13:28:35 standalone proxy-server[129074]: 172.18.0.2 172.18.0.100 18/Mar/2026/13/28/35 GET /v1/AUTH_a2ec7dfe367e4f7f8d5274fe9500ceed/gnocchi.7c928ebe-7f7b-4234-a122-29a62d9a8bf7%3Fformat%3Djson%26states%3Dlisting HTTP/1.0 200 - python-swiftclient-3.11.1 gAAAAABpuqhC4uRb... - 2 - txd3f26d8289384a3389279-0069baa883 - 0.0146 - - 1773840515.045128345 1773840515.059716702 0
Mar 18 13:28:35 standalone object-server[127143]: 172.20.0.100 - - [18/Mar/2026:13:28:35 +0000] "GET /d1/288/AUTH_a2ec7dfe367e4f7f8d5274fe9500ceed/gnocchi.7c928ebe-7f7b-4234-a122-29a62d9a8bf7/1773360000.0_mean_300.0_v3" 404 70 "GET http://172.18.0.2:8080/v1/AUTH_a2ec7dfe367e4f7f8d5274fe9500ceed/gnocchi.7c928ebe-7f7b-4234-a122-29a62d9a8bf7/1773360000.0_mean_300.0_v3" "txc604b622e7a14947b743d-0069baa883" "proxy-server 12" 0.0003 "-" 23 0
Mar 18 13:28:35 standalone proxy-server[129074]: 172.18.0.2 172.18.0.100 18/Mar/2026/13/28/35 GET /v1/AUTH_a2ec7dfe367e4f7f8d5274fe9500ceed/gnocchi.7c928ebe-7f7b-4234-a122-29a62d9a8bf7/1773360000.0_mean_300.0_v3 HTTP/1.0 404 - python-swiftclient-3.11.1 gAAAAABpuqhC4uRb... - 70 - txc604b622e7a14947b743d-0069baa883 - 0.0046 - - 1773840515.064311743 1773840515.068892956 0
Mar 18 13:28:35 standalone container-server[127031]: 172.20.0.100 - - [18/Mar/2026:13:28:35 +0000] "PUT /d1/756/AUTH_a2ec7dfe367e4f7f8d5274fe9500ceed/gnocchi.7c928ebe-7f7b-4234-a122-29a62d9a8bf7/1773360000.0_mean_300.0_v3" 201 - "PUT http://172.18.0.2:8080/d1/288/AUTH_a2ec7dfe367e4f7f8d5274fe9500ceed/gnocchi.7c928ebe-7f7b-4234-a122-29a62d9a8bf7/1773360000.0_mean_300.0_v3" "tx550312f9b79845e79364c-0069baa883" "object-server 23" 0.0006 "-" 21 0
Mar 18 13:28:35 standalone object-server[127143]: 172.20.0.100 - - [18/Mar/2026:13:28:35 +0000] "PUT /d1/288/AUTH_a2ec7dfe367e4f7f8d5274fe9500ceed/gnocchi.7c928ebe-7f7b-4234-a122-29a62d9a8bf7/1773360000.0_mean_300.0_v3" 201 - "PUT http://172.18.0.2:8080/v1/AUTH_a2ec7dfe367e4f7f8d5274fe9500ceed/gnocchi.7c928ebe-7f7b-4234-a122-29a62d9a8bf7/1773360000.0_mean_300.0_v3" "tx550312f9b79845e79364c-0069baa883" "proxy-server 12" 0.0180 "-" 23 0
Mar 18 13:28:35 standalone proxy-server[129074]: 172.18.0.2 172.18.0.100 18/Mar/2026/13/28/35 PUT /v1/AUTH_a2ec7dfe367e4f7f8d5274fe9500ceed/gnocchi.7c928ebe-7f7b-4234-a122-29a62d9a8bf7/1773360000.0_mean_300.0_v3 HTTP/1.0 201 - python-swiftclient-3.11.1 gAAAAABpuqhC4uRb... 16 - - tx550312f9b79845e79364c-0069baa883 - 0.0238 - - 1773840515.072533607 1773840515.096336126 0
Mar 18 13:28:35 standalone container-server[127031]: 172.20.0.100 - - [18/Mar/2026:13:28:35 +0000] "PUT /d1/756/AUTH_a2ec7dfe367e4f7f8d5274fe9500ceed/gnocchi.7c928ebe-7f7b-4234-a122-29a62d9a8bf7/none_v3" 201 - "PUT http://172.18.0.2:8080/d1/775/AUTH_a2ec7dfe367e4f7f8d5274fe9500ceed/gnocchi.7c928ebe-7f7b-4234-a122-29a62d9a8bf7/none_v3" "tx793574b9751041e1afa56-0069baa883" "object-server 24" 0.0006 "-" 21 0
Mar 18 13:28:35 standalone object-server[127145]: 172.20.0.100 - - [18/Mar/2026:13:28:35 +0000] "PUT /d1/775/AUTH_a2ec7dfe367e4f7f8d5274fe9500ceed/gnocchi.7c928ebe-7f7b-4234-a122-29a62d9a8bf7/none_v3" 201 - "PUT http://172.18.0.2:8080/v1/AUTH_a2ec7dfe367e4f7f8d5274fe9500ceed/gnocchi.7c928ebe-7f7b-4234-a122-29a62d9a8bf7/none_v3" "tx793574b9751041e1afa56-0069baa883" "proxy-server 12" 0.0359 "-" 24 0
Mar 18 13:28:35 standalone proxy-server[129074]: 172.18.0.2 172.18.0.100 18/Mar/2026/13/28/35 PUT /v1/AUTH_a2ec7dfe367e4f7f8d5274fe9500ceed/gnocchi.7c928ebe-7f7b-4234-a122-29a62d9a8bf7/none_v3 HTTP/1.0 201 - python-swiftclient-3.11.1 gAAAAABpuqhC4uRb... 22 - - tx793574b9751041e1afa56-0069baa883 - 0.0443 - - 1773840515.101023912 1773840515.145356894 0
Mar 18 13:28:35 standalone container-server[127031]: 172.20.0.100 - - [18/Mar/2026:13:28:35 +0000] "HEAD /d1/454/AUTH_a2ec7dfe367e4f7f8d5274fe9500ceed/gnocchi.8a55f48d-0f8c-4c9b-b3e5-01e5e817b442" 404 - "HEAD http://172.18.0.2:8080/v1/AUTH_a2ec7dfe367e4f7f8d5274fe9500ceed/gnocchi.8a55f48d-0f8c-4c9b-b3e5-01e5e817b442?format=json&states=listing" "tx3fa28e3062ac4338bbaa6-0069baa883" "proxy-server 12" 0.0004 "-" 21 0
Mar 18 13:28:35 standalone object-server[127145]: 172.20.0.100 - - [18/Mar/2026:13:28:35 +0000] "GET /d1/429/AUTH_a2ec7dfe367e4f7f8d5274fe9500ceed/gnocchi.8a55f48d-0f8c-4c9b-b3e5-01e5e817b442/none_v3" 404 70 "GET http://172.18.0.2:8080/v1/AUTH_a2ec7dfe367e4f7f8d5274fe9500ceed/gnocchi.8a55f48d-0f8c-4c9b-b3e5-01e5e817b442/none_v3" "tx3fa28e3062ac4338bbaa6-0069baa883" "proxy-server 12" 0.0004 "-" 24 0
Mar 18 13:28:35 standalone proxy-server[129074]: 172.18.0.2 172.18.0.100 18/Mar/2026/13/28/35 GET /v1/AUTH_a2ec7dfe367e4f7f8d5274fe9500ceed/gnocchi.8a55f48d-0f8c-4c9b-b3e5-01e5e817b442/none_v3 HTTP/1.0 404 - python-swiftclient-3.11.1 gAAAAABpuqhC4uRb... - 70 - tx3fa28e3062ac4338bbaa6-0069baa883 - 0.0148 - - 1773840515.161158085 1773840515.176004410 0
Mar 18 13:28:35 standalone account-server[126721]: 172.20.0.100 - - [18/Mar/2026:13:28:35 +0000] "PUT /d1/502/AUTH_a2ec7dfe367e4f7f8d5274fe9500ceed/gnocchi.8a55f48d-0f8c-4c9b-b3e5-01e5e817b442" 201 - "PUT http://172.20.0.100:6001/d1/454/AUTH_a2ec7dfe367e4f7f8d5274fe9500ceed/gnocchi.8a55f48d-0f8c-4c9b-b3e5-01e5e817b442" "tx4e3930e6ad8e490fbf858-0069baa883" "container-server 23" 0.0127 "-" 19 0
Mar 18 13:28:35 standalone container-server[127057]: 172.20.0.100 - - [18/Mar/2026:13:28:35 +0000] "PUT /d1/454/AUTH_a2ec7dfe367e4f7f8d5274fe9500ceed/gnocchi.8a55f48d-0f8c-4c9b-b3e5-01e5e817b442" 201 - "PUT http://172.18.0.2:8080/v1/AUTH_a2ec7dfe367e4f7f8d5274fe9500ceed/gnocchi.8a55f48d-0f8c-4c9b-b3e5-01e5e817b442" "tx4e3930e6ad8e490fbf858-0069baa883" "proxy-server 12" 0.0277 "-" 23 0
Mar 18 13:28:35 standalone proxy-server[129074]: 172.18.0.2 172.18.0.100 18/Mar/2026/13/28/35 PUT /v1/AUTH_a2ec7dfe367e4f7f8d5274fe9500ceed/gnocchi.8a55f48d-0f8c-4c9b-b3e5-01e5e817b442 HTTP/1.0 201 - python-swiftclient-3.11.1 gAAAAABpuqhC4uRb... - - - tx4e3930e6ad8e490fbf858-0069baa883 - 0.0338 - - 1773840515.179009676 1773840515.212807655 0
Mar 18 13:28:35 standalone container-server[127057]: 172.20.0.100 - - [18/Mar/2026:13:28:35 +0000] "HEAD /d1/454/AUTH_a2ec7dfe367e4f7f8d5274fe9500ceed/gnocchi.8a55f48d-0f8c-4c9b-b3e5-01e5e817b442" 204 - "HEAD http://172.18.0.2:8080/v1/AUTH_a2ec7dfe367e4f7f8d5274fe9500ceed/gnocchi.8a55f48d-0f8c-4c9b-b3e5-01e5e817b442?format=json&states=listing" "tx3c8c31a940474d378a623-0069baa883" "proxy-server 12" 0.0012 "-" 23 0
Mar 18 13:28:35 standalone proxy-server[129074]: - - 18/Mar/2026/13/28/35 HEAD /v1/AUTH_a2ec7dfe367e4f7f8d5274fe9500ceed/gnocchi.8a55f48d-0f8c-4c9b-b3e5-01e5e817b442%3Fformat%3Djson%26states%3Dlisting HTTP/1.0 204 - Swift - - - - tx3c8c31a940474d378a623-0069baa883 - 0.0050 RL - 1773840515.217778921 1773840515.222809553 0
Mar 18 13:28:35 standalone container-server[127031]: 172.20.0.100 - - [18/Mar/2026:13:28:35 +0000] "GET /d1/454/AUTH_a2ec7dfe367e4f7f8d5274fe9500ceed/gnocchi.8a55f48d-0f8c-4c9b-b3e5-01e5e817b442" 200 2 "GET http://172.18.0.2:8080/v1/AUTH_a2ec7dfe367e4f7f8d5274fe9500ceed/gnocchi.8a55f48d-0f8c-4c9b-b3e5-01e5e817b442?format=json&states=listing" "tx3c8c31a940474d378a623-0069baa883" "proxy-server 12" 0.0019 "-" 21 0
Mar 18 13:28:35 standalone proxy-server[129074]: 172.18.0.2 172.18.0.100 18/Mar/2026/13/28/35 GET /v1/AUTH_a2ec7dfe367e4f7f8d5274fe9500ceed/gnocchi.8a55f48d-0f8c-4c9b-b3e5-01e5e817b442%3Fformat%3Djson%26states%3Dlisting HTTP/1.0 200 - python-swiftclient-3.11.1 gAAAAABpuqhC4uRb... - 2 - tx3c8c31a940474d378a623-0069baa883 - 0.0156 - - 1773840515.216159344 1773840515.231784105 0
Mar 18 13:28:35 standalone object-server[127141]: 172.20.0.100 - - [18/Mar/2026:13:28:35 +0000] "GET /d1/792/AUTH_a2ec7dfe367e4f7f8d5274fe9500ceed/gnocchi.8a55f48d-0f8c-4c9b-b3e5-01e5e817b442/1773360000.0_mean_300.0_v3" 404 70 "GET http://172.18.0.2:8080/v1/AUTH_a2ec7dfe367e4f7f8d5274fe9500ceed/gnocchi.8a55f48d-0f8c-4c9b-b3e5-01e5e817b442/1773360000.0_mean_300.0_v3" "tx5549d0a408e44d0795c72-0069baa883" "proxy-server 12" 0.0006 "-" 22 0
Mar 18 13:28:35 standalone proxy-server[129074]: 172.18.0.2 172.18.0.100 18/Mar/2026/13/28/35 GET /v1/AUTH_a2ec7dfe367e4f7f8d5274fe9500ceed/gnocchi.8a55f48d-0f8c-4c9b-b3e5-01e5e817b442/1773360000.0_mean_300.0_v3 HTTP/1.0 404 - python-swiftclient-3.11.1 gAAAAABpuqhC4uRb... - 70 - tx5549d0a408e44d0795c72-0069baa883 - 0.0068 - - 1773840515.235111713 1773840515.241904736 0
Mar 18 13:28:35 standalone container-server[127031]: 172.20.0.100 - - [18/Mar/2026:13:28:35 +0000] "PUT /d1/454/AUTH_a2ec7dfe367e4f7f8d5274fe9500ceed/gnocchi.8a55f48d-0f8c-4c9b-b3e5-01e5e817b442/1773360000.0_mean_300.0_v3" 201 - "PUT http://172.18.0.2:8080/d1/792/AUTH_a2ec7dfe367e4f7f8d5274fe9500ceed/gnocchi.8a55f48d-0f8c-4c9b-b3e5-01e5e817b442/1773360000.0_mean_300.0_v3" "tx278d61920bd2496a9cd3a-0069baa883" "object-server 23" 0.0006 "-" 21 0
Mar 18 13:28:35 standalone object-server[127143]: 172.20.0.100 - - [18/Mar/2026:13:28:35 +0000] "PUT /d1/792/AUTH_a2ec7dfe367e4f7f8d5274fe9500ceed/gnocchi.8a55f48d-0f8c-4c9b-b3e5-01e5e817b442/1773360000.0_mean_300.0_v3" 201 - "PUT http://172.18.0.2:8080/v1/AUTH_a2ec7dfe367e4f7f8d5274fe9500ceed/gnocchi.8a55f48d-0f8c-4c9b-b3e5-01e5e817b442/1773360000.0_mean_300.0_v3" "tx278d61920bd2496a9cd3a-0069baa883" "proxy-server 12" 0.0085 "-" 23 0
Mar 18 13:28:35 standalone proxy-server[129074]: 172.18.0.2 172.18.0.100 18/Mar/2026/13/28/35 PUT /v1/AUTH_a2ec7dfe367e4f7f8d5274fe9500ceed/gnocchi.8a55f48d-0f8c-4c9b-b3e5-01e5e817b442/1773360000.0_mean_300.0_v3 HTTP/1.0 201 - python-swiftclient-3.11.1 gAAAAABpuqhC4uRb... 16 - - tx278d61920bd2496a9cd3a-0069baa883 - 0.0145 - - 1773840515.244457006 1773840515.258980513 0
Mar 18 13:28:35 standalone container-server[127022]: 172.20.0.100 - - [18/Mar/2026:13:28:35 +0000] "PUT /d1/454/AUTH_a2ec7dfe367e4f7f8d5274fe9500ceed/gnocchi.8a55f48d-0f8c-4c9b-b3e5-01e5e817b442/none_v3" 201 - "PUT http://172.18.0.2:8080/d1/429/AUTH_a2ec7dfe367e4f7f8d5274fe9500ceed/gnocchi.8a55f48d-0f8c-4c9b-b3e5-01e5e817b442/none_v3" "tx7ca16b78008d4c3e89ec2-0069baa883" "object-server 24" 0.0005 "-" 20 0
Mar 18 13:28:35 standalone object-server[127145]: 172.20.0.100 - - [18/Mar/2026:13:28:35 +0000] "PUT /d1/429/AUTH_a2ec7dfe367e4f7f8d5274fe9500ceed/gnocchi.8a55f48d-0f8c-4c9b-b3e5-01e5e817b442/none_v3" 201 - "PUT http://172.18.0.2:8080/v1/AUTH_a2ec7dfe367e4f7f8d5274fe9500ceed/gnocchi.8a55f48d-0f8c-4c9b-b3e5-01e5e817b442/none_v3" "tx7ca16b78008d4c3e89ec2-0069baa883" "proxy-server 12" 0.0088 "-" 24 0
Mar 18 13:28:35 standalone proxy-server[129074]: 172.18.0.2 172.18.0.100 18/Mar/2026/13/28/35 PUT /v1/AUTH_a2ec7dfe367e4f7f8d5274fe9500ceed/gnocchi.8a55f48d-0f8c-4c9b-b3e5-01e5e817b442/none_v3 HTTP/1.0 201 - python-swiftclient-3.11.1 gAAAAABpuqhC4uRb... 22 - - tx7ca16b78008d4c3e89ec2-0069baa883 - 0.0155 - - 1773840515.261703014 1773840515.277154207 0
Mar 18 13:28:42 standalone container-server[127050]: 172.20.0.100 - - [18/Mar/2026:13:28:42 +0000] "HEAD /d1/991/AUTH_a2ec7dfe367e4f7f8d5274fe9500ceed/gnocchi.c51b4e20-17d3-4587-a17e-5670666cc502" 404 - "HEAD http://172.18.0.2:8080/v1/AUTH_a2ec7dfe367e4f7f8d5274fe9500ceed/gnocchi.c51b4e20-17d3-4587-a17e-5670666cc502?format=json&states=listing" "tx025deba5e83c4660bc5e5-0069baa88a" "proxy-server 12" 0.0008 "-" 22 0
Mar 18 13:28:42 standalone object-server[127145]: 172.20.0.100 - - [18/Mar/2026:13:28:42 +0000] "GET /d1/290/AUTH_a2ec7dfe367e4f7f8d5274fe9500ceed/gnocchi.c51b4e20-17d3-4587-a17e-5670666cc502/none_v3" 404 70 "GET http://172.18.0.2:8080/v1/AUTH_a2ec7dfe367e4f7f8d5274fe9500ceed/gnocchi.c51b4e20-17d3-4587-a17e-5670666cc502/none_v3" "tx025deba5e83c4660bc5e5-0069baa88a" "proxy-server 12" 0.0005 "-" 24 0
Mar 18 13:28:42 standalone proxy-server[129074]: 172.18.0.2 172.18.0.100 18/Mar/2026/13/28/42 GET /v1/AUTH_a2ec7dfe367e4f7f8d5274fe9500ceed/gnocchi.c51b4e20-17d3-4587-a17e-5670666cc502/none_v3 HTTP/1.0 404 - python-swiftclient-3.11.1 gAAAAABpuqhC4uRb... - 70 - tx025deba5e83c4660bc5e5-0069baa88a - 0.0140 - - 1773840522.343777418 1773840522.357796669 0
Mar 18 13:28:42 standalone account-server[126732]: 172.20.0.100 - - [18/Mar/2026:13:28:42 +0000] "PUT /d1/502/AUTH_a2ec7dfe367e4f7f8d5274fe9500ceed/gnocchi.c51b4e20-17d3-4587-a17e-5670666cc502" 201 - "PUT http://172.20.0.100:6001/d1/991/AUTH_a2ec7dfe367e4f7f8d5274fe9500ceed/gnocchi.c51b4e20-17d3-4587-a17e-5670666cc502" "tx009f980452d64e0e81bd2-0069baa88a" "container-server 21" 0.0128 "-" 22 0
Mar 18 13:28:42 standalone container-server[127031]: 172.20.0.100 - - [18/Mar/2026:13:28:42 +0000] "PUT /d1/991/AUTH_a2ec7dfe367e4f7f8d5274fe9500ceed/gnocchi.c51b4e20-17d3-4587-a17e-5670666cc502" 201 - "PUT http://172.18.0.2:8080/v1/AUTH_a2ec7dfe367e4f7f8d5274fe9500ceed/gnocchi.c51b4e20-17d3-4587-a17e-5670666cc502" "tx009f980452d64e0e81bd2-0069baa88a" "proxy-server 12" 0.0304 "-" 21 0
Mar 18 13:28:42 standalone proxy-server[129074]: 172.18.0.2 172.18.0.100 18/Mar/2026/13/28/42 PUT /v1/AUTH_a2ec7dfe367e4f7f8d5274fe9500ceed/gnocchi.c51b4e20-17d3-4587-a17e-5670666cc502 HTTP/1.0 201 - python-swiftclient-3.11.1 gAAAAABpuqhC4uRb... - - - tx009f980452d64e0e81bd2-0069baa88a - 0.0390 - - 1773840522.579358101 1773840522.618317604 0
Mar 18 13:28:42 standalone container-server[127022]: 172.20.0.100 - - [18/Mar/2026:13:28:42 +0000] "HEAD /d1/991/AUTH_a2ec7dfe367e4f7f8d5274fe9500ceed/gnocchi.c51b4e20-17d3-4587-a17e-5670666cc502" 204 - "HEAD http://172.18.0.2:8080/v1/AUTH_a2ec7dfe367e4f7f8d5274fe9500ceed/gnocchi.c51b4e20-17d3-4587-a17e-5670666cc502?format=json&states=listing" "tx6150e86ee262443686a4a-0069baa88a" "proxy-server 12" 0.0037 "-" 20 0
Mar 18 13:28:42 standalone proxy-server[129074]: - - 18/Mar/2026/13/28/42 HEAD /v1/AUTH_a2ec7dfe367e4f7f8d5274fe9500ceed/gnocchi.c51b4e20-17d3-4587-a17e-5670666cc502%3Fformat%3Djson%26states%3Dlisting HTTP/1.0 204 - Swift - - - - tx6150e86ee262443686a4a-0069baa88a - 0.0101 RL - 1773840522.625083208 1773840522.635209560 0
Mar 18 13:28:42 standalone container-server[127057]: 172.20.0.100 - - [18/Mar/2026:13:28:42 +0000] "GET /d1/991/AUTH_a2ec7dfe367e4f7f8d5274fe9500ceed/gnocchi.c51b4e20-17d3-4587-a17e-5670666cc502" 200 2 "GET http://172.18.0.2:8080/v1/AUTH_a2ec7dfe367e4f7f8d5274fe9500ceed/gnocchi.c51b4e20-17d3-4587-a17e-5670666cc502?format=json&states=listing" "tx6150e86ee262443686a4a-0069baa88a" "proxy-server 12" 0.0034 "-" 23 0
Mar 18 13:28:42 standalone proxy-server[129074]: 172.18.0.2 172.18.0.100 18/Mar/2026/13/28/42 GET /v1/AUTH_a2ec7dfe367e4f7f8d5274fe9500ceed/gnocchi.c51b4e20-17d3-4587-a17e-5670666cc502%3Fformat%3Djson%26states%3Dlisting HTTP/1.0 200 - python-swiftclient-3.11.1 gAAAAABpuqhC4uRb... - 2 - tx6150e86ee262443686a4a-0069baa88a - 0.0259 - - 1773840522.623403788 1773840522.649299383 0
Mar 18 13:28:42 standalone object-server[127145]: 172.20.0.100 - - [18/Mar/2026:13:28:42 +0000] "GET /d1/773/AUTH_a2ec7dfe367e4f7f8d5274fe9500ceed/gnocchi.c51b4e20-17d3-4587-a17e-5670666cc502/1773360000.0_mean_300.0_v3" 404 70 "GET http://172.18.0.2:8080/v1/AUTH_a2ec7dfe367e4f7f8d5274fe9500ceed/gnocchi.c51b4e20-17d3-4587-a17e-5670666cc502/1773360000.0_mean_300.0_v3" "txde38b20c6b3c4145a348d-0069baa88a" "proxy-server 12" 0.0009 "-" 24 0
Mar 18 13:28:42 standalone proxy-server[129074]: 172.18.0.2 172.18.0.100 18/Mar/2026/13/28/42 GET /v1/AUTH_a2ec7dfe367e4f7f8d5274fe9500ceed/gnocchi.c51b4e20-17d3-4587-a17e-5670666cc502/1773360000.0_mean_300.0_v3 HTTP/1.0 404 - python-swiftclient-3.11.1 gAAAAABpuqhC4uRb... - 70 - txde38b20c6b3c4145a348d-0069baa88a - 0.0133 - - 1773840522.654260397 1773840522.667609453 0
Mar 18 13:28:42 standalone container-server[127031]: 172.20.0.100 - - [18/Mar/2026:13:28:42 +0000] "PUT /d1/991/AUTH_a2ec7dfe367e4f7f8d5274fe9500ceed/gnocchi.c51b4e20-17d3-4587-a17e-5670666cc502/1773360000.0_mean_300.0_v3" 201 - "PUT http://172.18.0.2:8080/d1/773/AUTH_a2ec7dfe367e4f7f8d5274fe9500ceed/gnocchi.c51b4e20-17d3-4587-a17e-5670666cc502/1773360000.0_mean_300.0_v3" "tx79d4d1aff1ce4a2b96a28-0069baa88a" "object-server 24" 0.0018 "-" 21 0
Mar 18 13:28:42 standalone object-server[127145]: 172.20.0.100 - - [18/Mar/2026:13:28:42 +0000] "PUT /d1/773/AUTH_a2ec7dfe367e4f7f8d5274fe9500ceed/gnocchi.c51b4e20-17d3-4587-a17e-5670666cc502/1773360000.0_mean_300.0_v3" 201 - "PUT http://172.18.0.2:8080/v1/AUTH_a2ec7dfe367e4f7f8d5274fe9500ceed/gnocchi.c51b4e20-17d3-4587-a17e-5670666cc502/1773360000.0_mean_300.0_v3" "tx79d4d1aff1ce4a2b96a28-0069baa88a" "proxy-server 12" 0.0269 "-" 24 0
Mar 18 13:28:42 standalone proxy-server[129074]: 172.18.0.2 172.18.0.100 18/Mar/2026/13/28/42 PUT /v1/AUTH_a2ec7dfe367e4f7f8d5274fe9500ceed/gnocchi.c51b4e20-17d3-4587-a17e-5670666cc502/1773360000.0_mean_300.0_v3 HTTP/1.0 201 - python-swiftclient-3.11.1 gAAAAABpuqhC4uRb... 16 - - tx79d4d1aff1ce4a2b96a28-0069baa88a - 0.0385 - - 1773840522.671614408 1773840522.710104227 0
Mar 18 13:28:42 standalone container-server[127031]: 172.20.0.100 - - [18/Mar/2026:13:28:42 +0000] "PUT /d1/991/AUTH_a2ec7dfe367e4f7f8d5274fe9500ceed/gnocchi.c51b4e20-17d3-4587-a17e-5670666cc502/none_v3" 201 - "PUT http://172.18.0.2:8080/d1/290/AUTH_a2ec7dfe367e4f7f8d5274fe9500ceed/gnocchi.c51b4e20-17d3-4587-a17e-5670666cc502/none_v3" "txe532c962ee9a4d2eac778-0069baa88a" "object-server 23" 0.0008 "-" 21 0
Mar 18 13:28:42 standalone object-server[127143]: 172.20.0.100 - - [18/Mar/2026:13:28:42 +0000] "PUT /d1/290/AUTH_a2ec7dfe367e4f7f8d5274fe9500ceed/gnocchi.c51b4e20-17d3-4587-a17e-5670666cc502/none_v3" 201 - "PUT http://172.18.0.2:8080/v1/AUTH_a2ec7dfe367e4f7f8d5274fe9500ceed/gnocchi.c51b4e20-17d3-4587-a17e-5670666cc502/none_v3" "txe532c962ee9a4d2eac778-0069baa88a" "proxy-server 12" 0.0127 "-" 23 0
Mar 18 13:28:42 standalone proxy-server[129074]: 172.18.0.2 172.18.0.100 18/Mar/2026/13/28/42 PUT /v1/AUTH_a2ec7dfe367e4f7f8d5274fe9500ceed/gnocchi.c51b4e20-17d3-4587-a17e-5670666cc502/none_v3 HTTP/1.0 201 - python-swiftclient-3.11.1 gAAAAABpuqhC4uRb... 22 - - txe532c962ee9a4d2eac778-0069baa88a - 0.0239 - - 1773840522.714502096 1773840522.738361597 0
Mar 18 13:28:42 standalone container-server[127031]: 172.20.0.100 - - [18/Mar/2026:13:28:42 +0000] "HEAD /d1/705/AUTH_a2ec7dfe367e4f7f8d5274fe9500ceed/gnocchi.15814770-ad6e-4b3f-9862-bae7af294714" 404 - "HEAD http://172.18.0.2:8080/v1/AUTH_a2ec7dfe367e4f7f8d5274fe9500ceed/gnocchi.15814770-ad6e-4b3f-9862-bae7af294714?format=json&states=listing" "tx311a743c53ed46c4aae1e-0069baa88a" "proxy-server 12" 0.0007 "-" 21 0
Mar 18 13:28:42 standalone object-server[127141]: 172.20.0.100 - - [18/Mar/2026:13:28:42 +0000] "GET /d1/687/AUTH_a2ec7dfe367e4f7f8d5274fe9500ceed/gnocchi.15814770-ad6e-4b3f-9862-bae7af294714/none_v3" 404 70 "GET http://172.18.0.2:8080/v1/AUTH_a2ec7dfe367e4f7f8d5274fe9500ceed/gnocchi.15814770-ad6e-4b3f-9862-bae7af294714/none_v3" "tx311a743c53ed46c4aae1e-0069baa88a" "proxy-server 12" 0.0003 "-" 22 0
Mar 18 13:28:42 standalone proxy-server[129074]: 172.18.0.2 172.18.0.100 18/Mar/2026/13/28/42 GET /v1/AUTH_a2ec7dfe367e4f7f8d5274fe9500ceed/gnocchi.15814770-ad6e-4b3f-9862-bae7af294714/none_v3 HTTP/1.0 404 - python-swiftclient-3.11.1 gAAAAABpuqhC4uRb... - 70 - tx311a743c53ed46c4aae1e-0069baa88a - 0.0176 - - 1773840522.770474911 1773840522.788090944 0
Mar 18 13:28:42 standalone account-server[126732]: 172.20.0.100 - - [18/Mar/2026:13:28:42 +0000] "PUT /d1/502/AUTH_a2ec7dfe367e4f7f8d5274fe9500ceed/gnocchi.15814770-ad6e-4b3f-9862-bae7af294714" 201 - "PUT http://172.20.0.100:6001/d1/705/AUTH_a2ec7dfe367e4f7f8d5274fe9500ceed/gnocchi.15814770-ad6e-4b3f-9862-bae7af294714" "txeca970af883443eab38b2-0069baa88a" "container-server 22" 0.0087 "-" 22 0
Mar 18 13:28:42 standalone container-server[127050]: 172.20.0.100 - - [18/Mar/2026:13:28:42 +0000] "PUT /d1/705/AUTH_a2ec7dfe367e4f7f8d5274fe9500ceed/gnocchi.15814770-ad6e-4b3f-9862-bae7af294714" 201 - "PUT http://172.18.0.2:8080/v1/AUTH_a2ec7dfe367e4f7f8d5274fe9500ceed/gnocchi.15814770-ad6e-4b3f-9862-bae7af294714" "txeca970af883443eab38b2-0069baa88a" "proxy-server 12" 0.0311 "-" 22 0
Mar 18 13:28:42 standalone proxy-server[129074]: 172.18.0.2 172.18.0.100 18/Mar/2026/13/28/42 PUT /v1/AUTH_a2ec7dfe367e4f7f8d5274fe9500ceed/gnocchi.15814770-ad6e-4b3f-9862-bae7af294714 HTTP/1.0 201 - python-swiftclient-3.11.1 gAAAAABpuqhC4uRb... - - - txeca970af883443eab38b2-0069baa88a - 0.0439 - - 1773840522.793692112 1773840522.837551594 0
Mar 18 13:28:42 standalone container-server[127050]: 172.20.0.100 - - [18/Mar/2026:13:28:42 +0000] "HEAD /d1/705/AUTH_a2ec7dfe367e4f7f8d5274fe9500ceed/gnocchi.15814770-ad6e-4b3f-9862-bae7af294714" 204 - "HEAD http://172.18.0.2:8080/v1/AUTH_a2ec7dfe367e4f7f8d5274fe9500ceed/gnocchi.15814770-ad6e-4b3f-9862-bae7af294714?format=json&states=listing" "tx9d0da510dfff4382bb321-0069baa88a" "proxy-server 12" 0.0032 "-" 22 0
Mar 18 13:28:42 standalone proxy-server[129074]: - - 18/Mar/2026/13/28/42 HEAD /v1/AUTH_a2ec7dfe367e4f7f8d5274fe9500ceed/gnocchi.15814770-ad6e-4b3f-9862-bae7af294714%3Fformat%3Djson%26states%3Dlisting HTTP/1.0 204 - Swift - - - - tx9d0da510dfff4382bb321-0069baa88a - 0.0099 RL - 1773840522.846295357 1773840522.856228828 0
Mar 18 13:28:42 standalone container-server[127031]: 172.20.0.100 - - [18/Mar/2026:13:28:42 +0000] "GET /d1/705/AUTH_a2ec7dfe367e4f7f8d5274fe9500ceed/gnocchi.15814770-ad6e-4b3f-9862-bae7af294714" 200 2 "GET http://172.18.0.2:8080/v1/AUTH_a2ec7dfe367e4f7f8d5274fe9500ceed/gnocchi.15814770-ad6e-4b3f-9862-bae7af294714?format=json&states=listing" "tx9d0da510dfff4382bb321-0069baa88a" "proxy-server 12" 0.0024 "-" 21 0
Mar 18 13:28:42 standalone proxy-server[129074]: 172.18.0.2 172.18.0.100 18/Mar/2026/13/28/42 GET /v1/AUTH_a2ec7dfe367e4f7f8d5274fe9500ceed/gnocchi.15814770-ad6e-4b3f-9862-bae7af294714%3Fformat%3Djson%26states%3Dlisting HTTP/1.0 200 - python-swiftclient-3.11.1 gAAAAABpuqhC4uRb... - 2 - tx9d0da510dfff4382bb321-0069baa88a - 0.0713 - - 1773840522.844213963 1773840522.915474892 0
Mar 18 13:28:42 standalone object-server[127141]: 172.20.0.100 - - [18/Mar/2026:13:28:42 +0000] "GET /d1/813/AUTH_a2ec7dfe367e4f7f8d5274fe9500ceed/gnocchi.15814770-ad6e-4b3f-9862-bae7af294714/1773360000.0_mean_300.0_v3" 404 70 "GET http://172.18.0.2:8080/v1/AUTH_a2ec7dfe367e4f7f8d5274fe9500ceed/gnocchi.15814770-ad6e-4b3f-9862-bae7af294714/1773360000.0_mean_300.0_v3" "txf48132e7f4774cb8960cc-0069baa88a" "proxy-server 12" 0.0004 "-" 22 0
Mar 18 13:28:42 standalone proxy-server[129074]: 172.18.0.2 172.18.0.100 18/Mar/2026/13/28/42 GET /v1/AUTH_a2ec7dfe367e4f7f8d5274fe9500ceed/gnocchi.15814770-ad6e-4b3f-9862-bae7af294714/1773360000.0_mean_300.0_v3 HTTP/1.0 404 - python-swiftclient-3.11.1 gAAAAABpuqhC4uRb... - 70 - txf48132e7f4774cb8960cc-0069baa88a - 0.0066 - - 1773840522.920942307 1773840522.927562952 0
Mar 18 13:28:42 standalone container-server[127050]: 172.20.0.100 - - [18/Mar/2026:13:28:42 +0000] "PUT /d1/705/AUTH_a2ec7dfe367e4f7f8d5274fe9500ceed/gnocchi.15814770-ad6e-4b3f-9862-bae7af294714/1773360000.0_mean_300.0_v3" 201 - "PUT http://172.18.0.2:8080/d1/813/AUTH_a2ec7dfe367e4f7f8d5274fe9500ceed/gnocchi.15814770-ad6e-4b3f-9862-bae7af294714/1773360000.0_mean_300.0_v3" "tx2cadaebee403474f8c699-0069baa88a" "object-server 23" 0.0013 "-" 22 0
Mar 18 13:28:42 standalone object-server[127143]: 172.20.0.100 - - [18/Mar/2026:13:28:42 +0000] "PUT /d1/813/AUTH_a2ec7dfe367e4f7f8d5274fe9500ceed/gnocchi.15814770-ad6e-4b3f-9862-bae7af294714/1773360000.0_mean_300.0_v3" 201 - "PUT http://172.18.0.2:8080/v1/AUTH_a2ec7dfe367e4f7f8d5274fe9500ceed/gnocchi.15814770-ad6e-4b3f-9862-bae7af294714/1773360000.0_mean_300.0_v3" "tx2cadaebee403474f8c699-0069baa88a" "proxy-server 12" 0.0132 "-" 23 0
Mar 18 13:28:42 standalone proxy-server[129074]: 172.18.0.2 172.18.0.100 18/Mar/2026/13/28/42 PUT /v1/AUTH_a2ec7dfe367e4f7f8d5274fe9500ceed/gnocchi.15814770-ad6e-4b3f-9862-bae7af294714/1773360000.0_mean_300.0_v3 HTTP/1.0 201 - python-swiftclient-3.11.1 gAAAAABpuqhC4uRb... 16 - - tx2cadaebee403474f8c699-0069baa88a - 0.0210 - - 1773840522.931236982 1773840522.952252626 0
